{"id":193,"date":"2025-10-01T10:57:18","date_gmt":"2025-10-01T08:57:18","guid":{"rendered":"https:\/\/www.abf.se\/aros\/?page_id=193"},"modified":"2025-10-01T10:57:19","modified_gmt":"2025-10-01T08:57:19","slug":"hyr-lokal","status":"publish","type":"page","link":"https:\/\/www.abf.se\/aros\/hyr-lokal\/","title":{"rendered":"Hyr lokal"},"content":{"rendered":"<div\n    class=\"acf-plain-heading-block container my-16\"\n    data-block=\"plain-heading-block\"\n>\n    <div class=\"max-w-[658px] mx-auto\">\n                <h1 class=\"hero-heading\"><span>Hyr lokal av ABF!<\/span><\/h1>\n                            <p class=\"mt-8 body-xl text-black\">\n                Vid folkbildningsverksamhet som sker i samverkan med ABF Aros \u00e4r det i normalfallet kostnadsfritt att nyttja v\u00e5ra lokaler men vi erbjuder \u00e4ven m\u00f6jlighet att hyra salar f\u00f6r andra syften. Till exempel f\u00f6r f\u00f6rel\u00e4sningar, konferenser, f\u00f6reningens \u00e5rsm\u00f6te, workshops, planeringsm\u00f6ten eller andra evenemang.\n            <\/p>\n            <\/div>\n<\/div>\n<div\n    class=\"acf-article-text-block article-container my-12\"\n    data-block=\"article-text-block\"\n>\n    <div class=\"wysiwyg\">\n        <h2>ABF-huset i Uppsala<\/h2>\n<p>P\u00e5 S:t Persgatan 22B i Uppsala nyttjar vi tre v\u00e5ningsplan och har lokaler anpassade f\u00f6r b\u00e5de mindre och st\u00f6rre grupper. V\u00e5ra tv\u00e5 ljusa och rymliga utbildnings- och f\u00f6rel\u00e4sningssalar m\u00e4ter ca 55 kvm vardera, och \u00e4r utrustade med projektor, projektorduk, h\u00f6gtalare och mikrofonf\u00f6rst\u00e4rkning. Dessa rymmer ca 30 personer vid m\u00f6blering i \u00f6ar och ca 60 personer vid biosittning \u2013 och v\u00e4ggen mellan salarna kan \u00f6ppnas upp f\u00f6r att skapa ett \u00e4nnu st\u00f6rre rum. Vi har dessutom ett flertal mindre studie- och m\u00f6tesrum. <em>I direkt anslutning till salarna p\u00e5 plan 2 finns tre toaletter, varav en \u00e4r funktionsanpassad. Wifi ing\u00e5r, och ett fullt utrustat k\u00f6k finns p\u00e5 plan 1.<\/em><\/p>\n<p><a href=\"mailto:info.aros@abf.se\">Kontakta oss<\/a> f\u00f6r aktuella prisniv\u00e5er och information!<\/p>\n<h2>ABF-huset i V\u00e4ster\u00e5s<\/h2>\n<p>P\u00e5 Pilgatan 2 i V\u00e4ster\u00e5s har vi flera lokaler tillg\u00e4ngliga f\u00f6r uthyrning. Oavsett om ni \u00e4r ett stort s\u00e4llskap, en mellanstor grupp eller ett litet g\u00e4ng har vi lokalen f\u00f6r er! All teknik som finns i rummen ing\u00e5r.<\/p>\n<p><a href=\"mailto:info.aros@abf.se\">Kontakta oss<\/a> f\u00f6r aktuella prisniv\u00e5er och information!<\/p>\n\n    <\/div>\n<\/div>\n<div\n    class=\"acf-article-facts-block article-container  my-8 \"\n    data-block=\"article-facts-block\"\n>\n<div class=\"bg-teal-light border border-teal p-8 rounded-corners-sm\">\n<header>\n        <h2 class=\"heading-md text-teal-dark mb-3\">\n            Hyr lokal i v\u00e5ra studiehem!\n        <\/h2>\n    <\/header>\n    <div class=\"wysiwyg\">\n        <p>ABF Aros erbjuder dessutom m\u00f6jlighet att hyra lokal i v\u00e5ra lokala studiehem i Enk\u00f6ping, Gimo, Tierp, Sala, Fagersta och Norberg. <a href=\"mailto:info.aros@abf.se\">H\u00f6r av er<\/a> s\u00e5 ber\u00e4ttar vi mer!<\/p>\n\n    <\/div>\n<\/div>\n\n<\/div>\n","protected":false},"excerpt":{"rendered":"","protected":false},"author":131,"featured_media":0,"parent":0,"menu_order":0,"comment_status":"closed","ping_status":"closed","template":"","meta":{"_acf_changed":false,"footnotes":""},"class_list":["post-193","page","type-page","status-publish","hentry"],"acf":[],"yoast_head":"<!-- This site is optimized with the Yoast SEO plugin v27.0 - https:\/\/yoast.com\/product\/yoast-seo-wordpress\/ -->\n<title>Hyr lokal - Aros<\/title>\n<meta name=\"robots\" content=\"index, follow, max-snippet:-1, max-image-preview:large, max-video-preview:-1\" \/>\n<link rel=\"canonical\" href=\"https:\/\/www.abf.se\/aros\/hyr-lokal\/\" \/>\n<meta property=\"og:locale\" content=\"sv_SE\" \/>\n<meta property=\"og:type\" content=\"article\" \/>\n<meta property=\"og:title\" content=\"Hyr lokal - Aros\" \/>\n<meta property=\"og:url\" content=\"https:\/\/www.abf.se\/aros\/hyr-lokal\/\" \/>\n<meta property=\"og:site_name\" content=\"Aros\" \/>\n<meta property=\"article:modified_time\" content=\"2025-10-01T08:57:19+00:00\" \/>\n<meta name=\"twitter:card\" content=\"summary_large_image\" \/>\n<script type=\"application\/ld+json\" class=\"yoast-schema-graph\">{\"@context\":\"https:\/\/schema.org\",\"@graph\":[{\"@type\":\"WebPage\",\"@id\":\"https:\/\/www.abf.se\/aros\/hyr-lokal\/\",\"url\":\"https:\/\/www.abf.se\/aros\/hyr-lokal\/\",\"name\":\"Hyr lokal - Aros\",\"isPartOf\":{\"@id\":\"https:\/\/www.abf.se\/aros\/#website\"},\"datePublished\":\"2025-10-01T08:57:18+00:00\",\"dateModified\":\"2025-10-01T08:57:19+00:00\",\"breadcrumb\":{\"@id\":\"https:\/\/www.abf.se\/aros\/hyr-lokal\/#breadcrumb\"},\"inLanguage\":\"sv-SE\",\"potentialAction\":[{\"@type\":\"ReadAction\",\"target\":[\"https:\/\/www.abf.se\/aros\/hyr-lokal\/\"]}]},{\"@type\":\"BreadcrumbList\",\"@id\":\"https:\/\/www.abf.se\/aros\/hyr-lokal\/#breadcrumb\",\"itemListElement\":[{\"@type\":\"ListItem\",\"position\":1,\"name\":\"Home\",\"item\":\"https:\/\/www.abf.se\/aros\/\"},{\"@type\":\"ListItem\",\"position\":2,\"name\":\"Hyr lokal\"}]},{\"@type\":\"WebSite\",\"@id\":\"https:\/\/www.abf.se\/aros\/#website\",\"url\":\"https:\/\/www.abf.se\/aros\/\",\"name\":\"Aros\",\"description\":\"\",\"potentialAction\":[{\"@type\":\"SearchAction\",\"target\":{\"@type\":\"EntryPoint\",\"urlTemplate\":\"https:\/\/www.abf.se\/aros\/?s={search_term_string}\"},\"query-input\":{\"@type\":\"PropertyValueSpecification\",\"valueRequired\":true,\"valueName\":\"search_term_string\"}}],\"inLanguage\":\"sv-SE\"}]}<\/script>\n<!-- \/ Yoast SEO plugin. -->","yoast_head_json":{"title":"Hyr lokal - Aros","robots":{"index":"index","follow":"follow","max-snippet":"max-snippet:-1","max-image-preview":"max-image-preview:large","max-video-preview":"max-video-preview:-1"},"canonical":"https:\/\/www.abf.se\/aros\/hyr-lokal\/","og_locale":"sv_SE","og_type":"article","og_title":"Hyr lokal - Aros","og_url":"https:\/\/www.abf.se\/aros\/hyr-lokal\/","og_site_name":"Aros","article_modified_time":"2025-10-01T08:57:19+00:00","twitter_card":"summary_large_image","schema":{"@context":"https:\/\/schema.org","@graph":[{"@type":"WebPage","@id":"https:\/\/www.abf.se\/aros\/hyr-lokal\/","url":"https:\/\/www.abf.se\/aros\/hyr-lokal\/","name":"Hyr lokal - Aros","isPartOf":{"@id":"https:\/\/www.abf.se\/aros\/#website"},"datePublished":"2025-10-01T08:57:18+00:00","dateModified":"2025-10-01T08:57:19+00:00","breadcrumb":{"@id":"https:\/\/www.abf.se\/aros\/hyr-lokal\/#breadcrumb"},"inLanguage":"sv-SE","potentialAction":[{"@type":"ReadAction","target":["https:\/\/www.abf.se\/aros\/hyr-lokal\/"]}]},{"@type":"BreadcrumbList","@id":"https:\/\/www.abf.se\/aros\/hyr-lokal\/#breadcrumb","itemListElement":[{"@type":"ListItem","position":1,"name":"Home","item":"https:\/\/www.abf.se\/aros\/"},{"@type":"ListItem","position":2,"name":"Hyr lokal"}]},{"@type":"WebSite","@id":"https:\/\/www.abf.se\/aros\/#website","url":"https:\/\/www.abf.se\/aros\/","name":"Aros","description":"","potentialAction":[{"@type":"SearchAction","target":{"@type":"EntryPoint","urlTemplate":"https:\/\/www.abf.se\/aros\/?s={search_term_string}"},"query-input":{"@type":"PropertyValueSpecification","valueRequired":true,"valueName":"search_term_string"}}],"inLanguage":"sv-SE"}]}},"_links":{"self":[{"href":"https:\/\/www.abf.se\/aros\/wp-json\/wp\/v2\/pages\/193","targetHints":{"allow":["GET"]}}],"collection":[{"href":"https:\/\/www.abf.se\/aros\/wp-json\/wp\/v2\/pages"}],"about":[{"href":"https:\/\/www.abf.se\/aros\/wp-json\/wp\/v2\/types\/page"}],"author":[{"embeddable":true,"href":"https:\/\/www.abf.se\/aros\/wp-json\/wp\/v2\/users\/131"}],"replies":[{"embeddable":true,"href":"https:\/\/www.abf.se\/aros\/wp-json\/wp\/v2\/comments?post=193"}],"version-history":[{"count":10,"href":"https:\/\/www.abf.se\/aros\/wp-json\/wp\/v2\/pages\/193\/revisions"}],"predecessor-version":[{"id":234,"href":"https:\/\/www.abf.se\/aros\/wp-json\/wp\/v2\/pages\/193\/revisions\/234"}],"wp:attachment":[{"href":"https:\/\/www.abf.se\/aros\/wp-json\/wp\/v2\/media?parent=193"}],"curies":[{"name":"wp","href":"https:\/\/api.w.org\/{rel}","templated":true}]}}