{"id":98,"date":"2025-10-01T10:45:35","date_gmt":"2025-10-01T08:45:35","guid":{"rendered":"https:\/\/www.abf.se\/aros\/?page_id=98"},"modified":"2025-10-02T11:43:34","modified_gmt":"2025-10-02T09:43:34","slug":"abf-huset-i-uppsala","status":"publish","type":"page","link":"https:\/\/www.abf.se\/aros\/abf-huset-i-uppsala\/","title":{"rendered":"ABF-huset i Uppsala"},"content":{"rendered":"<div\n    class=\"acf-hero-block container-lg no-padding mb-12 js-geolocation\"\n    data-block=\"hero-block\"\n    data-index=\"0\"\n>\n    <div class=\"h-[548px]  relative rounded-[32px] overflow-hidden flex bg-gray-light\">\n        <div class=\"relative z-10 mt-auto h-auto w-full md:h-full\">\n            <div class=\"flex w-full h-full flex-col flex-wrap justify-end w-full md:w-7\/12 lg:w-1\/2 md:justify-center\">\n                <div class=\"flex flex-col gap-3 md:gap-[18px] md:transparent pt-16 pb-36 md:py-8 px-4 w-full md:max-w-[620px] mx-auto px-8\">\n\n                    <h1 class=\"hero-heading hero-heading--red-text\"><span>ABF-huset i Uppsala<\/span><\/h1>\n\n                    \n                                    <\/div>\n            <\/div>\n        <\/div>\n\n                    <picture class=\"as-background-image mix-blend-multiply bg-black\/40\"><img decoding=\"async\" src=\"https:\/\/www.abf.se\/aros\/resized\/?url=https%3A%2F%2Fwww.abf.se%2Fwp-content%2Fuploads%2Fsites%2F71%2F2025%2F09%2Fstpersg_test.jpg&#038;fit=crop&#038;w=1440&#038;s=1bdb2e11d2e7d7d273cadee96e583bfb\" srcset=\"https:\/\/www.abf.se\/aros\/resized\/?url=https%3A%2F%2Fwww.abf.se%2Fwp-content%2Fuploads%2Fsites%2F71%2F2025%2F09%2Fstpersg_test.jpg&#038;fit=crop&#038;w=375&#038;h=540&#038;s=2ab7f6995b0db2aed51e05aaca13fe67 375w, https:\/\/www.abf.se\/aros\/resized\/?url=https%3A%2F%2Fwww.abf.se%2Fwp-content%2Fuploads%2Fsites%2F71%2F2025%2F09%2Fstpersg_test.jpg&#038;fit=crop&#038;w=447&#038;h=540&#038;s=b2f51d3c75c81b29d527fe923bb438ae 447w, https:\/\/www.abf.se\/aros\/resized\/?url=https%3A%2F%2Fwww.abf.se%2Fwp-content%2Fuploads%2Fsites%2F71%2F2025%2F09%2Fstpersg_test.jpg&#038;fit=crop&#038;w=519&#038;h=540&#038;s=ca4ae067fc6a32c7b3c62dd9e6c36428 519w, https:\/\/www.abf.se\/aros\/resized\/?url=https%3A%2F%2Fwww.abf.se%2Fwp-content%2Fuploads%2Fsites%2F71%2F2025%2F09%2Fstpersg_test.jpg&#038;fit=crop&#038;w=591&#038;h=540&#038;s=21ae472a1085c689b0fe3375971d93bd 591w, https:\/\/www.abf.se\/aros\/resized\/?url=https%3A%2F%2Fwww.abf.se%2Fwp-content%2Fuploads%2Fsites%2F71%2F2025%2F09%2Fstpersg_test.jpg&#038;fit=crop&#038;w=663&#038;h=540&#038;s=dce0e8b6a79807cfc35a4ecdd9b5ad9e 663w, https:\/\/www.abf.se\/aros\/resized\/?url=https%3A%2F%2Fwww.abf.se%2Fwp-content%2Fuploads%2Fsites%2F71%2F2025%2F09%2Fstpersg_test.jpg&#038;fit=crop&#038;w=750&#038;h=540&#038;s=6093bc2ca70972d7e34bd95a665d47c2 750w, https:\/\/www.abf.se\/aros\/resized\/?url=https%3A%2F%2Fwww.abf.se%2Fwp-content%2Fuploads%2Fsites%2F71%2F2025%2F09%2Fstpersg_test.jpg&#038;fit=crop&#038;w=894&#038;h=540&#038;s=5a1a5a9027f1e463d1f41d91d90b3ca9 894w, https:\/\/www.abf.se\/aros\/resized\/?url=https%3A%2F%2Fwww.abf.se%2Fwp-content%2Fuploads%2Fsites%2F71%2F2025%2F09%2Fstpersg_test.jpg&#038;fit=crop&#038;w=1038&#038;h=540&#038;s=f1d94b2c25f08bca8188b8696528b2b6 1038w, https:\/\/www.abf.se\/aros\/resized\/?url=https%3A%2F%2Fwww.abf.se%2Fwp-content%2Fuploads%2Fsites%2F71%2F2025%2F09%2Fstpersg_test.jpg&#038;fit=crop&#038;w=1182&#038;h=540&#038;s=e74934b46ce8fc2e9bd191c0e4bdf7fb 1182w, https:\/\/www.abf.se\/aros\/resized\/?url=https%3A%2F%2Fwww.abf.se%2Fwp-content%2Fuploads%2Fsites%2F71%2F2025%2F09%2Fstpersg_test.jpg&#038;fit=crop&#038;w=1326&#038;h=540&#038;s=5fe39d79cffd9690a49468c906bab024 1326w, https:\/\/www.abf.se\/aros\/resized\/?url=https%3A%2F%2Fwww.abf.se%2Fwp-content%2Fuploads%2Fsites%2F71%2F2025%2F09%2Fstpersg_test.jpg&#038;fit=crop&#038;w=1440&#038;h=540&#038;s=6ebf48f293d3afcaa530857461607265 1440w\" alt=\"\" height=\"540\" width=\"1440\" sizes=\"(max-width: 1440px) calc(100vw - 32px), 1440px\" loading=\"eager\" fetchpriority=\"high\" aria-hidden=\"true\" role=\"presentation\" \/><\/picture>\n        \n\n            <\/div>\n\n    <\/div>\n\n<div\n    class=\"acf-plain-heading-block container my-16\"\n    data-block=\"plain-heading-block\"\n>\n    <div class=\"max-w-[658px] mx-auto\">\n                            <p class=\"mt-8 body-xl text-black\">\n                Centralt bel\u00e4get, med g\u00e5ngavst\u00e5nd till t\u00e5g- och busstationen, hittar du ABF-huset i Uppsala. I huset bedrivs allt ifr\u00e5n bokcirklar till fackliga kurser och konsthantverk. H\u00e4r erbjuder vi b\u00e5de moderna m\u00f6tesrum och st\u00f6rre salar som l\u00e4mpar sig v\u00e4l till f\u00f6rel\u00e4sningar och utbildningar. H\u00e4r finns flertalet rum anpassade f\u00f6r skapande verksamhet och hantverk, som v\u00e5r popul\u00e4ra keramikverkstad med drejskivor. Entr\u00e9n \u00e4r utrustad med hiss, och alla lokaler \u00e4r tillg\u00e4nglighetsanpassade.\n            <\/p>\n            <\/div>\n<\/div>\n<div\n    class=\"acf-text-image-block container my-12 md:my-15\"\n    data-block=\"text-image-block\"\n>\n    <div\n    class=\"flex flex-col items-center md:flex-row gap-8 md:gap-0 justify-between\">\n                        <div class=\"w-full md:w-1\/2 md:order-1\">\n            <picture><img decoding=\"async\" src=\"https:\/\/www.abf.se\/aros\/resized\/?url=https%3A%2F%2Fwww.abf.se%2Fwp-content%2Fuploads%2Fsites%2F71%2F2025%2F10%2Fstpersg_avstangd.jpg&#038;fit=crop&#038;w=578&#038;s=e90a59fb2f3f7a6f24c67fde9f253f5f\" srcset=\"https:\/\/www.abf.se\/aros\/resized\/?url=https%3A%2F%2Fwww.abf.se%2Fwp-content%2Fuploads%2Fsites%2F71%2F2025%2F10%2Fstpersg_avstangd.jpg&#038;fit=crop&#038;w=144&#038;h=126&#038;s=8097ffc84dc9eed2d87b4ff2be6656eb 144w, https:\/\/www.abf.se\/aros\/resized\/?url=https%3A%2F%2Fwww.abf.se%2Fwp-content%2Fuploads%2Fsites%2F71%2F2025%2F10%2Fstpersg_avstangd.jpg&#038;fit=crop&#038;w=240&#038;h=211&#038;s=61aa48bfba23290ae78edf927069fcd4 240w, https:\/\/www.abf.se\/aros\/resized\/?url=https%3A%2F%2Fwww.abf.se%2Fwp-content%2Fuploads%2Fsites%2F71%2F2025%2F10%2Fstpersg_avstangd.jpg&#038;fit=crop&#038;w=288&#038;h=253&#038;s=4a339210a054ab8e93757a58a19ddc11 288w, https:\/\/www.abf.se\/aros\/resized\/?url=https%3A%2F%2Fwww.abf.se%2Fwp-content%2Fuploads%2Fsites%2F71%2F2025%2F10%2Fstpersg_avstangd.jpg&#038;fit=crop&#038;w=336&#038;h=295&#038;s=aad7ed3ded2427981bf9349fb5c3a928 336w, https:\/\/www.abf.se\/aros\/resized\/?url=https%3A%2F%2Fwww.abf.se%2Fwp-content%2Fuploads%2Fsites%2F71%2F2025%2F10%2Fstpersg_avstangd.jpg&#038;fit=crop&#038;w=432&#038;h=380&#038;s=9ca4664ddc4e7b66cfa1a553c3220ac2 432w, https:\/\/www.abf.se\/aros\/resized\/?url=https%3A%2F%2Fwww.abf.se%2Fwp-content%2Fuploads%2Fsites%2F71%2F2025%2F10%2Fstpersg_avstangd.jpg&#038;fit=crop&#038;w=480&#038;h=422&#038;s=7c3581c9c481e9335bd0d1a7d940c8ee 480w, https:\/\/www.abf.se\/aros\/resized\/?url=https%3A%2F%2Fwww.abf.se%2Fwp-content%2Fuploads%2Fsites%2F71%2F2025%2F10%2Fstpersg_avstangd.jpg&#038;fit=crop&#038;w=528&#038;h=464&#038;s=92c6d36f940338e11fa0f0acf34b1dbb 528w, https:\/\/www.abf.se\/aros\/resized\/?url=https%3A%2F%2Fwww.abf.se%2Fwp-content%2Fuploads%2Fsites%2F71%2F2025%2F10%2Fstpersg_avstangd.jpg&#038;fit=crop&#038;w=578&#038;h=509&#038;s=b1e5820e6c7dd8a1567478e6343bdef5 578w, https:\/\/www.abf.se\/aros\/resized\/?url=https%3A%2F%2Fwww.abf.se%2Fwp-content%2Fuploads%2Fsites%2F71%2F2025%2F10%2Fstpersg_avstangd.jpg&#038;fit=crop&#038;w=672&#038;h=591&#038;s=2e8343edd006e208a529f900ff5d95c9 672w, https:\/\/www.abf.se\/aros\/resized\/?url=https%3A%2F%2Fwww.abf.se%2Fwp-content%2Fuploads%2Fsites%2F71%2F2025%2F10%2Fstpersg_avstangd.jpg&#038;fit=crop&#038;w=864&#038;h=760&#038;s=12d583069287bb011122d5dfc5659171 864w, https:\/\/www.abf.se\/aros\/resized\/?url=https%3A%2F%2Fwww.abf.se%2Fwp-content%2Fuploads%2Fsites%2F71%2F2025%2F10%2Fstpersg_avstangd.jpg&#038;fit=crop&#038;w=1056&#038;h=929&#038;s=ce13a1aad9a4d89f780190df2278ce36 1056w\" alt=\"bild p&aring; fasaden p&aring; ABF-huset, med ett kryss &ouml;ver innerg&aring;rden och en gr&ouml;n pil som visar g&aring;ngen in fr&aring;n Storgatan.\" height=\"509\" width=\"578\" sizes=\"auto, (max-width: 768px) 100vw,\n                (max-width: 1280px) 50vw, 578px\" loading=\"lazy\" fetchpriority=\"low\" \/><\/picture>\n\n        <\/div>\n        \n        <div class=\"w-full md:w-1\/2 md:order-2\">\n        <div class=\"mx-auto md:max-w-[368px]\">\n            <h2 class=\"heading-lg\">Ombyggnation p\u00e5 ABF-huset!<\/h2>\n            <div class=\"mb-6 mt-4 wysiwyg\">\n                <p>Just nu sker ombyggnationer p\u00e5 ABF-huset i Uppsala. P\u00e5 grund av detta \u00e4r innerg\u00e5rden tillf\u00e4lligt avst\u00e4ngd f\u00f6r inpassering. Vi h\u00e4nvisar alla v\u00e5ra bes\u00f6kare till gr\u00e4nden fr\u00e5n Storgatan!<\/p>\n\n            <\/div>\n                    <\/div>\n        <\/div>\n    <\/div>\n<\/div><div\n    class=\"acf-text-image-block container my-12 md:my-15\"\n    data-block=\"text-image-block\"\n>\n    <div\n    class=\"flex flex-col items-center md:flex-row gap-8 md:gap-0 justify-between\">\n                        <div class=\"w-full md:w-1\/2 md:order-2\">\n            <picture><img decoding=\"async\" src=\"https:\/\/www.abf.se\/aros\/resized\/?url=https%3A%2F%2Fwww.abf.se%2Fwp-content%2Fuploads%2Fsites%2F71%2F2025%2F09%2Finterior-copy-scaled.jpg&#038;fit=crop&#038;w=578&#038;s=fd9379c7e0aea2dfb8cc44cbd289af79\" srcset=\"https:\/\/www.abf.se\/aros\/resized\/?url=https%3A%2F%2Fwww.abf.se%2Fwp-content%2Fuploads%2Fsites%2F71%2F2025%2F09%2Finterior-copy-scaled.jpg&#038;fit=crop&#038;w=144&#038;h=126&#038;s=a9a0c12ccc60ac1c6616172865bed3e0 144w, https:\/\/www.abf.se\/aros\/resized\/?url=https%3A%2F%2Fwww.abf.se%2Fwp-content%2Fuploads%2Fsites%2F71%2F2025%2F09%2Finterior-copy-scaled.jpg&#038;fit=crop&#038;w=240&#038;h=211&#038;s=44e4b3e5d86313c0a65a66f9cd938d89 240w, https:\/\/www.abf.se\/aros\/resized\/?url=https%3A%2F%2Fwww.abf.se%2Fwp-content%2Fuploads%2Fsites%2F71%2F2025%2F09%2Finterior-copy-scaled.jpg&#038;fit=crop&#038;w=288&#038;h=253&#038;s=c59098d6543c4433cdfe2640de49cd28 288w, https:\/\/www.abf.se\/aros\/resized\/?url=https%3A%2F%2Fwww.abf.se%2Fwp-content%2Fuploads%2Fsites%2F71%2F2025%2F09%2Finterior-copy-scaled.jpg&#038;fit=crop&#038;w=336&#038;h=295&#038;s=2cb91c0bca2ab307f417c14601bc4c99 336w, https:\/\/www.abf.se\/aros\/resized\/?url=https%3A%2F%2Fwww.abf.se%2Fwp-content%2Fuploads%2Fsites%2F71%2F2025%2F09%2Finterior-copy-scaled.jpg&#038;fit=crop&#038;w=432&#038;h=380&#038;s=32d1670c2afb260fe7c0ac5894d927ff 432w, https:\/\/www.abf.se\/aros\/resized\/?url=https%3A%2F%2Fwww.abf.se%2Fwp-content%2Fuploads%2Fsites%2F71%2F2025%2F09%2Finterior-copy-scaled.jpg&#038;fit=crop&#038;w=480&#038;h=422&#038;s=056f47b58a9d7d48e37c456ac4d4e789 480w, https:\/\/www.abf.se\/aros\/resized\/?url=https%3A%2F%2Fwww.abf.se%2Fwp-content%2Fuploads%2Fsites%2F71%2F2025%2F09%2Finterior-copy-scaled.jpg&#038;fit=crop&#038;w=528&#038;h=464&#038;s=c339b5f5fd0e933deb737f4e49e9a712 528w, https:\/\/www.abf.se\/aros\/resized\/?url=https%3A%2F%2Fwww.abf.se%2Fwp-content%2Fuploads%2Fsites%2F71%2F2025%2F09%2Finterior-copy-scaled.jpg&#038;fit=crop&#038;w=578&#038;h=509&#038;s=93d1030b6568fe376f6b5514deb2e370 578w, https:\/\/www.abf.se\/aros\/resized\/?url=https%3A%2F%2Fwww.abf.se%2Fwp-content%2Fuploads%2Fsites%2F71%2F2025%2F09%2Finterior-copy-scaled.jpg&#038;fit=crop&#038;w=672&#038;h=591&#038;s=e4d859bff87a951580c5db18601f59d5 672w, https:\/\/www.abf.se\/aros\/resized\/?url=https%3A%2F%2Fwww.abf.se%2Fwp-content%2Fuploads%2Fsites%2F71%2F2025%2F09%2Finterior-copy-scaled.jpg&#038;fit=crop&#038;w=864&#038;h=760&#038;s=3666d28a5534c46bf151aa27a7c6fc67 864w, https:\/\/www.abf.se\/aros\/resized\/?url=https%3A%2F%2Fwww.abf.se%2Fwp-content%2Fuploads%2Fsites%2F71%2F2025%2F09%2Finterior-copy-scaled.jpg&#038;fit=crop&#038;w=1056&#038;h=929&#038;s=06ea60825f23ab547612ad4db06fcef8 1056w\" alt=\"Bord och stolar p&aring; Kaf&eacute; Dadal.\" height=\"509\" width=\"578\" sizes=\"auto, (max-width: 768px) 100vw,\n                (max-width: 1280px) 50vw, 578px\" loading=\"lazy\" fetchpriority=\"low\" \/><\/picture>\n\n        <\/div>\n        \n        <div class=\"w-full md:w-1\/2 md:order-1\">\n        <div class=\"mx-auto md:max-w-[368px]\">\n            <h2 class=\"heading-lg\">Kaf\u00e9 Dadal<\/h2>\n            <div class=\"mb-6 mt-4 wysiwyg\">\n                <p>P\u00e5 ABF-husets f\u00f6rsta v\u00e5ning hittar du Kaf\u00e9 Dadal \u2013 en ideell och solidarisk kaf\u00e9verk\u00adsamhet som vi driver tillsammans med det sociala f\u00f6retaget Dadal-utveckling och Afarv\u00e4nner i Sverige. Detta \u00e4r en rogivande m\u00f6tesplats med fika fr\u00e5n Skandinavien och nord\u00f6stra Afrika till sj\u00e4lvkostnadspris. Den sista l\u00f6rdagen varje m\u00e5nad erbjuder kaf\u00e9et en <strong>kaffeceremoni<\/strong>, d\u00e4r du f\u00e5r f\u00f6lja kaffeb\u00f6nans v\u00e4g till koppen genom rostning, malning, kokning och servering.<\/p>\n<p>\u00c4r ni en samverkansf\u00f6rening som planerat verksamhet hos oss p\u00e5 ABF-huset i Uppsala? D\u00e5 kan ni boka fika till deltagarna via Kaf\u00e9 Dadal. H\u00f6r av er till <a href=\"mailto:dadal@afarfriends.org\">dadal@afarfriends.org<\/a> f\u00f6r att boka eller veta mer!<\/p>\n\n            <\/div>\n                    <\/div>\n        <\/div>\n    <\/div>\n<\/div><div\n    class=\"acf-text-image-block container my-12 md:my-15\"\n    data-block=\"text-image-block\"\n>\n    <div\n    class=\"flex flex-col items-center md:flex-row gap-8 md:gap-0 justify-between\">\n                        <div class=\"w-full md:w-1\/2 md:order-1\">\n            <picture><img decoding=\"async\" src=\"https:\/\/www.abf.se\/aros\/resized\/?url=https%3A%2F%2Fwww.abf.se%2Fwp-content%2Fuploads%2Fsites%2F71%2F2025%2F09%2Fthumbnail__MG_5220.jpg&#038;fit=crop&#038;w=578&#038;s=cc7d825be52d4e774ffe4d4717e57e3b\" srcset=\"https:\/\/www.abf.se\/aros\/resized\/?url=https%3A%2F%2Fwww.abf.se%2Fwp-content%2Fuploads%2Fsites%2F71%2F2025%2F09%2Fthumbnail__MG_5220.jpg&#038;fit=crop&#038;w=144&#038;h=126&#038;s=32d4b11f32b16c868b79aac3c06c20cc 144w, https:\/\/www.abf.se\/aros\/resized\/?url=https%3A%2F%2Fwww.abf.se%2Fwp-content%2Fuploads%2Fsites%2F71%2F2025%2F09%2Fthumbnail__MG_5220.jpg&#038;fit=crop&#038;w=240&#038;h=211&#038;s=62ae44b5820befdc65017f9112f02d3e 240w, https:\/\/www.abf.se\/aros\/resized\/?url=https%3A%2F%2Fwww.abf.se%2Fwp-content%2Fuploads%2Fsites%2F71%2F2025%2F09%2Fthumbnail__MG_5220.jpg&#038;fit=crop&#038;w=288&#038;h=253&#038;s=f9e3a5c76572c93e003170e6363e0961 288w, https:\/\/www.abf.se\/aros\/resized\/?url=https%3A%2F%2Fwww.abf.se%2Fwp-content%2Fuploads%2Fsites%2F71%2F2025%2F09%2Fthumbnail__MG_5220.jpg&#038;fit=crop&#038;w=336&#038;h=295&#038;s=472e424182c799b59aeb186256d52e36 336w, https:\/\/www.abf.se\/aros\/resized\/?url=https%3A%2F%2Fwww.abf.se%2Fwp-content%2Fuploads%2Fsites%2F71%2F2025%2F09%2Fthumbnail__MG_5220.jpg&#038;fit=crop&#038;w=432&#038;h=380&#038;s=cfc1e38fc9569696962075fa1164019f 432w, https:\/\/www.abf.se\/aros\/resized\/?url=https%3A%2F%2Fwww.abf.se%2Fwp-content%2Fuploads%2Fsites%2F71%2F2025%2F09%2Fthumbnail__MG_5220.jpg&#038;fit=crop&#038;w=480&#038;h=422&#038;s=30d7c00caa6d80fd50c94ee06f2dbc7c 480w, https:\/\/www.abf.se\/aros\/resized\/?url=https%3A%2F%2Fwww.abf.se%2Fwp-content%2Fuploads%2Fsites%2F71%2F2025%2F09%2Fthumbnail__MG_5220.jpg&#038;fit=crop&#038;w=528&#038;h=464&#038;s=0299c1188b3e8fa917ad06f56ea490c8 528w, https:\/\/www.abf.se\/aros\/resized\/?url=https%3A%2F%2Fwww.abf.se%2Fwp-content%2Fuploads%2Fsites%2F71%2F2025%2F09%2Fthumbnail__MG_5220.jpg&#038;fit=crop&#038;w=578&#038;h=509&#038;s=746055e40f327e038b4b369f3a0d2be4 578w, https:\/\/www.abf.se\/aros\/resized\/?url=https%3A%2F%2Fwww.abf.se%2Fwp-content%2Fuploads%2Fsites%2F71%2F2025%2F09%2Fthumbnail__MG_5220.jpg&#038;fit=crop&#038;w=672&#038;h=591&#038;s=173621acaa17d8e436805a2419282cd1 672w, https:\/\/www.abf.se\/aros\/resized\/?url=https%3A%2F%2Fwww.abf.se%2Fwp-content%2Fuploads%2Fsites%2F71%2F2025%2F09%2Fthumbnail__MG_5220.jpg&#038;fit=crop&#038;w=864&#038;h=760&#038;s=06cd77abcafd3b4c4f7746703126df4a 864w, https:\/\/www.abf.se\/aros\/resized\/?url=https%3A%2F%2Fwww.abf.se%2Fwp-content%2Fuploads%2Fsites%2F71%2F2025%2F09%2Fthumbnail__MG_5220.jpg&#038;fit=crop&#038;w=1056&#038;h=929&#038;s=bdeb04a5c8b88e252862d353e97a1c85 1056w\" alt=\"Artister fr&aring;n Gruppen Trato upptr&auml;der p&aring; ABF-huset i Uppsala\" height=\"509\" width=\"578\" sizes=\"auto, (max-width: 768px) 100vw,\n                (max-width: 1280px) 50vw, 578px\" loading=\"lazy\" fetchpriority=\"low\" \/><\/picture>\n\n        <\/div>\n        \n        <div class=\"w-full md:w-1\/2 md:order-2\">\n        <div class=\"mx-auto md:max-w-[368px]\">\n            <h2 class=\"heading-lg\">V\u00e4lkommen hit!<\/h2>\n            <div class=\"mb-6 mt-4 wysiwyg\">\n                <p><strong>Bes\u00f6ksadress:<\/strong><br \/>\n<span style=\"font-size: 16px\">S:t Persgatan 22 B<br \/>\n<\/span><span style=\"font-size: 16px\">753 29 Uppsala<\/span><\/p>\n<div class=\"mb-6 mt-4 wysiwyg\">\n<p><strong>Telefon:<\/strong><br \/>\n<a href=\"tel:018600383\">018-60 03 83<\/a><\/p>\n<\/div>\n\n            <\/div>\n                                            <a href='https:\/\/www.google.se\/maps\/place\/S:t+Persgatan+22B,+753+29+Uppsala\/@59.8621472,17.6371502,16z\/data=!3m1!4b1!4m6!3m5!1s0x465fcbf7eea2f207:0xeff70d29717c3033!8m2!3d59.8621446!4d17.6420157!16s%2Fg%2F11q2ng4v6h?entry=ttu&amp;amp;g_ep=EgoyMDI1MDkxNi4wIKXMDSoASAFQAw%3D%3D' class=\"default-button\" target=\"_blank\">\u00d6ppna i Google maps<\/a>\n                    <\/div>\n        <\/div>\n    <\/div>\n<\/div>","protected":false},"excerpt":{"rendered":"","protected":false},"author":131,"featured_media":0,"parent":0,"menu_order":0,"comment_status":"closed","ping_status":"closed","template":"","meta":{"_acf_changed":false,"footnotes":""},"class_list":["post-98","page","type-page","status-publish","hentry"],"acf":[],"yoast_head":"<!-- This site is optimized with the Yoast SEO plugin v27.0 - https:\/\/yoast.com\/product\/yoast-seo-wordpress\/ -->\n<title>ABF-huset i Uppsala - Aros<\/title>\n<meta name=\"robots\" content=\"index, follow, max-snippet:-1, max-image-preview:large, max-video-preview:-1\" \/>\n<link rel=\"canonical\" href=\"https:\/\/www.abf.se\/aros\/abf-huset-i-uppsala\/\" \/>\n<meta property=\"og:locale\" content=\"sv_SE\" \/>\n<meta property=\"og:type\" content=\"article\" \/>\n<meta property=\"og:title\" content=\"ABF-huset i Uppsala - Aros\" \/>\n<meta property=\"og:url\" content=\"https:\/\/www.abf.se\/aros\/abf-huset-i-uppsala\/\" \/>\n<meta property=\"og:site_name\" content=\"Aros\" \/>\n<meta property=\"article:modified_time\" content=\"2025-10-02T09:43:34+00:00\" \/>\n<meta name=\"twitter:card\" content=\"summary_large_image\" \/>\n<script type=\"application\/ld+json\" class=\"yoast-schema-graph\">{\"@context\":\"https:\/\/schema.org\",\"@graph\":[{\"@type\":\"WebPage\",\"@id\":\"https:\/\/www.abf.se\/aros\/abf-huset-i-uppsala\/\",\"url\":\"https:\/\/www.abf.se\/aros\/abf-huset-i-uppsala\/\",\"name\":\"ABF-huset i Uppsala - Aros\",\"isPartOf\":{\"@id\":\"https:\/\/www.abf.se\/aros\/#website\"},\"datePublished\":\"2025-10-01T08:45:35+00:00\",\"dateModified\":\"2025-10-02T09:43:34+00:00\",\"breadcrumb\":{\"@id\":\"https:\/\/www.abf.se\/aros\/abf-huset-i-uppsala\/#breadcrumb\"},\"inLanguage\":\"sv-SE\",\"potentialAction\":[{\"@type\":\"ReadAction\",\"target\":[\"https:\/\/www.abf.se\/aros\/abf-huset-i-uppsala\/\"]}]},{\"@type\":\"BreadcrumbList\",\"@id\":\"https:\/\/www.abf.se\/aros\/abf-huset-i-uppsala\/#breadcrumb\",\"itemListElement\":[{\"@type\":\"ListItem\",\"position\":1,\"name\":\"Home\",\"item\":\"https:\/\/www.abf.se\/aros\/\"},{\"@type\":\"ListItem\",\"position\":2,\"name\":\"ABF-huset i Uppsala\"}]},{\"@type\":\"WebSite\",\"@id\":\"https:\/\/www.abf.se\/aros\/#website\",\"url\":\"https:\/\/www.abf.se\/aros\/\",\"name\":\"Aros\",\"description\":\"\",\"potentialAction\":[{\"@type\":\"SearchAction\",\"target\":{\"@type\":\"EntryPoint\",\"urlTemplate\":\"https:\/\/www.abf.se\/aros\/?s={search_term_string}\"},\"query-input\":{\"@type\":\"PropertyValueSpecification\",\"valueRequired\":true,\"valueName\":\"search_term_string\"}}],\"inLanguage\":\"sv-SE\"}]}<\/script>\n<!-- \/ Yoast SEO plugin. -->","yoast_head_json":{"title":"ABF-huset i Uppsala - Aros","robots":{"index":"index","follow":"follow","max-snippet":"max-snippet:-1","max-image-preview":"max-image-preview:large","max-video-preview":"max-video-preview:-1"},"canonical":"https:\/\/www.abf.se\/aros\/abf-huset-i-uppsala\/","og_locale":"sv_SE","og_type":"article","og_title":"ABF-huset i Uppsala - Aros","og_url":"https:\/\/www.abf.se\/aros\/abf-huset-i-uppsala\/","og_site_name":"Aros","article_modified_time":"2025-10-02T09:43:34+00:00","twitter_card":"summary_large_image","schema":{"@context":"https:\/\/schema.org","@graph":[{"@type":"WebPage","@id":"https:\/\/www.abf.se\/aros\/abf-huset-i-uppsala\/","url":"https:\/\/www.abf.se\/aros\/abf-huset-i-uppsala\/","name":"ABF-huset i Uppsala - Aros","isPartOf":{"@id":"https:\/\/www.abf.se\/aros\/#website"},"datePublished":"2025-10-01T08:45:35+00:00","dateModified":"2025-10-02T09:43:34+00:00","breadcrumb":{"@id":"https:\/\/www.abf.se\/aros\/abf-huset-i-uppsala\/#breadcrumb"},"inLanguage":"sv-SE","potentialAction":[{"@type":"ReadAction","target":["https:\/\/www.abf.se\/aros\/abf-huset-i-uppsala\/"]}]},{"@type":"BreadcrumbList","@id":"https:\/\/www.abf.se\/aros\/abf-huset-i-uppsala\/#breadcrumb","itemListElement":[{"@type":"ListItem","position":1,"name":"Home","item":"https:\/\/www.abf.se\/aros\/"},{"@type":"ListItem","position":2,"name":"ABF-huset i Uppsala"}]},{"@type":"WebSite","@id":"https:\/\/www.abf.se\/aros\/#website","url":"https:\/\/www.abf.se\/aros\/","name":"Aros","description":"","potentialAction":[{"@type":"SearchAction","target":{"@type":"EntryPoint","urlTemplate":"https:\/\/www.abf.se\/aros\/?s={search_term_string}"},"query-input":{"@type":"PropertyValueSpecification","valueRequired":true,"valueName":"search_term_string"}}],"inLanguage":"sv-SE"}]}},"_links":{"self":[{"href":"https:\/\/www.abf.se\/aros\/wp-json\/wp\/v2\/pages\/98","targetHints":{"allow":["GET"]}}],"collection":[{"href":"https:\/\/www.abf.se\/aros\/wp-json\/wp\/v2\/pages"}],"about":[{"href":"https:\/\/www.abf.se\/aros\/wp-json\/wp\/v2\/types\/page"}],"author":[{"embeddable":true,"href":"https:\/\/www.abf.se\/aros\/wp-json\/wp\/v2\/users\/131"}],"replies":[{"embeddable":true,"href":"https:\/\/www.abf.se\/aros\/wp-json\/wp\/v2\/comments?post=98"}],"version-history":[{"count":21,"href":"https:\/\/www.abf.se\/aros\/wp-json\/wp\/v2\/pages\/98\/revisions"}],"predecessor-version":[{"id":335,"href":"https:\/\/www.abf.se\/aros\/wp-json\/wp\/v2\/pages\/98\/revisions\/335"}],"wp:attachment":[{"href":"https:\/\/www.abf.se\/aros\/wp-json\/wp\/v2\/media?parent=98"}],"curies":[{"name":"wp","href":"https:\/\/api.w.org\/{rel}","templated":true}]}}