{"id":124,"date":"2024-03-18T14:33:24","date_gmt":"2024-03-18T13:33:24","guid":{"rendered":"https:\/\/www.abf.se\/blekinge\/?page_id=124"},"modified":"2025-05-08T13:32:36","modified_gmt":"2025-05-08T11:32:36","slug":"samarbeta-med-abf","status":"publish","type":"page","link":"https:\/\/www.abf.se\/blekinge\/samarbeta-med-abf\/","title":{"rendered":"Samarbeta med ABF"},"content":{"rendered":"<div\n    class=\"acf-hero-block container-lg no-padding mb-12 js-geolocation\"\n    data-block=\"hero-block\"\n    data-index=\"0\"\n>\n    <div class=\"h-[548px]  relative rounded-[32px] overflow-hidden flex bg-gray-light\">\n        <div class=\"relative z-10 mt-auto h-auto w-full md:h-full\">\n            <div class=\"flex w-full h-full flex-col flex-wrap justify-end w-full md:w-7\/12 lg:w-1\/2 md:justify-center\">\n                <div class=\"flex flex-col gap-3 md:gap-[18px] md:transparent pt-16 pb-36 md:py-8 px-4 w-full md:max-w-[620px] mx-auto px-8\">\n\n                    <h1 class=\"hero-heading hero-heading--red-text\"><span>Samarbeta med ABF<\/span><\/h1>\n\n                    \n                                    <\/div>\n            <\/div>\n        <\/div>\n\n                    <picture class=\"as-background-image mix-blend-multiply bg-black\/40\"><img decoding=\"async\" src=\"https:\/\/www.abf.se\/blekinge\/resized\/?url=https%3A%2F%2Fwww.abf.se%2Fwp-content%2Fuploads%2F2023%2F11%2FVerksamhet-tillsammans-liggande_IMGP.jpg&#038;fit=crop&#038;w=1440&#038;s=b7b1f12b490e425b64de1d41008127b7\" srcset=\"https:\/\/www.abf.se\/blekinge\/resized\/?url=https%3A%2F%2Fwww.abf.se%2Fwp-content%2Fuploads%2F2023%2F11%2FVerksamhet-tillsammans-liggande_IMGP.jpg&#038;fit=crop&#038;w=375&#038;h=540&#038;s=6781986b7da324c4fbfdd65af97a3552 375w, https:\/\/www.abf.se\/blekinge\/resized\/?url=https%3A%2F%2Fwww.abf.se%2Fwp-content%2Fuploads%2F2023%2F11%2FVerksamhet-tillsammans-liggande_IMGP.jpg&#038;fit=crop&#038;w=447&#038;h=540&#038;s=b57f7ea638ba5cf984c40aef39c676fd 447w, https:\/\/www.abf.se\/blekinge\/resized\/?url=https%3A%2F%2Fwww.abf.se%2Fwp-content%2Fuploads%2F2023%2F11%2FVerksamhet-tillsammans-liggande_IMGP.jpg&#038;fit=crop&#038;w=519&#038;h=540&#038;s=852d1a39ba545420437051acda7a5774 519w, https:\/\/www.abf.se\/blekinge\/resized\/?url=https%3A%2F%2Fwww.abf.se%2Fwp-content%2Fuploads%2F2023%2F11%2FVerksamhet-tillsammans-liggande_IMGP.jpg&#038;fit=crop&#038;w=591&#038;h=540&#038;s=7b39ae1f1c5fa825cb264b5f2ef35264 591w, https:\/\/www.abf.se\/blekinge\/resized\/?url=https%3A%2F%2Fwww.abf.se%2Fwp-content%2Fuploads%2F2023%2F11%2FVerksamhet-tillsammans-liggande_IMGP.jpg&#038;fit=crop&#038;w=663&#038;h=540&#038;s=9eb4506ecf8d6789e565882688dc61b7 663w, https:\/\/www.abf.se\/blekinge\/resized\/?url=https%3A%2F%2Fwww.abf.se%2Fwp-content%2Fuploads%2F2023%2F11%2FVerksamhet-tillsammans-liggande_IMGP.jpg&#038;fit=crop&#038;w=750&#038;h=540&#038;s=0dee52d02ef3986c1bbb50aae1a5d0f3 750w, https:\/\/www.abf.se\/blekinge\/resized\/?url=https%3A%2F%2Fwww.abf.se%2Fwp-content%2Fuploads%2F2023%2F11%2FVerksamhet-tillsammans-liggande_IMGP.jpg&#038;fit=crop&#038;w=894&#038;h=540&#038;s=c67938f0fe7baad6ae4a241e8a86c188 894w, https:\/\/www.abf.se\/blekinge\/resized\/?url=https%3A%2F%2Fwww.abf.se%2Fwp-content%2Fuploads%2F2023%2F11%2FVerksamhet-tillsammans-liggande_IMGP.jpg&#038;fit=crop&#038;w=1038&#038;h=540&#038;s=95740a27a26d5c16931eb22b6b1367bd 1038w, https:\/\/www.abf.se\/blekinge\/resized\/?url=https%3A%2F%2Fwww.abf.se%2Fwp-content%2Fuploads%2F2023%2F11%2FVerksamhet-tillsammans-liggande_IMGP.jpg&#038;fit=crop&#038;w=1182&#038;h=540&#038;s=b7872c3f89c9626b6141d1e5da25c704 1182w, https:\/\/www.abf.se\/blekinge\/resized\/?url=https%3A%2F%2Fwww.abf.se%2Fwp-content%2Fuploads%2F2023%2F11%2FVerksamhet-tillsammans-liggande_IMGP.jpg&#038;fit=crop&#038;w=1326&#038;h=540&#038;s=aecf05e31ee191944c78e4decbbaef1d 1326w, https:\/\/www.abf.se\/blekinge\/resized\/?url=https%3A%2F%2Fwww.abf.se%2Fwp-content%2Fuploads%2F2023%2F11%2FVerksamhet-tillsammans-liggande_IMGP.jpg&#038;fit=crop&#038;w=1440&#038;h=540&#038;s=762b90c9d5e2acfe7aee083f4f60586c 1440w\" alt=\"\" height=\"540\" width=\"1440\" sizes=\"(max-width: 1440px) calc(100vw - 32px), 1440px\" loading=\"eager\" fetchpriority=\"high\" aria-hidden=\"true\" role=\"presentation\" \/><\/picture>\n        \n\n            <\/div>\n\n    <\/div>\n\n<div\n    class=\"acf-article-text-block article-container my-12\"\n    data-block=\"article-text-block\"\n>\n    <div class=\"wysiwyg\">\n        <h3>\u00d6ver 100 f\u00f6reningar \u00e4r organiserade hos ABF Blekinge. Alla grupper har olika behov. ABF vill veta vilken funktion vi kan fylla f\u00f6r er! Oavsett om ni \u00e4r en f\u00f6rening, social r\u00f6relse eller en studiegrupp. Det kan vara l\u00e5ngsiktigt, kortvarigt, fokuserat p\u00e5 en enskild fr\u00e5ga eller finnas i ett bredare sammanhang. Att samarbeta med oss inneb\u00e4r att vi finns f\u00f6r att st\u00f6tta och inspirera er folkbildande studieverksamhet.<\/h3>\n\n    <\/div>\n<\/div>\n<div\n    class=\"acf-text-image-block container my-12 md:my-15\"\n    data-block=\"text-image-block\"\n>\n    <div\n    class=\"flex flex-col items-center md:flex-row gap-8 md:gap-0 justify-between\">\n                        <div class=\"w-full md:w-1\/2 md:order-2\">\n            <picture><img decoding=\"async\" src=\"https:\/\/www.abf.se\/blekinge\/resized\/?url=https%3A%2F%2Fwww.abf.se%2Fwp-content%2Fuploads%2F2023%2F11%2FImage.png&#038;fit=crop&#038;w=578&#038;s=46fe63d23cb399782247ba91cdb7ec46\" srcset=\"https:\/\/www.abf.se\/blekinge\/resized\/?url=https%3A%2F%2Fwww.abf.se%2Fwp-content%2Fuploads%2F2023%2F11%2FImage.png&#038;fit=crop&#038;w=144&#038;h=126&#038;s=78dbf54ba121a466ab8c9ac54378ec6e 144w, https:\/\/www.abf.se\/blekinge\/resized\/?url=https%3A%2F%2Fwww.abf.se%2Fwp-content%2Fuploads%2F2023%2F11%2FImage.png&#038;fit=crop&#038;w=240&#038;h=211&#038;s=b3d1033a766401e3b4c2552250f9a642 240w, https:\/\/www.abf.se\/blekinge\/resized\/?url=https%3A%2F%2Fwww.abf.se%2Fwp-content%2Fuploads%2F2023%2F11%2FImage.png&#038;fit=crop&#038;w=288&#038;h=253&#038;s=63dfe34e1e9c4b554357374543406ff2 288w, https:\/\/www.abf.se\/blekinge\/resized\/?url=https%3A%2F%2Fwww.abf.se%2Fwp-content%2Fuploads%2F2023%2F11%2FImage.png&#038;fit=crop&#038;w=336&#038;h=295&#038;s=699b7b81462a5db2d40d727f0919e72b 336w, https:\/\/www.abf.se\/blekinge\/resized\/?url=https%3A%2F%2Fwww.abf.se%2Fwp-content%2Fuploads%2F2023%2F11%2FImage.png&#038;fit=crop&#038;w=432&#038;h=380&#038;s=c759a32d6a4177397a5c4134ea606901 432w, https:\/\/www.abf.se\/blekinge\/resized\/?url=https%3A%2F%2Fwww.abf.se%2Fwp-content%2Fuploads%2F2023%2F11%2FImage.png&#038;fit=crop&#038;w=480&#038;h=422&#038;s=38bb72543c91b1657a6c48397f265669 480w, https:\/\/www.abf.se\/blekinge\/resized\/?url=https%3A%2F%2Fwww.abf.se%2Fwp-content%2Fuploads%2F2023%2F11%2FImage.png&#038;fit=crop&#038;w=528&#038;h=464&#038;s=73b950ecfd5463405642b955ff58b235 528w, https:\/\/www.abf.se\/blekinge\/resized\/?url=https%3A%2F%2Fwww.abf.se%2Fwp-content%2Fuploads%2F2023%2F11%2FImage.png&#038;fit=crop&#038;w=578&#038;h=509&#038;s=ff70472ae7769116bde5e26385c28bde 578w, https:\/\/www.abf.se\/blekinge\/resized\/?url=https%3A%2F%2Fwww.abf.se%2Fwp-content%2Fuploads%2F2023%2F11%2FImage.png&#038;fit=crop&#038;w=672&#038;h=591&#038;s=5b97d17df0b23dd518aafb655236ffcc 672w, https:\/\/www.abf.se\/blekinge\/resized\/?url=https%3A%2F%2Fwww.abf.se%2Fwp-content%2Fuploads%2F2023%2F11%2FImage.png&#038;fit=crop&#038;w=864&#038;h=760&#038;s=a7abac363146b4f8bac65d9142a585e1 864w, https:\/\/www.abf.se\/blekinge\/resized\/?url=https%3A%2F%2Fwww.abf.se%2Fwp-content%2Fuploads%2F2023%2F11%2FImage.png&#038;fit=crop&#038;w=1056&#038;h=929&#038;s=c2cb04540b9a8eb2c4d686dd8117925f 1056w\" alt=\"glad kvinna med glas&ouml;gon mot en turkos bakgrund\" height=\"509\" width=\"578\" sizes=\"auto, (max-width: 768px) 100vw,\n                (max-width: 1280px) 50vw, 578px\" loading=\"lazy\" fetchpriority=\"low\" \/><\/picture>\n\n        <\/div>\n        \n        <div class=\"w-full md:w-1\/2 md:order-1\">\n        <div class=\"mx-auto md:max-w-[368px]\">\n            <h2 class=\"heading-lg\">Varf\u00f6r samarbeta med ABF?<\/h2>\n            <div class=\"mb-6 mt-4 wysiwyg\">\n                <ol>\n<li><strong>Bli en del av ett st\u00f6rre sammanhang:\u00a0<\/strong>Genom att anv\u00e4nda ABF \u00e4r ni del av en folkr\u00f6relse. Vi har en gemensam tro p\u00e5 att en annan v\u00e4rld \u00e4r m\u00f6jlig. Vi f\u00f6r\u00e4ndrar \u2013 tillsammans!<\/li>\n<li><strong>F\u00e5 ett socialt n\u00e4tverk:<\/strong>\u00a0ABF ing\u00e5r i ett stort och stabilt n\u00e4tverk av olika f\u00f6reningar. Ni hittar kraft hos och l\u00e4r er av varandra. ABF \u00e4r en m\u00f6tesplats d\u00e4r ni knyter kontakter och utbyter kunskap.<\/li>\n<li><strong>Anv\u00e4nd v\u00e5ra resurser:<\/strong> ABF \u00e4r en kunnig organisatorisk och pedagogisk resurs. Vi har studiematerial och lokaler. Hit kommer ni f\u00f6r att l\u00e4ra er mer om allt fr\u00e5n pedagogik och cirkelledarskap till arrang\u00f6rskap och projekt.<\/li>\n<\/ol>\n\n            <\/div>\n                    <\/div>\n        <\/div>\n    <\/div>\n<\/div><div\n    class=\"acf-text-image-block container my-12 md:my-15\"\n    data-block=\"text-image-block\"\n>\n    <div\n    class=\"flex flex-col items-center md:flex-row gap-8 md:gap-0 justify-between\">\n                        <div class=\"w-full md:w-1\/2 md:order-1\">\n            <picture><img decoding=\"async\" src=\"https:\/\/www.abf.se\/blekinge\/resized\/?url=https%3A%2F%2Fwww.abf.se%2Fwp-content%2Fuploads%2F2023%2F11%2FGemenskap-foto-Pexels_IMGP.jpg&#038;fit=crop&#038;w=578&#038;s=9435c564c750dfa392f8f3a61028908d\" srcset=\"https:\/\/www.abf.se\/blekinge\/resized\/?url=https%3A%2F%2Fwww.abf.se%2Fwp-content%2Fuploads%2F2023%2F11%2FGemenskap-foto-Pexels_IMGP.jpg&#038;fit=crop&#038;w=144&#038;h=126&#038;s=e6e7db6ece8e23c78f8c226350b6d522 144w, https:\/\/www.abf.se\/blekinge\/resized\/?url=https%3A%2F%2Fwww.abf.se%2Fwp-content%2Fuploads%2F2023%2F11%2FGemenskap-foto-Pexels_IMGP.jpg&#038;fit=crop&#038;w=240&#038;h=211&#038;s=985bc13eb73243d718c804d448e8cffd 240w, https:\/\/www.abf.se\/blekinge\/resized\/?url=https%3A%2F%2Fwww.abf.se%2Fwp-content%2Fuploads%2F2023%2F11%2FGemenskap-foto-Pexels_IMGP.jpg&#038;fit=crop&#038;w=288&#038;h=253&#038;s=dc084d2ff842bcdcf1f47add4eb66ce1 288w, https:\/\/www.abf.se\/blekinge\/resized\/?url=https%3A%2F%2Fwww.abf.se%2Fwp-content%2Fuploads%2F2023%2F11%2FGemenskap-foto-Pexels_IMGP.jpg&#038;fit=crop&#038;w=336&#038;h=295&#038;s=2489efd561907bfda73ace38d172b41d 336w, https:\/\/www.abf.se\/blekinge\/resized\/?url=https%3A%2F%2Fwww.abf.se%2Fwp-content%2Fuploads%2F2023%2F11%2FGemenskap-foto-Pexels_IMGP.jpg&#038;fit=crop&#038;w=432&#038;h=380&#038;s=3fd06e08d0567dd68d5e4838da85fa4f 432w, https:\/\/www.abf.se\/blekinge\/resized\/?url=https%3A%2F%2Fwww.abf.se%2Fwp-content%2Fuploads%2F2023%2F11%2FGemenskap-foto-Pexels_IMGP.jpg&#038;fit=crop&#038;w=480&#038;h=422&#038;s=9cda416fcb6aaddcb4b7a25755ebcb77 480w, https:\/\/www.abf.se\/blekinge\/resized\/?url=https%3A%2F%2Fwww.abf.se%2Fwp-content%2Fuploads%2F2023%2F11%2FGemenskap-foto-Pexels_IMGP.jpg&#038;fit=crop&#038;w=528&#038;h=464&#038;s=5b7d604d6e1b3f4a5c7fe5cc14c61429 528w, https:\/\/www.abf.se\/blekinge\/resized\/?url=https%3A%2F%2Fwww.abf.se%2Fwp-content%2Fuploads%2F2023%2F11%2FGemenskap-foto-Pexels_IMGP.jpg&#038;fit=crop&#038;w=578&#038;h=509&#038;s=64c45b098e2d90d134361ad62c36ac28 578w, https:\/\/www.abf.se\/blekinge\/resized\/?url=https%3A%2F%2Fwww.abf.se%2Fwp-content%2Fuploads%2F2023%2F11%2FGemenskap-foto-Pexels_IMGP.jpg&#038;fit=crop&#038;w=672&#038;h=591&#038;s=830bd9f23e3a7de6e31d80362803daaf 672w, https:\/\/www.abf.se\/blekinge\/resized\/?url=https%3A%2F%2Fwww.abf.se%2Fwp-content%2Fuploads%2F2023%2F11%2FGemenskap-foto-Pexels_IMGP.jpg&#038;fit=crop&#038;w=864&#038;h=760&#038;s=fd8ea5e7b7841b32ba879db958098f5a 864w, https:\/\/www.abf.se\/blekinge\/resized\/?url=https%3A%2F%2Fwww.abf.se%2Fwp-content%2Fuploads%2F2023%2F11%2FGemenskap-foto-Pexels_IMGP.jpg&#038;fit=crop&#038;w=1056&#038;h=929&#038;s=40bef7c9ee7dda470c4f8a44ebe4ab80 1056w\" alt=\"f&aring;gelperspektiv p&aring; en grupp m&auml;nniskor som alla str&auml;cker in handen i en cirkel\" height=\"509\" width=\"578\" sizes=\"auto, (max-width: 768px) 100vw,\n                (max-width: 1280px) 50vw, 578px\" loading=\"lazy\" fetchpriority=\"low\" \/><\/picture>\n\n        <\/div>\n        \n        <div class=\"w-full md:w-1\/2 md:order-2\">\n        <div class=\"mx-auto md:max-w-[368px]\">\n            <h2 class=\"heading-lg\">Det h\u00e4r kan ABF hj\u00e4lpa till med:<\/h2>\n            <div class=\"mb-6 mt-4 wysiwyg\">\n                <div class=\"mb-6 mt-4 wysiwyg\">\n<div class=\"block textblock\">\n<div class=\"article-body\">\n<ul>\n<li>Studiematerial<\/li>\n<li>Cirkelledarutbildningar<\/li>\n<li>Funktions- och styrelseutbildningar<\/li>\n<li>Folkbildningens pedagogik och metoder<\/li>\n<li>Tips och id\u00e9er f\u00f6r era folkbildande studier<\/li>\n<li>Lokaler (f\u00f6rel\u00e4sningssalar, studierum m.m.)<\/li>\n<li>Kontakter och n\u00e4tverk<\/li>\n<li>F\u00f6rs\u00e4kringar f\u00f6r deltagare<\/li>\n<li>Tillg\u00e4nglighet<\/li>\n<li>Marknadsf\u00f6ringsinsatser<\/li>\n<\/ul>\n<\/div>\n<\/div>\n<\/div>\n\n            <\/div>\n                    <\/div>\n        <\/div>\n    <\/div>\n<\/div><div\n    class=\"acf-text-image-block container my-12 md:my-15\"\n    data-block=\"text-image-block\"\n>\n    <div\n    class=\"flex flex-col items-center md:flex-row gap-8 md:gap-0 justify-center\">\n        \n        <div class=\"w-full md:w-1\/2 md:order-1\">\n        <div class=\"mx-auto md:max-w-[368px]\">\n            <h2 class=\"heading-lg\"><\/h2>\n            <div class=\"mb-6 mt-4 wysiwyg\">\n                <h3>Kontakta oss s\u00e5 ber\u00e4ttar vi mer!<\/h3>\n<h3><\/h3>\n\n            <\/div>\n                                            <a href='https:\/\/www.abf.se\/blekinge\/kontakt-abf-blekinge\/' class=\"default-button\" target=\"\">Kontakt ABF Blekinge<\/a>\n                    <\/div>\n        <\/div>\n    <\/div>\n<\/div><div\n    class=\"acf-section-breaker-text my-8 container-lg\"\n    data-block=\"section-breaker-text\"\n>\n    <div class=\"round-corners-lg overflow-hidden pt-36 pb-8 px-5 md:p-16 relative grid grid-cols-1 md:grid-cols-2 lg:grid-cols-5 grid-flow-col-dense\">\n\n            <picture class=\"as-background-image\"><img decoding=\"async\" src=\"https:\/\/www.abf.se\/blekinge\/resized\/?url=https%3A%2F%2Fwww.abf.se%2Fwp-content%2Fuploads%2Fsites%2F66%2F2024%2F02%2Fdsc_0503.jpg&#038;fit=crop&#038;w=1440&#038;s=8c507918be8e8d31079f8bbe67dced52\" srcset=\"https:\/\/www.abf.se\/blekinge\/resized\/?url=https%3A%2F%2Fwww.abf.se%2Fwp-content%2Fuploads%2Fsites%2F66%2F2024%2F02%2Fdsc_0503.jpg&#038;fit=crop&#038;w=375&#038;h=540&#038;s=260115dc113431e64844e8f07d68525c 375w, https:\/\/www.abf.se\/blekinge\/resized\/?url=https%3A%2F%2Fwww.abf.se%2Fwp-content%2Fuploads%2Fsites%2F66%2F2024%2F02%2Fdsc_0503.jpg&#038;fit=crop&#038;w=499&#038;h=540&#038;s=98a0803bf116bc460b997ee924b4d608 499w, https:\/\/www.abf.se\/blekinge\/resized\/?url=https%3A%2F%2Fwww.abf.se%2Fwp-content%2Fuploads%2Fsites%2F66%2F2024%2F02%2Fdsc_0503.jpg&#038;fit=crop&#038;w=623&#038;h=540&#038;s=39e31e70430e1e5c4c7dcaacd88b95ce 623w, https:\/\/www.abf.se\/blekinge\/resized\/?url=https%3A%2F%2Fwww.abf.se%2Fwp-content%2Fuploads%2Fsites%2F66%2F2024%2F02%2Fdsc_0503.jpg&#038;fit=crop&#038;w=747&#038;h=540&#038;s=ca8f8ed3b43549a0842586f3f61e992c 747w, https:\/\/www.abf.se\/blekinge\/resized\/?url=https%3A%2F%2Fwww.abf.se%2Fwp-content%2Fuploads%2Fsites%2F66%2F2024%2F02%2Fdsc_0503.jpg&#038;fit=crop&#038;w=750&#038;h=540&#038;s=6060e7ac98ca76c09a7cc0f62751c31d 750w, https:\/\/www.abf.se\/blekinge\/resized\/?url=https%3A%2F%2Fwww.abf.se%2Fwp-content%2Fuploads%2Fsites%2F66%2F2024%2F02%2Fdsc_0503.jpg&#038;fit=crop&#038;w=871&#038;h=540&#038;s=3e1e0298006e37ebc753abd1c885d116 871w, https:\/\/www.abf.se\/blekinge\/resized\/?url=https%3A%2F%2Fwww.abf.se%2Fwp-content%2Fuploads%2Fsites%2F66%2F2024%2F02%2Fdsc_0503.jpg&#038;fit=crop&#038;w=995&#038;h=540&#038;s=16b15f0d9906a544ca55a026c9637159 995w, https:\/\/www.abf.se\/blekinge\/resized\/?url=https%3A%2F%2Fwww.abf.se%2Fwp-content%2Fuploads%2Fsites%2F66%2F2024%2F02%2Fdsc_0503.jpg&#038;fit=crop&#038;w=998&#038;h=540&#038;s=524fb704fc31179ed555efebb617091a 998w, https:\/\/www.abf.se\/blekinge\/resized\/?url=https%3A%2F%2Fwww.abf.se%2Fwp-content%2Fuploads%2Fsites%2F66%2F2024%2F02%2Fdsc_0503.jpg&#038;fit=crop&#038;w=1119&#038;h=540&#038;s=1ca1aa14d6e4335fe96587de9463717d 1119w, https:\/\/www.abf.se\/blekinge\/resized\/?url=https%3A%2F%2Fwww.abf.se%2Fwp-content%2Fuploads%2Fsites%2F66%2F2024%2F02%2Fdsc_0503.jpg&#038;fit=crop&#038;w=1243&#038;h=540&#038;s=3f5c89b9137de3a92b74c3ea9641fcad 1243w, https:\/\/www.abf.se\/blekinge\/resized\/?url=https%3A%2F%2Fwww.abf.se%2Fwp-content%2Fuploads%2Fsites%2F66%2F2024%2F02%2Fdsc_0503.jpg&#038;fit=crop&#038;w=1246&#038;h=540&#038;s=3d0c3b2746e83aab5f7397e667f7f26c 1246w, https:\/\/www.abf.se\/blekinge\/resized\/?url=https%3A%2F%2Fwww.abf.se%2Fwp-content%2Fuploads%2Fsites%2F66%2F2024%2F02%2Fdsc_0503.jpg&#038;fit=crop&#038;w=1367&#038;h=540&#038;s=e874abfb9a2104618fe70647dea69fa3 1367w, https:\/\/www.abf.se\/blekinge\/resized\/?url=https%3A%2F%2Fwww.abf.se%2Fwp-content%2Fuploads%2Fsites%2F66%2F2024%2F02%2Fdsc_0503.jpg&#038;fit=crop&#038;w=1440&#038;h=540&#038;s=1b2811bf7c039505a424337ab48fc21c 1440w, https:\/\/www.abf.se\/blekinge\/resized\/?url=https%3A%2F%2Fwww.abf.se%2Fwp-content%2Fuploads%2Fsites%2F66%2F2024%2F02%2Fdsc_0503.jpg&#038;fit=crop&#038;w=1494&#038;h=540&#038;s=a6152c038a3030c6376fa5b262974e8e 1494w, https:\/\/www.abf.se\/blekinge\/resized\/?url=https%3A%2F%2Fwww.abf.se%2Fwp-content%2Fuploads%2Fsites%2F66%2F2024%2F02%2Fdsc_0503.jpg&#038;fit=crop&#038;w=1742&#038;h=540&#038;s=096341f4a37fc06af5ceb1afce5e7b3f 1742w, https:\/\/www.abf.se\/blekinge\/resized\/?url=https%3A%2F%2Fwww.abf.se%2Fwp-content%2Fuploads%2Fsites%2F66%2F2024%2F02%2Fdsc_0503.jpg&#038;fit=crop&#038;w=1990&#038;h=540&#038;s=1a305218f7d232d3f14f489b8b2fc40c 1990w, https:\/\/www.abf.se\/blekinge\/resized\/?url=https%3A%2F%2Fwww.abf.se%2Fwp-content%2Fuploads%2Fsites%2F66%2F2024%2F02%2Fdsc_0503.jpg&#038;fit=crop&#038;w=2238&#038;h=540&#038;s=9ca581b6ed4a9253810b01de80442d7c 2238w, https:\/\/www.abf.se\/blekinge\/resized\/?url=https%3A%2F%2Fwww.abf.se%2Fwp-content%2Fuploads%2Fsites%2F66%2F2024%2F02%2Fdsc_0503.jpg&#038;fit=crop&#038;w=2486&#038;h=540&#038;s=16a425c1d76f11d5fe6eae840fbd7807 2486w, https:\/\/www.abf.se\/blekinge\/resized\/?url=https%3A%2F%2Fwww.abf.se%2Fwp-content%2Fuploads%2Fsites%2F66%2F2024%2F02%2Fdsc_0503.jpg&#038;fit=crop&#038;w=2734&#038;h=540&#038;s=bab9b6673aa2407142dae7a07beca128 2734w\" alt=\"\" height=\"540\" width=\"1440\" sizes=\"auto, \n            (max-width: 1440px) calc(100vw - 32px), 1440px\" loading=\"lazy\" fetchpriority=\"low\" aria-hidden=\"true\" role=\"presentation\" \/><\/picture>\n                <div class=\"bg-white round-corners-sm px-10 py-11 col-span-1  relative z-10 col-start-4 col-end-[-1]\">\n            <h2 class=\"heading-lg mb-4\"><\/h2>\n            <div style=\"font-size: 1.25rem; color: black;\" class=\"body-xl wysiwyg\"><p>H\u00e4r hittar du mer om ABF och v\u00e5r v\u00e4rdegrund<\/p>\n<\/div>\n                                            <a href='https:\/\/www.abf.se\/blekinge\/om-abf\/' class=\"default-button mt-8\" target=\"\">Om ABF<\/a>\n                    \n        <\/div>\n    <\/div>\n<\/div>\n","protected":false},"excerpt":{"rendered":"","protected":false},"author":43,"featured_media":0,"parent":0,"menu_order":0,"comment_status":"closed","ping_status":"closed","template":"","meta":{"_acf_changed":false,"footnotes":""},"class_list":["post-124","page","type-page","status-publish","hentry"],"acf":[],"yoast_head":"<!-- This site is optimized with the Yoast SEO plugin v27.0 - https:\/\/yoast.com\/product\/yoast-seo-wordpress\/ -->\n<title>Samarbeta med ABF - Blekinge<\/title>\n<meta name=\"description\" content=\"Att samarbeta med ABF inneb\u00e4r att vi finns f\u00f6r att st\u00f6tta och inspirera er studieverksamhet som f\u00f6rening, social r\u00f6relse eller studiegrupp.\" \/>\n<meta name=\"robots\" content=\"index, follow, max-snippet:-1, max-image-preview:large, max-video-preview:-1\" \/>\n<link rel=\"canonical\" href=\"https:\/\/www.abf.se\/blekinge\/samarbeta-med-abf\/\" \/>\n<meta property=\"og:locale\" content=\"sv_SE\" \/>\n<meta property=\"og:type\" content=\"article\" \/>\n<meta property=\"og:title\" content=\"Samarbeta med ABF - Blekinge\" \/>\n<meta property=\"og:description\" content=\"Att samarbeta med ABF inneb\u00e4r att vi finns f\u00f6r att st\u00f6tta och inspirera er studieverksamhet som f\u00f6rening, social r\u00f6relse eller studiegrupp.\" \/>\n<meta property=\"og:url\" content=\"https:\/\/www.abf.se\/blekinge\/samarbeta-med-abf\/\" \/>\n<meta property=\"og:site_name\" content=\"Blekinge\" \/>\n<meta property=\"article:modified_time\" content=\"2025-05-08T11:32:36+00:00\" \/>\n<meta property=\"og:image\" content=\"https:\/\/www.abf.se\/wp-content\/uploads\/sites\/66\/2024\/02\/dsc_0503.jpg\" \/>\n\t<meta property=\"og:image:width\" content=\"2483\" \/>\n\t<meta property=\"og:image:height\" content=\"1649\" \/>\n\t<meta property=\"og:image:type\" content=\"image\/jpeg\" \/>\n<meta name=\"twitter:card\" content=\"summary_large_image\" \/>\n<script type=\"application\/ld+json\" class=\"yoast-schema-graph\">{\"@context\":\"https:\/\/schema.org\",\"@graph\":[{\"@type\":\"WebPage\",\"@id\":\"https:\/\/www.abf.se\/blekinge\/samarbeta-med-abf\/\",\"url\":\"https:\/\/www.abf.se\/blekinge\/samarbeta-med-abf\/\",\"name\":\"Samarbeta med ABF - Blekinge\",\"isPartOf\":{\"@id\":\"https:\/\/www.abf.se\/blekinge\/#website\"},\"datePublished\":\"2024-03-18T13:33:24+00:00\",\"dateModified\":\"2025-05-08T11:32:36+00:00\",\"description\":\"Att samarbeta med ABF inneb\u00e4r att vi finns f\u00f6r att st\u00f6tta och inspirera er studieverksamhet som f\u00f6rening, social r\u00f6relse eller studiegrupp.\",\"breadcrumb\":{\"@id\":\"https:\/\/www.abf.se\/blekinge\/samarbeta-med-abf\/#breadcrumb\"},\"inLanguage\":\"sv-SE\",\"potentialAction\":[{\"@type\":\"ReadAction\",\"target\":[\"https:\/\/www.abf.se\/blekinge\/samarbeta-med-abf\/\"]}]},{\"@type\":\"BreadcrumbList\",\"@id\":\"https:\/\/www.abf.se\/blekinge\/samarbeta-med-abf\/#breadcrumb\",\"itemListElement\":[{\"@type\":\"ListItem\",\"position\":1,\"name\":\"Home\",\"item\":\"https:\/\/www.abf.se\/blekinge\/\"},{\"@type\":\"ListItem\",\"position\":2,\"name\":\"Samarbeta med ABF\"}]},{\"@type\":\"WebSite\",\"@id\":\"https:\/\/www.abf.se\/blekinge\/#website\",\"url\":\"https:\/\/www.abf.se\/blekinge\/\",\"name\":\"Blekinge\",\"description\":\"\",\"potentialAction\":[{\"@type\":\"SearchAction\",\"target\":{\"@type\":\"EntryPoint\",\"urlTemplate\":\"https:\/\/www.abf.se\/blekinge\/?s={search_term_string}\"},\"query-input\":{\"@type\":\"PropertyValueSpecification\",\"valueRequired\":true,\"valueName\":\"search_term_string\"}}],\"inLanguage\":\"sv-SE\"}]}<\/script>\n<!-- \/ Yoast SEO plugin. -->","yoast_head_json":{"title":"Samarbeta med ABF - Blekinge","description":"Att samarbeta med ABF inneb\u00e4r att vi finns f\u00f6r att st\u00f6tta och inspirera er studieverksamhet som f\u00f6rening, social r\u00f6relse eller studiegrupp.","robots":{"index":"index","follow":"follow","max-snippet":"max-snippet:-1","max-image-preview":"max-image-preview:large","max-video-preview":"max-video-preview:-1"},"canonical":"https:\/\/www.abf.se\/blekinge\/samarbeta-med-abf\/","og_locale":"sv_SE","og_type":"article","og_title":"Samarbeta med ABF - Blekinge","og_description":"Att samarbeta med ABF inneb\u00e4r att vi finns f\u00f6r att st\u00f6tta och inspirera er studieverksamhet som f\u00f6rening, social r\u00f6relse eller studiegrupp.","og_url":"https:\/\/www.abf.se\/blekinge\/samarbeta-med-abf\/","og_site_name":"Blekinge","article_modified_time":"2025-05-08T11:32:36+00:00","og_image":[{"width":2483,"height":1649,"url":"https:\/\/www.abf.se\/wp-content\/uploads\/sites\/66\/2024\/02\/dsc_0503.jpg","type":"image\/jpeg"}],"twitter_card":"summary_large_image","schema":{"@context":"https:\/\/schema.org","@graph":[{"@type":"WebPage","@id":"https:\/\/www.abf.se\/blekinge\/samarbeta-med-abf\/","url":"https:\/\/www.abf.se\/blekinge\/samarbeta-med-abf\/","name":"Samarbeta med ABF - Blekinge","isPartOf":{"@id":"https:\/\/www.abf.se\/blekinge\/#website"},"datePublished":"2024-03-18T13:33:24+00:00","dateModified":"2025-05-08T11:32:36+00:00","description":"Att samarbeta med ABF inneb\u00e4r att vi finns f\u00f6r att st\u00f6tta och inspirera er studieverksamhet som f\u00f6rening, social r\u00f6relse eller studiegrupp.","breadcrumb":{"@id":"https:\/\/www.abf.se\/blekinge\/samarbeta-med-abf\/#breadcrumb"},"inLanguage":"sv-SE","potentialAction":[{"@type":"ReadAction","target":["https:\/\/www.abf.se\/blekinge\/samarbeta-med-abf\/"]}]},{"@type":"BreadcrumbList","@id":"https:\/\/www.abf.se\/blekinge\/samarbeta-med-abf\/#breadcrumb","itemListElement":[{"@type":"ListItem","position":1,"name":"Home","item":"https:\/\/www.abf.se\/blekinge\/"},{"@type":"ListItem","position":2,"name":"Samarbeta med ABF"}]},{"@type":"WebSite","@id":"https:\/\/www.abf.se\/blekinge\/#website","url":"https:\/\/www.abf.se\/blekinge\/","name":"Blekinge","description":"","potentialAction":[{"@type":"SearchAction","target":{"@type":"EntryPoint","urlTemplate":"https:\/\/www.abf.se\/blekinge\/?s={search_term_string}"},"query-input":{"@type":"PropertyValueSpecification","valueRequired":true,"valueName":"search_term_string"}}],"inLanguage":"sv-SE"}]}},"_links":{"self":[{"href":"https:\/\/www.abf.se\/blekinge\/wp-json\/wp\/v2\/pages\/124","targetHints":{"allow":["GET"]}}],"collection":[{"href":"https:\/\/www.abf.se\/blekinge\/wp-json\/wp\/v2\/pages"}],"about":[{"href":"https:\/\/www.abf.se\/blekinge\/wp-json\/wp\/v2\/types\/page"}],"author":[{"embeddable":true,"href":"https:\/\/www.abf.se\/blekinge\/wp-json\/wp\/v2\/users\/43"}],"replies":[{"embeddable":true,"href":"https:\/\/www.abf.se\/blekinge\/wp-json\/wp\/v2\/comments?post=124"}],"version-history":[{"count":43,"href":"https:\/\/www.abf.se\/blekinge\/wp-json\/wp\/v2\/pages\/124\/revisions"}],"predecessor-version":[{"id":433,"href":"https:\/\/www.abf.se\/blekinge\/wp-json\/wp\/v2\/pages\/124\/revisions\/433"}],"wp:attachment":[{"href":"https:\/\/www.abf.se\/blekinge\/wp-json\/wp\/v2\/media?parent=124"}],"curies":[{"name":"wp","href":"https:\/\/api.w.org\/{rel}","templated":true}]}}