{"id":360,"date":"2024-06-18T14:26:23","date_gmt":"2024-06-18T12:26:23","guid":{"rendered":"https:\/\/www.abf.se\/sodra-ostra-dalarna\/?page_id=360"},"modified":"2025-06-05T14:50:09","modified_gmt":"2025-06-05T12:50:09","slug":"checklista-for-studiecirkel","status":"publish","type":"page","link":"https:\/\/www.abf.se\/dalarna\/cirkelledare-hos-abf\/checklista-for-studiecirkel\/","title":{"rendered":"Jag vill bli cirkelledare"},"content":{"rendered":"<div\n    class=\"acf-hero-block container-lg no-padding mb-12 js-geolocation\"\n    data-block=\"hero-block\"\n    data-index=\"0\"\n>\n    <div class=\"h-[548px]  relative rounded-[32px] overflow-hidden flex bg-gray-light\">\n        <div class=\"relative z-10 mt-auto h-auto w-full md:h-full\">\n            <div class=\"flex w-full h-full flex-col flex-wrap justify-end w-full md:w-7\/12 lg:w-1\/2 md:justify-center\">\n                <div class=\"flex flex-col gap-3 md:gap-[18px] md:transparent pt-16 pb-36 md:py-8 px-4 w-full md:max-w-[620px] mx-auto px-8\">\n\n                    <h1 class=\"hero-heading hero-heading--red-text\"><span>Vad \u00e4r en studiecirkel?<\/span><\/h1>\n\n                    \n                                    <\/div>\n            <\/div>\n        <\/div>\n\n                    <picture class=\"as-background-image mix-blend-multiply bg-black\/40\"><img decoding=\"async\" src=\"https:\/\/www.abf.se\/dalarna\/resized\/?url=https%3A%2F%2Fwww.abf.se%2Fwp-content%2Fuploads%2F2024%2F04%2Fman-med-rullstoll-meeting-foto-Istock-scaled.jpg&#038;fit=crop&#038;w=1440&#038;s=9dd35b705864f16937418fd3de9ae555\" srcset=\"https:\/\/www.abf.se\/dalarna\/resized\/?url=https%3A%2F%2Fwww.abf.se%2Fwp-content%2Fuploads%2F2024%2F04%2Fman-med-rullstoll-meeting-foto-Istock-scaled.jpg&#038;fit=crop&#038;w=375&#038;h=540&#038;s=dcf652ea0676e004bae54e4498d6dd3d 375w, https:\/\/www.abf.se\/dalarna\/resized\/?url=https%3A%2F%2Fwww.abf.se%2Fwp-content%2Fuploads%2F2024%2F04%2Fman-med-rullstoll-meeting-foto-Istock-scaled.jpg&#038;fit=crop&#038;w=447&#038;h=540&#038;s=a0df324779d34fe44e4acb11805d2b66 447w, https:\/\/www.abf.se\/dalarna\/resized\/?url=https%3A%2F%2Fwww.abf.se%2Fwp-content%2Fuploads%2F2024%2F04%2Fman-med-rullstoll-meeting-foto-Istock-scaled.jpg&#038;fit=crop&#038;w=519&#038;h=540&#038;s=d054bf60f4b013d7186791deb55f9a3e 519w, https:\/\/www.abf.se\/dalarna\/resized\/?url=https%3A%2F%2Fwww.abf.se%2Fwp-content%2Fuploads%2F2024%2F04%2Fman-med-rullstoll-meeting-foto-Istock-scaled.jpg&#038;fit=crop&#038;w=591&#038;h=540&#038;s=8a0e8483320556d87db36d69c607c46b 591w, https:\/\/www.abf.se\/dalarna\/resized\/?url=https%3A%2F%2Fwww.abf.se%2Fwp-content%2Fuploads%2F2024%2F04%2Fman-med-rullstoll-meeting-foto-Istock-scaled.jpg&#038;fit=crop&#038;w=663&#038;h=540&#038;s=6997eba4859a12c0ed46ea7f93f941fb 663w, https:\/\/www.abf.se\/dalarna\/resized\/?url=https%3A%2F%2Fwww.abf.se%2Fwp-content%2Fuploads%2F2024%2F04%2Fman-med-rullstoll-meeting-foto-Istock-scaled.jpg&#038;fit=crop&#038;w=750&#038;h=540&#038;s=9e6412a6cd380eb2623274f413301dae 750w, https:\/\/www.abf.se\/dalarna\/resized\/?url=https%3A%2F%2Fwww.abf.se%2Fwp-content%2Fuploads%2F2024%2F04%2Fman-med-rullstoll-meeting-foto-Istock-scaled.jpg&#038;fit=crop&#038;w=894&#038;h=540&#038;s=bf5a32c770d56b40d62b31f2c2a1bcc7 894w, https:\/\/www.abf.se\/dalarna\/resized\/?url=https%3A%2F%2Fwww.abf.se%2Fwp-content%2Fuploads%2F2024%2F04%2Fman-med-rullstoll-meeting-foto-Istock-scaled.jpg&#038;fit=crop&#038;w=1038&#038;h=540&#038;s=05b5d5ed745b5ddeb5b3af268a597f54 1038w, https:\/\/www.abf.se\/dalarna\/resized\/?url=https%3A%2F%2Fwww.abf.se%2Fwp-content%2Fuploads%2F2024%2F04%2Fman-med-rullstoll-meeting-foto-Istock-scaled.jpg&#038;fit=crop&#038;w=1182&#038;h=540&#038;s=3de668be0974a23b475aad641d9b576d 1182w, https:\/\/www.abf.se\/dalarna\/resized\/?url=https%3A%2F%2Fwww.abf.se%2Fwp-content%2Fuploads%2F2024%2F04%2Fman-med-rullstoll-meeting-foto-Istock-scaled.jpg&#038;fit=crop&#038;w=1326&#038;h=540&#038;s=a91c9a35bc580cc9c8054b8fc8583089 1326w, https:\/\/www.abf.se\/dalarna\/resized\/?url=https%3A%2F%2Fwww.abf.se%2Fwp-content%2Fuploads%2F2024%2F04%2Fman-med-rullstoll-meeting-foto-Istock-scaled.jpg&#038;fit=crop&#038;w=1440&#038;h=540&#038;s=f36184c550ae2d3850ac50ca4a838574 1440w\" alt=\"\" height=\"540\" width=\"1440\" sizes=\"(max-width: 1440px) calc(100vw - 32px), 1440px\" loading=\"eager\" fetchpriority=\"high\" aria-hidden=\"true\" role=\"presentation\" \/><\/picture>\n        \n\n                    <figure class=\"absolute bottom-0  md:w-1\/2 transform right-0 translate-x-10 md:translate-x-32\">\n                <img decoding=\"async\"\n                    alt=\"\"\n                    aria-hidden=\"true\"\n                    class=\"h-auto w-full\"\n                    role=\"presentation\"\n                    src=\"\/assets\/images\/two_circles_bottom.svg\"\n                >\n            <\/figure>\n            <\/div>\n\n    <\/div>\n\n<div\n    class=\"acf-article-text-block article-container my-12\"\n    data-block=\"article-text-block\"\n>\n    <div class=\"wysiwyg\">\n        <h2>Att delta i eller starta en studiecirkel \u00e4r ett perfekt s\u00e4tt f\u00f6r att l\u00e4ra sig n\u00e5got nytt eller f\u00f6rdjupa sina kunskaper i ett \u00e4mne tillsammans med andra intresserade.<\/h2>\n<p>I studiecirkeln utg\u00e5r man fr\u00e5n deltagarnas \u00f6nskem\u00e5l, erfarenheter och f\u00f6rm\u00e5gor. Alla som deltar har ett gemensamt m\u00e5l och ansvaret f\u00f6r att n\u00e5 m\u00e5let.<\/p>\n<p>I studiecirkeln kan man studera teoretiska \u00e4mnen som politik, spr\u00e5k eller historia s\u00e5v\u00e4l som praktiska \u00e4mnen som konst, musik eller dans. Dock \u00e4r idrott, lek och spel inte godk\u00e4nda \u00e4mnen.<\/p>\n<p>N\u00e5gra av k\u00e4nnetecknen f\u00f6r en studiecirkel \u00e4r den lilla gruppen, det aktiva kunskapss\u00f6kandet och samtalet som bygger p\u00e5 deltagarnas egna erfarenheter. En cirkelledare h\u00e5ller ihop diskussionerna, ser till att alla \u00e4r aktiva och ansvarar f\u00f6r praktiska fr\u00e5gor.<\/p>\n\n    <\/div>\n<\/div>\n<div\n    class=\"acf-article-cta-link-block article-container my-8\"\n    data-block=\"article-cta-link-block\"\n>\n<div>\n    <a class=\"inline-flex flex-row items-center gap-4 text-link underline text-red-dark\"\n        href=\"https:\/\/www.abf.se\/sodra-ostra-dalarna\/cirkelledare-hos-abf\/checklista-for-studiecirkel\/bli-cirkelledare\/\"\n            >\n        <span class=\"\">\n        Ans\u00f6k om att bli cirkelledare!\n        <\/span>\n        <figure aria-hidden=\"true\" class=\"rounded-full bg-red-dark w-8 h-8 p-1 text-white\">\n            <svg width=\"20\" height=\"20\" viewBox=\"0 0 20 20\" fill=\"none\" class=\"SvgIconElement\">\n<path d=\"M4.16659 10L15.8333 10\" stroke=\"currentColor\"\/>\n<path d=\"M9.99992 4.1665L15.8333 9.99984L9.99992 15.8332\" stroke=\"currentColor\"\/>\n<\/svg>\n        <\/figure>\n    <\/a>\n<\/div>\n<\/div>\n<div\n    class=\"acf-article-text-block article-container my-12\"\n    data-block=\"article-text-block\"\n>\n    <div class=\"wysiwyg\">\n        <div class=\"acf-article-text-block article-container my-12\" data-block=\"article-text-block\">\n<h2>Checklista f\u00f6r att komma ig\u00e5ng med en studiecirkel<\/h2>\n<ul>\n<li>Samla minst 3 personer<\/li>\n<li>Cirkeln ska p\u00e5g\u00e5 minst 3 tillf\u00e4llen<\/li>\n<li>Cirkeln ska vara minst 9 studietimmar sammanlagt (1 studietimme = 45 min)<\/li>\n<li>Utse n\u00e5gon som leder studiecirkeln<\/li>\n<\/ul>\n<h3>Det h\u00e4r kan vi p\u00e5 ABF hj\u00e4lpa till med<\/h3>\n<ul>\n<li>Studiematerial<\/li>\n<li>Cirkelledarutbildningar<\/li>\n<li>Funktions- och styrelseutbildningar<\/li>\n<li>Folkbildningens pedagogik och metoder<\/li>\n<li>Tips och id\u00e9er f\u00f6r era folkbildande studier<\/li>\n<li>Lokaler<\/li>\n<li>Kontakter och n\u00e4tverk<\/li>\n<li>M\u00f6jlighet till kostnadsers\u00e4ttning<\/li>\n<li>F\u00f6rs\u00e4kringar f\u00f6r deltagare<\/li>\n<li>Tillg\u00e4nglighet<\/li>\n<li>Marknadsf\u00f6ringsinsatser<\/li>\n<\/ul>\n<h3>Distanscirkel<\/h3>\n<p>Det g\u00e5r \u00e4ven bra att h\u00e5lla er studiecirkel p\u00e5 distans via n\u00e4tet! ABF Dalarna registrerar d\u00e5 er studiecirkel som en distanscirkel. Ni h\u00e5ller era tr\u00e4ffar via t. ex. Microsoft Teams eller Zoom.<\/p>\n<h3>M\u00e5l och arbetsplan<\/h3>\n<p>Ni ska utf\u00f6rligt beskriva m\u00e5let med studiecirkeln i er anm\u00e4lan. Vad vill ni l\u00e4ra er, och hur kommer ni att g\u00e5 tillv\u00e4ga f\u00f6r att l\u00e4ra er detta? Beskriv studiecirkelns uppl\u00e4gg, hur ni har t\u00e4nkt arbeta och vilket studiematerial ni ska anv\u00e4nda.<\/p>\n<p>Vilket studiematerial som anv\u00e4nds best\u00e4mmer ni sj\u00e4lva. Det kan vara en bok, youtubekanal, forskningsrapport eller ABFs egna studiematerial.<\/p>\n<h3>Cirkelledarens roll<\/h3>\n<p>Som cirkelledare \u00e4r du pedagog och inspirat\u00f6r. Du beh\u00f6ver inte kunna mest om \u00e4mnet, utan ska hj\u00e4lpa till att h\u00e5lla ihop cirkeln. ABF Dalarna utbildar dig i ledarskap, kommunikation och pedagogik.<\/p>\n<h3>Registrera n\u00e4rvaro<\/h3>\n<p>Cirkelledaren ska registrera deltagarnas n\u00e4rvaro i cirkeln. Fyll i n\u00e4rvaro i samband med varje tr\u00e4ff och signera n\u00e4r studiecirkelns alla tr\u00e4ffar \u00e4r klara.<\/p>\n<p>N\u00e4rvarolistan \u00e4r grunden f\u00f6r offentliga bidrag till studief\u00f6rbunden. Det \u00e4r d\u00e4rf\u00f6r studief\u00f6rbunden beh\u00f6ver deltagarnas personnummer och underskrift av ledaren.<\/p>\n<p>Du anv\u00e4nder e-tj\u00e4nsten <a href=\"https:\/\/arretjanst.abf.se\/\">https:\/\/arretjanst.abf.se\/<\/a>. Inloggningsuppgifter till e-tj\u00e4nsten skickas till din mail s\u00e5 snart vi har registrerat er studiecirkel.<\/p>\n<\/div>\n\n    <\/div>\n<\/div>\n","protected":false},"excerpt":{"rendered":"","protected":false},"author":10,"featured_media":0,"parent":168,"menu_order":0,"comment_status":"closed","ping_status":"closed","template":"","meta":{"_acf_changed":false,"footnotes":""},"class_list":["post-360","page","type-page","status-publish","hentry"],"acf":[],"yoast_head":"<!-- This site is optimized with the Yoast SEO plugin v27.0 - https:\/\/yoast.com\/product\/yoast-seo-wordpress\/ -->\n<title>Jag vill bli cirkelledare - Dalarna<\/title>\n<meta name=\"robots\" content=\"index, follow, max-snippet:-1, max-image-preview:large, max-video-preview:-1\" \/>\n<link rel=\"canonical\" href=\"https:\/\/www.abf.se\/dalarna\/cirkelledare-hos-abf\/checklista-for-studiecirkel\/\" \/>\n<meta property=\"og:locale\" content=\"sv_SE\" \/>\n<meta property=\"og:type\" content=\"article\" \/>\n<meta property=\"og:title\" content=\"Jag vill bli cirkelledare - Dalarna\" \/>\n<meta property=\"og:url\" content=\"https:\/\/www.abf.se\/dalarna\/cirkelledare-hos-abf\/checklista-for-studiecirkel\/\" \/>\n<meta property=\"og:site_name\" content=\"Dalarna\" \/>\n<meta property=\"article:modified_time\" content=\"2025-06-05T12:50:09+00:00\" \/>\n<meta property=\"og:image\" content=\"https:\/\/www.abf.se\/wp-content\/uploads\/sites\/51\/2024\/04\/Nyckeln-liggande-scaled.jpg\" \/>\n\t<meta property=\"og:image:width\" content=\"2560\" \/>\n\t<meta property=\"og:image:height\" content=\"1440\" \/>\n\t<meta property=\"og:image:type\" content=\"image\/jpeg\" \/>\n<meta name=\"twitter:card\" content=\"summary_large_image\" \/>\n<script type=\"application\/ld+json\" class=\"yoast-schema-graph\">{\"@context\":\"https:\/\/schema.org\",\"@graph\":[{\"@type\":\"WebPage\",\"@id\":\"https:\/\/www.abf.se\/dalarna\/cirkelledare-hos-abf\/checklista-for-studiecirkel\/\",\"url\":\"https:\/\/www.abf.se\/dalarna\/cirkelledare-hos-abf\/checklista-for-studiecirkel\/\",\"name\":\"Jag vill bli cirkelledare - Dalarna\",\"isPartOf\":{\"@id\":\"https:\/\/www.abf.se\/dalarna\/#website\"},\"datePublished\":\"2024-06-18T12:26:23+00:00\",\"dateModified\":\"2025-06-05T12:50:09+00:00\",\"breadcrumb\":{\"@id\":\"https:\/\/www.abf.se\/dalarna\/cirkelledare-hos-abf\/checklista-for-studiecirkel\/#breadcrumb\"},\"inLanguage\":\"sv-SE\",\"potentialAction\":[{\"@type\":\"ReadAction\",\"target\":[\"https:\/\/www.abf.se\/dalarna\/cirkelledare-hos-abf\/checklista-for-studiecirkel\/\"]}]},{\"@type\":\"BreadcrumbList\",\"@id\":\"https:\/\/www.abf.se\/dalarna\/cirkelledare-hos-abf\/checklista-for-studiecirkel\/#breadcrumb\",\"itemListElement\":[{\"@type\":\"ListItem\",\"position\":1,\"name\":\"Home\",\"item\":\"https:\/\/www.abf.se\/dalarna\/\"},{\"@type\":\"ListItem\",\"position\":2,\"name\":\"Cirkelledare hos ABF\",\"item\":\"https:\/\/www.abf.se\/dalarna\/cirkelledare-hos-abf\/\"},{\"@type\":\"ListItem\",\"position\":3,\"name\":\"Jag vill bli cirkelledare\"}]},{\"@type\":\"WebSite\",\"@id\":\"https:\/\/www.abf.se\/dalarna\/#website\",\"url\":\"https:\/\/www.abf.se\/dalarna\/\",\"name\":\"Dalarna\",\"description\":\"\",\"potentialAction\":[{\"@type\":\"SearchAction\",\"target\":{\"@type\":\"EntryPoint\",\"urlTemplate\":\"https:\/\/www.abf.se\/dalarna\/?s={search_term_string}\"},\"query-input\":{\"@type\":\"PropertyValueSpecification\",\"valueRequired\":true,\"valueName\":\"search_term_string\"}}],\"inLanguage\":\"sv-SE\"}]}<\/script>\n<!-- \/ Yoast SEO plugin. -->","yoast_head_json":{"title":"Jag vill bli cirkelledare - Dalarna","robots":{"index":"index","follow":"follow","max-snippet":"max-snippet:-1","max-image-preview":"max-image-preview:large","max-video-preview":"max-video-preview:-1"},"canonical":"https:\/\/www.abf.se\/dalarna\/cirkelledare-hos-abf\/checklista-for-studiecirkel\/","og_locale":"sv_SE","og_type":"article","og_title":"Jag vill bli cirkelledare - Dalarna","og_url":"https:\/\/www.abf.se\/dalarna\/cirkelledare-hos-abf\/checklista-for-studiecirkel\/","og_site_name":"Dalarna","article_modified_time":"2025-06-05T12:50:09+00:00","og_image":[{"width":2560,"height":1440,"url":"https:\/\/www.abf.se\/wp-content\/uploads\/sites\/51\/2024\/04\/Nyckeln-liggande-scaled.jpg","type":"image\/jpeg"}],"twitter_card":"summary_large_image","schema":{"@context":"https:\/\/schema.org","@graph":[{"@type":"WebPage","@id":"https:\/\/www.abf.se\/dalarna\/cirkelledare-hos-abf\/checklista-for-studiecirkel\/","url":"https:\/\/www.abf.se\/dalarna\/cirkelledare-hos-abf\/checklista-for-studiecirkel\/","name":"Jag vill bli cirkelledare - Dalarna","isPartOf":{"@id":"https:\/\/www.abf.se\/dalarna\/#website"},"datePublished":"2024-06-18T12:26:23+00:00","dateModified":"2025-06-05T12:50:09+00:00","breadcrumb":{"@id":"https:\/\/www.abf.se\/dalarna\/cirkelledare-hos-abf\/checklista-for-studiecirkel\/#breadcrumb"},"inLanguage":"sv-SE","potentialAction":[{"@type":"ReadAction","target":["https:\/\/www.abf.se\/dalarna\/cirkelledare-hos-abf\/checklista-for-studiecirkel\/"]}]},{"@type":"BreadcrumbList","@id":"https:\/\/www.abf.se\/dalarna\/cirkelledare-hos-abf\/checklista-for-studiecirkel\/#breadcrumb","itemListElement":[{"@type":"ListItem","position":1,"name":"Home","item":"https:\/\/www.abf.se\/dalarna\/"},{"@type":"ListItem","position":2,"name":"Cirkelledare hos ABF","item":"https:\/\/www.abf.se\/dalarna\/cirkelledare-hos-abf\/"},{"@type":"ListItem","position":3,"name":"Jag vill bli cirkelledare"}]},{"@type":"WebSite","@id":"https:\/\/www.abf.se\/dalarna\/#website","url":"https:\/\/www.abf.se\/dalarna\/","name":"Dalarna","description":"","potentialAction":[{"@type":"SearchAction","target":{"@type":"EntryPoint","urlTemplate":"https:\/\/www.abf.se\/dalarna\/?s={search_term_string}"},"query-input":{"@type":"PropertyValueSpecification","valueRequired":true,"valueName":"search_term_string"}}],"inLanguage":"sv-SE"}]}},"_links":{"self":[{"href":"https:\/\/www.abf.se\/dalarna\/wp-json\/wp\/v2\/pages\/360","targetHints":{"allow":["GET"]}}],"collection":[{"href":"https:\/\/www.abf.se\/dalarna\/wp-json\/wp\/v2\/pages"}],"about":[{"href":"https:\/\/www.abf.se\/dalarna\/wp-json\/wp\/v2\/types\/page"}],"author":[{"embeddable":true,"href":"https:\/\/www.abf.se\/dalarna\/wp-json\/wp\/v2\/users\/10"}],"replies":[{"embeddable":true,"href":"https:\/\/www.abf.se\/dalarna\/wp-json\/wp\/v2\/comments?post=360"}],"version-history":[{"count":13,"href":"https:\/\/www.abf.se\/dalarna\/wp-json\/wp\/v2\/pages\/360\/revisions"}],"predecessor-version":[{"id":943,"href":"https:\/\/www.abf.se\/dalarna\/wp-json\/wp\/v2\/pages\/360\/revisions\/943"}],"up":[{"embeddable":true,"href":"https:\/\/www.abf.se\/dalarna\/wp-json\/wp\/v2\/pages\/168"}],"wp:attachment":[{"href":"https:\/\/www.abf.se\/dalarna\/wp-json\/wp\/v2\/media?parent=360"}],"curies":[{"name":"wp","href":"https:\/\/api.w.org\/{rel}","templated":true}]}}