{"id":306,"date":"2025-12-03T12:15:20","date_gmt":"2025-12-03T11:15:20","guid":{"rendered":"https:\/\/www.abf.se\/distriktet-i-stockholmsregionen\/?page_id=306"},"modified":"2025-12-03T12:15:21","modified_gmt":"2025-12-03T11:15:21","slug":"styrelsens-olika-roller-9-maj","status":"publish","type":"page","link":"https:\/\/www.abf.se\/distriktet-i-stockholmsregionen\/styrelsens-olika-roller-9-maj\/","title":{"rendered":"Styrelsens olika roller 9 maj"},"content":{"rendered":"<div\n    class=\"acf-article-image-block mb-12 article-container-lg\"\n    data-block=\"article-image-block\"\n>\n<div class=\"\">\n\n        <figure>\n        \n            <picture class=\"round-corners-lg w-full\"><img decoding=\"async\" src=\"https:\/\/www.abf.se\/distriktet-i-stockholmsregionen\/resized\/?url=https%3A%2F%2Fwww.abf.se%2Fwp-content%2Fuploads%2Fsites%2F15%2F2025%2F10%2FABF-Entre.jpeg&#038;fit=contain&#038;w=788&#038;s=77c7d1370a0b5b6585d423d386e916b7\" srcset=\"https:\/\/www.abf.se\/distriktet-i-stockholmsregionen\/resized\/?url=https%3A%2F%2Fwww.abf.se%2Fwp-content%2Fuploads%2Fsites%2F15%2F2025%2F10%2FABF-Entre.jpeg&#038;fit=contain&#038;w=375&#038;h=214&#038;s=2b6526ec841ae355dc1d077c62c38b9e 375w, https:\/\/www.abf.se\/distriktet-i-stockholmsregionen\/resized\/?url=https%3A%2F%2Fwww.abf.se%2Fwp-content%2Fuploads%2Fsites%2F15%2F2025%2F10%2FABF-Entre.jpeg&#038;fit=contain&#038;w=447&#038;h=255&#038;s=bdd7828620c5b849690326742b6c9217 447w, https:\/\/www.abf.se\/distriktet-i-stockholmsregionen\/resized\/?url=https%3A%2F%2Fwww.abf.se%2Fwp-content%2Fuploads%2Fsites%2F15%2F2025%2F10%2FABF-Entre.jpeg&#038;fit=contain&#038;w=519&#038;h=296&#038;s=74c45f0a2d80bd6696e54dc064f2705b 519w, https:\/\/www.abf.se\/distriktet-i-stockholmsregionen\/resized\/?url=https%3A%2F%2Fwww.abf.se%2Fwp-content%2Fuploads%2Fsites%2F15%2F2025%2F10%2FABF-Entre.jpeg&#038;fit=contain&#038;w=591&#038;h=337&#038;s=8e1a6de02b5f126cf890b4bf6138e4cf 591w, https:\/\/www.abf.se\/distriktet-i-stockholmsregionen\/resized\/?url=https%3A%2F%2Fwww.abf.se%2Fwp-content%2Fuploads%2Fsites%2F15%2F2025%2F10%2FABF-Entre.jpeg&#038;fit=contain&#038;w=663&#038;h=378&#038;s=d21a06051af7a59f1720d3341550ef21 663w, https:\/\/www.abf.se\/distriktet-i-stockholmsregionen\/resized\/?url=https%3A%2F%2Fwww.abf.se%2Fwp-content%2Fuploads%2Fsites%2F15%2F2025%2F10%2FABF-Entre.jpeg&#038;fit=contain&#038;w=735&#038;h=419&#038;s=c681e89c4de31dae8fe40f6273fc501a 735w, https:\/\/www.abf.se\/distriktet-i-stockholmsregionen\/resized\/?url=https%3A%2F%2Fwww.abf.se%2Fwp-content%2Fuploads%2Fsites%2F15%2F2025%2F10%2FABF-Entre.jpeg&#038;fit=contain&#038;w=750&#038;h=428&#038;s=f6f8ad49d7ce5c441032b10e96817439 750w, https:\/\/www.abf.se\/distriktet-i-stockholmsregionen\/resized\/?url=https%3A%2F%2Fwww.abf.se%2Fwp-content%2Fuploads%2Fsites%2F15%2F2025%2F10%2FABF-Entre.jpeg&#038;fit=contain&#038;w=788&#038;s=77c7d1370a0b5b6585d423d386e916b7 788w, https:\/\/www.abf.se\/distriktet-i-stockholmsregionen\/resized\/?url=https%3A%2F%2Fwww.abf.se%2Fwp-content%2Fuploads%2Fsites%2F15%2F2025%2F10%2FABF-Entre.jpeg&#038;fit=contain&#038;w=894&#038;h=510&#038;s=f83be07985def2cbb3cae15d43a3748c 894w, https:\/\/www.abf.se\/distriktet-i-stockholmsregionen\/resized\/?url=https%3A%2F%2Fwww.abf.se%2Fwp-content%2Fuploads%2Fsites%2F15%2F2025%2F10%2FABF-Entre.jpeg&#038;fit=contain&#038;w=1038&#038;h=592&#038;s=bfbf6fdfbf660b0fd828bd0ac7be8ea3 1038w, https:\/\/www.abf.se\/distriktet-i-stockholmsregionen\/resized\/?url=https%3A%2F%2Fwww.abf.se%2Fwp-content%2Fuploads%2Fsites%2F15%2F2025%2F10%2FABF-Entre.jpeg&#038;fit=contain&#038;w=1182&#038;h=675&#038;s=2b58629dc4eb5c3128c05db475a163c0 1182w, https:\/\/www.abf.se\/distriktet-i-stockholmsregionen\/resized\/?url=https%3A%2F%2Fwww.abf.se%2Fwp-content%2Fuploads%2Fsites%2F15%2F2025%2F10%2FABF-Entre.jpeg&#038;fit=contain&#038;w=1326&#038;h=757&#038;s=528eedcf70d216b8725ce7c0c3694480 1326w, https:\/\/www.abf.se\/distriktet-i-stockholmsregionen\/resized\/?url=https%3A%2F%2Fwww.abf.se%2Fwp-content%2Fuploads%2Fsites%2F15%2F2025%2F10%2FABF-Entre.jpeg&#038;fit=contain&#038;w=1470&#038;h=839&#038;s=f93e4fd26bed33777e41025347f58d4e 1470w\" alt=\"\" height=\"450\" width=\"788\" sizes=\"auto, (max-width: 768px) calc(100vw - 40px), 788px\" loading=\"lazy\" fetchpriority=\"low\" class=\"round-corners-lg w-full\" \/><\/picture>\n                            <figcaption class=\"my-2 body-md text-gray-text\">\n                    Foto: Magnus Glans\n                <\/figcaption>\n                        <\/figure>\n        <\/div>\n\n<\/div>\n<div\n    class=\"acf-plain-heading-block container my-16\"\n    data-block=\"plain-heading-block\"\n>\n    <div class=\"max-w-[658px] mx-auto\">\n                <h1 class=\"hero-heading\"><span>Styrelsens olika roller <br \/>\r\n9 maj<\/span><\/h1>\n                            <p class=\"mt-8 body-xl text-black\">\n                En av ABFs viktigaste uppdrag \u00e4r att st\u00e4rka folkr\u00f6relserna! En del i det arbetet \u00e4r att utbilda v\u00e5ra medlems- och samarbetsorganisationer i f\u00f6reningskunskap. V\u00e4lkommen till en heldag med med sju parallella utbildningar. F\u00f6rutom fokus p\u00e5 respektive styrelseroll ges h\u00e4r \u00e4ven en bra m\u00f6jlighet att m\u00f6ta andra f\u00f6rtroendevalda och utbyta erfarenheter.\n            <\/p>\n            <\/div>\n<\/div>\n<div\n    class=\"acf-article-text-block article-container my-12\"\n    data-block=\"article-text-block\"\n>\n    <div class=\"wysiwyg\">\n        <p>Tid: 9 maj 10.00-15.00 (Kaffe och te fr\u00e5n 9.30)<br \/>\nPlats: ABF-huset, Sveav\u00e4gen 41, Stockholm<br \/>\nM\u00e5lgrupp: Du som \u00e4r nyvald eller saknar utbildning f\u00f6r ditt f\u00f6rtroendeuppdrag<br \/>\nAvgift: 300 kr (lunch ing\u00e5r)<\/p>\n<p>Vem betalar deltagaravgiften? Kolla med din f\u00f6rening eller ABF-avdelning.<br \/>\nUtbildning f\u00f6r f\u00f6rtroendevalda i f\u00f6reningar som \u00e4r medlem i ABF eller samverkar med ABF. Meddela vilken f\u00f6rening du \u00e4r medlem i n\u00e4r du anm\u00e4ler dig.<\/p>\n<p><a href=\"https:\/\/forms.office.com\/Pages\/ResponsePage.aspx?id=wFwFk5ly40uJZxzPObTydy590uM_yvhIn1GAh4uiIVRUOExQRzlDS1hHOFBWOTcyUDlZSEtTNVY5Ry4u\">Ordf\u00f6rande<\/a><br \/>\n<a href=\"https:\/\/forms.office.com\/Pages\/ResponsePage.aspx?id=wFwFk5ly40uJZxzPObTydy590uM_yvhIn1GAh4uiIVRUOExQRzlDS1hHOFBWOTcyUDlZSEtTNVY5Ry4u\">Sekreterare<\/a><br \/>\n<a href=\"https:\/\/forms.office.com\/Pages\/ResponsePage.aspx?id=wFwFk5ly40uJZxzPObTydy590uM_yvhIn1GAh4uiIVRUOExQRzlDS1hHOFBWOTcyUDlZSEtTNVY5Ry4u\">Ledamot<\/a><br \/>\n<a href=\"https:\/\/forms.office.com\/Pages\/ResponsePage.aspx?id=wFwFk5ly40uJZxzPObTydy590uM_yvhIn1GAh4uiIVRUOExQRzlDS1hHOFBWOTcyUDlZSEtTNVY5Ry4u\">Kass\u00f6r<\/a><br \/>\n<a href=\"https:\/\/forms.office.com\/Pages\/ResponsePage.aspx?id=wFwFk5ly40uJZxzPObTydy590uM_yvhIn1GAh4uiIVRUOExQRzlDS1hHOFBWOTcyUDlZSEtTNVY5Ry4u\">Revisor<\/a><br \/>\n<a href=\"https:\/\/forms.office.com\/Pages\/ResponsePage.aspx?id=wFwFk5ly40uJZxzPObTydy590uM_yvhIn1GAh4uiIVRUOExQRzlDS1hHOFBWOTcyUDlZSEtTNVY5Ry4u\">Valberedare<\/a><br \/>\n<a href=\"https:\/\/forms.office.com\/Pages\/ResponsePage.aspx?id=wFwFk5ly40uJZxzPObTydy590uM_yvhIn1GAh4uiIVRUOExQRzlDS1hHOFBWOTcyUDlZSEtTNVY5Ry4u\">Studieorganisat\u00f6r\/Studieaktiv<\/a><\/p>\n\n    <\/div>\n<\/div>\n<div\n    class=\"acf-quick-link-block bg-red py-12 md:py-20\"\n    data-block=\"quick-link-block\"\n>\n    <div class=\"container\">\n                    <h2 class=\"heading-lg mb-7 text-center text-white\">\n                Ladda ner och sprid!\n            <\/h2>\n        \n        <div\n            class=\"px-5 content:px-0 grid grid-cols-1 gap-8 md:grid-cols-2\">\n            \n            <article\nclass=\"round-corners-sm p-6 relative group grid grid-rows-[subgrid] row-[span_3] gap-4 bg-white text-red\"\n>\n            <h3\n        class=\"heading-sm group-hover:underline text-red\">\n            <a href=\"https:\/\/www.abf.se\/wp-content\/uploads\/sites\/15\/2025\/12\/Foreningsutbildningar-affisch-a3.pdf\" class=\"expanded-hit-area\" target=\"_blank\">\n                Affisch med QR-kod (a3)\n            <\/a>\n        <\/h3>\n                <p class=\"body-md text-gray-text\">\n            H\u00e4r hittar du en affisch som har en QR-kod som tar dig till v\u00e5r hemsida! Du kan skriva ut och s\u00e4tta upp i f\u00f6reningslokalen etc. eller sprida l\u00e4nken via digitala kanaler.\n        <\/p>\n        <figure\n    class=\"w-[38px] h-[38px] rounded-full p-2 group-hover:scale-110 transition-transform duration-300 self-end pointer-events-none bg-red text-white\">\n        <svg width=\"20\" height=\"20\" viewBox=\"0 0 20 20\" fill=\"none\" class=\"SvgIconElement\">\n<path d=\"M4.16659 10L15.8333 10\" stroke=\"currentColor\"\/>\n<path d=\"M9.99992 4.1665L15.8333 9.99984L9.99992 15.8332\" stroke=\"currentColor\"\/>\n<\/svg>\n    <\/figure>\n<\/article>            \n            <article\nclass=\"round-corners-sm p-6 relative group grid grid-rows-[subgrid] row-[span_3] gap-4 bg-white text-red\"\n>\n            <h3\n        class=\"heading-sm group-hover:underline text-red\">\n            <a href=\"https:\/\/www.abf.se\/wp-content\/uploads\/sites\/15\/2025\/12\/Foreningsutbildningar-affisch-a3.pdf\" class=\"expanded-hit-area\" target=\"_blank\">\n                Flyer med QR-kod (a5)\n            <\/a>\n        <\/h3>\n                <p class=\"body-md text-gray-text\">\n            H\u00e4r hittar du en flyer som har en QR-kod som tar dig till v\u00e5r hemsida! Du kan skriva ut och dela ut p\u00e5 ert \u00e5rsm\u00f6tet eller sprida l\u00e4nken via digitala kanaler.\n        <\/p>\n        <figure\n    class=\"w-[38px] h-[38px] rounded-full p-2 group-hover:scale-110 transition-transform duration-300 self-end pointer-events-none bg-red text-white\">\n        <svg width=\"20\" height=\"20\" viewBox=\"0 0 20 20\" fill=\"none\" class=\"SvgIconElement\">\n<path d=\"M4.16659 10L15.8333 10\" stroke=\"currentColor\"\/>\n<path d=\"M9.99992 4.1665L15.8333 9.99984L9.99992 15.8332\" stroke=\"currentColor\"\/>\n<\/svg>\n    <\/figure>\n<\/article>                    <\/div>\n    <\/div>\n<\/div>\n<div\n    class=\"acf-quick-link-block bg-red py-12 md:py-20\"\n    data-block=\"quick-link-block\"\n>\n    <div class=\"container\">\n                    <h2 class=\"heading-lg mb-7 text-center text-white\">\n                Fler f\u00f6reningskurser\n            <\/h2>\n        \n        <div\n            class=\"px-5 content:px-0 grid grid-cols-1 gap-8\">\n                    <\/div>\n    <\/div>\n<\/div>\n","protected":false},"excerpt":{"rendered":"","protected":false},"author":28,"featured_media":0,"parent":0,"menu_order":0,"comment_status":"closed","ping_status":"closed","template":"","meta":{"_acf_changed":false,"footnotes":""},"class_list":["post-306","page","type-page","status-publish","hentry"],"acf":[],"yoast_head":"<!-- This site is optimized with the Yoast SEO plugin v27.0 - https:\/\/yoast.com\/product\/yoast-seo-wordpress\/ -->\n<title>Styrelsens olika roller 9 maj - Distriktet i Stockholmsregionen<\/title>\n<meta name=\"robots\" content=\"index, follow, max-snippet:-1, max-image-preview:large, max-video-preview:-1\" \/>\n<link rel=\"canonical\" href=\"https:\/\/www.abf.se\/distriktet-i-stockholmsregionen\/styrelsens-olika-roller-9-maj\/\" \/>\n<meta property=\"og:locale\" content=\"sv_SE\" \/>\n<meta property=\"og:type\" content=\"article\" \/>\n<meta property=\"og:title\" content=\"Styrelsens olika roller 9 maj - Distriktet i Stockholmsregionen\" \/>\n<meta property=\"og:url\" content=\"https:\/\/www.abf.se\/distriktet-i-stockholmsregionen\/styrelsens-olika-roller-9-maj\/\" \/>\n<meta property=\"og:site_name\" content=\"Distriktet i Stockholmsregionen\" \/>\n<meta property=\"article:modified_time\" content=\"2025-12-03T11:15:21+00:00\" \/>\n<meta property=\"og:image\" content=\"https:\/\/www.abf.se\/wp-content\/uploads\/sites\/15\/2024\/04\/Nyckeln-liggande-scaled.jpg\" \/>\n\t<meta property=\"og:image:width\" content=\"2560\" \/>\n\t<meta property=\"og:image:height\" content=\"1440\" \/>\n\t<meta property=\"og:image:type\" content=\"image\/jpeg\" \/>\n<meta name=\"twitter:card\" content=\"summary_large_image\" \/>\n<script type=\"application\/ld+json\" class=\"yoast-schema-graph\">{\"@context\":\"https:\/\/schema.org\",\"@graph\":[{\"@type\":\"WebPage\",\"@id\":\"https:\/\/www.abf.se\/distriktet-i-stockholmsregionen\/styrelsens-olika-roller-9-maj\/\",\"url\":\"https:\/\/www.abf.se\/distriktet-i-stockholmsregionen\/styrelsens-olika-roller-9-maj\/\",\"name\":\"Styrelsens olika roller 9 maj - Distriktet i Stockholmsregionen\",\"isPartOf\":{\"@id\":\"https:\/\/www.abf.se\/distriktet-i-stockholmsregionen\/#website\"},\"datePublished\":\"2025-12-03T11:15:20+00:00\",\"dateModified\":\"2025-12-03T11:15:21+00:00\",\"breadcrumb\":{\"@id\":\"https:\/\/www.abf.se\/distriktet-i-stockholmsregionen\/styrelsens-olika-roller-9-maj\/#breadcrumb\"},\"inLanguage\":\"sv-SE\",\"potentialAction\":[{\"@type\":\"ReadAction\",\"target\":[\"https:\/\/www.abf.se\/distriktet-i-stockholmsregionen\/styrelsens-olika-roller-9-maj\/\"]}]},{\"@type\":\"BreadcrumbList\",\"@id\":\"https:\/\/www.abf.se\/distriktet-i-stockholmsregionen\/styrelsens-olika-roller-9-maj\/#breadcrumb\",\"itemListElement\":[{\"@type\":\"ListItem\",\"position\":1,\"name\":\"Home\",\"item\":\"https:\/\/www.abf.se\/distriktet-i-stockholmsregionen\/\"},{\"@type\":\"ListItem\",\"position\":2,\"name\":\"Styrelsens olika roller 9 maj\"}]},{\"@type\":\"WebSite\",\"@id\":\"https:\/\/www.abf.se\/distriktet-i-stockholmsregionen\/#website\",\"url\":\"https:\/\/www.abf.se\/distriktet-i-stockholmsregionen\/\",\"name\":\"Distriktet i Stockholmsregionen\",\"description\":\"\",\"potentialAction\":[{\"@type\":\"SearchAction\",\"target\":{\"@type\":\"EntryPoint\",\"urlTemplate\":\"https:\/\/www.abf.se\/distriktet-i-stockholmsregionen\/?s={search_term_string}\"},\"query-input\":{\"@type\":\"PropertyValueSpecification\",\"valueRequired\":true,\"valueName\":\"search_term_string\"}}],\"inLanguage\":\"sv-SE\"}]}<\/script>\n<!-- \/ Yoast SEO plugin. -->","yoast_head_json":{"title":"Styrelsens olika roller 9 maj - Distriktet i Stockholmsregionen","robots":{"index":"index","follow":"follow","max-snippet":"max-snippet:-1","max-image-preview":"max-image-preview:large","max-video-preview":"max-video-preview:-1"},"canonical":"https:\/\/www.abf.se\/distriktet-i-stockholmsregionen\/styrelsens-olika-roller-9-maj\/","og_locale":"sv_SE","og_type":"article","og_title":"Styrelsens olika roller 9 maj - Distriktet i Stockholmsregionen","og_url":"https:\/\/www.abf.se\/distriktet-i-stockholmsregionen\/styrelsens-olika-roller-9-maj\/","og_site_name":"Distriktet i Stockholmsregionen","article_modified_time":"2025-12-03T11:15:21+00:00","og_image":[{"width":2560,"height":1440,"url":"https:\/\/www.abf.se\/wp-content\/uploads\/sites\/15\/2024\/04\/Nyckeln-liggande-scaled.jpg","type":"image\/jpeg"}],"twitter_card":"summary_large_image","schema":{"@context":"https:\/\/schema.org","@graph":[{"@type":"WebPage","@id":"https:\/\/www.abf.se\/distriktet-i-stockholmsregionen\/styrelsens-olika-roller-9-maj\/","url":"https:\/\/www.abf.se\/distriktet-i-stockholmsregionen\/styrelsens-olika-roller-9-maj\/","name":"Styrelsens olika roller 9 maj - Distriktet i Stockholmsregionen","isPartOf":{"@id":"https:\/\/www.abf.se\/distriktet-i-stockholmsregionen\/#website"},"datePublished":"2025-12-03T11:15:20+00:00","dateModified":"2025-12-03T11:15:21+00:00","breadcrumb":{"@id":"https:\/\/www.abf.se\/distriktet-i-stockholmsregionen\/styrelsens-olika-roller-9-maj\/#breadcrumb"},"inLanguage":"sv-SE","potentialAction":[{"@type":"ReadAction","target":["https:\/\/www.abf.se\/distriktet-i-stockholmsregionen\/styrelsens-olika-roller-9-maj\/"]}]},{"@type":"BreadcrumbList","@id":"https:\/\/www.abf.se\/distriktet-i-stockholmsregionen\/styrelsens-olika-roller-9-maj\/#breadcrumb","itemListElement":[{"@type":"ListItem","position":1,"name":"Home","item":"https:\/\/www.abf.se\/distriktet-i-stockholmsregionen\/"},{"@type":"ListItem","position":2,"name":"Styrelsens olika roller 9 maj"}]},{"@type":"WebSite","@id":"https:\/\/www.abf.se\/distriktet-i-stockholmsregionen\/#website","url":"https:\/\/www.abf.se\/distriktet-i-stockholmsregionen\/","name":"Distriktet i Stockholmsregionen","description":"","potentialAction":[{"@type":"SearchAction","target":{"@type":"EntryPoint","urlTemplate":"https:\/\/www.abf.se\/distriktet-i-stockholmsregionen\/?s={search_term_string}"},"query-input":{"@type":"PropertyValueSpecification","valueRequired":true,"valueName":"search_term_string"}}],"inLanguage":"sv-SE"}]}},"_links":{"self":[{"href":"https:\/\/www.abf.se\/distriktet-i-stockholmsregionen\/wp-json\/wp\/v2\/pages\/306","targetHints":{"allow":["GET"]}}],"collection":[{"href":"https:\/\/www.abf.se\/distriktet-i-stockholmsregionen\/wp-json\/wp\/v2\/pages"}],"about":[{"href":"https:\/\/www.abf.se\/distriktet-i-stockholmsregionen\/wp-json\/wp\/v2\/types\/page"}],"author":[{"embeddable":true,"href":"https:\/\/www.abf.se\/distriktet-i-stockholmsregionen\/wp-json\/wp\/v2\/users\/28"}],"replies":[{"embeddable":true,"href":"https:\/\/www.abf.se\/distriktet-i-stockholmsregionen\/wp-json\/wp\/v2\/comments?post=306"}],"version-history":[{"count":11,"href":"https:\/\/www.abf.se\/distriktet-i-stockholmsregionen\/wp-json\/wp\/v2\/pages\/306\/revisions"}],"predecessor-version":[{"id":425,"href":"https:\/\/www.abf.se\/distriktet-i-stockholmsregionen\/wp-json\/wp\/v2\/pages\/306\/revisions\/425"}],"wp:attachment":[{"href":"https:\/\/www.abf.se\/distriktet-i-stockholmsregionen\/wp-json\/wp\/v2\/media?parent=306"}],"curies":[{"name":"wp","href":"https:\/\/api.w.org\/{rel}","templated":true}]}}