{"id":355,"date":"2025-12-03T12:13:33","date_gmt":"2025-12-03T11:13:33","guid":{"rendered":"https:\/\/www.abf.se\/distriktet-i-stockholmsregionen\/?page_id=355"},"modified":"2026-05-06T10:54:04","modified_gmt":"2026-05-06T08:54:04","slug":"fler-foreningskurser","status":"publish","type":"page","link":"https:\/\/www.abf.se\/distriktet-i-stockholmsregionen\/fler-foreningskurser\/","title":{"rendered":"Fler f\u00f6reningskurser"},"content":{"rendered":"<div\n    class=\"acf-article-image-block mb-12 article-container-lg\"\n    data-block=\"article-image-block\"\n>\n<div class=\"\">\n\n        <figure>\n        \n            <picture class=\"round-corners-lg w-full\"><img decoding=\"async\" src=\"https:\/\/www.abf.se\/distriktet-i-stockholmsregionen\/resized\/?url=https%3A%2F%2Fwww.abf.se%2Fwp-content%2Fuploads%2F2024%2F04%2FForeningskunskap-Styrelsearbete-03.jpg&#038;fit=contain&#038;w=788&#038;s=bf58cac23f92aa71a480ffd7eed6af60\" srcset=\"https:\/\/www.abf.se\/distriktet-i-stockholmsregionen\/resized\/?url=https%3A%2F%2Fwww.abf.se%2Fwp-content%2Fuploads%2F2024%2F04%2FForeningskunskap-Styrelsearbete-03.jpg&#038;fit=contain&#038;w=375&#038;h=249&#038;s=53fecc918bdff4c21b032132e8883861 375w, https:\/\/www.abf.se\/distriktet-i-stockholmsregionen\/resized\/?url=https%3A%2F%2Fwww.abf.se%2Fwp-content%2Fuploads%2F2024%2F04%2FForeningskunskap-Styrelsearbete-03.jpg&#038;fit=contain&#038;w=447&#038;h=297&#038;s=24a099944449a1acf689f306d41d28f2 447w, https:\/\/www.abf.se\/distriktet-i-stockholmsregionen\/resized\/?url=https%3A%2F%2Fwww.abf.se%2Fwp-content%2Fuploads%2F2024%2F04%2FForeningskunskap-Styrelsearbete-03.jpg&#038;fit=contain&#038;w=519&#038;h=345&#038;s=a0f8cb90607b1b98a9e49350eb3abd7b 519w, https:\/\/www.abf.se\/distriktet-i-stockholmsregionen\/resized\/?url=https%3A%2F%2Fwww.abf.se%2Fwp-content%2Fuploads%2F2024%2F04%2FForeningskunskap-Styrelsearbete-03.jpg&#038;fit=contain&#038;w=591&#038;h=393&#038;s=d892776332fc25210ecfd278ac8b897b 591w, https:\/\/www.abf.se\/distriktet-i-stockholmsregionen\/resized\/?url=https%3A%2F%2Fwww.abf.se%2Fwp-content%2Fuploads%2F2024%2F04%2FForeningskunskap-Styrelsearbete-03.jpg&#038;fit=contain&#038;w=663&#038;h=441&#038;s=ac3b85f6ab68f3913aa1c1ad21b90969 663w, https:\/\/www.abf.se\/distriktet-i-stockholmsregionen\/resized\/?url=https%3A%2F%2Fwww.abf.se%2Fwp-content%2Fuploads%2F2024%2F04%2FForeningskunskap-Styrelsearbete-03.jpg&#038;fit=contain&#038;w=735&#038;h=489&#038;s=033407c7fed72fc85dd989bf38d1c9a7 735w, https:\/\/www.abf.se\/distriktet-i-stockholmsregionen\/resized\/?url=https%3A%2F%2Fwww.abf.se%2Fwp-content%2Fuploads%2F2024%2F04%2FForeningskunskap-Styrelsearbete-03.jpg&#038;fit=contain&#038;w=750&#038;h=499&#038;s=489f676b3754ef855c6f4a6567d7ed0d 750w, https:\/\/www.abf.se\/distriktet-i-stockholmsregionen\/resized\/?url=https%3A%2F%2Fwww.abf.se%2Fwp-content%2Fuploads%2F2024%2F04%2FForeningskunskap-Styrelsearbete-03.jpg&#038;fit=contain&#038;w=788&#038;s=bf58cac23f92aa71a480ffd7eed6af60 788w, https:\/\/www.abf.se\/distriktet-i-stockholmsregionen\/resized\/?url=https%3A%2F%2Fwww.abf.se%2Fwp-content%2Fuploads%2F2024%2F04%2FForeningskunskap-Styrelsearbete-03.jpg&#038;fit=contain&#038;w=894&#038;h=595&#038;s=b7bee54422dc31dee5a87195853a7403 894w, https:\/\/www.abf.se\/distriktet-i-stockholmsregionen\/resized\/?url=https%3A%2F%2Fwww.abf.se%2Fwp-content%2Fuploads%2F2024%2F04%2FForeningskunskap-Styrelsearbete-03.jpg&#038;fit=contain&#038;w=1038&#038;h=691&#038;s=eb3cdaf87c642c580f6d51bb4f55dc01 1038w, https:\/\/www.abf.se\/distriktet-i-stockholmsregionen\/resized\/?url=https%3A%2F%2Fwww.abf.se%2Fwp-content%2Fuploads%2F2024%2F04%2FForeningskunskap-Styrelsearbete-03.jpg&#038;fit=contain&#038;w=1182&#038;h=787&#038;s=7ff2b86676144dcd0d1c9abb0df2cad8 1182w, https:\/\/www.abf.se\/distriktet-i-stockholmsregionen\/resized\/?url=https%3A%2F%2Fwww.abf.se%2Fwp-content%2Fuploads%2F2024%2F04%2FForeningskunskap-Styrelsearbete-03.jpg&#038;fit=contain&#038;w=1326&#038;h=883&#038;s=9cfdeb4d29b173b4a222bc200a24049b 1326w, https:\/\/www.abf.se\/distriktet-i-stockholmsregionen\/resized\/?url=https%3A%2F%2Fwww.abf.se%2Fwp-content%2Fuploads%2F2024%2F04%2FForeningskunskap-Styrelsearbete-03.jpg&#038;fit=contain&#038;w=1470&#038;h=979&#038;s=d5e6dde9c361f0bb311ea07a536f90fd 1470w\" alt=\"en person sitter vid ett bord med ett block och en styrelseklubba i handen\" height=\"525\" width=\"788\" sizes=\"auto, (max-width: 768px) calc(100vw - 40px), 788px\" loading=\"lazy\" fetchpriority=\"low\" class=\"round-corners-lg w-full\" \/><\/picture>\n                        <\/figure>\n        <\/div>\n\n<\/div>\n<div\n    class=\"acf-article-text-block article-container my-12\"\n    data-block=\"article-text-block\"\n>\n    <div class=\"wysiwyg\">\n        <h3>Starta ny f\u00f6rening<\/h3>\n<p>Att samlas kring ett gemensamt intresse och i social samvaro m\u00f6tas \u00e4r det som bygger v\u00e5r demokrati. Den h\u00e4r utbildningen \u00e4r uppdelad i tre f\u00f6r att ni ska kunna g\u00f6ra de olika stegen och sen gemensamt reflektera \u00f6ver hur det g\u00e5tt.<br \/>\nVi kommer g\u00e5 igenom uppstarten och demokratiska processer, hur ni fixar ett organisationsnummer och \u00f6ppnar ett bankkonto, f\u00f6r att avsluta med styrelsearbete, stadgar och ekonomi.<\/p>\n<p>Till er som vill starta en f\u00f6rening men inte vet hur ni ska g\u00f6ra f\u00e5r v\u00e4gledning genom hela processen.<br \/>\nHur b\u00f6rjar man? Hur fungerar stadgar och vad ska registreras hos Skatteverket?<\/p>\n<p><strong>Tid:<\/strong> 17 september, 8 oktober, 5 november (kl. 18-20.15)<br \/>\n<strong>Plats:<\/strong> Digitalt<br \/>\n<strong>M\u00e5lgrupp:<\/strong> Er som vill starta en f\u00f6rening men inte vet hur ni ska g\u00f6ra<br \/>\n<strong>Avgift:<\/strong> 300 kr<\/p>\n<p><a href=\"https:\/\/forms.office.com\/e\/43MqN8yNtX\">Anm\u00e4lan<\/a><\/p>\n<h3>Grundl\u00e4ggande styrelseutbildning<\/h3>\n<p>Den h\u00e4r kursen startar p\u00e5 en grundl\u00e4ggande niv\u00e5 och blir mer komplicerad vartefter dagen g\u00e5r. Tanken \u00e4r att ledam\u00f6terna i styrelsen ska hamna p\u00e5 en gemensam niv\u00e5 av f\u00f6reningskunskap. Ett annat viktigt m\u00e5l f\u00f6r kursen \u00e4r att deltagarna ska f\u00e5 svar p\u00e5 alla fr\u00e5gor de har med sig.<\/p>\n<p>G\u00e5 s\u00e5 m\u00e5nga ni kan i styrelsen! Ni som \u00e4r mer erfarna \u00e4r ocks\u00e5 varmt v\u00e4lkomna &#8211; vi kommer ha nytta av er erfarenhet!<\/p>\n<p><strong>Avgift:<\/strong> 300 kr (lunch ing\u00e5r p\u00e5 den fysiska utbildningen)<\/p>\n<p>Endagskurs p\u00e5 plats i Sundbyberg eller studiecirkel (3 tr\u00e4ffar) p\u00e5 distans. V\u00e4lj nedan via anm\u00e4lningsl\u00e4nken.<\/p>\n<p><a href=\"https:\/\/forms.office.com\/Pages\/ResponsePage.aspx?id=wFwFk5ly40uJZxzPObTydy590uM_yvhIn1GAh4uiIVRUQkxOUE1YSkExNFE1WTNGSElNVVRIOVE2Ny4u\">Anm\u00e4lan&gt;&gt;&gt;<\/a><\/p>\n<h3>LFA-utbildning<\/h3>\n<p><strong><em>Fr\u00e5n id\u00e9 till effekt &#8211; En utbildning i LFA som verktyg <\/em><\/strong>(<em>The Logical Framework Apporach<\/em>)<\/p>\n<p><span data-olk-copy-source=\"MessageBody\">Ser ni ett problem i samh\u00e4llet som ni vill l\u00f6sa? D\u00e5 b\u00f6r just er f\u00f6rening anm\u00e4la er till Fr\u00e5n id\u00e9 till effekt &#8211; En utbildning i LFA som verktyg. Under tv\u00e5 dagar (kl.10-16) kommer vi att g\u00e5 igenom de olika delarna av metoden LFA (The Logical Framework Approach). <\/span><\/p>\n<p><span data-olk-copy-source=\"MessageBody\">Hur omvandlar man sin id\u00e9 till ett genomf\u00f6rbart projekt? Hur f\u00f6rst\u00e5r man hemligheten bakom kr\u00e5ngliga ans\u00f6kningsblanketter? Varf\u00f6r kan en metod hj\u00e4lpa oss att g\u00e5 i m\u00e5l med v\u00e5ra projekt?<\/span><\/p>\n<p><span data-olk-copy-source=\"MessageBody\">F\u00f6r att ni ska f\u00e5 ut s\u00e5 mycket som m\u00f6jligt av utbildningen rekommenderar vi er att komma minst tv\u00e5 fr\u00e5n er organisation och att ni har med en tanke om ett problem i samh\u00e4llet som ni skulle vilja l\u00f6sa.<\/span><\/p>\n<p><strong>Tid:<\/strong> 2 dagar, 21-22 november (kl.10-16)<br \/>\n<strong>Plats:<\/strong> ABF Distriktet, Sveav\u00e4gen 41, Plan 4<br \/>\n<strong>M\u00e5lgrupp:<\/strong> ABF-anst\u00e4llda, F\u00f6rtroendevalda inom medlems- och samverkansorganisationer samt kanslipersonal<br \/>\n<strong>Avgift:<\/strong> 1100 kr<\/p>\n<p><a href=\"https:\/\/forms.office.com\/e\/pP6zhueBP8\">Anm\u00e4lan och mer information&gt;&gt;&gt;<\/a><\/p>\n<h3>Lunch-webbinarier<\/h3>\n<p><em><strong>Fr\u00e5n id\u00e9 till verkstad<\/strong><\/em><br \/>\nAtt hitta p\u00e5 id\u00e9er \u00e4r den enkla biten. Men hur ska man g\u00f6ra f\u00f6r att komma vidare med id\u00e9en och hur tar man sig f\u00f6rbi de skeptiska och &#8221;realistiska&#8221; r\u00f6ster som g\u00e4rna vill skjuta ned id\u00e9er innan de ens har bepr\u00f6vats?<br \/>\n<strong>Tid:<\/strong> Tisdag 12 maj | Distans<br \/>\nkl 12:00 &#8211; 13:00<br \/>\n<strong>Sista anm\u00e4lan:<\/strong> 28 april<br \/>\n<strong>M\u00e5lgrupp:<\/strong> styrelseledam\u00f6ter och f\u00f6rtroendevalda i f\u00f6reningar som samarbetar med ABF.\u00a0ABF-anst\u00e4llda.<br \/>\nF\u00f6r mer information och anm\u00e4lan: <a href=\"https:\/\/kurskatalogen.abfvasterbotten.se\/startsida\/webinar-fr%C3%A5n-id%C3%A9-till-verkstad\">Kurskatalogen &#8211; Webinar: Fr\u00e5n id\u00e9 till verkstad<\/a><\/p>\n<p><strong><em>Var finns pengarna?<\/em><br \/>\n<\/strong>Som f\u00f6reningsaktiv kommer en ofta p\u00e5 vad en ska g\u00f6ra men var finns pengarna? V\u00e4lkommen till en inspirationsf\u00f6rel\u00e4sning d\u00e4r vi g\u00e5r igenom var finns pengarna, tips och trix inf\u00f6r att skriva en ans\u00f6kan och kort ber\u00f6ra metoden\u00a0LFA (The Logical Framework Approach).<\/p>\n<p><strong>Tid:<\/strong> 19 maj, kl. 12-13<br \/>\n<strong>Plats:<\/strong> Digitalt<br \/>\n<strong>M\u00e5lgrupp:<\/strong> F\u00f6rtroendevalda inom medlems- och samverkansorganisationer, kanslipersonal och ABF-anst\u00e4llda<\/p>\n<p><a href=\"https:\/\/forms.office.com\/e\/D3PWNn75rE\">Anm\u00e4lan<\/a><\/p>\n<p><em><strong>Undvik konflikter<\/strong><\/em><br \/>\nV\u00e4lkommen att delta i ett lunchwebinarium d\u00e4r organisationspsykologen Patrik L\u00f6fgren ber\u00e4ttar om sakliga metoder och \u00f6vningar som arbetsgrupper kan g\u00f6ra f\u00f6r att \u00f6ka tryggheten i gruppen. Han kommer h\u00e4nvisa mycket till forskning och grupppsykologi, vilka behov m\u00e4nniskan har och hur vi reagerar p\u00e5 varandras beteenden i arbetssituationer.<br \/>\n<strong>Tid:<\/strong> 3 september, 12.00-13.00 | Distans<br \/>\n<strong>Sista anm\u00e4lan:<\/strong> 20 augusti<br \/>\n<strong>M\u00e5lgrupp:<\/strong> styrelseledam\u00f6ter och f\u00f6rtroendevalda i f\u00f6reningar som samarbetar med ABF.\u00a0ABF-anst\u00e4llda.<br \/>\nF\u00f6r mer information och anm\u00e4lan: <a href=\"https:\/\/kurskatalogen.abfvasterbotten.se\/startsida\/webinar-undvik-konflikter\">Kurskatalogen &#8211; Webinar: Undvik konflikter<\/a><\/p>\n\n    <\/div>\n<\/div>\n<div\n    class=\"acf-plain-heading-block container my-16\"\n    data-block=\"plain-heading-block\"\n>\n    <div class=\"max-w-[658px] mx-auto\">\n                <h1 class=\"hero-heading\"><span>Fler f\u00f6reningskurser<\/span><\/h1>\n                            <p class=\"mt-8 body-xl text-black\">\n                Ska ni starta en ny f\u00f6rening? Beh\u00f6ver er styrelse f\u00e5 en gemensam syn p\u00e5 hur ni ska strukturera ert arbete? Ska er f\u00f6rening b\u00f6rja s\u00f6ka projektmedel? H\u00e4r hittar du f\u00f6rhoppningsvis kurser som passar din f\u00f6renings behov. <br \/>\r\nOm inte, kontakta oss p\u00e5 distriktet och ber\u00e4tta vad din f\u00f6rening beh\u00f6ver!\n            <\/p>\n            <\/div>\n<\/div>\n<div\n    class=\"acf-quick-link-block bg-red py-12 md:py-20\"\n    data-block=\"quick-link-block\"\n>\n    <div class=\"container\">\n                    <h2 class=\"heading-lg mb-7 text-center text-white\">\n                Affisch Projektkompassen\n            <\/h2>\n        \n        <div\n            class=\"px-5 content:px-0 grid grid-cols-1 gap-8\">\n            \n            <article\nclass=\"round-corners-sm p-6 relative group grid grid-rows-[subgrid] row-[span_3] gap-4 bg-white text-red\"\n>\n            <h3\n        class=\"heading-sm group-hover:underline text-red\">\n            <a href=\"https:\/\/www.abf.se\/wp-content\/uploads\/sites\/15\/2026\/02\/Projektkompassen-En-utbildning-i-LFA.pdf\" class=\"expanded-hit-area\" target=\"_blank\">\n                Affisch Projektkompassen\n            <\/a>\n        <\/h3>\n            <figure\n    class=\"w-[38px] h-[38px] rounded-full p-2 group-hover:scale-110 transition-transform duration-300 self-end pointer-events-none bg-red text-white\">\n        <svg width=\"20\" height=\"20\" viewBox=\"0 0 20 20\" fill=\"none\" class=\"SvgIconElement\">\n<path d=\"M4.16659 10L15.8333 10\" stroke=\"currentColor\"\/>\n<path d=\"M9.99992 4.1665L15.8333 9.99984L9.99992 15.8332\" stroke=\"currentColor\"\/>\n<\/svg>\n    <\/figure>\n<\/article>                    <\/div>\n    <\/div>\n<\/div>\n","protected":false},"excerpt":{"rendered":"","protected":false},"author":28,"featured_media":0,"parent":0,"menu_order":0,"comment_status":"closed","ping_status":"closed","template":"","meta":{"_acf_changed":false,"footnotes":""},"class_list":["post-355","page","type-page","status-publish","hentry"],"acf":[],"yoast_head":"<!-- This site is optimized with the Yoast SEO plugin v27.0 - https:\/\/yoast.com\/product\/yoast-seo-wordpress\/ -->\n<title>Fler f\u00f6reningskurser - Distriktet i Stockholmsregionen<\/title>\n<meta name=\"robots\" content=\"index, follow, max-snippet:-1, max-image-preview:large, max-video-preview:-1\" \/>\n<link rel=\"canonical\" href=\"https:\/\/www.abf.se\/distriktet-i-stockholmsregionen\/fler-foreningskurser\/\" \/>\n<meta property=\"og:locale\" content=\"sv_SE\" \/>\n<meta property=\"og:type\" content=\"article\" \/>\n<meta property=\"og:title\" content=\"Fler f\u00f6reningskurser - Distriktet i Stockholmsregionen\" \/>\n<meta property=\"og:url\" content=\"https:\/\/www.abf.se\/distriktet-i-stockholmsregionen\/fler-foreningskurser\/\" \/>\n<meta property=\"og:site_name\" content=\"Distriktet i Stockholmsregionen\" \/>\n<meta property=\"article:modified_time\" content=\"2026-05-06T08:54:04+00:00\" \/>\n<meta property=\"og:image\" content=\"https:\/\/www.abf.se\/wp-content\/uploads\/sites\/15\/2024\/04\/Nyckeln-liggande-scaled.jpg\" \/>\n\t<meta property=\"og:image:width\" content=\"2560\" \/>\n\t<meta property=\"og:image:height\" content=\"1440\" \/>\n\t<meta property=\"og:image:type\" content=\"image\/jpeg\" \/>\n<meta name=\"twitter:card\" content=\"summary_large_image\" \/>\n<script type=\"application\/ld+json\" class=\"yoast-schema-graph\">{\"@context\":\"https:\/\/schema.org\",\"@graph\":[{\"@type\":\"WebPage\",\"@id\":\"https:\/\/www.abf.se\/distriktet-i-stockholmsregionen\/fler-foreningskurser\/\",\"url\":\"https:\/\/www.abf.se\/distriktet-i-stockholmsregionen\/fler-foreningskurser\/\",\"name\":\"Fler f\u00f6reningskurser - Distriktet i Stockholmsregionen\",\"isPartOf\":{\"@id\":\"https:\/\/www.abf.se\/distriktet-i-stockholmsregionen\/#website\"},\"datePublished\":\"2025-12-03T11:13:33+00:00\",\"dateModified\":\"2026-05-06T08:54:04+00:00\",\"breadcrumb\":{\"@id\":\"https:\/\/www.abf.se\/distriktet-i-stockholmsregionen\/fler-foreningskurser\/#breadcrumb\"},\"inLanguage\":\"sv-SE\",\"potentialAction\":[{\"@type\":\"ReadAction\",\"target\":[\"https:\/\/www.abf.se\/distriktet-i-stockholmsregionen\/fler-foreningskurser\/\"]}]},{\"@type\":\"BreadcrumbList\",\"@id\":\"https:\/\/www.abf.se\/distriktet-i-stockholmsregionen\/fler-foreningskurser\/#breadcrumb\",\"itemListElement\":[{\"@type\":\"ListItem\",\"position\":1,\"name\":\"Home\",\"item\":\"https:\/\/www.abf.se\/distriktet-i-stockholmsregionen\/\"},{\"@type\":\"ListItem\",\"position\":2,\"name\":\"Fler f\u00f6reningskurser\"}]},{\"@type\":\"WebSite\",\"@id\":\"https:\/\/www.abf.se\/distriktet-i-stockholmsregionen\/#website\",\"url\":\"https:\/\/www.abf.se\/distriktet-i-stockholmsregionen\/\",\"name\":\"Distriktet i Stockholmsregionen\",\"description\":\"\",\"potentialAction\":[{\"@type\":\"SearchAction\",\"target\":{\"@type\":\"EntryPoint\",\"urlTemplate\":\"https:\/\/www.abf.se\/distriktet-i-stockholmsregionen\/?s={search_term_string}\"},\"query-input\":{\"@type\":\"PropertyValueSpecification\",\"valueRequired\":true,\"valueName\":\"search_term_string\"}}],\"inLanguage\":\"sv-SE\"}]}<\/script>\n<!-- \/ Yoast SEO plugin. -->","yoast_head_json":{"title":"Fler f\u00f6reningskurser - Distriktet i Stockholmsregionen","robots":{"index":"index","follow":"follow","max-snippet":"max-snippet:-1","max-image-preview":"max-image-preview:large","max-video-preview":"max-video-preview:-1"},"canonical":"https:\/\/www.abf.se\/distriktet-i-stockholmsregionen\/fler-foreningskurser\/","og_locale":"sv_SE","og_type":"article","og_title":"Fler f\u00f6reningskurser - Distriktet i Stockholmsregionen","og_url":"https:\/\/www.abf.se\/distriktet-i-stockholmsregionen\/fler-foreningskurser\/","og_site_name":"Distriktet i Stockholmsregionen","article_modified_time":"2026-05-06T08:54:04+00:00","og_image":[{"width":2560,"height":1440,"url":"https:\/\/www.abf.se\/wp-content\/uploads\/sites\/15\/2024\/04\/Nyckeln-liggande-scaled.jpg","type":"image\/jpeg"}],"twitter_card":"summary_large_image","schema":{"@context":"https:\/\/schema.org","@graph":[{"@type":"WebPage","@id":"https:\/\/www.abf.se\/distriktet-i-stockholmsregionen\/fler-foreningskurser\/","url":"https:\/\/www.abf.se\/distriktet-i-stockholmsregionen\/fler-foreningskurser\/","name":"Fler f\u00f6reningskurser - Distriktet i Stockholmsregionen","isPartOf":{"@id":"https:\/\/www.abf.se\/distriktet-i-stockholmsregionen\/#website"},"datePublished":"2025-12-03T11:13:33+00:00","dateModified":"2026-05-06T08:54:04+00:00","breadcrumb":{"@id":"https:\/\/www.abf.se\/distriktet-i-stockholmsregionen\/fler-foreningskurser\/#breadcrumb"},"inLanguage":"sv-SE","potentialAction":[{"@type":"ReadAction","target":["https:\/\/www.abf.se\/distriktet-i-stockholmsregionen\/fler-foreningskurser\/"]}]},{"@type":"BreadcrumbList","@id":"https:\/\/www.abf.se\/distriktet-i-stockholmsregionen\/fler-foreningskurser\/#breadcrumb","itemListElement":[{"@type":"ListItem","position":1,"name":"Home","item":"https:\/\/www.abf.se\/distriktet-i-stockholmsregionen\/"},{"@type":"ListItem","position":2,"name":"Fler f\u00f6reningskurser"}]},{"@type":"WebSite","@id":"https:\/\/www.abf.se\/distriktet-i-stockholmsregionen\/#website","url":"https:\/\/www.abf.se\/distriktet-i-stockholmsregionen\/","name":"Distriktet i Stockholmsregionen","description":"","potentialAction":[{"@type":"SearchAction","target":{"@type":"EntryPoint","urlTemplate":"https:\/\/www.abf.se\/distriktet-i-stockholmsregionen\/?s={search_term_string}"},"query-input":{"@type":"PropertyValueSpecification","valueRequired":true,"valueName":"search_term_string"}}],"inLanguage":"sv-SE"}]}},"_links":{"self":[{"href":"https:\/\/www.abf.se\/distriktet-i-stockholmsregionen\/wp-json\/wp\/v2\/pages\/355","targetHints":{"allow":["GET"]}}],"collection":[{"href":"https:\/\/www.abf.se\/distriktet-i-stockholmsregionen\/wp-json\/wp\/v2\/pages"}],"about":[{"href":"https:\/\/www.abf.se\/distriktet-i-stockholmsregionen\/wp-json\/wp\/v2\/types\/page"}],"author":[{"embeddable":true,"href":"https:\/\/www.abf.se\/distriktet-i-stockholmsregionen\/wp-json\/wp\/v2\/users\/28"}],"replies":[{"embeddable":true,"href":"https:\/\/www.abf.se\/distriktet-i-stockholmsregionen\/wp-json\/wp\/v2\/comments?post=355"}],"version-history":[{"count":26,"href":"https:\/\/www.abf.se\/distriktet-i-stockholmsregionen\/wp-json\/wp\/v2\/pages\/355\/revisions"}],"predecessor-version":[{"id":536,"href":"https:\/\/www.abf.se\/distriktet-i-stockholmsregionen\/wp-json\/wp\/v2\/pages\/355\/revisions\/536"}],"wp:attachment":[{"href":"https:\/\/www.abf.se\/distriktet-i-stockholmsregionen\/wp-json\/wp\/v2\/media?parent=355"}],"curies":[{"name":"wp","href":"https:\/\/api.w.org\/{rel}","templated":true}]}}