{"id":60,"date":"2024-04-24T15:09:42","date_gmt":"2024-04-24T13:09:42","guid":{"rendered":"https:\/\/www.abf.se\/distriktet-i-stockholmsregionen\/?page_id=60"},"modified":"2026-03-19T12:26:08","modified_gmt":"2026-03-19T11:26:08","slug":"abf-avdelningarna-i-stockholmsregionen","status":"publish","type":"page","link":"https:\/\/www.abf.se\/distriktet-i-stockholmsregionen\/abf-avdelningarna-i-stockholmsregionen\/","title":{"rendered":"ABF-avdelningarna i Stockholmsregionen"},"content":{"rendered":"<div\n    class=\"acf-plain-heading-block container my-16\"\n    data-block=\"plain-heading-block\"\n>\n    <div class=\"max-w-[658px] mx-auto\">\n                <h1 class=\"hero-heading\"><span>ABF-avdelningarna i Stockholmsregionen<\/span><\/h1>\n                            <p class=\"mt-8 body-xl text-black\">\n                Vill du g\u00e5 en studiecirkel eller bli cirkelledare? <br \/>\r\nH\u00f6r av dig till din lokala ABF-avdelning!\n            <\/p>\n            <\/div>\n<\/div>\n<div\n    class=\"acf-article-facts-block article-container  my-8 \"\n    data-block=\"article-facts-block\"\n>\n<div class=\"bg-teal-light border border-teal p-8 rounded-corners-sm\">\n<header>\n        <h2 class=\"heading-md text-teal-dark mb-3\">\n            Kontaktuppgifter till ABF lokalt\n        <\/h2>\n    <\/header>\n    <div class=\"wysiwyg\">\n        <p><strong>ABF Huddinge<\/strong><br \/>\ninfo.huddinge@abf.se<br \/>\n08-774 02 70<br \/>\nHuddinge<br \/>\n<a href=\"https:\/\/www.abf.se\/huddinge\/\">Hemsida<\/a><\/p>\n<p><strong>ABF Norra Stockholms L\u00e4n<\/strong><br \/>\ninfo.norrastockholmslan@abf.se<br \/>\nDanderyd, J\u00e4rf\u00e4lla, Sigtuna, Sollentuna, Solna, Sundbyberg, T\u00e4by, Upplands-Bro, Upplands V\u00e4sby, Vallentuna, Vaxholm och \u00d6ster\u00e5ker<br \/>\n<a href=\"https:\/\/www.abf.se\/norra-stockholms-lan\/\">Hemsida<\/a><\/p>\n<p><strong>ABF Norrt\u00e4lje<\/strong><br \/>\ninfo.norrtalje@abf.se<br \/>\n0176-129 50<br \/>\nNorrt\u00e4lje<br \/>\n<a href=\"https:\/\/www.abf.se\/norrtalje\/\">Hemsida<\/a><\/p>\n<p><strong>ABF Stockholm<\/strong><br \/>\ninfo.stockholm@abf.se<br \/>\n08-453 41 00<br \/>\nStockholm, Liding\u00f6, Eker\u00f6, V\u00e4rmd\u00f6 och Nacka<br \/>\n<a href=\"https:\/\/abfstockholm.se\/\">Hemsida<\/a><\/p>\n<p><strong>ABF S\u00f6dert\u00e4lje-Nykvarn<\/strong><br \/>\ninfo.sodertalje-nykvarn@abf.se<br \/>\n08-554 424 30<br \/>\nS\u00f6dert\u00e4lje och Nykvarn<br \/>\n<a href=\"https:\/\/www.abf.se\/sodertalje-nykvarn\/\">Hemsida<\/a><\/p>\n<p><strong>ABF S\u00f6dert\u00f6rn<\/strong><br \/>\ninfo.sodertorn@abf.se<br \/>\n08-556 520 30<br \/>\nHaninge, Tyres\u00f6, Nyn\u00e4shamn, Botkyrka och Salem<br \/>\n<a href=\"https:\/\/www.abf.se\/sodertorn\/\">Hemsida<\/a><\/p>\n\n    <\/div>\n<\/div>\n\n<\/div>\n","protected":false},"excerpt":{"rendered":"","protected":false},"author":28,"featured_media":0,"parent":0,"menu_order":0,"comment_status":"closed","ping_status":"closed","template":"","meta":{"_acf_changed":false,"footnotes":""},"class_list":["post-60","page","type-page","status-publish","hentry"],"acf":[],"yoast_head":"<!-- This site is optimized with the Yoast SEO plugin v27.0 - https:\/\/yoast.com\/product\/yoast-seo-wordpress\/ -->\n<title>ABF-avdelningarna i Stockholmsregionen - Distriktet i Stockholmsregionen<\/title>\n<meta name=\"robots\" content=\"index, follow, max-snippet:-1, max-image-preview:large, max-video-preview:-1\" \/>\n<link rel=\"canonical\" href=\"https:\/\/www.abf.se\/distriktet-i-stockholmsregionen\/abf-avdelningarna-i-stockholmsregionen\/\" \/>\n<meta property=\"og:locale\" content=\"sv_SE\" \/>\n<meta property=\"og:type\" content=\"article\" \/>\n<meta property=\"og:title\" content=\"ABF-avdelningarna i Stockholmsregionen - Distriktet i Stockholmsregionen\" \/>\n<meta property=\"og:url\" content=\"https:\/\/www.abf.se\/distriktet-i-stockholmsregionen\/abf-avdelningarna-i-stockholmsregionen\/\" \/>\n<meta property=\"og:site_name\" content=\"Distriktet i Stockholmsregionen\" \/>\n<meta property=\"article:modified_time\" content=\"2026-03-19T11:26:08+00:00\" \/>\n<meta property=\"og:image\" content=\"https:\/\/www.abf.se\/wp-content\/uploads\/sites\/15\/2024\/04\/Nyckeln-liggande-scaled.jpg\" \/>\n\t<meta property=\"og:image:width\" content=\"2560\" \/>\n\t<meta property=\"og:image:height\" content=\"1440\" \/>\n\t<meta property=\"og:image:type\" content=\"image\/jpeg\" \/>\n<meta name=\"twitter:card\" content=\"summary_large_image\" \/>\n<script type=\"application\/ld+json\" class=\"yoast-schema-graph\">{\"@context\":\"https:\/\/schema.org\",\"@graph\":[{\"@type\":\"WebPage\",\"@id\":\"https:\/\/www.abf.se\/distriktet-i-stockholmsregionen\/abf-avdelningarna-i-stockholmsregionen\/\",\"url\":\"https:\/\/www.abf.se\/distriktet-i-stockholmsregionen\/abf-avdelningarna-i-stockholmsregionen\/\",\"name\":\"ABF-avdelningarna i Stockholmsregionen - Distriktet i Stockholmsregionen\",\"isPartOf\":{\"@id\":\"https:\/\/www.abf.se\/distriktet-i-stockholmsregionen\/#website\"},\"datePublished\":\"2024-04-24T13:09:42+00:00\",\"dateModified\":\"2026-03-19T11:26:08+00:00\",\"breadcrumb\":{\"@id\":\"https:\/\/www.abf.se\/distriktet-i-stockholmsregionen\/abf-avdelningarna-i-stockholmsregionen\/#breadcrumb\"},\"inLanguage\":\"sv-SE\",\"potentialAction\":[{\"@type\":\"ReadAction\",\"target\":[\"https:\/\/www.abf.se\/distriktet-i-stockholmsregionen\/abf-avdelningarna-i-stockholmsregionen\/\"]}]},{\"@type\":\"BreadcrumbList\",\"@id\":\"https:\/\/www.abf.se\/distriktet-i-stockholmsregionen\/abf-avdelningarna-i-stockholmsregionen\/#breadcrumb\",\"itemListElement\":[{\"@type\":\"ListItem\",\"position\":1,\"name\":\"Home\",\"item\":\"https:\/\/www.abf.se\/distriktet-i-stockholmsregionen\/\"},{\"@type\":\"ListItem\",\"position\":2,\"name\":\"ABF-avdelningarna i Stockholmsregionen\"}]},{\"@type\":\"WebSite\",\"@id\":\"https:\/\/www.abf.se\/distriktet-i-stockholmsregionen\/#website\",\"url\":\"https:\/\/www.abf.se\/distriktet-i-stockholmsregionen\/\",\"name\":\"Distriktet i Stockholmsregionen\",\"description\":\"\",\"potentialAction\":[{\"@type\":\"SearchAction\",\"target\":{\"@type\":\"EntryPoint\",\"urlTemplate\":\"https:\/\/www.abf.se\/distriktet-i-stockholmsregionen\/?s={search_term_string}\"},\"query-input\":{\"@type\":\"PropertyValueSpecification\",\"valueRequired\":true,\"valueName\":\"search_term_string\"}}],\"inLanguage\":\"sv-SE\"}]}<\/script>\n<!-- \/ Yoast SEO plugin. -->","yoast_head_json":{"title":"ABF-avdelningarna i Stockholmsregionen - Distriktet i Stockholmsregionen","robots":{"index":"index","follow":"follow","max-snippet":"max-snippet:-1","max-image-preview":"max-image-preview:large","max-video-preview":"max-video-preview:-1"},"canonical":"https:\/\/www.abf.se\/distriktet-i-stockholmsregionen\/abf-avdelningarna-i-stockholmsregionen\/","og_locale":"sv_SE","og_type":"article","og_title":"ABF-avdelningarna i Stockholmsregionen - Distriktet i Stockholmsregionen","og_url":"https:\/\/www.abf.se\/distriktet-i-stockholmsregionen\/abf-avdelningarna-i-stockholmsregionen\/","og_site_name":"Distriktet i Stockholmsregionen","article_modified_time":"2026-03-19T11:26:08+00:00","og_image":[{"width":2560,"height":1440,"url":"https:\/\/www.abf.se\/wp-content\/uploads\/sites\/15\/2024\/04\/Nyckeln-liggande-scaled.jpg","type":"image\/jpeg"}],"twitter_card":"summary_large_image","schema":{"@context":"https:\/\/schema.org","@graph":[{"@type":"WebPage","@id":"https:\/\/www.abf.se\/distriktet-i-stockholmsregionen\/abf-avdelningarna-i-stockholmsregionen\/","url":"https:\/\/www.abf.se\/distriktet-i-stockholmsregionen\/abf-avdelningarna-i-stockholmsregionen\/","name":"ABF-avdelningarna i Stockholmsregionen - Distriktet i Stockholmsregionen","isPartOf":{"@id":"https:\/\/www.abf.se\/distriktet-i-stockholmsregionen\/#website"},"datePublished":"2024-04-24T13:09:42+00:00","dateModified":"2026-03-19T11:26:08+00:00","breadcrumb":{"@id":"https:\/\/www.abf.se\/distriktet-i-stockholmsregionen\/abf-avdelningarna-i-stockholmsregionen\/#breadcrumb"},"inLanguage":"sv-SE","potentialAction":[{"@type":"ReadAction","target":["https:\/\/www.abf.se\/distriktet-i-stockholmsregionen\/abf-avdelningarna-i-stockholmsregionen\/"]}]},{"@type":"BreadcrumbList","@id":"https:\/\/www.abf.se\/distriktet-i-stockholmsregionen\/abf-avdelningarna-i-stockholmsregionen\/#breadcrumb","itemListElement":[{"@type":"ListItem","position":1,"name":"Home","item":"https:\/\/www.abf.se\/distriktet-i-stockholmsregionen\/"},{"@type":"ListItem","position":2,"name":"ABF-avdelningarna i Stockholmsregionen"}]},{"@type":"WebSite","@id":"https:\/\/www.abf.se\/distriktet-i-stockholmsregionen\/#website","url":"https:\/\/www.abf.se\/distriktet-i-stockholmsregionen\/","name":"Distriktet i Stockholmsregionen","description":"","potentialAction":[{"@type":"SearchAction","target":{"@type":"EntryPoint","urlTemplate":"https:\/\/www.abf.se\/distriktet-i-stockholmsregionen\/?s={search_term_string}"},"query-input":{"@type":"PropertyValueSpecification","valueRequired":true,"valueName":"search_term_string"}}],"inLanguage":"sv-SE"}]}},"_links":{"self":[{"href":"https:\/\/www.abf.se\/distriktet-i-stockholmsregionen\/wp-json\/wp\/v2\/pages\/60","targetHints":{"allow":["GET"]}}],"collection":[{"href":"https:\/\/www.abf.se\/distriktet-i-stockholmsregionen\/wp-json\/wp\/v2\/pages"}],"about":[{"href":"https:\/\/www.abf.se\/distriktet-i-stockholmsregionen\/wp-json\/wp\/v2\/types\/page"}],"author":[{"embeddable":true,"href":"https:\/\/www.abf.se\/distriktet-i-stockholmsregionen\/wp-json\/wp\/v2\/users\/28"}],"replies":[{"embeddable":true,"href":"https:\/\/www.abf.se\/distriktet-i-stockholmsregionen\/wp-json\/wp\/v2\/comments?post=60"}],"version-history":[{"count":8,"href":"https:\/\/www.abf.se\/distriktet-i-stockholmsregionen\/wp-json\/wp\/v2\/pages\/60\/revisions"}],"predecessor-version":[{"id":527,"href":"https:\/\/www.abf.se\/distriktet-i-stockholmsregionen\/wp-json\/wp\/v2\/pages\/60\/revisions\/527"}],"wp:attachment":[{"href":"https:\/\/www.abf.se\/distriktet-i-stockholmsregionen\/wp-json\/wp\/v2\/media?parent=60"}],"curies":[{"name":"wp","href":"https:\/\/api.w.org\/{rel}","templated":true}]}}