{"id":282,"date":"2024-04-15T16:21:49","date_gmt":"2024-04-15T14:21:49","guid":{"rendered":"https:\/\/www.abf.se\/vastra-gotaland\/?page_id=282"},"modified":"2025-11-26T13:50:34","modified_gmt":"2025-11-26T12:50:34","slug":"lediga-tjanster","status":"publish","type":"page","link":"https:\/\/www.abf.se\/distriktet-i-vastsverige\/lediga-tjanster\/","title":{"rendered":"Lediga tj\u00e4nster"},"content":{"rendered":"<div\n    class=\"acf-hero-block container-lg no-padding mb-12 js-geolocation\"\n    data-block=\"hero-block\"\n    data-index=\"0\"\n>\n    <div class=\"h-[548px]  relative rounded-[32px] overflow-hidden flex bg-gray-light\">\n        <div class=\"relative z-10 mt-auto h-auto w-full md:h-full\">\n            <div class=\"flex w-full h-full flex-col flex-wrap justify-end w-full md:w-7\/12 lg:w-1\/2 md:justify-center\">\n                <div class=\"flex flex-col gap-3 md:gap-[18px] md:transparent pt-16 pb-36 md:py-8 px-4 w-full md:max-w-[620px] mx-auto px-8\">\n\n                    <h1 class=\"hero-heading hero-heading--red-text\"><span>Lediga tj\u00e4nster<\/span><\/h1>\n\n                    \n                                    <\/div>\n            <\/div>\n        <\/div>\n\n                    <picture class=\"as-background-image mix-blend-multiply bg-black\/40\"><img decoding=\"async\" src=\"https:\/\/www.abf.se\/distriktet-i-vastsverige\/resized\/?url=https%3A%2F%2Fwww.abf.se%2Fwp-content%2Fuploads%2Fsites%2F59%2F2024%2F04%2FNamnlos-design-e1712837937270.png&#038;fit=crop&#038;w=1440&#038;s=04accf4f1c09162852f6eb511eee846d\" srcset=\"https:\/\/www.abf.se\/distriktet-i-vastsverige\/resized\/?url=https%3A%2F%2Fwww.abf.se%2Fwp-content%2Fuploads%2Fsites%2F59%2F2024%2F04%2FNamnlos-design-e1712837937270.png&#038;fit=crop&#038;w=375&#038;h=540&#038;s=9b5a2888b4086b5b074f14b6854287f5 375w, https:\/\/www.abf.se\/distriktet-i-vastsverige\/resized\/?url=https%3A%2F%2Fwww.abf.se%2Fwp-content%2Fuploads%2Fsites%2F59%2F2024%2F04%2FNamnlos-design-e1712837937270.png&#038;fit=crop&#038;w=447&#038;h=540&#038;s=c63609294cd2cdcb2f35f75cd671051f 447w, https:\/\/www.abf.se\/distriktet-i-vastsverige\/resized\/?url=https%3A%2F%2Fwww.abf.se%2Fwp-content%2Fuploads%2Fsites%2F59%2F2024%2F04%2FNamnlos-design-e1712837937270.png&#038;fit=crop&#038;w=519&#038;h=540&#038;s=41deeff0866cc1cde9ffddd9886af31d 519w, https:\/\/www.abf.se\/distriktet-i-vastsverige\/resized\/?url=https%3A%2F%2Fwww.abf.se%2Fwp-content%2Fuploads%2Fsites%2F59%2F2024%2F04%2FNamnlos-design-e1712837937270.png&#038;fit=crop&#038;w=591&#038;h=540&#038;s=fe3e70de94162114f159bea7b49235c9 591w, https:\/\/www.abf.se\/distriktet-i-vastsverige\/resized\/?url=https%3A%2F%2Fwww.abf.se%2Fwp-content%2Fuploads%2Fsites%2F59%2F2024%2F04%2FNamnlos-design-e1712837937270.png&#038;fit=crop&#038;w=663&#038;h=540&#038;s=fa7fc88cecea4071e0255d1436d61234 663w, https:\/\/www.abf.se\/distriktet-i-vastsverige\/resized\/?url=https%3A%2F%2Fwww.abf.se%2Fwp-content%2Fuploads%2Fsites%2F59%2F2024%2F04%2FNamnlos-design-e1712837937270.png&#038;fit=crop&#038;w=750&#038;h=540&#038;s=2464ce010d2f90388653dfc2bc775696 750w, https:\/\/www.abf.se\/distriktet-i-vastsverige\/resized\/?url=https%3A%2F%2Fwww.abf.se%2Fwp-content%2Fuploads%2Fsites%2F59%2F2024%2F04%2FNamnlos-design-e1712837937270.png&#038;fit=crop&#038;w=894&#038;h=540&#038;s=5767c0a1f8f08ba8fcac818cc9de80f7 894w, https:\/\/www.abf.se\/distriktet-i-vastsverige\/resized\/?url=https%3A%2F%2Fwww.abf.se%2Fwp-content%2Fuploads%2Fsites%2F59%2F2024%2F04%2FNamnlos-design-e1712837937270.png&#038;fit=crop&#038;w=1038&#038;h=540&#038;s=c52792933fe4aae7e6bc66cf26f0bd2c 1038w, https:\/\/www.abf.se\/distriktet-i-vastsverige\/resized\/?url=https%3A%2F%2Fwww.abf.se%2Fwp-content%2Fuploads%2Fsites%2F59%2F2024%2F04%2FNamnlos-design-e1712837937270.png&#038;fit=crop&#038;w=1182&#038;h=540&#038;s=02d3ad7a3733ea394ed782b450857877 1182w, https:\/\/www.abf.se\/distriktet-i-vastsverige\/resized\/?url=https%3A%2F%2Fwww.abf.se%2Fwp-content%2Fuploads%2Fsites%2F59%2F2024%2F04%2FNamnlos-design-e1712837937270.png&#038;fit=crop&#038;w=1326&#038;h=540&#038;s=d10541a4b09515426ce0cabff8286d8f 1326w, https:\/\/www.abf.se\/distriktet-i-vastsverige\/resized\/?url=https%3A%2F%2Fwww.abf.se%2Fwp-content%2Fuploads%2Fsites%2F59%2F2024%2F04%2FNamnlos-design-e1712837937270.png&#038;fit=crop&#038;w=1440&#038;h=540&#038;s=0c32b8af10faa4b0d6a22c2d04af0fec 1440w\" alt=\"\" height=\"540\" width=\"1440\" sizes=\"(max-width: 1440px) calc(100vw - 32px), 1440px\" loading=\"eager\" fetchpriority=\"high\" aria-hidden=\"true\" role=\"presentation\" \/><\/picture>\n        \n\n            <\/div>\n\n    <\/div>\n\n<div\n    class=\"acf-article-text-block article-container my-12\"\n    data-block=\"article-text-block\"\n>\n    <div class=\"wysiwyg\">\n        <p>Att arbeta p\u00e5 ABF inneb\u00e4r att du g\u00f6r en annan v\u00e4rld m\u00f6jlig. Vi vill genom j\u00e4mlikhet, solidaritet och demokrati erbjuda en fri och frivillig bildningsverksamhet. H\u00e4r annonseras de lediga tj\u00e4nster som finns p\u00e5 ABF V\u00e4stra G\u00f6taland.<\/p>\n<h2>Inga lediga tj\u00e4nster just nu<\/h2>\n<p>&nbsp;<\/p>\n<p>&nbsp;<\/p>\n<p>&nbsp;<\/p>\n<h3><\/h3>\n<p>&nbsp;<\/p>\n\n    <\/div>\n<\/div>\n","protected":false},"excerpt":{"rendered":"","protected":false},"author":73,"featured_media":0,"parent":0,"menu_order":0,"comment_status":"closed","ping_status":"closed","template":"","meta":{"_acf_changed":false,"footnotes":""},"class_list":["post-282","page","type-page","status-publish","hentry"],"acf":[],"yoast_head":"<!-- This site is optimized with the Yoast SEO plugin v27.0 - https:\/\/yoast.com\/product\/yoast-seo-wordpress\/ -->\n<title>Lediga tj\u00e4nster - Distriktet i V\u00e4stsverige<\/title>\n<meta name=\"robots\" content=\"index, follow, max-snippet:-1, max-image-preview:large, max-video-preview:-1\" \/>\n<link rel=\"canonical\" href=\"https:\/\/www.abf.se\/distriktet-i-vastsverige\/lediga-tjanster\/\" \/>\n<meta property=\"og:locale\" content=\"sv_SE\" \/>\n<meta property=\"og:type\" content=\"article\" \/>\n<meta property=\"og:title\" content=\"Lediga tj\u00e4nster - Distriktet i V\u00e4stsverige\" \/>\n<meta property=\"og:url\" content=\"https:\/\/www.abf.se\/distriktet-i-vastsverige\/lediga-tjanster\/\" \/>\n<meta property=\"og:site_name\" content=\"Distriktet i V\u00e4stsverige\" \/>\n<meta property=\"article:modified_time\" content=\"2025-11-26T12:50:34+00:00\" \/>\n<meta property=\"og:image\" content=\"https:\/\/www.abf.se\/wp-content\/uploads\/sites\/59\/2024\/04\/Bokalskaren-liggande-scaled.jpg\" \/>\n\t<meta property=\"og:image:width\" content=\"2560\" \/>\n\t<meta property=\"og:image:height\" content=\"1440\" \/>\n\t<meta property=\"og:image:type\" content=\"image\/jpeg\" \/>\n<meta name=\"twitter:card\" content=\"summary_large_image\" \/>\n<script type=\"application\/ld+json\" class=\"yoast-schema-graph\">{\"@context\":\"https:\/\/schema.org\",\"@graph\":[{\"@type\":\"WebPage\",\"@id\":\"https:\/\/www.abf.se\/distriktet-i-vastsverige\/lediga-tjanster\/\",\"url\":\"https:\/\/www.abf.se\/distriktet-i-vastsverige\/lediga-tjanster\/\",\"name\":\"Lediga tj\u00e4nster - Distriktet i V\u00e4stsverige\",\"isPartOf\":{\"@id\":\"https:\/\/www.abf.se\/distriktet-i-vastsverige\/#website\"},\"datePublished\":\"2024-04-15T14:21:49+00:00\",\"dateModified\":\"2025-11-26T12:50:34+00:00\",\"breadcrumb\":{\"@id\":\"https:\/\/www.abf.se\/distriktet-i-vastsverige\/lediga-tjanster\/#breadcrumb\"},\"inLanguage\":\"sv-SE\",\"potentialAction\":[{\"@type\":\"ReadAction\",\"target\":[\"https:\/\/www.abf.se\/distriktet-i-vastsverige\/lediga-tjanster\/\"]}]},{\"@type\":\"BreadcrumbList\",\"@id\":\"https:\/\/www.abf.se\/distriktet-i-vastsverige\/lediga-tjanster\/#breadcrumb\",\"itemListElement\":[{\"@type\":\"ListItem\",\"position\":1,\"name\":\"Home\",\"item\":\"https:\/\/www.abf.se\/distriktet-i-vastsverige\/\"},{\"@type\":\"ListItem\",\"position\":2,\"name\":\"Lediga tj\u00e4nster\"}]},{\"@type\":\"WebSite\",\"@id\":\"https:\/\/www.abf.se\/distriktet-i-vastsverige\/#website\",\"url\":\"https:\/\/www.abf.se\/distriktet-i-vastsverige\/\",\"name\":\"Distriktet i V\u00e4stsverige\",\"description\":\"\",\"potentialAction\":[{\"@type\":\"SearchAction\",\"target\":{\"@type\":\"EntryPoint\",\"urlTemplate\":\"https:\/\/www.abf.se\/distriktet-i-vastsverige\/?s={search_term_string}\"},\"query-input\":{\"@type\":\"PropertyValueSpecification\",\"valueRequired\":true,\"valueName\":\"search_term_string\"}}],\"inLanguage\":\"sv-SE\"}]}<\/script>\n<!-- \/ Yoast SEO plugin. -->","yoast_head_json":{"title":"Lediga tj\u00e4nster - Distriktet i V\u00e4stsverige","robots":{"index":"index","follow":"follow","max-snippet":"max-snippet:-1","max-image-preview":"max-image-preview:large","max-video-preview":"max-video-preview:-1"},"canonical":"https:\/\/www.abf.se\/distriktet-i-vastsverige\/lediga-tjanster\/","og_locale":"sv_SE","og_type":"article","og_title":"Lediga tj\u00e4nster - Distriktet i V\u00e4stsverige","og_url":"https:\/\/www.abf.se\/distriktet-i-vastsverige\/lediga-tjanster\/","og_site_name":"Distriktet i V\u00e4stsverige","article_modified_time":"2025-11-26T12:50:34+00:00","og_image":[{"width":2560,"height":1440,"url":"https:\/\/www.abf.se\/wp-content\/uploads\/sites\/59\/2024\/04\/Bokalskaren-liggande-scaled.jpg","type":"image\/jpeg"}],"twitter_card":"summary_large_image","schema":{"@context":"https:\/\/schema.org","@graph":[{"@type":"WebPage","@id":"https:\/\/www.abf.se\/distriktet-i-vastsverige\/lediga-tjanster\/","url":"https:\/\/www.abf.se\/distriktet-i-vastsverige\/lediga-tjanster\/","name":"Lediga tj\u00e4nster - Distriktet i V\u00e4stsverige","isPartOf":{"@id":"https:\/\/www.abf.se\/distriktet-i-vastsverige\/#website"},"datePublished":"2024-04-15T14:21:49+00:00","dateModified":"2025-11-26T12:50:34+00:00","breadcrumb":{"@id":"https:\/\/www.abf.se\/distriktet-i-vastsverige\/lediga-tjanster\/#breadcrumb"},"inLanguage":"sv-SE","potentialAction":[{"@type":"ReadAction","target":["https:\/\/www.abf.se\/distriktet-i-vastsverige\/lediga-tjanster\/"]}]},{"@type":"BreadcrumbList","@id":"https:\/\/www.abf.se\/distriktet-i-vastsverige\/lediga-tjanster\/#breadcrumb","itemListElement":[{"@type":"ListItem","position":1,"name":"Home","item":"https:\/\/www.abf.se\/distriktet-i-vastsverige\/"},{"@type":"ListItem","position":2,"name":"Lediga tj\u00e4nster"}]},{"@type":"WebSite","@id":"https:\/\/www.abf.se\/distriktet-i-vastsverige\/#website","url":"https:\/\/www.abf.se\/distriktet-i-vastsverige\/","name":"Distriktet i V\u00e4stsverige","description":"","potentialAction":[{"@type":"SearchAction","target":{"@type":"EntryPoint","urlTemplate":"https:\/\/www.abf.se\/distriktet-i-vastsverige\/?s={search_term_string}"},"query-input":{"@type":"PropertyValueSpecification","valueRequired":true,"valueName":"search_term_string"}}],"inLanguage":"sv-SE"}]}},"_links":{"self":[{"href":"https:\/\/www.abf.se\/distriktet-i-vastsverige\/wp-json\/wp\/v2\/pages\/282","targetHints":{"allow":["GET"]}}],"collection":[{"href":"https:\/\/www.abf.se\/distriktet-i-vastsverige\/wp-json\/wp\/v2\/pages"}],"about":[{"href":"https:\/\/www.abf.se\/distriktet-i-vastsverige\/wp-json\/wp\/v2\/types\/page"}],"author":[{"embeddable":true,"href":"https:\/\/www.abf.se\/distriktet-i-vastsverige\/wp-json\/wp\/v2\/users\/73"}],"replies":[{"embeddable":true,"href":"https:\/\/www.abf.se\/distriktet-i-vastsverige\/wp-json\/wp\/v2\/comments?post=282"}],"version-history":[{"count":41,"href":"https:\/\/www.abf.se\/distriktet-i-vastsverige\/wp-json\/wp\/v2\/pages\/282\/revisions"}],"predecessor-version":[{"id":548,"href":"https:\/\/www.abf.se\/distriktet-i-vastsverige\/wp-json\/wp\/v2\/pages\/282\/revisions\/548"}],"wp:attachment":[{"href":"https:\/\/www.abf.se\/distriktet-i-vastsverige\/wp-json\/wp\/v2\/media?parent=282"}],"curies":[{"name":"wp","href":"https:\/\/api.w.org\/{rel}","templated":true}]}}