{"id":120,"date":"2024-03-12T10:17:14","date_gmt":"2024-03-12T09:17:14","guid":{"rendered":"https:\/\/www.abf.se\/fyrbodal\/?page_id=120"},"modified":"2025-12-17T10:32:25","modified_gmt":"2025-12-17T09:32:25","slug":"om-oss","status":"publish","type":"page","link":"https:\/\/www.abf.se\/fyrbodal\/om-oss\/","title":{"rendered":"Om oss"},"content":{"rendered":"<div\n    class=\"acf-hero-block container-lg no-padding mb-12 js-geolocation\"\n    data-block=\"hero-block\"\n    data-index=\"0\"\n>\n    <div class=\"h-[548px]  relative rounded-[32px] overflow-hidden flex bg-gray-light\">\n        <div class=\"relative z-10 mt-auto h-auto w-full md:h-full\">\n            <div class=\"flex w-full h-full flex-col flex-wrap justify-end w-full md:w-7\/12 lg:w-1\/2 md:justify-center\">\n                <div class=\"flex flex-col gap-3 md:gap-[18px] md:transparent pt-16 pb-36 md:py-8 px-4 w-full md:max-w-[620px] mx-auto px-8\">\n\n                    <h1 class=\"hero-heading\"><span>Om ABF FyrBoDal<\/span><\/h1>\n\n                    \n                                    <\/div>\n            <\/div>\n        <\/div>\n\n        \n\n                    <figure class=\"absolute bottom-0  md:w-1\/2 transform right-0 translate-x-10 md:translate-x-32\">\n                <img decoding=\"async\"\n                    alt=\"\"\n                    aria-hidden=\"true\"\n                    class=\"h-auto w-full\"\n                    role=\"presentation\"\n                    src=\"\/assets\/images\/two_circles_bottom.svg\"\n                >\n            <\/figure>\n            <\/div>\n\n    <\/div>\n\n<div\n    class=\"acf-article-text-block article-container my-12\"\n    data-block=\"article-text-block\"\n>\n    <div class=\"wysiwyg\">\n        <h2>ABF FyrBoDal \u00e4r en av ABFs (Arbetarnas Bildningsf\u00f6rbund) drygt 50 avdelningar i Sverige. I v\u00e5r avdelning ing\u00e5r 17 kommuner som str\u00e4cker sig fr\u00e5n Str\u00f6mstad och \u00c5m\u00e5l i norr till Alings\u00e5s i s\u00f6der. I varje kommun har vi en m\u00f6tesplats (se M\u00f6tesplatser) som \u00e4r en arena f\u00f6r studiecirklar, kulturarrangemang, uppdrag och projekt.<\/h2>\n<h3>Vi \u00e4r en ideell f\u00f6rening som v\u00e5ra medlemsorganisationer kan p\u00e5verka genom att f\u00f6reningsrepresentanter ing\u00e5r i v\u00e5r styrelse och via \u00e5rsm\u00f6tet genom r\u00f6stning.<\/h3>\n<p><strong>V\u00e5ra medlemsorganisationer<\/strong><\/p>\n<p>Vi har ca 300 medlemsorganisationer som vi har ett kreativt och utvecklande samarbete med (se Medlem).<\/p>\n<p><strong>Studiecirkeln<\/strong><\/p>\n<p>Studiecirkeln \u00e4r hj\u00e4rtat i folkbildningen oavsett om den genomf\u00f6rs i f\u00f6reningslivet, uppdrag, projekt, hos fria grupper, eller \u00f6ppna torget mot allm\u00e4nheten. Den bygger p\u00e5 ett gemensamt l\u00e4rande d\u00e4r delaktighet \u00e4r en sj\u00e4lvklarhet. Det g\u00e4ller oavsett om studiecirkeln genomf\u00f6rs med en ledare med specialkompetens inom ett omr\u00e5de eller om en deltagare i en studiecirkel tar ledarrollen.<\/p>\n<p><strong>Utbildning av ledare<\/strong><\/p>\n<p>Vi utbildar kontinuerligt v\u00e5ra cirkelledare f\u00f6r att s\u00e4kerst\u00e4lla att de \u00e4r trygga i sin roll och f\u00e5r den kompetensutveckling de beh\u00f6ver f\u00f6r att genomf\u00f6ra cirklar med kvalitet.<\/p>\n<p><strong>Samarbeten\u00a0<\/strong><\/p>\n<p>Vi arbetar st\u00e4ndigt med att skapa arenor och m\u00f6jligheter f\u00f6r m\u00e4nniskor att m\u00f6tas, utveckla sitt intresse och st\u00e4rkas mot arbetsmarknaden. Det g\u00e4ller m\u00e5nga g\u00e5nger att skapa m\u00f6jligheter genom okonventionella l\u00f6sningar. Tillsammans med v\u00e5ra samarbetspartner kommuner, myndigheter och f\u00f6reningar utvecklar vi id\u00e9er f\u00f6r att skapa ett h\u00e5llbart samh\u00e4lle d\u00e4r m\u00e4nniskor trivs, utvecklas och k\u00e4nner en gemenskap.<\/p>\n<p><strong>V\u00e5ra 5 k\u00e4nnetecken<\/strong><\/p>\n<p>All verksamhet genomf\u00f6rs med <strong>folkbildning<\/strong> som metod.<strong> Kvalitet<\/strong> \u00e4r nyckelord i v\u00e5r v\u00e5r verksamhet och vi uppgraderar st\u00e4ndigt v\u00e5ra kvalitetss\u00e4kringsmetoder. Vi \u00e4r en <strong>pedagogisk resurs<\/strong> och erbjuder kompetensutveckling till ledare och f\u00f6reningslivet. I dialog med f\u00f6reningar, fria grupper, kommuner m.fl. arbetar vi med <strong>id\u00e9utveckling<\/strong> som syftar till att st\u00e4rka folkr\u00f6relserna och motverka klassamh\u00e4llet. Vi vill vara en tydlig, kreativ, och stabil <strong>samarbetspartner<\/strong> f\u00f6r individer, fria grupper, f\u00f6reningar, kommuner och myndigheter.<\/p>\n<p><strong>&#8221;Vi vill genom folkbildning vara en utmanande f\u00f6r\u00e4ndringskraft i samh\u00e4llet.&#8221;<\/strong><\/p>\n\n    <\/div>\n<\/div>\n","protected":false},"excerpt":{"rendered":"","protected":false},"author":118,"featured_media":0,"parent":0,"menu_order":0,"comment_status":"closed","ping_status":"closed","template":"","meta":{"_acf_changed":false,"footnotes":""},"class_list":["post-120","page","type-page","status-publish","hentry"],"acf":[],"yoast_head":"<!-- This site is optimized with the Yoast SEO plugin v27.0 - https:\/\/yoast.com\/product\/yoast-seo-wordpress\/ -->\n<title>Om oss - FyrBoDal<\/title>\n<meta name=\"robots\" content=\"index, follow, max-snippet:-1, max-image-preview:large, max-video-preview:-1\" \/>\n<link rel=\"canonical\" href=\"https:\/\/www.abf.se\/fyrbodal\/om-oss\/\" \/>\n<meta property=\"og:locale\" content=\"sv_SE\" \/>\n<meta property=\"og:type\" content=\"article\" \/>\n<meta property=\"og:title\" content=\"Om oss - FyrBoDal\" \/>\n<meta property=\"og:url\" content=\"https:\/\/www.abf.se\/fyrbodal\/om-oss\/\" \/>\n<meta property=\"og:site_name\" content=\"FyrBoDal\" \/>\n<meta property=\"article:modified_time\" content=\"2025-12-17T09:32:25+00:00\" \/>\n<meta property=\"og:image\" content=\"https:\/\/www.abf.se\/wp-content\/uploads\/sites\/18\/2024\/04\/Nyckeln-liggande-scaled.jpg\" \/>\n\t<meta property=\"og:image:width\" content=\"2560\" \/>\n\t<meta property=\"og:image:height\" content=\"1440\" \/>\n\t<meta property=\"og:image:type\" content=\"image\/jpeg\" \/>\n<meta name=\"twitter:card\" content=\"summary_large_image\" \/>\n<script type=\"application\/ld+json\" class=\"yoast-schema-graph\">{\"@context\":\"https:\/\/schema.org\",\"@graph\":[{\"@type\":\"WebPage\",\"@id\":\"https:\/\/www.abf.se\/fyrbodal\/om-oss\/\",\"url\":\"https:\/\/www.abf.se\/fyrbodal\/om-oss\/\",\"name\":\"Om oss - FyrBoDal\",\"isPartOf\":{\"@id\":\"https:\/\/www.abf.se\/fyrbodal\/#website\"},\"datePublished\":\"2024-03-12T09:17:14+00:00\",\"dateModified\":\"2025-12-17T09:32:25+00:00\",\"breadcrumb\":{\"@id\":\"https:\/\/www.abf.se\/fyrbodal\/om-oss\/#breadcrumb\"},\"inLanguage\":\"sv-SE\",\"potentialAction\":[{\"@type\":\"ReadAction\",\"target\":[\"https:\/\/www.abf.se\/fyrbodal\/om-oss\/\"]}]},{\"@type\":\"BreadcrumbList\",\"@id\":\"https:\/\/www.abf.se\/fyrbodal\/om-oss\/#breadcrumb\",\"itemListElement\":[{\"@type\":\"ListItem\",\"position\":1,\"name\":\"Home\",\"item\":\"https:\/\/www.abf.se\/fyrbodal\/\"},{\"@type\":\"ListItem\",\"position\":2,\"name\":\"Om oss\"}]},{\"@type\":\"WebSite\",\"@id\":\"https:\/\/www.abf.se\/fyrbodal\/#website\",\"url\":\"https:\/\/www.abf.se\/fyrbodal\/\",\"name\":\"FyrBoDal\",\"description\":\"\",\"potentialAction\":[{\"@type\":\"SearchAction\",\"target\":{\"@type\":\"EntryPoint\",\"urlTemplate\":\"https:\/\/www.abf.se\/fyrbodal\/?s={search_term_string}\"},\"query-input\":{\"@type\":\"PropertyValueSpecification\",\"valueRequired\":true,\"valueName\":\"search_term_string\"}}],\"inLanguage\":\"sv-SE\"}]}<\/script>\n<!-- \/ Yoast SEO plugin. -->","yoast_head_json":{"title":"Om oss - FyrBoDal","robots":{"index":"index","follow":"follow","max-snippet":"max-snippet:-1","max-image-preview":"max-image-preview:large","max-video-preview":"max-video-preview:-1"},"canonical":"https:\/\/www.abf.se\/fyrbodal\/om-oss\/","og_locale":"sv_SE","og_type":"article","og_title":"Om oss - FyrBoDal","og_url":"https:\/\/www.abf.se\/fyrbodal\/om-oss\/","og_site_name":"FyrBoDal","article_modified_time":"2025-12-17T09:32:25+00:00","og_image":[{"width":2560,"height":1440,"url":"https:\/\/www.abf.se\/wp-content\/uploads\/sites\/18\/2024\/04\/Nyckeln-liggande-scaled.jpg","type":"image\/jpeg"}],"twitter_card":"summary_large_image","schema":{"@context":"https:\/\/schema.org","@graph":[{"@type":"WebPage","@id":"https:\/\/www.abf.se\/fyrbodal\/om-oss\/","url":"https:\/\/www.abf.se\/fyrbodal\/om-oss\/","name":"Om oss - FyrBoDal","isPartOf":{"@id":"https:\/\/www.abf.se\/fyrbodal\/#website"},"datePublished":"2024-03-12T09:17:14+00:00","dateModified":"2025-12-17T09:32:25+00:00","breadcrumb":{"@id":"https:\/\/www.abf.se\/fyrbodal\/om-oss\/#breadcrumb"},"inLanguage":"sv-SE","potentialAction":[{"@type":"ReadAction","target":["https:\/\/www.abf.se\/fyrbodal\/om-oss\/"]}]},{"@type":"BreadcrumbList","@id":"https:\/\/www.abf.se\/fyrbodal\/om-oss\/#breadcrumb","itemListElement":[{"@type":"ListItem","position":1,"name":"Home","item":"https:\/\/www.abf.se\/fyrbodal\/"},{"@type":"ListItem","position":2,"name":"Om oss"}]},{"@type":"WebSite","@id":"https:\/\/www.abf.se\/fyrbodal\/#website","url":"https:\/\/www.abf.se\/fyrbodal\/","name":"FyrBoDal","description":"","potentialAction":[{"@type":"SearchAction","target":{"@type":"EntryPoint","urlTemplate":"https:\/\/www.abf.se\/fyrbodal\/?s={search_term_string}"},"query-input":{"@type":"PropertyValueSpecification","valueRequired":true,"valueName":"search_term_string"}}],"inLanguage":"sv-SE"}]}},"_links":{"self":[{"href":"https:\/\/www.abf.se\/fyrbodal\/wp-json\/wp\/v2\/pages\/120","targetHints":{"allow":["GET"]}}],"collection":[{"href":"https:\/\/www.abf.se\/fyrbodal\/wp-json\/wp\/v2\/pages"}],"about":[{"href":"https:\/\/www.abf.se\/fyrbodal\/wp-json\/wp\/v2\/types\/page"}],"author":[{"embeddable":true,"href":"https:\/\/www.abf.se\/fyrbodal\/wp-json\/wp\/v2\/users\/118"}],"replies":[{"embeddable":true,"href":"https:\/\/www.abf.se\/fyrbodal\/wp-json\/wp\/v2\/comments?post=120"}],"version-history":[{"count":3,"href":"https:\/\/www.abf.se\/fyrbodal\/wp-json\/wp\/v2\/pages\/120\/revisions"}],"predecessor-version":[{"id":825,"href":"https:\/\/www.abf.se\/fyrbodal\/wp-json\/wp\/v2\/pages\/120\/revisions\/825"}],"wp:attachment":[{"href":"https:\/\/www.abf.se\/fyrbodal\/wp-json\/wp\/v2\/media?parent=120"}],"curies":[{"name":"wp","href":"https:\/\/api.w.org\/{rel}","templated":true}]}}

<div
    class="acf-hero-block container-lg no-padding mb-12 js-geolocation"
    data-block="hero-block"
    data-index="0"
>
    <div class="h-[548px]  relative rounded-[32px] overflow-hidden flex bg-gray-light">
        <div class="relative z-10 mt-auto h-auto w-full md:h-full">
            <div class="flex w-full h-full flex-col flex-wrap justify-end w-full md:w-7/12 lg:w-1/2 md:justify-center">
                <div class="flex flex-col gap-3 md:gap-[18px] md:transparent pt-16 pb-36 md:py-8 px-4 w-full md:max-w-[620px] mx-auto px-8">

                    <h1 class="hero-heading"><span>Om ABF FyrBoDal</span></h1>

                    
                                    </div>
            </div>
        </div>

        

                    <figure class="absolute bottom-0  md:w-1/2 transform right-0 translate-x-10 md:translate-x-32">
                <img decoding="async"
                    alt=""
                    aria-hidden="true"
                    class="h-auto w-full"
                    role="presentation"
                    src="/assets/images/two_circles_bottom.svg"
                >
            </figure>
            </div>

    </div>

<div
    class="acf-article-text-block article-container my-12"
    data-block="article-text-block"
>
    <div class="wysiwyg">
        <h2>ABF FyrBoDal är en av ABFs (Arbetarnas Bildningsförbund) drygt 50 avdelningar i Sverige. I vår avdelning ingår 17 kommuner som sträcker sig från Strömstad och Åmål i norr till Alingsås i söder. I varje kommun har vi en mötesplats (se Mötesplatser) som är en arena för studiecirklar, kulturarrangemang, uppdrag och projekt.</h2>
<h3>Vi är en ideell förening som våra medlemsorganisationer kan påverka genom att föreningsrepresentanter ingår i vår styrelse och via årsmötet genom röstning.</h3>
<p><strong>Våra medlemsorganisationer</strong></p>
<p>Vi har ca 300 medlemsorganisationer som vi har ett kreativt och utvecklande samarbete med (se Medlem).</p>
<p><strong>Studiecirkeln</strong></p>
<p>Studiecirkeln är hjärtat i folkbildningen oavsett om den genomförs i föreningslivet, uppdrag, projekt, hos fria grupper, eller öppna torget mot allmänheten. Den bygger på ett gemensamt lärande där delaktighet är en självklarhet. Det gäller oavsett om studiecirkeln genomförs med en ledare med specialkompetens inom ett område eller om en deltagare i en studiecirkel tar ledarrollen.</p>
<p><strong>Utbildning av ledare</strong></p>
<p>Vi utbildar kontinuerligt våra cirkelledare för att säkerställa att de är trygga i sin roll och får den kompetensutveckling de behöver för att genomföra cirklar med kvalitet.</p>
<p><strong>Samarbeten </strong></p>
<p>Vi arbetar ständigt med att skapa arenor och möjligheter för människor att mötas, utveckla sitt intresse och stärkas mot arbetsmarknaden. Det gäller många gånger att skapa möjligheter genom okonventionella lösningar. Tillsammans med våra samarbetspartner kommuner, myndigheter och föreningar utvecklar vi idéer för att skapa ett hållbart samhälle där människor trivs, utvecklas och känner en gemenskap.</p>
<p><strong>Våra 5 kännetecken</strong></p>
<p>All verksamhet genomförs med <strong>folkbildning</strong> som metod.<strong> Kvalitet</strong> är nyckelord i vår vår verksamhet och vi uppgraderar ständigt våra kvalitetssäkringsmetoder. Vi är en <strong>pedagogisk resurs</strong> och erbjuder kompetensutveckling till ledare och föreningslivet. I dialog med föreningar, fria grupper, kommuner m.fl. arbetar vi med <strong>idéutveckling</strong> som syftar till att stärka folkrörelserna och motverka klassamhället. Vi vill vara en tydlig, kreativ, och stabil <strong>samarbetspartner</strong> för individer, fria grupper, föreningar, kommuner och myndigheter.</p>
<p><strong>&#8221;Vi vill genom folkbildning vara en utmanande förändringskraft i samhället.&#8221;</strong></p>

    </div>
</div>
