{"id":1599,"date":"2025-05-26T12:16:38","date_gmt":"2025-05-26T10:16:38","guid":{"rendered":"https:\/\/www.abf.se\/gastrikebygden\/?page_id=1599"},"modified":"2025-05-26T15:29:35","modified_gmt":"2025-05-26T13:29:35","slug":"ar-cirkelledare","status":"publish","type":"page","link":"https:\/\/www.abf.se\/gastrikland\/cirkelledare\/ar-cirkelledare\/","title":{"rendered":"\u00c4r cirkelledare"},"content":{"rendered":"<div\n    class=\"acf-hero-block container-lg no-padding mb-12 js-geolocation\"\n    data-block=\"hero-block\"\n    data-index=\"0\"\n>\n    <div class=\"h-[548px]  relative rounded-[32px] overflow-hidden flex bg-gray-light\">\n        <div class=\"relative z-10 mt-auto h-auto w-full md:h-full\">\n            <div class=\"flex w-full h-full flex-col flex-wrap justify-end w-full md:w-7\/12 lg:w-1\/2 md:justify-center\">\n                <div class=\"flex flex-col gap-3 md:gap-[18px] md:transparent pt-16 pb-36 md:py-8 px-4 w-full md:max-w-[620px] mx-auto px-8\">\n\n                    <h1 class=\"hero-heading hero-heading--red-text\"><span>Cirkelledare i ABF G\u00e4strikland<\/span><\/h1>\n\n                                            <p class=\"mt-4 max-w-[48ch] text-red\">\n                            H\u00e4r kan du som \u00e4r cirkelledare i ABF G\u00e4strikland l\u00e4sa mer om din roll, hitta kontaktuppgifter och l\u00e4nk till E-tj\u00e4nsten.\n                        <\/p>\n                    \n                                    <\/div>\n            <\/div>\n        <\/div>\n\n        \n\n                    <figure class=\"absolute bottom-0  md:w-1\/2 transform right-0 translate-x-10 md:translate-x-32\">\n                <img decoding=\"async\"\n                    alt=\"\"\n                    aria-hidden=\"true\"\n                    class=\"h-auto w-full\"\n                    role=\"presentation\"\n                    src=\"\/assets\/images\/two_circles_bottom.svg\"\n                >\n            <\/figure>\n            <\/div>\n\n    <\/div>\n\n<div\n    class=\"acf-plain-heading-block container my-16\"\n    data-block=\"plain-heading-block\"\n>\n    <div class=\"max-w-[658px] mx-auto\">\n                <h1 class=\"hero-heading\"><span>F\u00f6r dig som \u00e4r cirkelledare i ABF G\u00e4strikland<\/span><\/h1>\n                    <\/div>\n<\/div>\n<div\n    class=\"acf-article-text-block article-container my-12\"\n    data-block=\"article-text-block\"\n>\n    <div class=\"wysiwyg\">\n        <p>Som cirkelledare \u00e4r du en viktig kugge i det st\u00e4ndigt p\u00e5g\u00e5ende folkbildningsarbetet hos ABF. Folkbildningen \u00e4r ett s\u00e4tt att g\u00f6ra kunskap tillg\u00e4nglig f\u00f6r alla m\u00e4nniskor i v\u00e5rt samh\u00e4lle och \u00e4r en viktig del av cirkelledarrollen.<\/p>\n<ul>\n<li><a href=\"https:\/\/www.abf.se\/gastrikebygden\/cirkelledare-hos-abf-gastrikland\/\">L\u00e4s mer om din roll, ABF\u00b4s v\u00e4rdegrund, utbildningar och regler f\u00f6r rapportering. \u2192<\/a><\/li>\n<li><a href=\"https:\/\/www.abf.se\/gastrikebygden\/rapportera-narvaro-i-e-tjansten\/\" target=\"_blank\" rel=\"noopener\">Rapportera n\u00e4rvaro i e-tj\u00e4nsten. \u2192<\/a><\/li>\n<li><a href=\"https:\/\/www.abf.se\/wp-content\/uploads\/sites\/25\/2024\/10\/verktygslada-for-cirkelledare-1-1.pdf\" target=\"_blank\" rel=\"noopener\">Verktygsl\u00e5da f\u00f6r cirkelledare \u2192<\/a><\/li>\n<\/ul>\n\n    <\/div>\n<\/div>\n<ul\n    class=\"acf-article-accordion-block accordion-group grid gap-4 my-12 article-container\"\n    data-block=\"article-accordion-block \"\n    data-ui-accordion-group\n>\n\n            <li class=\"accordion\" data-ui-accordion data-ui-accordion-open=\"false\">\n        <h3>\n        <button data-ui-accordion-button class=\"accordion-toggle font-bold\" aria-expanded=\"false\" aria-controls=\"row-forledare\/artistermedarvode-0\" id=\"forledare\/artistermedarvode-0\">\n            F\u00f6r ledare\/artister med arvode\n            \n            <figure class=\"w-4.5 h-4.5\" aria-hidden=\"true\">\n            <svg width=\"20\" height=\"20\" viewBox=\"0 0 20 20\" fill=\"none\"\nclass=\"SvgIconElement\">\n<path d=\"M15.8333 7.16667L9.99992 13L4.16659 7.16667\" stroke=\"currentColor\"\/>\n<\/svg>\n            <\/figure>\n        <\/button>\n        \n                <\/h3>\n        <div class=\"accordion-content\">\n            <div id=\"row-forledare\/artistermedarvode-0\" role=\"region\" class=\"accordion-content-wrap\" aria-labelledby=\"forledare\/artistermedarvode-0\">\n                                            <div class=\"wysiwyg\">\n                    <p><a href=\"https:\/\/www.nordea.se\/privat\/produkter\/konton-betalningar\/anmal-konto.html\">Anm\u00e4l ditt konto till Nordea<\/a><\/p>\n\n                <\/div>\n                                        <\/div>\n        <\/div>\n    <\/li>\n    <\/ul>\n<div\n    class=\"acf-text-image-block container my-12 md:my-15\"\n    data-block=\"text-image-block\"\n>\n    <div\n    class=\"flex flex-col items-center md:flex-row gap-8 md:gap-0 justify-center\">\n        \n        <div class=\"w-full md:w-1\/2 md:order-1\">\n        <div class=\"mx-auto md:max-w-[368px]\">\n            <h2 class=\"heading-lg\">Cirkelledarutbildning och cirkelledartr\u00e4ffar<\/h2>\n            <div class=\"mb-6 mt-4 wysiwyg\">\n                <p>Vi kompetensutvecklar dig som cirkelledare hos ABF G\u00e4strikland. Du f\u00e5r ocks\u00e5 ta del av v\u00e5ra cirkelledartr\u00e4ffar d\u00e4r du f\u00e5r tr\u00e4ffa likasinnade.<\/p>\n<h3>Grund<\/h3>\n<p>ABFs cirkelledarutbildning GRUND \u00e4r det f\u00f6rsta steget i v\u00e5r utbildningstrappa. Vi vill med utbildningen skapa ett intresse och en f\u00f6rst\u00e5else f\u00f6r vad ABF och folkbildning egentligen \u00e4r. H\u00e4r f\u00e5r du mer kunskap om folkbildning, studiecirkelpedagogik med mera.<\/p>\n<p>Kontakta oss p\u00e5 ABF G\u00e4strikland f\u00f6r information om aktuella utbildningar, eller h\u00e5ll koll h\u00e4r p\u00e5 hemsidan.<\/p>\n<h3>Forts\u00e4ttning<\/h3>\n<p>N\u00e4r du har g\u00e5tt GRUND finns m\u00f6jlighet att g\u00e5 forts\u00e4ttnings- och f\u00f6rdjupningsutbildningar. Vi mailar l\u00f6pande ut n\u00e4r utbildningar finns tillg\u00e4ngliga, men h\u00e5ll g\u00e4rna utkik p\u00e5 hemsidan.<\/p>\n<div class=\"mb-6 mt-4 wysiwyg\">\n<p>Mejla till oss: <a href=\"mailto:info.gastrikland@abf.se\">info.gastrikland@abf.se<\/a><br \/>\nRing till v\u00e4xeln:\u00a0<a href=\"tel:+4626129075\">026-12 90 75<\/a><\/p>\n<\/div>\n\n            <\/div>\n                    <\/div>\n        <\/div>\n    <\/div>\n<\/div>","protected":false},"excerpt":{"rendered":"","protected":false},"author":123,"featured_media":0,"parent":626,"menu_order":0,"comment_status":"closed","ping_status":"closed","template":"","meta":{"_acf_changed":false,"footnotes":""},"class_list":["post-1599","page","type-page","status-publish","hentry"],"acf":[],"yoast_head":"<!-- This site is optimized with the Yoast SEO plugin v27.0 - https:\/\/yoast.com\/product\/yoast-seo-wordpress\/ -->\n<title>\u00c4r cirkelledare - G\u00e4strikland<\/title>\n<meta name=\"robots\" content=\"index, follow, max-snippet:-1, max-image-preview:large, max-video-preview:-1\" \/>\n<link rel=\"canonical\" href=\"https:\/\/www.abf.se\/gastrikland\/cirkelledare\/ar-cirkelledare\/\" \/>\n<meta property=\"og:locale\" content=\"sv_SE\" \/>\n<meta property=\"og:type\" content=\"article\" \/>\n<meta property=\"og:title\" content=\"\u00c4r cirkelledare - G\u00e4strikland\" \/>\n<meta property=\"og:url\" content=\"https:\/\/www.abf.se\/gastrikland\/cirkelledare\/ar-cirkelledare\/\" \/>\n<meta property=\"og:site_name\" content=\"G\u00e4strikland\" \/>\n<meta property=\"article:modified_time\" content=\"2025-05-26T13:29:35+00:00\" \/>\n<meta property=\"og:image\" content=\"https:\/\/www.abf.se\/wp-content\/uploads\/sites\/20\/2024\/04\/Nyckeln-liggande-scaled.jpg\" \/>\n\t<meta property=\"og:image:width\" content=\"2560\" \/>\n\t<meta property=\"og:image:height\" content=\"1440\" \/>\n\t<meta property=\"og:image:type\" content=\"image\/jpeg\" \/>\n<meta name=\"twitter:card\" content=\"summary_large_image\" \/>\n<script type=\"application\/ld+json\" class=\"yoast-schema-graph\">{\"@context\":\"https:\/\/schema.org\",\"@graph\":[{\"@type\":\"WebPage\",\"@id\":\"https:\/\/www.abf.se\/gastrikland\/cirkelledare\/ar-cirkelledare\/\",\"url\":\"https:\/\/www.abf.se\/gastrikland\/cirkelledare\/ar-cirkelledare\/\",\"name\":\"\u00c4r cirkelledare - G\u00e4strikland\",\"isPartOf\":{\"@id\":\"https:\/\/www.abf.se\/gastrikland\/#website\"},\"datePublished\":\"2025-05-26T10:16:38+00:00\",\"dateModified\":\"2025-05-26T13:29:35+00:00\",\"breadcrumb\":{\"@id\":\"https:\/\/www.abf.se\/gastrikland\/cirkelledare\/ar-cirkelledare\/#breadcrumb\"},\"inLanguage\":\"sv-SE\",\"potentialAction\":[{\"@type\":\"ReadAction\",\"target\":[\"https:\/\/www.abf.se\/gastrikland\/cirkelledare\/ar-cirkelledare\/\"]}]},{\"@type\":\"BreadcrumbList\",\"@id\":\"https:\/\/www.abf.se\/gastrikland\/cirkelledare\/ar-cirkelledare\/#breadcrumb\",\"itemListElement\":[{\"@type\":\"ListItem\",\"position\":1,\"name\":\"Home\",\"item\":\"https:\/\/www.abf.se\/gastrikland\/\"},{\"@type\":\"ListItem\",\"position\":2,\"name\":\"Cirkelledare\",\"item\":\"https:\/\/www.abf.se\/gastrikland\/cirkelledare\/\"},{\"@type\":\"ListItem\",\"position\":3,\"name\":\"\u00c4r cirkelledare\"}]},{\"@type\":\"WebSite\",\"@id\":\"https:\/\/www.abf.se\/gastrikland\/#website\",\"url\":\"https:\/\/www.abf.se\/gastrikland\/\",\"name\":\"G\u00e4strikland\",\"description\":\"\",\"potentialAction\":[{\"@type\":\"SearchAction\",\"target\":{\"@type\":\"EntryPoint\",\"urlTemplate\":\"https:\/\/www.abf.se\/gastrikland\/?s={search_term_string}\"},\"query-input\":{\"@type\":\"PropertyValueSpecification\",\"valueRequired\":true,\"valueName\":\"search_term_string\"}}],\"inLanguage\":\"sv-SE\"}]}<\/script>\n<!-- \/ Yoast SEO plugin. -->","yoast_head_json":{"title":"\u00c4r cirkelledare - G\u00e4strikland","robots":{"index":"index","follow":"follow","max-snippet":"max-snippet:-1","max-image-preview":"max-image-preview:large","max-video-preview":"max-video-preview:-1"},"canonical":"https:\/\/www.abf.se\/gastrikland\/cirkelledare\/ar-cirkelledare\/","og_locale":"sv_SE","og_type":"article","og_title":"\u00c4r cirkelledare - G\u00e4strikland","og_url":"https:\/\/www.abf.se\/gastrikland\/cirkelledare\/ar-cirkelledare\/","og_site_name":"G\u00e4strikland","article_modified_time":"2025-05-26T13:29:35+00:00","og_image":[{"width":2560,"height":1440,"url":"https:\/\/www.abf.se\/wp-content\/uploads\/sites\/20\/2024\/04\/Nyckeln-liggande-scaled.jpg","type":"image\/jpeg"}],"twitter_card":"summary_large_image","schema":{"@context":"https:\/\/schema.org","@graph":[{"@type":"WebPage","@id":"https:\/\/www.abf.se\/gastrikland\/cirkelledare\/ar-cirkelledare\/","url":"https:\/\/www.abf.se\/gastrikland\/cirkelledare\/ar-cirkelledare\/","name":"\u00c4r cirkelledare - G\u00e4strikland","isPartOf":{"@id":"https:\/\/www.abf.se\/gastrikland\/#website"},"datePublished":"2025-05-26T10:16:38+00:00","dateModified":"2025-05-26T13:29:35+00:00","breadcrumb":{"@id":"https:\/\/www.abf.se\/gastrikland\/cirkelledare\/ar-cirkelledare\/#breadcrumb"},"inLanguage":"sv-SE","potentialAction":[{"@type":"ReadAction","target":["https:\/\/www.abf.se\/gastrikland\/cirkelledare\/ar-cirkelledare\/"]}]},{"@type":"BreadcrumbList","@id":"https:\/\/www.abf.se\/gastrikland\/cirkelledare\/ar-cirkelledare\/#breadcrumb","itemListElement":[{"@type":"ListItem","position":1,"name":"Home","item":"https:\/\/www.abf.se\/gastrikland\/"},{"@type":"ListItem","position":2,"name":"Cirkelledare","item":"https:\/\/www.abf.se\/gastrikland\/cirkelledare\/"},{"@type":"ListItem","position":3,"name":"\u00c4r cirkelledare"}]},{"@type":"WebSite","@id":"https:\/\/www.abf.se\/gastrikland\/#website","url":"https:\/\/www.abf.se\/gastrikland\/","name":"G\u00e4strikland","description":"","potentialAction":[{"@type":"SearchAction","target":{"@type":"EntryPoint","urlTemplate":"https:\/\/www.abf.se\/gastrikland\/?s={search_term_string}"},"query-input":{"@type":"PropertyValueSpecification","valueRequired":true,"valueName":"search_term_string"}}],"inLanguage":"sv-SE"}]}},"_links":{"self":[{"href":"https:\/\/www.abf.se\/gastrikland\/wp-json\/wp\/v2\/pages\/1599","targetHints":{"allow":["GET"]}}],"collection":[{"href":"https:\/\/www.abf.se\/gastrikland\/wp-json\/wp\/v2\/pages"}],"about":[{"href":"https:\/\/www.abf.se\/gastrikland\/wp-json\/wp\/v2\/types\/page"}],"author":[{"embeddable":true,"href":"https:\/\/www.abf.se\/gastrikland\/wp-json\/wp\/v2\/users\/123"}],"replies":[{"embeddable":true,"href":"https:\/\/www.abf.se\/gastrikland\/wp-json\/wp\/v2\/comments?post=1599"}],"version-history":[{"count":8,"href":"https:\/\/www.abf.se\/gastrikland\/wp-json\/wp\/v2\/pages\/1599\/revisions"}],"predecessor-version":[{"id":1681,"href":"https:\/\/www.abf.se\/gastrikland\/wp-json\/wp\/v2\/pages\/1599\/revisions\/1681"}],"up":[{"embeddable":true,"href":"https:\/\/www.abf.se\/gastrikland\/wp-json\/wp\/v2\/pages\/626"}],"wp:attachment":[{"href":"https:\/\/www.abf.se\/gastrikland\/wp-json\/wp\/v2\/media?parent=1599"}],"curies":[{"name":"wp","href":"https:\/\/api.w.org\/{rel}","templated":true}]}}

Är cirkelledare

<div
    class="acf-hero-block container-lg no-padding mb-12 js-geolocation"
    data-block="hero-block"
    data-index="0"
>
    <div class="h-[548px]  relative rounded-[32px] overflow-hidden flex bg-gray-light">
        <div class="relative z-10 mt-auto h-auto w-full md:h-full">
            <div class="flex w-full h-full flex-col flex-wrap justify-end w-full md:w-7/12 lg:w-1/2 md:justify-center">
                <div class="flex flex-col gap-3 md:gap-[18px] md:transparent pt-16 pb-36 md:py-8 px-4 w-full md:max-w-[620px] mx-auto px-8">

                    <h1 class="hero-heading hero-heading--red-text"><span>Cirkelledare i ABF Gästrikland</span></h1>

                                            <p class="mt-4 max-w-[48ch] text-red">
                            Här kan du som är cirkelledare i ABF Gästrikland läsa mer om din roll, hitta kontaktuppgifter och länk till E-tjänsten.
                        </p>
                    
                                    </div>
            </div>
        </div>

        

                    <figure class="absolute bottom-0  md:w-1/2 transform right-0 translate-x-10 md:translate-x-32">
                <img decoding="async"
                    alt=""
                    aria-hidden="true"
                    class="h-auto w-full"
                    role="presentation"
                    src="/assets/images/two_circles_bottom.svg"
                >
            </figure>
            </div>

    </div>

<div
    class="acf-plain-heading-block container my-16"
    data-block="plain-heading-block"
>
    <div class="max-w-[658px] mx-auto">
                <h1 class="hero-heading"><span>För dig som är cirkelledare i ABF Gästrikland</span></h1>
                    </div>
</div>
<div
    class="acf-article-text-block article-container my-12"
    data-block="article-text-block"
>
    <div class="wysiwyg">
        <p>Som cirkelledare är du en viktig kugge i det ständigt pågående folkbildningsarbetet hos ABF. Folkbildningen är ett sätt att göra kunskap tillgänglig för alla människor i vårt samhälle och är en viktig del av cirkelledarrollen.</p>
<ul>
<li><a href="https://www.abf.se/gastrikebygden/cirkelledare-hos-abf-gastrikland/">Läs mer om din roll, ABF´s värdegrund, utbildningar och regler för rapportering. →</a></li>
<li><a href="https://www.abf.se/gastrikebygden/rapportera-narvaro-i-e-tjansten/" target="_blank" rel="noopener">Rapportera närvaro i e-tjänsten. →</a></li>
<li><a href="https://www.abf.se/wp-content/uploads/sites/25/2024/10/verktygslada-for-cirkelledare-1-1.pdf" target="_blank" rel="noopener">Verktygslåda för cirkelledare →</a></li>
</ul>

    </div>
</div>
<ul
    class="acf-article-accordion-block accordion-group grid gap-4 my-12 article-container"
    data-block="article-accordion-block "
    data-ui-accordion-group
>

            <li class="accordion" data-ui-accordion data-ui-accordion-open="false">
        <h3>
        <button data-ui-accordion-button class="accordion-toggle font-bold" aria-expanded="false" aria-controls="row-forledare/artistermedarvode-0" id="forledare/artistermedarvode-0">
            För ledare/artister med arvode
            
            <figure class="w-4.5 h-4.5" aria-hidden="true">
            <svg width="20" height="20" viewBox="0 0 20 20" fill="none"
class="SvgIconElement">
<path d="M15.8333 7.16667L9.99992 13L4.16659 7.16667" stroke="currentColor"/>
</svg>
            </figure>
        </button>
        
                </h3>
        <div class="accordion-content">
            <div id="row-forledare/artistermedarvode-0" role="region" class="accordion-content-wrap" aria-labelledby="forledare/artistermedarvode-0">
                                            <div class="wysiwyg">
                    <p><a href="https://www.nordea.se/privat/produkter/konton-betalningar/anmal-konto.html">Anmäl ditt konto till Nordea</a></p>

                </div>
                                        </div>
        </div>
    </li>
    </ul>
<div
    class="acf-text-image-block container my-12 md:my-15"
    data-block="text-image-block"
>
    <div
    class="flex flex-col items-center md:flex-row gap-8 md:gap-0 justify-center">
        
        <div class="w-full md:w-1/2 md:order-1">
        <div class="mx-auto md:max-w-[368px]">
            <h2 class="heading-lg">Cirkelledarutbildning och cirkelledarträffar</h2>
            <div class="mb-6 mt-4 wysiwyg">
                <p>Vi kompetensutvecklar dig som cirkelledare hos ABF Gästrikland. Du får också ta del av våra cirkelledarträffar där du får träffa likasinnade.</p>
<h3>Grund</h3>
<p>ABFs cirkelledarutbildning GRUND är det första steget i vår utbildningstrappa. Vi vill med utbildningen skapa ett intresse och en förståelse för vad ABF och folkbildning egentligen är. Här får du mer kunskap om folkbildning, studiecirkelpedagogik med mera.</p>
<p>Kontakta oss på ABF Gästrikland för information om aktuella utbildningar, eller håll koll här på hemsidan.</p>
<h3>Fortsättning</h3>
<p>När du har gått GRUND finns möjlighet att gå fortsättnings- och fördjupningsutbildningar. Vi mailar löpande ut när utbildningar finns tillgängliga, men håll gärna utkik på hemsidan.</p>
<div class="mb-6 mt-4 wysiwyg">
<p>Mejla till oss: <a href="mailto:info.gastrikland@abf.se">info.gastrikland@abf.se</a><br />
Ring till växeln: <a href="tel:+4626129075">026-12 90 75</a></p>
</div>

            </div>
                    </div>
        </div>
    </div>
</div>

<!-- This site is optimized with the Yoast SEO plugin v27.0 - https://yoast.com/product/yoast-seo-wordpress/ -->
<title>Är cirkelledare - Gästrikland</title>
<meta name="robots" content="index, follow, max-snippet:-1, max-image-preview:large, max-video-preview:-1" />
<link rel="canonical" href="https://www.abf.se/gastrikland/cirkelledare/ar-cirkelledare/" />
<meta property="og:locale" content="sv_SE" />
<meta property="og:type" content="article" />
<meta property="og:title" content="Är cirkelledare - Gästrikland" />
<meta property="og:url" content="https://www.abf.se/gastrikland/cirkelledare/ar-cirkelledare/" />
<meta property="og:site_name" content="Gästrikland" />
<meta property="article:modified_time" content="2025-05-26T13:29:35+00:00" />
<meta property="og:image" content="https://www.abf.se/wp-content/uploads/sites/20/2024/04/Nyckeln-liggande-scaled.jpg" />
	<meta property="og:image:width" content="2560" />
	<meta property="og:image:height" content="1440" />
	<meta property="og:image:type" content="image/jpeg" />
<meta name="twitter:card" content="summary_large_image" />
<script type="application/ld+json" class="yoast-schema-graph">{"@context":"https://schema.org","@graph":[{"@type":"WebPage","@id":"https://www.abf.se/gastrikland/cirkelledare/ar-cirkelledare/","url":"https://www.abf.se/gastrikland/cirkelledare/ar-cirkelledare/","name":"Är cirkelledare - Gästrikland","isPartOf":{"@id":"https://www.abf.se/gastrikland/#website"},"datePublished":"2025-05-26T10:16:38+00:00","dateModified":"2025-05-26T13:29:35+00:00","breadcrumb":{"@id":"https://www.abf.se/gastrikland/cirkelledare/ar-cirkelledare/#breadcrumb"},"inLanguage":"sv-SE","potentialAction":[{"@type":"ReadAction","target":["https://www.abf.se/gastrikland/cirkelledare/ar-cirkelledare/"]}]},{"@type":"BreadcrumbList","@id":"https://www.abf.se/gastrikland/cirkelledare/ar-cirkelledare/#breadcrumb","itemListElement":[{"@type":"ListItem","position":1,"name":"Home","item":"https://www.abf.se/gastrikland/"},{"@type":"ListItem","position":2,"name":"Cirkelledare","item":"https://www.abf.se/gastrikland/cirkelledare/"},{"@type":"ListItem","position":3,"name":"Är cirkelledare"}]},{"@type":"WebSite","@id":"https://www.abf.se/gastrikland/#website","url":"https://www.abf.se/gastrikland/","name":"Gästrikland","description":"","potentialAction":[{"@type":"SearchAction","target":{"@type":"EntryPoint","urlTemplate":"https://www.abf.se/gastrikland/?s={search_term_string}"},"query-input":{"@type":"PropertyValueSpecification","valueRequired":true,"valueName":"search_term_string"}}],"inLanguage":"sv-SE"}]}</script>
<!-- / Yoast SEO plugin. -->

Är cirkelledare - Gästrikland

Gästrikland
