{"id":578,"date":"2024-03-14T10:21:50","date_gmt":"2024-03-14T09:21:50","guid":{"rendered":"https:\/\/www.abf.se\/gastrikebygden\/?page_id=578"},"modified":"2025-03-28T12:03:18","modified_gmt":"2025-03-28T11:03:18","slug":"guide-vardskap-2","status":"publish","type":"page","link":"https:\/\/www.abf.se\/gastrikland\/vara-verksamheter-och-projekt\/guide-vardskap-2\/","title":{"rendered":"Guide &amp; V\u00e4rdskap"},"content":{"rendered":"<div\n    class=\"acf-plain-heading-block container my-16\"\n    data-block=\"plain-heading-block\"\n>\n    <div class=\"max-w-[658px] mx-auto\">\n                <h1 class=\"hero-heading\"><span>Guide &amp; V\u00e4rdskap<\/span><\/h1>\n                    <\/div>\n<\/div>\n<div\n    class=\"acf-article-image-block mb-12 article-container-lg\"\n    data-block=\"article-image-block\"\n>\n<div class=\"\">\n\n        <figure>\n        \n            <picture class=\"round-corners-lg w-full\"><img decoding=\"async\" src=\"https:\/\/www.abf.se\/gastrikland\/resized\/?url=https%3A%2F%2Fwww.abf.se%2Fwp-content%2Fuploads%2Fsites%2F20%2F2024%2F03%2Fguidelogga-gro_en-scaled.jpg&#038;fit=contain&#038;w=788&#038;s=516c2bd3eeefa7448288aa22700e87ff\" srcset=\"https:\/\/www.abf.se\/gastrikland\/resized\/?url=https%3A%2F%2Fwww.abf.se%2Fwp-content%2Fuploads%2Fsites%2F20%2F2024%2F03%2Fguidelogga-gro_en-scaled.jpg&#038;fit=contain&#038;w=375&#038;h=184&#038;s=a77b755f29f2cbc1f6fa57d4e8b61916 375w, https:\/\/www.abf.se\/gastrikland\/resized\/?url=https%3A%2F%2Fwww.abf.se%2Fwp-content%2Fuploads%2Fsites%2F20%2F2024%2F03%2Fguidelogga-gro_en-scaled.jpg&#038;fit=contain&#038;w=447&#038;h=219&#038;s=29f711441e23f1854299c3dca4f742de 447w, https:\/\/www.abf.se\/gastrikland\/resized\/?url=https%3A%2F%2Fwww.abf.se%2Fwp-content%2Fuploads%2Fsites%2F20%2F2024%2F03%2Fguidelogga-gro_en-scaled.jpg&#038;fit=contain&#038;w=519&#038;h=254&#038;s=a016c266d3f5f6d5d8e621ce0f499bf6 519w, https:\/\/www.abf.se\/gastrikland\/resized\/?url=https%3A%2F%2Fwww.abf.se%2Fwp-content%2Fuploads%2Fsites%2F20%2F2024%2F03%2Fguidelogga-gro_en-scaled.jpg&#038;fit=contain&#038;w=591&#038;h=290&#038;s=effd05626014ab26fd5f662a779d1329 591w, https:\/\/www.abf.se\/gastrikland\/resized\/?url=https%3A%2F%2Fwww.abf.se%2Fwp-content%2Fuploads%2Fsites%2F20%2F2024%2F03%2Fguidelogga-gro_en-scaled.jpg&#038;fit=contain&#038;w=663&#038;h=325&#038;s=2441f477b5149aec5424b62084f370f2 663w, https:\/\/www.abf.se\/gastrikland\/resized\/?url=https%3A%2F%2Fwww.abf.se%2Fwp-content%2Fuploads%2Fsites%2F20%2F2024%2F03%2Fguidelogga-gro_en-scaled.jpg&#038;fit=contain&#038;w=735&#038;h=360&#038;s=903211b873d7288f195a9245837a5859 735w, https:\/\/www.abf.se\/gastrikland\/resized\/?url=https%3A%2F%2Fwww.abf.se%2Fwp-content%2Fuploads%2Fsites%2F20%2F2024%2F03%2Fguidelogga-gro_en-scaled.jpg&#038;fit=contain&#038;w=750&#038;h=368&#038;s=a83b0ce79d160aeb4d2351c013004764 750w, https:\/\/www.abf.se\/gastrikland\/resized\/?url=https%3A%2F%2Fwww.abf.se%2Fwp-content%2Fuploads%2Fsites%2F20%2F2024%2F03%2Fguidelogga-gro_en-scaled.jpg&#038;fit=contain&#038;w=788&#038;s=516c2bd3eeefa7448288aa22700e87ff 788w, https:\/\/www.abf.se\/gastrikland\/resized\/?url=https%3A%2F%2Fwww.abf.se%2Fwp-content%2Fuploads%2Fsites%2F20%2F2024%2F03%2Fguidelogga-gro_en-scaled.jpg&#038;fit=contain&#038;w=894&#038;h=439&#038;s=52507ea1da9dadd3e59daca8422c0dc5 894w, https:\/\/www.abf.se\/gastrikland\/resized\/?url=https%3A%2F%2Fwww.abf.se%2Fwp-content%2Fuploads%2Fsites%2F20%2F2024%2F03%2Fguidelogga-gro_en-scaled.jpg&#038;fit=contain&#038;w=1038&#038;h=509&#038;s=02bc450a7eb15cafcaff7d212cd72af0 1038w, https:\/\/www.abf.se\/gastrikland\/resized\/?url=https%3A%2F%2Fwww.abf.se%2Fwp-content%2Fuploads%2Fsites%2F20%2F2024%2F03%2Fguidelogga-gro_en-scaled.jpg&#038;fit=contain&#038;w=1182&#038;h=580&#038;s=fac4aeaf24be020c42730bce53b9c5cd 1182w, https:\/\/www.abf.se\/gastrikland\/resized\/?url=https%3A%2F%2Fwww.abf.se%2Fwp-content%2Fuploads%2Fsites%2F20%2F2024%2F03%2Fguidelogga-gro_en-scaled.jpg&#038;fit=contain&#038;w=1326&#038;h=651&#038;s=4e5e0a2d9dceaee18fa3fa63e6aa8d5f 1326w, https:\/\/www.abf.se\/gastrikland\/resized\/?url=https%3A%2F%2Fwww.abf.se%2Fwp-content%2Fuploads%2Fsites%2F20%2F2024%2F03%2Fguidelogga-gro_en-scaled.jpg&#038;fit=contain&#038;w=1470&#038;h=721&#038;s=0fb6bc2b343a906b2ee59ddd1024540f 1470w\" alt=\"\" height=\"387\" width=\"788\" sizes=\"auto, (max-width: 768px) calc(100vw - 40px), 788px\" loading=\"lazy\" fetchpriority=\"low\" class=\"round-corners-lg w-full\" \/><\/picture>\n                        <\/figure>\n        <\/div>\n\n<\/div>\n<div\n    class=\"acf-article-text-block article-container my-12\"\n    data-block=\"article-text-block\"\n>\n    <div class=\"wysiwyg\">\n        <p><strong>Projektet Guide &amp; V\u00e4rdskap f\u00f6r G\u00e4strikland<\/strong><br \/>\nProjektet har under tv\u00e5 \u00e5rs tid verkat f\u00f6r att berika den lokala turismen i G\u00e4strikland genom att bidra till \u00f6kade kunskaper inom guidning och v\u00e4rdskap.<\/p>\n<p><strong>Projektets m\u00e5l har varit att:<\/strong><br \/>\n\u2022 Skapa ett n\u00e4tverk inom guide och v\u00e4rdskap<br \/>\n\u2022 Kompetensutveckla deltagare inom guidning, v\u00e4rdskap, kultur och historia<br \/>\n\u2022 \u00d6ka antalet guider som erbjuder guidetj\u00e4nster<br \/>\n\u2022 Ta fram och tillg\u00e4ngligg\u00f6ra en digital upplevelsekarta<br \/>\n\u2022 Genomf\u00f6ra guidade bussturer till lokala bes\u00f6ksm\u00e5l<\/p>\n<p><strong>N\u00e4tverket som lever vidare<\/strong><br \/>\nGenom att bjuda in till ett flertal intressanta studiebes\u00f6k och f\u00f6rel\u00e4sningar har projektet<br \/>\nskapat ett stort n\u00e4tverk av personer, ca 150 personer med intresse f\u00f6r G\u00e4striklands kultur och<br \/>\nhistoria. M\u00e5nga av v\u00e5ra deltagare vittnar om att de st\u00e4rkt sitt eget n\u00e4tverk och f\u00e5tt m\u00e5nga nya<br \/>\nkontakter som gett nya samarbeten tack vare projektet.<\/p>\n<p><strong>\u00d6kad kunskap om G\u00e4striklands med dess bes\u00f6ksm\u00e5l<\/strong><br \/>\nVid studiebes\u00f6k och n\u00e4tverkstr\u00e4ffar har vi kunnat presentera m\u00e5nga av de mer eller mindre<br \/>\nk\u00e4nda bes\u00f6ksm\u00e5len i G\u00e4strikland. Deltagarna har d\u00e4rigenom f\u00e5tt en b\u00e4ttre helhetsbild av vad<br \/>\nG\u00e4strikland som turistomr\u00e5de har att erbjuda och f\u00f6rdjupad kunskap i landskapets natur- och<br \/>\nkulturhistoria. De har \u00e4ven f\u00e5tt insikt om de entrepren\u00f6rer, f\u00f6reningar och verksamheter mi<br \/>\nbes\u00f6ksn\u00e4ringen som verkar h\u00e4r.<\/p>\n<p><strong>Kompetensutveckling genom guideutbildningar<\/strong><br \/>\nN\u00f6jda bes\u00f6kare ger fler uppdrag. D\u00e4rf\u00f6r har projektet arbetat med f\u00f6rse guider och v\u00e4rdar<br \/>\nmed r\u00e4tt kunskaper och f\u00e4rdigheter f\u00f6r att kunna erbjuda kvalitativa guidetj\u00e4nster. Projektet<br \/>\nhar utbildat guider med varierande erfarenheter, \u00e4ven helt nya guider och v\u00e4rdar har f\u00e5tt sin<br \/>\nintroduktion. Sammanlagt har projektet utbildat totalt 46 personer i v\u00e5ra guideutbildningar<br \/>\noch 15 av dessa har \u00e4ven g\u00e5tt en f\u00f6rdjupad guideutbildning.<\/p>\n<p><strong>Fler guider och guideuppdrag<\/strong><br \/>\nFlera av de guider som utbildats genom projektet har guidat f\u00f6r f\u00f6rsta g\u00e5ngen genom<br \/>\nuppdrag av eller via projektets n\u00e4tverk. Projektet har bidragit till att ut\u00f6ka den befintliga<br \/>\nguidande verksamheten i G\u00e4strikland. Etablerade guider har genom ut\u00f6kat n\u00e4tverk f\u00e5tt m\u00f6jlighet till ytterligare uppdrag.<\/p>\n<p><strong>Digitala upplevelsekartan<\/strong><br \/>\nDet finns \u00e4ven m\u00f6jlighet till digital guidning f\u00f6r de bes\u00f6kare som vill uppt\u00e4cka G\u00e4strikland p\u00e5<br \/>\negen hand. P\u00e5 gastrikland.se har projektet skapat en interaktiv upplevelsekarta med tv\u00e5<br \/>\nintressanta turf\u00f6rslag som str\u00e4cker sig genom \u00f6stra respektive v\u00e4stra G\u00e4strikland.<br \/>\nL\u00e4ngs dessa turer f\u00e5r bes\u00f6karen information om platser som vi under projekttiden inventerat och<br \/>\nvalt ut med omsorg. Kartan fokuserar p\u00e5 natur- och kulturupplevelser.<\/p>\n<p>L\u00e4nk till karta: <a href=\"https:\/\/gastrikland.se\/sv\/upplevelsekarta\">https:\/\/gastrikland.se\/sv\/upplevelsekarta<\/a><\/p>\n<p><strong>Med buss genom G\u00e4strikland<\/strong><br \/>\nUnder projektet har n\u00e4tverksdeltagarna men \u00e4ven allm\u00e4nheten erbjudits att f\u00f6lja med p\u00e5<br \/>\nguidade bussturer genom landskapet som har varit mycket uppskattade. Bussturerna har<br \/>\nvarit kopplade till turf\u00f6rslagen i den digitala upplevelsekartan och givit projektet m\u00f6jlighet att<br \/>\nf\u00f6rmedla kunskap om kultur och historia genom guiderna vid de olika bes\u00f6ksm\u00e5len.<\/p>\n<p><strong>F\u00f6reningen G\u00e4strikeGuiden forts\u00e4tter arbetet<\/strong><br \/>\nRedan vid projektets start fattades ett beslut att innan projektets slut starta en guidef\u00f6rening<br \/>\nsom skulle kunna ta vid och f\u00f6rvalta det n\u00e4tverk och den kompetens som projektet byggt<br \/>\nupp. D\u00e4rf\u00f6r \u00e4r vi s\u00e5 n\u00f6jda och glada \u00f6ver att med guidef\u00f6reningen G\u00e4strikeGuiden som<br \/>\nstartades under 2024 kunna forts\u00e4tta det v\u00e4rdefulla arbetet med att st\u00e4rka guideverksamheten och bes\u00f6ksn\u00e4ringen i G\u00e4strikland.<\/p>\n<p><strong>Tack till alla er som st\u00f6ttat<\/strong><br \/>\nVi i projektledningen vill rikta ett stort tack till hela n\u00e4tverket, projektstyrgrupp,<br \/>\nsamarbetspartners och Leader G\u00e4strikebygden och ABF G\u00e4strikebygden f\u00f6r det st\u00f6d och den<br \/>\nuppmuntran vi f\u00e5tt. Vi ser fram emot att forts\u00e4tta arbetet i G\u00e4strikeGuiden tillsammans med<br \/>\nG\u00e4striklands bes\u00f6ksn\u00e4rings ekonomiska f\u00f6rening, L\u00e4nsmuseet G\u00e4vleborg och flera andra<br \/>\nf\u00f6reningar och verksamheter inom bes\u00f6ksn\u00e4ringen i G\u00e4strikland.<br \/>\nProjektet Guide och V\u00e4rdskap f\u00f6r G\u00e4strikland avslutades 30 mars 2025.<\/p>\n<p>Vill ni komma i kontakt med oss? Maila g\u00e4rna!<br \/>\nkatarina.hansson@abf.se<br \/>\nhanna.norling@abf.se<br \/>\ncamilla.nilssonjern@abf.se<\/p>\n\n    <\/div>\n<\/div>\n<div\n    class=\"acf-article-cta-link-block article-container my-8\"\n    data-block=\"article-cta-link-block\"\n>\n<div>\n    <a class=\"inline-flex flex-row items-center gap-4 text-link underline text-red-dark\"\n        href=\"https:\/\/www.facebook.com\/profile.php?id=61550740670897\"\n                target=\"_blank\"\n            >\n        <span class=\"\">\n        Till Guide o V\u00e4rdskap p\u00e5 Facebook\n        <\/span>\n        <figure aria-hidden=\"true\" class=\"rounded-full bg-red-dark w-8 h-8 p-1 text-white\">\n            <svg width=\"20\" height=\"20\" viewBox=\"0 0 20 20\" fill=\"none\" class=\"SvgIconElement\">\n<path d=\"M4.16659 10L15.8333 10\" stroke=\"currentColor\"\/>\n<path d=\"M9.99992 4.1665L15.8333 9.99984L9.99992 15.8332\" stroke=\"currentColor\"\/>\n<\/svg>\n        <\/figure>\n    <\/a>\n<\/div>\n<\/div>\n<div\n    class=\"acf-article-image-block mb-12 container\"\n    data-block=\"article-image-block\"\n>\n<div class=\"grid md:grid-cols-2 gap-4\">\n\n        <figure>\n        \n            <picture class=\"round-corners-lg w-full\"><img decoding=\"async\" src=\"https:\/\/www.abf.se\/gastrikland\/resized\/?url=https%3A%2F%2Fwww.abf.se%2Fwp-content%2Fuploads%2Fsites%2F20%2F2024%2F03%2FLeader-logga.jpg&#038;fit=contain&#038;w=578&#038;s=65904f1027e8f8e3f74024a058ac870c\" srcset=\"https:\/\/www.abf.se\/gastrikland\/resized\/?url=https%3A%2F%2Fwww.abf.se%2Fwp-content%2Fuploads%2Fsites%2F20%2F2024%2F03%2FLeader-logga.jpg&#038;fit=contain&#038;w=375&#038;h=375&#038;s=97e9b8c7b6ce5bf9db23ed3550130d58 375w, https:\/\/www.abf.se\/gastrikland\/resized\/?url=https%3A%2F%2Fwww.abf.se%2Fwp-content%2Fuploads%2Fsites%2F20%2F2024%2F03%2FLeader-logga.jpg&#038;fit=contain&#038;w=423&#038;h=423&#038;s=fb0e67dd352ae9a80334ed9563f27367 423w, https:\/\/www.abf.se\/gastrikland\/resized\/?url=https%3A%2F%2Fwww.abf.se%2Fwp-content%2Fuploads%2Fsites%2F20%2F2024%2F03%2FLeader-logga.jpg&#038;fit=contain&#038;w=471&#038;h=471&#038;s=87d4356abfff4753db6332d8b7cdc03e 471w, https:\/\/www.abf.se\/gastrikland\/resized\/?url=https%3A%2F%2Fwww.abf.se%2Fwp-content%2Fuploads%2Fsites%2F20%2F2024%2F03%2FLeader-logga.jpg&#038;fit=contain&#038;w=519&#038;h=519&#038;s=1ca52e76208822b8add79511ade75b65 519w, https:\/\/www.abf.se\/gastrikland\/resized\/?url=https%3A%2F%2Fwww.abf.se%2Fwp-content%2Fuploads%2Fsites%2F20%2F2024%2F03%2FLeader-logga.jpg&#038;fit=contain&#038;w=567&#038;h=567&#038;s=612b5cf05108339202f9dff65f7b5e5b 567w, https:\/\/www.abf.se\/gastrikland\/resized\/?url=https%3A%2F%2Fwww.abf.se%2Fwp-content%2Fuploads%2Fsites%2F20%2F2024%2F03%2FLeader-logga.jpg&#038;fit=contain&#038;w=578&#038;s=65904f1027e8f8e3f74024a058ac870c 578w, https:\/\/www.abf.se\/gastrikland\/resized\/?url=https%3A%2F%2Fwww.abf.se%2Fwp-content%2Fuploads%2Fsites%2F20%2F2024%2F03%2FLeader-logga.jpg&#038;fit=contain&#038;w=750&#038;h=750&#038;s=d6486a4aaf8bf19cb1656273a2d2bb0e 750w, https:\/\/www.abf.se\/gastrikland\/resized\/?url=https%3A%2F%2Fwww.abf.se%2Fwp-content%2Fuploads%2Fsites%2F20%2F2024%2F03%2FLeader-logga.jpg&#038;fit=contain&#038;w=846&#038;h=846&#038;s=9f732e838d91f297ce0d2c470c6a4866 846w, https:\/\/www.abf.se\/gastrikland\/resized\/?url=https%3A%2F%2Fwww.abf.se%2Fwp-content%2Fuploads%2Fsites%2F20%2F2024%2F03%2FLeader-logga.jpg&#038;fit=contain&#038;w=942&#038;h=942&#038;s=1fbd2565fc0478b393488b6cce707405 942w, https:\/\/www.abf.se\/gastrikland\/resized\/?url=https%3A%2F%2Fwww.abf.se%2Fwp-content%2Fuploads%2Fsites%2F20%2F2024%2F03%2FLeader-logga.jpg&#038;fit=contain&#038;w=1038&#038;h=1038&#038;s=d670eff3067fb2b976cc7add1482d34f 1038w, https:\/\/www.abf.se\/gastrikland\/resized\/?url=https%3A%2F%2Fwww.abf.se%2Fwp-content%2Fuploads%2Fsites%2F20%2F2024%2F03%2FLeader-logga.jpg&#038;fit=contain&#038;w=1134&#038;h=1134&#038;s=4b6791de3c0be155a518094ca5ff8579 1134w\" alt=\"\" height=\"578\" width=\"578\" sizes=\"auto, (max-width: 768px) calc(100vw - 40px), (min-width: 768px) and (max-width: 1156px) calc(50vw - 56px), calc((1156px \/ 2) - 16px)\" loading=\"lazy\" fetchpriority=\"low\" class=\"round-corners-lg w-full\" \/><\/picture>\n                        <\/figure>\n        <figure>\n        \n            <picture class=\"round-corners-lg w-full\"><img decoding=\"async\" src=\"https:\/\/www.abf.se\/gastrikland\/resized\/?url=https%3A%2F%2Fwww.abf.se%2Fwp-content%2Fuploads%2Fsites%2F20%2F2024%2F03%2FEU-logga.jpg&#038;fit=contain&#038;w=578&#038;s=b5e838a0b06861227a84ffc879440888\" srcset=\"https:\/\/www.abf.se\/gastrikland\/resized\/?url=https%3A%2F%2Fwww.abf.se%2Fwp-content%2Fuploads%2Fsites%2F20%2F2024%2F03%2FEU-logga.jpg&#038;fit=contain&#038;w=375&#038;h=365&#038;s=dcccafdda6fcf30d6c02740696cb9c28 375w, https:\/\/www.abf.se\/gastrikland\/resized\/?url=https%3A%2F%2Fwww.abf.se%2Fwp-content%2Fuploads%2Fsites%2F20%2F2024%2F03%2FEU-logga.jpg&#038;fit=contain&#038;w=423&#038;h=412&#038;s=97d9e2ba786d69b894ff15047ef143c0 423w, https:\/\/www.abf.se\/gastrikland\/resized\/?url=https%3A%2F%2Fwww.abf.se%2Fwp-content%2Fuploads%2Fsites%2F20%2F2024%2F03%2FEU-logga.jpg&#038;fit=contain&#038;w=471&#038;h=458&#038;s=65e6d211b9073d4647a342abf085cd6a 471w, https:\/\/www.abf.se\/gastrikland\/resized\/?url=https%3A%2F%2Fwww.abf.se%2Fwp-content%2Fuploads%2Fsites%2F20%2F2024%2F03%2FEU-logga.jpg&#038;fit=contain&#038;w=519&#038;h=505&#038;s=a40c2d4afebe64c8ba04edcc16784312 519w, https:\/\/www.abf.se\/gastrikland\/resized\/?url=https%3A%2F%2Fwww.abf.se%2Fwp-content%2Fuploads%2Fsites%2F20%2F2024%2F03%2FEU-logga.jpg&#038;fit=contain&#038;w=567&#038;h=552&#038;s=db75cee872c471e8dc1d85967e0f4f0e 567w, https:\/\/www.abf.se\/gastrikland\/resized\/?url=https%3A%2F%2Fwww.abf.se%2Fwp-content%2Fuploads%2Fsites%2F20%2F2024%2F03%2FEU-logga.jpg&#038;fit=contain&#038;w=578&#038;s=b5e838a0b06861227a84ffc879440888 578w, https:\/\/www.abf.se\/gastrikland\/resized\/?url=https%3A%2F%2Fwww.abf.se%2Fwp-content%2Fuploads%2Fsites%2F20%2F2024%2F03%2FEU-logga.jpg&#038;fit=contain&#038;w=750&#038;h=730&#038;s=ab454ff35e07ac83996a44ae887a7ed8 750w, https:\/\/www.abf.se\/gastrikland\/resized\/?url=https%3A%2F%2Fwww.abf.se%2Fwp-content%2Fuploads%2Fsites%2F20%2F2024%2F03%2FEU-logga.jpg&#038;fit=contain&#038;w=846&#038;h=824&#038;s=4d9556e0a8a72a2618a9dc7154a8a77b 846w, https:\/\/www.abf.se\/gastrikland\/resized\/?url=https%3A%2F%2Fwww.abf.se%2Fwp-content%2Fuploads%2Fsites%2F20%2F2024%2F03%2FEU-logga.jpg&#038;fit=contain&#038;w=942&#038;h=917&#038;s=33f2817336b560d91e8af9415b010dc6 942w, https:\/\/www.abf.se\/gastrikland\/resized\/?url=https%3A%2F%2Fwww.abf.se%2Fwp-content%2Fuploads%2Fsites%2F20%2F2024%2F03%2FEU-logga.jpg&#038;fit=contain&#038;w=1038&#038;h=1011&#038;s=656801b921756fcda7d00ecc60cba2d8 1038w, https:\/\/www.abf.se\/gastrikland\/resized\/?url=https%3A%2F%2Fwww.abf.se%2Fwp-content%2Fuploads%2Fsites%2F20%2F2024%2F03%2FEU-logga.jpg&#038;fit=contain&#038;w=1134&#038;h=1104&#038;s=7f86a2399254a7f200a696885300673b 1134w\" alt=\"\" height=\"563\" width=\"578\" sizes=\"auto, (max-width: 768px) calc(100vw - 40px), (min-width: 768px) and (max-width: 1156px) calc(50vw - 56px), calc((1156px \/ 2) - 16px)\" loading=\"lazy\" fetchpriority=\"low\" class=\"round-corners-lg w-full\" \/><\/picture>\n                        <\/figure>\n        <\/div>\n\n<\/div>\n","protected":false},"excerpt":{"rendered":"","protected":false},"author":45,"featured_media":0,"parent":285,"menu_order":0,"comment_status":"closed","ping_status":"closed","template":"","meta":{"_acf_changed":false,"footnotes":""},"class_list":["post-578","page","type-page","status-publish","hentry"],"acf":[],"yoast_head":"<!-- This site is optimized with the Yoast SEO plugin v27.0 - https:\/\/yoast.com\/product\/yoast-seo-wordpress\/ -->\n<title>Guide &amp; V\u00e4rdskap - G\u00e4strikland<\/title>\n<meta name=\"description\" content=\"Guide &amp; V\u00e4rdskap syftar till att berika den lokala turismen i G\u00e4strikland. Utbildning. turism. studiecirkel\" \/>\n<meta name=\"robots\" content=\"index, follow, max-snippet:-1, max-image-preview:large, max-video-preview:-1\" \/>\n<link rel=\"canonical\" href=\"https:\/\/www.abf.se\/gastrikland\/vara-verksamheter-och-projekt\/guide-vardskap-2\/\" \/>\n<meta property=\"og:locale\" content=\"sv_SE\" \/>\n<meta property=\"og:type\" content=\"article\" \/>\n<meta property=\"og:title\" content=\"Guide &amp; V\u00e4rdskap - G\u00e4strikland\" \/>\n<meta property=\"og:description\" content=\"Guide &amp; V\u00e4rdskap syftar till att berika den lokala turismen i G\u00e4strikland. Utbildning. turism. studiecirkel\" \/>\n<meta property=\"og:url\" content=\"https:\/\/www.abf.se\/gastrikland\/vara-verksamheter-och-projekt\/guide-vardskap-2\/\" \/>\n<meta property=\"og:site_name\" content=\"G\u00e4strikland\" \/>\n<meta property=\"article:modified_time\" content=\"2025-03-28T11:03:18+00:00\" \/>\n<meta property=\"og:image\" content=\"https:\/\/www.abf.se\/wp-content\/uploads\/sites\/20\/2024\/04\/Nyckeln-liggande-scaled.jpg\" \/>\n\t<meta property=\"og:image:width\" content=\"2560\" \/>\n\t<meta property=\"og:image:height\" content=\"1440\" \/>\n\t<meta property=\"og:image:type\" content=\"image\/jpeg\" \/>\n<meta name=\"twitter:card\" content=\"summary_large_image\" \/>\n<script type=\"application\/ld+json\" class=\"yoast-schema-graph\">{\"@context\":\"https:\/\/schema.org\",\"@graph\":[{\"@type\":\"WebPage\",\"@id\":\"https:\/\/www.abf.se\/gastrikland\/vara-verksamheter-och-projekt\/guide-vardskap-2\/\",\"url\":\"https:\/\/www.abf.se\/gastrikland\/vara-verksamheter-och-projekt\/guide-vardskap-2\/\",\"name\":\"Guide &amp; V\u00e4rdskap - G\u00e4strikland\",\"isPartOf\":{\"@id\":\"https:\/\/www.abf.se\/gastrikland\/#website\"},\"datePublished\":\"2024-03-14T09:21:50+00:00\",\"dateModified\":\"2025-03-28T11:03:18+00:00\",\"description\":\"Guide & V\u00e4rdskap syftar till att berika den lokala turismen i G\u00e4strikland. Utbildning. turism. studiecirkel\",\"breadcrumb\":{\"@id\":\"https:\/\/www.abf.se\/gastrikland\/vara-verksamheter-och-projekt\/guide-vardskap-2\/#breadcrumb\"},\"inLanguage\":\"sv-SE\",\"potentialAction\":[{\"@type\":\"ReadAction\",\"target\":[\"https:\/\/www.abf.se\/gastrikland\/vara-verksamheter-och-projekt\/guide-vardskap-2\/\"]}]},{\"@type\":\"BreadcrumbList\",\"@id\":\"https:\/\/www.abf.se\/gastrikland\/vara-verksamheter-och-projekt\/guide-vardskap-2\/#breadcrumb\",\"itemListElement\":[{\"@type\":\"ListItem\",\"position\":1,\"name\":\"Home\",\"item\":\"https:\/\/www.abf.se\/gastrikland\/\"},{\"@type\":\"ListItem\",\"position\":2,\"name\":\"V\u00e5ra verksamheter och projekt\",\"item\":\"https:\/\/www.abf.se\/gastrikland\/vara-verksamheter-och-projekt\/\"},{\"@type\":\"ListItem\",\"position\":3,\"name\":\"Guide &amp; V\u00e4rdskap\"}]},{\"@type\":\"WebSite\",\"@id\":\"https:\/\/www.abf.se\/gastrikland\/#website\",\"url\":\"https:\/\/www.abf.se\/gastrikland\/\",\"name\":\"G\u00e4strikland\",\"description\":\"\",\"potentialAction\":[{\"@type\":\"SearchAction\",\"target\":{\"@type\":\"EntryPoint\",\"urlTemplate\":\"https:\/\/www.abf.se\/gastrikland\/?s={search_term_string}\"},\"query-input\":{\"@type\":\"PropertyValueSpecification\",\"valueRequired\":true,\"valueName\":\"search_term_string\"}}],\"inLanguage\":\"sv-SE\"}]}<\/script>\n<!-- \/ Yoast SEO plugin. -->","yoast_head_json":{"title":"Guide &amp; V\u00e4rdskap - G\u00e4strikland","description":"Guide & V\u00e4rdskap syftar till att berika den lokala turismen i G\u00e4strikland. Utbildning. turism. studiecirkel","robots":{"index":"index","follow":"follow","max-snippet":"max-snippet:-1","max-image-preview":"max-image-preview:large","max-video-preview":"max-video-preview:-1"},"canonical":"https:\/\/www.abf.se\/gastrikland\/vara-verksamheter-och-projekt\/guide-vardskap-2\/","og_locale":"sv_SE","og_type":"article","og_title":"Guide &amp; V\u00e4rdskap - G\u00e4strikland","og_description":"Guide & V\u00e4rdskap syftar till att berika den lokala turismen i G\u00e4strikland. Utbildning. turism. studiecirkel","og_url":"https:\/\/www.abf.se\/gastrikland\/vara-verksamheter-och-projekt\/guide-vardskap-2\/","og_site_name":"G\u00e4strikland","article_modified_time":"2025-03-28T11:03:18+00:00","og_image":[{"width":2560,"height":1440,"url":"https:\/\/www.abf.se\/wp-content\/uploads\/sites\/20\/2024\/04\/Nyckeln-liggande-scaled.jpg","type":"image\/jpeg"}],"twitter_card":"summary_large_image","schema":{"@context":"https:\/\/schema.org","@graph":[{"@type":"WebPage","@id":"https:\/\/www.abf.se\/gastrikland\/vara-verksamheter-och-projekt\/guide-vardskap-2\/","url":"https:\/\/www.abf.se\/gastrikland\/vara-verksamheter-och-projekt\/guide-vardskap-2\/","name":"Guide &amp; V\u00e4rdskap - G\u00e4strikland","isPartOf":{"@id":"https:\/\/www.abf.se\/gastrikland\/#website"},"datePublished":"2024-03-14T09:21:50+00:00","dateModified":"2025-03-28T11:03:18+00:00","description":"Guide & V\u00e4rdskap syftar till att berika den lokala turismen i G\u00e4strikland. Utbildning. turism. studiecirkel","breadcrumb":{"@id":"https:\/\/www.abf.se\/gastrikland\/vara-verksamheter-och-projekt\/guide-vardskap-2\/#breadcrumb"},"inLanguage":"sv-SE","potentialAction":[{"@type":"ReadAction","target":["https:\/\/www.abf.se\/gastrikland\/vara-verksamheter-och-projekt\/guide-vardskap-2\/"]}]},{"@type":"BreadcrumbList","@id":"https:\/\/www.abf.se\/gastrikland\/vara-verksamheter-och-projekt\/guide-vardskap-2\/#breadcrumb","itemListElement":[{"@type":"ListItem","position":1,"name":"Home","item":"https:\/\/www.abf.se\/gastrikland\/"},{"@type":"ListItem","position":2,"name":"V\u00e5ra verksamheter och projekt","item":"https:\/\/www.abf.se\/gastrikland\/vara-verksamheter-och-projekt\/"},{"@type":"ListItem","position":3,"name":"Guide &amp; V\u00e4rdskap"}]},{"@type":"WebSite","@id":"https:\/\/www.abf.se\/gastrikland\/#website","url":"https:\/\/www.abf.se\/gastrikland\/","name":"G\u00e4strikland","description":"","potentialAction":[{"@type":"SearchAction","target":{"@type":"EntryPoint","urlTemplate":"https:\/\/www.abf.se\/gastrikland\/?s={search_term_string}"},"query-input":{"@type":"PropertyValueSpecification","valueRequired":true,"valueName":"search_term_string"}}],"inLanguage":"sv-SE"}]}},"_links":{"self":[{"href":"https:\/\/www.abf.se\/gastrikland\/wp-json\/wp\/v2\/pages\/578","targetHints":{"allow":["GET"]}}],"collection":[{"href":"https:\/\/www.abf.se\/gastrikland\/wp-json\/wp\/v2\/pages"}],"about":[{"href":"https:\/\/www.abf.se\/gastrikland\/wp-json\/wp\/v2\/types\/page"}],"author":[{"embeddable":true,"href":"https:\/\/www.abf.se\/gastrikland\/wp-json\/wp\/v2\/users\/45"}],"replies":[{"embeddable":true,"href":"https:\/\/www.abf.se\/gastrikland\/wp-json\/wp\/v2\/comments?post=578"}],"version-history":[{"count":17,"href":"https:\/\/www.abf.se\/gastrikland\/wp-json\/wp\/v2\/pages\/578\/revisions"}],"predecessor-version":[{"id":1547,"href":"https:\/\/www.abf.se\/gastrikland\/wp-json\/wp\/v2\/pages\/578\/revisions\/1547"}],"up":[{"embeddable":true,"href":"https:\/\/www.abf.se\/gastrikland\/wp-json\/wp\/v2\/pages\/285"}],"wp:attachment":[{"href":"https:\/\/www.abf.se\/gastrikland\/wp-json\/wp\/v2\/media?parent=578"}],"curies":[{"name":"wp","href":"https:\/\/api.w.org\/{rel}","templated":true}]}}