{"id":3149,"date":"2025-11-18T12:17:28","date_gmt":"2025-11-18T11:17:28","guid":{"rendered":"https:\/\/www.abf.se\/malmo\/?page_id=3149"},"modified":"2026-01-13T13:30:04","modified_gmt":"2026-01-13T12:30:04","slug":"fortbildning","status":"publish","type":"page","link":"https:\/\/www.abf.se\/malmo-sydvast\/fortbildning\/","title":{"rendered":"Fortbildning f\u00f6r cirkelledare"},"content":{"rendered":"<div\n    class=\"acf-hero-block container-lg no-padding mb-12 js-geolocation\"\n    data-block=\"hero-block\"\n    data-index=\"0\"\n>\n    <div class=\"h-[548px]  relative rounded-[32px] overflow-hidden flex bg-gray-light\">\n        <div class=\"relative z-10 mt-auto h-auto w-full md:h-full\">\n            <div class=\"flex w-full h-full flex-col flex-wrap justify-end w-full md:w-7\/12 lg:w-1\/2 md:justify-center\">\n                <div class=\"flex flex-col gap-3 md:gap-[18px] md:transparent pt-16 pb-36 md:py-8 px-4 w-full md:max-w-[620px] mx-auto px-8\">\n\n                    <h1 class=\"hero-heading\"><span>Fortbildning f\u00f6r cirkelledare<\/span><\/h1>\n\n                    \n                                    <\/div>\n            <\/div>\n        <\/div>\n\n                    <picture class=\"as-background-image mix-blend-multiply bg-black\/40\"><img decoding=\"async\" src=\"https:\/\/www.abf.se\/malmo-sydvast\/resized\/?url=https%3A%2F%2Fwww.abf.se%2Fwp-content%2Fuploads%2Fsites%2F34%2F2025%2F11%2FFackliga-bilder-1.png&#038;fit=crop&#038;w=1440&#038;s=8357ffc89dd11440577b65c8be52466c\" srcset=\"https:\/\/www.abf.se\/malmo-sydvast\/resized\/?url=https%3A%2F%2Fwww.abf.se%2Fwp-content%2Fuploads%2Fsites%2F34%2F2025%2F11%2FFackliga-bilder-1.png&#038;fit=crop&#038;w=375&#038;h=540&#038;s=8cd6a1ff12128227af2aa9ceae6fbc32 375w, https:\/\/www.abf.se\/malmo-sydvast\/resized\/?url=https%3A%2F%2Fwww.abf.se%2Fwp-content%2Fuploads%2Fsites%2F34%2F2025%2F11%2FFackliga-bilder-1.png&#038;fit=crop&#038;w=447&#038;h=540&#038;s=1f3064f3edac8e6931f40a5470f5cb61 447w, https:\/\/www.abf.se\/malmo-sydvast\/resized\/?url=https%3A%2F%2Fwww.abf.se%2Fwp-content%2Fuploads%2Fsites%2F34%2F2025%2F11%2FFackliga-bilder-1.png&#038;fit=crop&#038;w=519&#038;h=540&#038;s=aa58d8081b88c490c7777b23cf7a0631 519w, https:\/\/www.abf.se\/malmo-sydvast\/resized\/?url=https%3A%2F%2Fwww.abf.se%2Fwp-content%2Fuploads%2Fsites%2F34%2F2025%2F11%2FFackliga-bilder-1.png&#038;fit=crop&#038;w=591&#038;h=540&#038;s=ca3e8bf11e4ac97171303f3c68bdd6c6 591w, https:\/\/www.abf.se\/malmo-sydvast\/resized\/?url=https%3A%2F%2Fwww.abf.se%2Fwp-content%2Fuploads%2Fsites%2F34%2F2025%2F11%2FFackliga-bilder-1.png&#038;fit=crop&#038;w=663&#038;h=540&#038;s=d33d9a2879360765ec3dbafb673aaa49 663w, https:\/\/www.abf.se\/malmo-sydvast\/resized\/?url=https%3A%2F%2Fwww.abf.se%2Fwp-content%2Fuploads%2Fsites%2F34%2F2025%2F11%2FFackliga-bilder-1.png&#038;fit=crop&#038;w=750&#038;h=540&#038;s=90aa305942f90500293d5534e586b2ad 750w, https:\/\/www.abf.se\/malmo-sydvast\/resized\/?url=https%3A%2F%2Fwww.abf.se%2Fwp-content%2Fuploads%2Fsites%2F34%2F2025%2F11%2FFackliga-bilder-1.png&#038;fit=crop&#038;w=894&#038;h=540&#038;s=eb5cf74245e977fa12baa1d4cd3571c9 894w, https:\/\/www.abf.se\/malmo-sydvast\/resized\/?url=https%3A%2F%2Fwww.abf.se%2Fwp-content%2Fuploads%2Fsites%2F34%2F2025%2F11%2FFackliga-bilder-1.png&#038;fit=crop&#038;w=1038&#038;h=540&#038;s=af5f82ca69b597535da27a83cbcdd4de 1038w, https:\/\/www.abf.se\/malmo-sydvast\/resized\/?url=https%3A%2F%2Fwww.abf.se%2Fwp-content%2Fuploads%2Fsites%2F34%2F2025%2F11%2FFackliga-bilder-1.png&#038;fit=crop&#038;w=1182&#038;h=540&#038;s=cda33b6f78cc5fd288c92edfeef5fbb3 1182w, https:\/\/www.abf.se\/malmo-sydvast\/resized\/?url=https%3A%2F%2Fwww.abf.se%2Fwp-content%2Fuploads%2Fsites%2F34%2F2025%2F11%2FFackliga-bilder-1.png&#038;fit=crop&#038;w=1326&#038;h=540&#038;s=38398ce64dbdd1dc42f41fde4267230a 1326w, https:\/\/www.abf.se\/malmo-sydvast\/resized\/?url=https%3A%2F%2Fwww.abf.se%2Fwp-content%2Fuploads%2Fsites%2F34%2F2025%2F11%2FFackliga-bilder-1.png&#038;fit=crop&#038;w=1440&#038;h=540&#038;s=73e8ea027b2e8b2fbeb247c42c118256 1440w\" alt=\"\" height=\"540\" width=\"1440\" sizes=\"(max-width: 1440px) calc(100vw - 32px), 1440px\" loading=\"eager\" fetchpriority=\"high\" aria-hidden=\"true\" role=\"presentation\" \/><\/picture>\n        \n\n            <\/div>\n\n    <\/div>\n\n<div\n    class=\"acf-article-text-block article-container my-12\"\n    data-block=\"article-text-block\"\n>\n    <div class=\"wysiwyg\">\n        <h2>Fortbildning f\u00f6r cirkelledare<\/h2>\n<p>Utbildningarna riktar sig till dig som har genomf\u00f6rt <strong>Grundutbildning f\u00f6r cirkelledar<\/strong>e och vill utveckla ditt ledarskap vidare. Forts\u00e4ttningsutbildningarna \u00e4r p\u00e5 en generell niv\u00e5 och n\u00e5got som alla cirkelledare, oavsett \u00e4mne, har nytta av.<\/p>\n<p>Utbildningarna \u00e4r kostnadsfria. Vi bjuder p\u00e5 frukostmacka, lunch samt eftermiddagsfika vid samtliga forts\u00e4ttningsutbildningar.<\/p>\n<h3>Krav: Genomf\u00f6rd utbildning \u201dCirkelledare GRUND\u201d<\/h3>\n\n    <\/div>\n<\/div>\n<ul\n    class=\"acf-article-accordion-block accordion-group grid gap-4 my-12 article-container\"\n    data-block=\"article-accordion-block \"\n    data-ui-accordion-group\n>\n\n            <li class=\"accordion\" data-ui-accordion data-ui-accordion-open=\"false\">\n        <h3>\n        <button data-ui-accordion-button class=\"accordion-toggle font-bold\" aria-expanded=\"false\" aria-controls=\"row-gruppensarbete-0\" id=\"gruppensarbete-0\">\n            GRUPPENS ARBETE\n            \n            <figure class=\"w-4.5 h-4.5\" aria-hidden=\"true\">\n            <svg width=\"20\" height=\"20\" viewBox=\"0 0 20 20\" fill=\"none\"\nclass=\"SvgIconElement\">\n<path d=\"M15.8333 7.16667L9.99992 13L4.16659 7.16667\" stroke=\"currentColor\"\/>\n<\/svg>\n            <\/figure>\n        <\/button>\n        \n                <\/h3>\n        <div class=\"accordion-content\">\n            <div id=\"row-gruppensarbete-0\" role=\"region\" class=\"accordion-content-wrap\" aria-labelledby=\"gruppensarbete-0\">\n                                            <div class=\"wysiwyg\">\n                    <p>Denna forts\u00e4ttningsutbildning handlar om l\u00e4rande i grupp, olika s\u00e4tt att se p\u00e5 grupper och gruppens utveckling i olika stadier. Ett viktigt syfte \u00e4r att visa p\u00e5 vikten av trygghet och v\u00e4rme i gruppen \u2013 b\u00e5de f\u00f6r l\u00e4rande och utveckling samt f\u00f6r att f\u00f6rebygga destruktiva konflikter. Alla konflikter \u00e4r dock inte negativa \u2013 kloka l\u00f6sningar kan i sj\u00e4lva verket leda till utveckling f\u00f6r b\u00e5de gruppen och dess medlemmar.<\/p>\n\n                <\/div>\n                                        <\/div>\n        <\/div>\n    <\/li>\n            <li class=\"accordion\" data-ui-accordion data-ui-accordion-open=\"false\">\n        <h3>\n        <button data-ui-accordion-button class=\"accordion-toggle font-bold\" aria-expanded=\"false\" aria-controls=\"row-abf:shistoriaochvarderingar-1\" id=\"abf:shistoriaochvarderingar-1\">\n            ABF:S HISTORIA OCH V\u00c4RDERINGAR\n            \n            <figure class=\"w-4.5 h-4.5\" aria-hidden=\"true\">\n            <svg width=\"20\" height=\"20\" viewBox=\"0 0 20 20\" fill=\"none\"\nclass=\"SvgIconElement\">\n<path d=\"M15.8333 7.16667L9.99992 13L4.16659 7.16667\" stroke=\"currentColor\"\/>\n<\/svg>\n            <\/figure>\n        <\/button>\n        \n                <\/h3>\n        <div class=\"accordion-content\">\n            <div id=\"row-abf:shistoriaochvarderingar-1\" role=\"region\" class=\"accordion-content-wrap\" aria-labelledby=\"abf:shistoriaochvarderingar-1\">\n                                            <div class=\"wysiwyg\">\n                    <p>I denna utbildning f\u00f6rdjupar vi oss i ABFs historia som en del av ett st\u00f6rre sammanhang. Vi tittar p\u00e5 folkbildningens relation till staten, men ocks\u00e5 p\u00e5 cirkelns roll i m\u00e4nniskors kamp f\u00f6r ett b\u00e4ttre och mer r\u00e4ttvist samh\u00e4lle. Genom m\u00f6ten med folkbildningens pionj\u00e4rer och internationella exempel skapas en k\u00e4nsla av gemenskap \u2013 b\u00e5de historiskt och globalt. Utbildningen avslutas med att deltagarna skriver sin egen ABF-historia.<\/p>\n\n                <\/div>\n                                        <\/div>\n        <\/div>\n    <\/li>\n            <li class=\"accordion\" data-ui-accordion data-ui-accordion-open=\"false\">\n        <h3>\n        <button data-ui-accordion-button class=\"accordion-toggle font-bold\" aria-expanded=\"false\" aria-controls=\"row-studiecirkelnspedagogikdemokratisktlarande-2\" id=\"studiecirkelnspedagogikdemokratisktlarande-2\">\n            STUDIECIRKELNS PEDAGOGIK \u2013 DEMOKRATISKT L\u00c4RANDE\n            \n            <figure class=\"w-4.5 h-4.5\" aria-hidden=\"true\">\n            <svg width=\"20\" height=\"20\" viewBox=\"0 0 20 20\" fill=\"none\"\nclass=\"SvgIconElement\">\n<path d=\"M15.8333 7.16667L9.99992 13L4.16659 7.16667\" stroke=\"currentColor\"\/>\n<\/svg>\n            <\/figure>\n        <\/button>\n        \n                <\/h3>\n        <div class=\"accordion-content\">\n            <div id=\"row-studiecirkelnspedagogikdemokratisktlarande-2\" role=\"region\" class=\"accordion-content-wrap\" aria-labelledby=\"studiecirkelnspedagogikdemokratisktlarande-2\">\n                                            <div class=\"wysiwyg\">\n                    <p>I denna utbildning f\u00f6rdjupar vi oss i studiecirkelns pedagogik ur olika perspektiv. Syftet \u00e4r att ge ledaren nya insikter om sin roll, samt f\u00f6rdjupad f\u00f6rst\u00e5else f\u00f6r de id\u00e9er som ligger bakom cirkeln och de val som cirkelledaren g\u00f6r. Vi behandlar bland annat olika syns\u00e4tt p\u00e5 l\u00e4rande och kunskap, cirkelns frig\u00f6rande och mobiliserande potential samt vikten av dialog. Ett genomg\u00e5ende tema \u00e4r inkludering \u2013 i samtal, f\u00f6rh\u00e5llningss\u00e4tt, planering och materialval.<\/p>\n\n                <\/div>\n                                        <\/div>\n        <\/div>\n    <\/li>\n    <\/ul>\n<div\n    class=\"acf-article-text-block article-container my-12\"\n    data-block=\"article-text-block\"\n>\n    <div class=\"wysiwyg\">\n        <p>Fortbildningskurserna sker i ABF Sk\u00e5nes regi, f\u00f6r datum och mer info kontakta dem p\u00e5: <a href=\"mailto:info.skane@abf.se\">info.skane@abf.se<\/a><\/p>\n\n    <\/div>\n<\/div>\n","protected":false},"excerpt":{"rendered":"","protected":false},"author":137,"featured_media":0,"parent":0,"menu_order":0,"comment_status":"closed","ping_status":"closed","template":"","meta":{"_acf_changed":false,"footnotes":""},"class_list":["post-3149","page","type-page","status-publish","hentry"],"acf":[],"yoast_head":"<!-- This site is optimized with the Yoast SEO plugin v27.0 - https:\/\/yoast.com\/product\/yoast-seo-wordpress\/ -->\n<title>Fortbildning f\u00f6r cirkelledare - Malm\u00f6 Sydv\u00e4st<\/title>\n<meta name=\"robots\" content=\"index, follow, max-snippet:-1, max-image-preview:large, max-video-preview:-1\" \/>\n<link rel=\"canonical\" href=\"https:\/\/www.abf.se\/malmo-sydvast\/fortbildning\/\" \/>\n<meta property=\"og:locale\" content=\"sv_SE\" \/>\n<meta property=\"og:type\" content=\"article\" \/>\n<meta property=\"og:title\" content=\"Fortbildning f\u00f6r cirkelledare - Malm\u00f6 Sydv\u00e4st\" \/>\n<meta property=\"og:url\" content=\"https:\/\/www.abf.se\/malmo-sydvast\/fortbildning\/\" \/>\n<meta property=\"og:site_name\" content=\"Malm\u00f6 Sydv\u00e4st\" \/>\n<meta property=\"article:modified_time\" content=\"2026-01-13T12:30:04+00:00\" \/>\n<meta property=\"og:image\" content=\"https:\/\/www.abf.se\/wp-content\/uploads\/sites\/34\/2024\/03\/Nyckeln-liggande-scaled.jpg\" \/>\n\t<meta property=\"og:image:width\" content=\"2560\" \/>\n\t<meta property=\"og:image:height\" content=\"1440\" \/>\n\t<meta property=\"og:image:type\" content=\"image\/jpeg\" \/>\n<meta name=\"twitter:card\" content=\"summary_large_image\" \/>\n<script type=\"application\/ld+json\" class=\"yoast-schema-graph\">{\"@context\":\"https:\/\/schema.org\",\"@graph\":[{\"@type\":\"WebPage\",\"@id\":\"https:\/\/www.abf.se\/malmo-sydvast\/fortbildning\/\",\"url\":\"https:\/\/www.abf.se\/malmo-sydvast\/fortbildning\/\",\"name\":\"Fortbildning f\u00f6r cirkelledare - Malm\u00f6 Sydv\u00e4st\",\"isPartOf\":{\"@id\":\"https:\/\/www.abf.se\/malmo-sydvast\/#website\"},\"datePublished\":\"2025-11-18T11:17:28+00:00\",\"dateModified\":\"2026-01-13T12:30:04+00:00\",\"breadcrumb\":{\"@id\":\"https:\/\/www.abf.se\/malmo-sydvast\/fortbildning\/#breadcrumb\"},\"inLanguage\":\"sv-SE\",\"potentialAction\":[{\"@type\":\"ReadAction\",\"target\":[\"https:\/\/www.abf.se\/malmo-sydvast\/fortbildning\/\"]}]},{\"@type\":\"BreadcrumbList\",\"@id\":\"https:\/\/www.abf.se\/malmo-sydvast\/fortbildning\/#breadcrumb\",\"itemListElement\":[{\"@type\":\"ListItem\",\"position\":1,\"name\":\"Home\",\"item\":\"https:\/\/www.abf.se\/malmo-sydvast\/\"},{\"@type\":\"ListItem\",\"position\":2,\"name\":\"Fortbildning f\u00f6r cirkelledare\"}]},{\"@type\":\"WebSite\",\"@id\":\"https:\/\/www.abf.se\/malmo-sydvast\/#website\",\"url\":\"https:\/\/www.abf.se\/malmo-sydvast\/\",\"name\":\"Malm\u00f6 Sydv\u00e4st\",\"description\":\"\",\"potentialAction\":[{\"@type\":\"SearchAction\",\"target\":{\"@type\":\"EntryPoint\",\"urlTemplate\":\"https:\/\/www.abf.se\/malmo-sydvast\/?s={search_term_string}\"},\"query-input\":{\"@type\":\"PropertyValueSpecification\",\"valueRequired\":true,\"valueName\":\"search_term_string\"}}],\"inLanguage\":\"sv-SE\"}]}<\/script>\n<!-- \/ Yoast SEO plugin. -->","yoast_head_json":{"title":"Fortbildning f\u00f6r cirkelledare - Malm\u00f6 Sydv\u00e4st","robots":{"index":"index","follow":"follow","max-snippet":"max-snippet:-1","max-image-preview":"max-image-preview:large","max-video-preview":"max-video-preview:-1"},"canonical":"https:\/\/www.abf.se\/malmo-sydvast\/fortbildning\/","og_locale":"sv_SE","og_type":"article","og_title":"Fortbildning f\u00f6r cirkelledare - Malm\u00f6 Sydv\u00e4st","og_url":"https:\/\/www.abf.se\/malmo-sydvast\/fortbildning\/","og_site_name":"Malm\u00f6 Sydv\u00e4st","article_modified_time":"2026-01-13T12:30:04+00:00","og_image":[{"width":2560,"height":1440,"url":"https:\/\/www.abf.se\/wp-content\/uploads\/sites\/34\/2024\/03\/Nyckeln-liggande-scaled.jpg","type":"image\/jpeg"}],"twitter_card":"summary_large_image","schema":{"@context":"https:\/\/schema.org","@graph":[{"@type":"WebPage","@id":"https:\/\/www.abf.se\/malmo-sydvast\/fortbildning\/","url":"https:\/\/www.abf.se\/malmo-sydvast\/fortbildning\/","name":"Fortbildning f\u00f6r cirkelledare - Malm\u00f6 Sydv\u00e4st","isPartOf":{"@id":"https:\/\/www.abf.se\/malmo-sydvast\/#website"},"datePublished":"2025-11-18T11:17:28+00:00","dateModified":"2026-01-13T12:30:04+00:00","breadcrumb":{"@id":"https:\/\/www.abf.se\/malmo-sydvast\/fortbildning\/#breadcrumb"},"inLanguage":"sv-SE","potentialAction":[{"@type":"ReadAction","target":["https:\/\/www.abf.se\/malmo-sydvast\/fortbildning\/"]}]},{"@type":"BreadcrumbList","@id":"https:\/\/www.abf.se\/malmo-sydvast\/fortbildning\/#breadcrumb","itemListElement":[{"@type":"ListItem","position":1,"name":"Home","item":"https:\/\/www.abf.se\/malmo-sydvast\/"},{"@type":"ListItem","position":2,"name":"Fortbildning f\u00f6r cirkelledare"}]},{"@type":"WebSite","@id":"https:\/\/www.abf.se\/malmo-sydvast\/#website","url":"https:\/\/www.abf.se\/malmo-sydvast\/","name":"Malm\u00f6 Sydv\u00e4st","description":"","potentialAction":[{"@type":"SearchAction","target":{"@type":"EntryPoint","urlTemplate":"https:\/\/www.abf.se\/malmo-sydvast\/?s={search_term_string}"},"query-input":{"@type":"PropertyValueSpecification","valueRequired":true,"valueName":"search_term_string"}}],"inLanguage":"sv-SE"}]}},"_links":{"self":[{"href":"https:\/\/www.abf.se\/malmo-sydvast\/wp-json\/wp\/v2\/pages\/3149","targetHints":{"allow":["GET"]}}],"collection":[{"href":"https:\/\/www.abf.se\/malmo-sydvast\/wp-json\/wp\/v2\/pages"}],"about":[{"href":"https:\/\/www.abf.se\/malmo-sydvast\/wp-json\/wp\/v2\/types\/page"}],"author":[{"embeddable":true,"href":"https:\/\/www.abf.se\/malmo-sydvast\/wp-json\/wp\/v2\/users\/137"}],"replies":[{"embeddable":true,"href":"https:\/\/www.abf.se\/malmo-sydvast\/wp-json\/wp\/v2\/comments?post=3149"}],"version-history":[{"count":24,"href":"https:\/\/www.abf.se\/malmo-sydvast\/wp-json\/wp\/v2\/pages\/3149\/revisions"}],"predecessor-version":[{"id":3219,"href":"https:\/\/www.abf.se\/malmo-sydvast\/wp-json\/wp\/v2\/pages\/3149\/revisions\/3219"}],"wp:attachment":[{"href":"https:\/\/www.abf.se\/malmo-sydvast\/wp-json\/wp\/v2\/media?parent=3149"}],"curies":[{"name":"wp","href":"https:\/\/api.w.org\/{rel}","templated":true}]}}