{"id":504,"date":"2024-04-09T08:06:20","date_gmt":"2024-04-09T06:06:20","guid":{"rendered":"https:\/\/www.abf.se\/malmo\/?page_id=504"},"modified":"2026-03-12T16:01:41","modified_gmt":"2026-03-12T15:01:41","slug":"lana-teknisk-utrustning","status":"publish","type":"page","link":"https:\/\/www.abf.se\/malmo-sydvast\/lana-teknisk-utrustning\/","title":{"rendered":"L\u00e5na teknisk utrustning"},"content":{"rendered":"<div\n    class=\"acf-hero-block container-lg no-padding mb-12 js-geolocation\"\n    data-block=\"hero-block\"\n    data-index=\"0\"\n>\n    <div class=\"h-[548px]  relative rounded-[32px] overflow-hidden flex bg-gray-light\">\n        <div class=\"relative z-10 mt-auto h-auto w-full md:h-full\">\n            <div class=\"flex w-full h-full flex-col flex-wrap justify-end w-full md:w-7\/12 lg:w-1\/2 md:justify-center\">\n                <div class=\"flex flex-col gap-3 md:gap-[18px] md:transparent pt-16 pb-36 md:py-8 px-4 w-full md:max-w-[620px] mx-auto px-8\">\n\n                    <h1 class=\"hero-heading hero-heading--red-text\"><span>L\u00e5na teknisk utrustning<\/span><\/h1>\n\n                    \n                                    <\/div>\n            <\/div>\n        <\/div>\n\n                    <picture class=\"as-background-image mix-blend-multiply bg-black\/40\"><img decoding=\"async\" src=\"https:\/\/www.abf.se\/malmo-sydvast\/resized\/?url=https%3A%2F%2Fwww.abf.se%2Fwp-content%2Fuploads%2Fsites%2F34%2F2024%2F04%2FBokmassan_2020_2-foto-Anna-Schori-scaled.jpg&#038;fit=crop&#038;w=1440&#038;s=c9b801c7f2a70217c1b08e46e4ada62d\" srcset=\"https:\/\/www.abf.se\/malmo-sydvast\/resized\/?url=https%3A%2F%2Fwww.abf.se%2Fwp-content%2Fuploads%2Fsites%2F34%2F2024%2F04%2FBokmassan_2020_2-foto-Anna-Schori-scaled.jpg&#038;fit=crop&#038;w=375&#038;h=540&#038;s=002b96d8e5fdafe41cc5e5cfbfb81ce3 375w, https:\/\/www.abf.se\/malmo-sydvast\/resized\/?url=https%3A%2F%2Fwww.abf.se%2Fwp-content%2Fuploads%2Fsites%2F34%2F2024%2F04%2FBokmassan_2020_2-foto-Anna-Schori-scaled.jpg&#038;fit=crop&#038;w=447&#038;h=540&#038;s=d66be752479858572502d9d28514c494 447w, https:\/\/www.abf.se\/malmo-sydvast\/resized\/?url=https%3A%2F%2Fwww.abf.se%2Fwp-content%2Fuploads%2Fsites%2F34%2F2024%2F04%2FBokmassan_2020_2-foto-Anna-Schori-scaled.jpg&#038;fit=crop&#038;w=519&#038;h=540&#038;s=311ab8386031e23291f6bcec9bd2b4c5 519w, https:\/\/www.abf.se\/malmo-sydvast\/resized\/?url=https%3A%2F%2Fwww.abf.se%2Fwp-content%2Fuploads%2Fsites%2F34%2F2024%2F04%2FBokmassan_2020_2-foto-Anna-Schori-scaled.jpg&#038;fit=crop&#038;w=591&#038;h=540&#038;s=6ec052223d6991424e763bbe6acd126e 591w, https:\/\/www.abf.se\/malmo-sydvast\/resized\/?url=https%3A%2F%2Fwww.abf.se%2Fwp-content%2Fuploads%2Fsites%2F34%2F2024%2F04%2FBokmassan_2020_2-foto-Anna-Schori-scaled.jpg&#038;fit=crop&#038;w=663&#038;h=540&#038;s=a62ae36e87a103ec2aee832d8bceb246 663w, https:\/\/www.abf.se\/malmo-sydvast\/resized\/?url=https%3A%2F%2Fwww.abf.se%2Fwp-content%2Fuploads%2Fsites%2F34%2F2024%2F04%2FBokmassan_2020_2-foto-Anna-Schori-scaled.jpg&#038;fit=crop&#038;w=750&#038;h=540&#038;s=ae6e83b498818d27454b0069e24e89aa 750w, https:\/\/www.abf.se\/malmo-sydvast\/resized\/?url=https%3A%2F%2Fwww.abf.se%2Fwp-content%2Fuploads%2Fsites%2F34%2F2024%2F04%2FBokmassan_2020_2-foto-Anna-Schori-scaled.jpg&#038;fit=crop&#038;w=894&#038;h=540&#038;s=9d7f187c3cda0918985679eb8f459f6e 894w, https:\/\/www.abf.se\/malmo-sydvast\/resized\/?url=https%3A%2F%2Fwww.abf.se%2Fwp-content%2Fuploads%2Fsites%2F34%2F2024%2F04%2FBokmassan_2020_2-foto-Anna-Schori-scaled.jpg&#038;fit=crop&#038;w=1038&#038;h=540&#038;s=d9bb5113672f2beef2b2a46ed1beb95f 1038w, https:\/\/www.abf.se\/malmo-sydvast\/resized\/?url=https%3A%2F%2Fwww.abf.se%2Fwp-content%2Fuploads%2Fsites%2F34%2F2024%2F04%2FBokmassan_2020_2-foto-Anna-Schori-scaled.jpg&#038;fit=crop&#038;w=1182&#038;h=540&#038;s=d451b654b96962c8ba356a30aa95d04c 1182w, https:\/\/www.abf.se\/malmo-sydvast\/resized\/?url=https%3A%2F%2Fwww.abf.se%2Fwp-content%2Fuploads%2Fsites%2F34%2F2024%2F04%2FBokmassan_2020_2-foto-Anna-Schori-scaled.jpg&#038;fit=crop&#038;w=1326&#038;h=540&#038;s=fa6d14ce1c378f719f61bd86ef2cee31 1326w, https:\/\/www.abf.se\/malmo-sydvast\/resized\/?url=https%3A%2F%2Fwww.abf.se%2Fwp-content%2Fuploads%2Fsites%2F34%2F2024%2F04%2FBokmassan_2020_2-foto-Anna-Schori-scaled.jpg&#038;fit=crop&#038;w=1440&#038;h=540&#038;s=8252ee734ff56310a8972a415856b0b2 1440w\" alt=\"\" height=\"540\" width=\"1440\" sizes=\"(max-width: 1440px) calc(100vw - 32px), 1440px\" loading=\"eager\" fetchpriority=\"high\" aria-hidden=\"true\" role=\"presentation\" \/><\/picture>\n        \n\n            <\/div>\n\n    <\/div>\n\n<div\n    class=\"acf-plain-heading-block container my-16\"\n    data-block=\"plain-heading-block\"\n>\n    <div class=\"max-w-[658px] mx-auto\">\n                            <p class=\"mt-8 body-xl text-black\">\n                Vill du l\u00e5na ett PA-system till din f\u00f6rel\u00e4sning eller ett mixerbord till en spelning? Tillsammans g\u00f6r vi folkbildande verksamhet f\u00f6r att fr\u00e4mja den lokala kultur- och musikscenen.<br \/>\r\n\n            <\/p>\n            <\/div>\n<\/div>\n<div\n    class=\"acf-article-cta-link-block article-container my-8\"\n    data-block=\"article-cta-link-block\"\n>\n<div>\n    <a class=\"inline-flex flex-row items-center gap-4 text-link underline text-red-dark\"\n        href=\"https:\/\/www.abf.se\/malmo\/anmal\/\"\n            >\n        <span class=\"\">\n        Anm\u00e4l din aktivitet och boka teknisk utrustning\n        <\/span>\n        <figure aria-hidden=\"true\" class=\"rounded-full bg-red-dark w-8 h-8 p-1 text-white\">\n            <svg width=\"20\" height=\"20\" viewBox=\"0 0 20 20\" fill=\"none\" class=\"SvgIconElement\">\n<path d=\"M4.16659 10L15.8333 10\" stroke=\"currentColor\"\/>\n<path d=\"M9.99992 4.1665L15.8333 9.99984L9.99992 15.8332\" stroke=\"currentColor\"\/>\n<\/svg>\n        <\/figure>\n    <\/a>\n<\/div>\n<\/div>\n<div\n    class=\"acf-article-text-block article-container my-12\"\n    data-block=\"article-text-block\"\n>\n    <div class=\"wysiwyg\">\n        <div class=\"block textblock\">\n<div class=\"article-body\">\n<h2>Teknik till ett arrangemang<\/h2>\n<p>F\u00f6reningar och cirkelledare kan anv\u00e4nda v\u00e5r teknikutrustning. Kom ih\u00e5g att det beh\u00f6ver vara arrangemang d\u00e4r ABF Malm\u00f6 \u00e4r med-\/huvudarrang\u00f6r.<\/p>\n<h2>Vi har bland annat:<\/h2>\n<ul>\n<li>PA-system med sub<\/li>\n<li>Mikrofoner (med sladd och tr\u00e5dl\u00f6sa)<\/li>\n<li>H\u00f6gtalare (sm\u00e5 och stora)<\/li>\n<li>Kameror<\/li>\n<li>Konferensmikrofoner<\/li>\n<li>Poddstudio (R\u00f6decaster PRO)<\/li>\n<li>Stativ<\/li>\n<li>Myggor och ljud till mobila enheter<\/li>\n<li><\/li>\n<li>Mixerbord (16 kanaler)<\/li>\n<li>Diverse kablar\/sladdar<\/li>\n<li>Projektorer (f\u00f6r film, presentationer etc)<\/li>\n<li>Projektorduk med stativ, 2 meter bred<\/li>\n<li>Teknik f\u00f6r\u00a0livestream\/filmning<\/li>\n<\/ul>\n<\/div>\n<\/div>\n<div class=\"block mapblock\">\n<div class=\"contact-map\">\n<div class=\"col-sm-5 col-md-4\">\n<div class=\"section-header\">\n<h2>H\u00e4mta\/l\u00e4mna teknik<\/h2>\n<\/div>\n<p>ABF Malm\u00f6<br \/>\nSp\u00e5nehusv\u00e4gen 47<br \/>\n211 58 Malm\u00f6<\/p>\n<p><a href=\"mailto:info.malmosydvast@abf.se\">info.malmosydvast@abf.se<\/a><br \/>\n040-35 24 00<\/p>\n<\/div>\n<div class=\"col-sm-7 col-md-8\">\n<div class=\"embed-responsive embed-responsive-16by9\"><\/div>\n<\/div>\n<\/div>\n<\/div>\n<div class=\"block plainimageblock\"><\/div>\n\n    <\/div>\n<\/div>\n<div\n    class=\"acf-quick-link-block bg-red py-12 md:py-20\"\n    data-block=\"quick-link-block\"\n>\n    <div class=\"container\">\n        \n        <div\n            class=\"px-5 content:px-0 grid grid-cols-1 gap-8 lg:grid-cols-3\">\n            \n            <article\nclass=\"round-corners-sm p-6 relative group grid grid-rows-[subgrid] row-[span_3] gap-4 bg-white text-red\"\n>\n            <h3\n        class=\"heading-sm group-hover:underline text-red\">\n            <a href=\"https:\/\/www.abf.se\/malmo\/kontakt\/boka-lokal\/\" class=\"expanded-hit-area\" target=\"\">\n                Boka lokal\n            <\/a>\n        <\/h3>\n                <p class=\"body-md text-gray-text\">\n            Vill ni arrangera en f\u00f6rel\u00e4sning, workshop eller annat event? G\u00f6r det tillsammans med ABF! Vi kan erbjuda gratis lokaler, resurser och pedagogiskt st\u00f6d genom att ni rapporterar era folkbildande aktiviteter till oss. Du bokar lokal i samband med att du anm\u00e4ler din aktivitet.\n        <\/p>\n        <figure\n    class=\"w-[38px] h-[38px] rounded-full p-2 group-hover:scale-110 transition-transform duration-300 self-end pointer-events-none bg-red text-white\">\n        <svg width=\"20\" height=\"20\" viewBox=\"0 0 20 20\" fill=\"none\" class=\"SvgIconElement\">\n<path d=\"M4.16659 10L15.8333 10\" stroke=\"currentColor\"\/>\n<path d=\"M9.99992 4.1665L15.8333 9.99984L9.99992 15.8332\" stroke=\"currentColor\"\/>\n<\/svg>\n    <\/figure>\n<\/article>            \n            <article\nclass=\"round-corners-sm p-6 relative group grid grid-rows-[subgrid] row-[span_3] gap-4 bg-white text-red\"\n>\n            <h3\n        class=\"heading-sm group-hover:underline text-red\">\n            <a href=\"https:\/\/www.abf.se\/malmo\/poddstudio\/\" class=\"expanded-hit-area\" target=\"\">\n                ABF:s poddstudio\n            <\/a>\n        <\/h3>\n                <p class=\"body-md text-gray-text\">\n            En podcast om stadens kulturliv, politiska samtal eller varf\u00f6r inte en bokcirkel i radioform. Vi har vad du beh\u00f6ver f\u00f6r att starta din egen podcast! Kom till ABF Malm\u00f6, s\u00e5 hj\u00e4lper vi dig att s\u00e4tta ig\u00e5ng.\r\n\n        <\/p>\n        <figure\n    class=\"w-[38px] h-[38px] rounded-full p-2 group-hover:scale-110 transition-transform duration-300 self-end pointer-events-none bg-red text-white\">\n        <svg width=\"20\" height=\"20\" viewBox=\"0 0 20 20\" fill=\"none\" class=\"SvgIconElement\">\n<path d=\"M4.16659 10L15.8333 10\" stroke=\"currentColor\"\/>\n<path d=\"M9.99992 4.1665L15.8333 9.99984L9.99992 15.8332\" stroke=\"currentColor\"\/>\n<\/svg>\n    <\/figure>\n<\/article>            \n            <article\nclass=\"round-corners-sm p-6 relative group grid grid-rows-[subgrid] row-[span_3] gap-4 bg-white text-red\"\n>\n            <h3\n        class=\"heading-sm group-hover:underline text-red\">\n            <a href=\"https:\/\/www.abf.se\/malmo\/musik\/\" class=\"expanded-hit-area\" target=\"\">\n                Replokaler och musik\n            <\/a>\n        <\/h3>\n                <p class=\"body-md text-gray-text\">\n            Vill du b\u00f6rja repa med ditt band hos ABF? Eller h\u00e5lla en studiecirkel i musikproduktion? Vi har lokaler, b\u00e5de utrustade och outrustade, f\u00f6r er folkbildande verksamhet.\r\n\n        <\/p>\n        <figure\n    class=\"w-[38px] h-[38px] rounded-full p-2 group-hover:scale-110 transition-transform duration-300 self-end pointer-events-none bg-red text-white\">\n        <svg width=\"20\" height=\"20\" viewBox=\"0 0 20 20\" fill=\"none\" class=\"SvgIconElement\">\n<path d=\"M4.16659 10L15.8333 10\" stroke=\"currentColor\"\/>\n<path d=\"M9.99992 4.1665L15.8333 9.99984L9.99992 15.8332\" stroke=\"currentColor\"\/>\n<\/svg>\n    <\/figure>\n<\/article>                    <\/div>\n    <\/div>\n<\/div>\n","protected":false},"excerpt":{"rendered":"","protected":false},"author":9,"featured_media":0,"parent":0,"menu_order":0,"comment_status":"closed","ping_status":"closed","template":"","meta":{"_acf_changed":false,"footnotes":""},"class_list":["post-504","page","type-page","status-publish","hentry"],"acf":[],"yoast_head":"<!-- This site is optimized with the Yoast SEO plugin v27.0 - https:\/\/yoast.com\/product\/yoast-seo-wordpress\/ -->\n<title>L\u00e5na teknisk utrustning - Malm\u00f6 Sydv\u00e4st<\/title>\n<meta name=\"description\" content=\"Vill du l\u00e5na ett PA-system till din f\u00f6rel\u00e4sning eller ett mixerbord till en spelning? Tillsammans g\u00f6r vi folkbildande verksamhet f\u00f6r att fr\u00e4mja den lokala kultur- och musikscenen.\" \/>\n<meta name=\"robots\" content=\"index, follow, max-snippet:-1, max-image-preview:large, max-video-preview:-1\" \/>\n<link rel=\"canonical\" href=\"https:\/\/www.abf.se\/malmo-sydvast\/lana-teknisk-utrustning\/\" \/>\n<meta property=\"og:locale\" content=\"sv_SE\" \/>\n<meta property=\"og:type\" content=\"article\" \/>\n<meta property=\"og:title\" content=\"L\u00e5na teknisk utrustning - Malm\u00f6 Sydv\u00e4st\" \/>\n<meta property=\"og:description\" content=\"Vill du l\u00e5na ett PA-system till din f\u00f6rel\u00e4sning eller ett mixerbord till en spelning? Tillsammans g\u00f6r vi folkbildande verksamhet f\u00f6r att fr\u00e4mja den lokala kultur- och musikscenen.\" \/>\n<meta property=\"og:url\" content=\"https:\/\/www.abf.se\/malmo-sydvast\/lana-teknisk-utrustning\/\" \/>\n<meta property=\"og:site_name\" content=\"Malm\u00f6 Sydv\u00e4st\" \/>\n<meta property=\"article:modified_time\" content=\"2026-03-12T15:01:41+00:00\" \/>\n<meta property=\"og:image\" content=\"https:\/\/www.abf.se\/wp-content\/uploads\/sites\/34\/2024\/04\/Bokmassan_2020_2-foto-Anna-Schori-scaled.jpg\" \/>\n\t<meta property=\"og:image:width\" content=\"2560\" \/>\n\t<meta property=\"og:image:height\" content=\"1731\" \/>\n\t<meta property=\"og:image:type\" content=\"image\/jpeg\" \/>\n<meta name=\"twitter:card\" content=\"summary_large_image\" \/>\n<script type=\"application\/ld+json\" class=\"yoast-schema-graph\">{\"@context\":\"https:\/\/schema.org\",\"@graph\":[{\"@type\":\"WebPage\",\"@id\":\"https:\/\/www.abf.se\/malmo-sydvast\/lana-teknisk-utrustning\/\",\"url\":\"https:\/\/www.abf.se\/malmo-sydvast\/lana-teknisk-utrustning\/\",\"name\":\"L\u00e5na teknisk utrustning - Malm\u00f6 Sydv\u00e4st\",\"isPartOf\":{\"@id\":\"https:\/\/www.abf.se\/malmo-sydvast\/#website\"},\"datePublished\":\"2024-04-09T06:06:20+00:00\",\"dateModified\":\"2026-03-12T15:01:41+00:00\",\"description\":\"Vill du l\u00e5na ett PA-system till din f\u00f6rel\u00e4sning eller ett mixerbord till en spelning? Tillsammans g\u00f6r vi folkbildande verksamhet f\u00f6r att fr\u00e4mja den lokala kultur- och musikscenen.\",\"breadcrumb\":{\"@id\":\"https:\/\/www.abf.se\/malmo-sydvast\/lana-teknisk-utrustning\/#breadcrumb\"},\"inLanguage\":\"sv-SE\",\"potentialAction\":[{\"@type\":\"ReadAction\",\"target\":[\"https:\/\/www.abf.se\/malmo-sydvast\/lana-teknisk-utrustning\/\"]}]},{\"@type\":\"BreadcrumbList\",\"@id\":\"https:\/\/www.abf.se\/malmo-sydvast\/lana-teknisk-utrustning\/#breadcrumb\",\"itemListElement\":[{\"@type\":\"ListItem\",\"position\":1,\"name\":\"Home\",\"item\":\"https:\/\/www.abf.se\/malmo-sydvast\/\"},{\"@type\":\"ListItem\",\"position\":2,\"name\":\"L\u00e5na teknisk utrustning\"}]},{\"@type\":\"WebSite\",\"@id\":\"https:\/\/www.abf.se\/malmo-sydvast\/#website\",\"url\":\"https:\/\/www.abf.se\/malmo-sydvast\/\",\"name\":\"Malm\u00f6 Sydv\u00e4st\",\"description\":\"\",\"potentialAction\":[{\"@type\":\"SearchAction\",\"target\":{\"@type\":\"EntryPoint\",\"urlTemplate\":\"https:\/\/www.abf.se\/malmo-sydvast\/?s={search_term_string}\"},\"query-input\":{\"@type\":\"PropertyValueSpecification\",\"valueRequired\":true,\"valueName\":\"search_term_string\"}}],\"inLanguage\":\"sv-SE\"}]}<\/script>\n<!-- \/ Yoast SEO plugin. -->","yoast_head_json":{"title":"L\u00e5na teknisk utrustning - Malm\u00f6 Sydv\u00e4st","description":"Vill du l\u00e5na ett PA-system till din f\u00f6rel\u00e4sning eller ett mixerbord till en spelning? Tillsammans g\u00f6r vi folkbildande verksamhet f\u00f6r att fr\u00e4mja den lokala kultur- och musikscenen.","robots":{"index":"index","follow":"follow","max-snippet":"max-snippet:-1","max-image-preview":"max-image-preview:large","max-video-preview":"max-video-preview:-1"},"canonical":"https:\/\/www.abf.se\/malmo-sydvast\/lana-teknisk-utrustning\/","og_locale":"sv_SE","og_type":"article","og_title":"L\u00e5na teknisk utrustning - Malm\u00f6 Sydv\u00e4st","og_description":"Vill du l\u00e5na ett PA-system till din f\u00f6rel\u00e4sning eller ett mixerbord till en spelning? Tillsammans g\u00f6r vi folkbildande verksamhet f\u00f6r att fr\u00e4mja den lokala kultur- och musikscenen.","og_url":"https:\/\/www.abf.se\/malmo-sydvast\/lana-teknisk-utrustning\/","og_site_name":"Malm\u00f6 Sydv\u00e4st","article_modified_time":"2026-03-12T15:01:41+00:00","og_image":[{"width":2560,"height":1731,"url":"https:\/\/www.abf.se\/wp-content\/uploads\/sites\/34\/2024\/04\/Bokmassan_2020_2-foto-Anna-Schori-scaled.jpg","type":"image\/jpeg"}],"twitter_card":"summary_large_image","schema":{"@context":"https:\/\/schema.org","@graph":[{"@type":"WebPage","@id":"https:\/\/www.abf.se\/malmo-sydvast\/lana-teknisk-utrustning\/","url":"https:\/\/www.abf.se\/malmo-sydvast\/lana-teknisk-utrustning\/","name":"L\u00e5na teknisk utrustning - Malm\u00f6 Sydv\u00e4st","isPartOf":{"@id":"https:\/\/www.abf.se\/malmo-sydvast\/#website"},"datePublished":"2024-04-09T06:06:20+00:00","dateModified":"2026-03-12T15:01:41+00:00","description":"Vill du l\u00e5na ett PA-system till din f\u00f6rel\u00e4sning eller ett mixerbord till en spelning? Tillsammans g\u00f6r vi folkbildande verksamhet f\u00f6r att fr\u00e4mja den lokala kultur- och musikscenen.","breadcrumb":{"@id":"https:\/\/www.abf.se\/malmo-sydvast\/lana-teknisk-utrustning\/#breadcrumb"},"inLanguage":"sv-SE","potentialAction":[{"@type":"ReadAction","target":["https:\/\/www.abf.se\/malmo-sydvast\/lana-teknisk-utrustning\/"]}]},{"@type":"BreadcrumbList","@id":"https:\/\/www.abf.se\/malmo-sydvast\/lana-teknisk-utrustning\/#breadcrumb","itemListElement":[{"@type":"ListItem","position":1,"name":"Home","item":"https:\/\/www.abf.se\/malmo-sydvast\/"},{"@type":"ListItem","position":2,"name":"L\u00e5na teknisk utrustning"}]},{"@type":"WebSite","@id":"https:\/\/www.abf.se\/malmo-sydvast\/#website","url":"https:\/\/www.abf.se\/malmo-sydvast\/","name":"Malm\u00f6 Sydv\u00e4st","description":"","potentialAction":[{"@type":"SearchAction","target":{"@type":"EntryPoint","urlTemplate":"https:\/\/www.abf.se\/malmo-sydvast\/?s={search_term_string}"},"query-input":{"@type":"PropertyValueSpecification","valueRequired":true,"valueName":"search_term_string"}}],"inLanguage":"sv-SE"}]}},"_links":{"self":[{"href":"https:\/\/www.abf.se\/malmo-sydvast\/wp-json\/wp\/v2\/pages\/504","targetHints":{"allow":["GET"]}}],"collection":[{"href":"https:\/\/www.abf.se\/malmo-sydvast\/wp-json\/wp\/v2\/pages"}],"about":[{"href":"https:\/\/www.abf.se\/malmo-sydvast\/wp-json\/wp\/v2\/types\/page"}],"author":[{"embeddable":true,"href":"https:\/\/www.abf.se\/malmo-sydvast\/wp-json\/wp\/v2\/users\/9"}],"replies":[{"embeddable":true,"href":"https:\/\/www.abf.se\/malmo-sydvast\/wp-json\/wp\/v2\/comments?post=504"}],"version-history":[{"count":12,"href":"https:\/\/www.abf.se\/malmo-sydvast\/wp-json\/wp\/v2\/pages\/504\/revisions"}],"predecessor-version":[{"id":3935,"href":"https:\/\/www.abf.se\/malmo-sydvast\/wp-json\/wp\/v2\/pages\/504\/revisions\/3935"}],"wp:attachment":[{"href":"https:\/\/www.abf.se\/malmo-sydvast\/wp-json\/wp\/v2\/media?parent=504"}],"curies":[{"name":"wp","href":"https:\/\/api.w.org\/{rel}","templated":true}]}}