{"id":6,"date":"2024-03-21T13:47:22","date_gmt":"2024-03-21T12:47:22","guid":{"rendered":"https:\/\/www.abf.se\/malmo\/?page_id=6"},"modified":"2025-11-18T12:57:29","modified_gmt":"2025-11-18T11:57:29","slug":"villkor-for-anmalan-cirklar-kurs-och-arrangemang","status":"publish","type":"page","link":"https:\/\/www.abf.se\/malmo-sydvast\/villkor-for-anmalan-cirklar-kurs-och-arrangemang\/","title":{"rendered":"Villkor f\u00f6r anm\u00e4lan till kurser"},"content":{"rendered":"<div\n    class=\"acf-plain-heading-block container my-16\"\n    data-block=\"plain-heading-block\"\n>\n    <div class=\"max-w-[658px] mx-auto\">\n                <h2 class=\"hero-heading\"><span>Bra att veta<\/span><\/h2>\n                    <\/div>\n<\/div>\n<div\n    class=\"acf-article-text-block article-container my-12\"\n    data-block=\"article-text-block\"\n>\n    <div class=\"wysiwyg\">\n        <h3>Anm\u00e4l dig till en kurs<\/h3>\n<ol>\n<li>V\u00e4lj vilken kurs eller studiecirkel du vill anm\u00e4la dig till <a href=\"https:\/\/www.abf.se\/malmo\/kurs-sok\/?q=&amp;city%5B%5D=118&amp;city%5B%5D=122&amp;city%5B%5D=128\"><strong>h\u00e4r<\/strong><\/a>.<\/li>\n<li>L\u00e4ngst ner p\u00e5 varje kurssida finns knappen <strong>Anm\u00e4l dig<\/strong>.<\/li>\n<li><strong>Fyll i anm\u00e4lningsformul\u00e4ret.<\/strong> V\u00e4lj om du vill betala med faktura eller onlinebetalning.<\/li>\n<li>Klicka p\u00e5 <strong>G\u00e5 till betalning<\/strong>. Om du valt onlinebetalning sker betalningen h\u00e4r. Om du valt faktura, s\u00e5 skickas en faktura med post till dig. Om arrangemanget \u00e4r gratis skickar vi endast kallelse.<\/li>\n<\/ol>\n<h3>Datum och kursstart<\/h3>\n<p>V\u00e5ra studiecirklar och kurser p\u00e5g\u00e5r under v\u00e5r-, sommar och h\u00f6sttermin. De finns \u00f6ppna f\u00f6r anm\u00e4lan l\u00f6pande under \u00e5rets g\u00e5ng. Det g\u00e5r bra att anm\u00e4la sig till flera kurser. Om du missar ett kurstillf\u00e4lle kan du inte ta igen detta i en annan kurs.<\/p>\n<p>Kurser i konsthantverk startar i tv\u00e5 omg\u00e5ngar b\u00e5de v\u00e5r och h\u00f6st. De sl\u00e4pps i augusti, oktober, december och maj.<strong>\u00a0<\/strong>\u00d6vriga kurser sl\u00e4pps l\u00f6pande under vinter\/v\u00e5r.<\/p>\n<p>&nbsp;<\/p>\n<div class=\"elementToProof\" data-ogsc=\"rgb(0, 0, 0)\">\n<h3>Avanm\u00e4lan<\/h3>\n<p>Du m\u00e5ste avanm\u00e4la dig senast 5 arbetsdagar innan kursstart, f\u00f6r att inte bli betalningsskyldig.<\/p>\n<p>Det \u00e4r endast med l\u00e4karintyg du kan avanm\u00e4la dig n\u00e4rmre start eller efter start, samt f\u00e5 ers\u00e4ttning f\u00f6r uteblivna tillf\u00e4llen.<\/p>\n<p>Om du m\u00e5ste avanm\u00e4la dig sent och det finns en reserv som kan ta platsen blir du inte betalningsskyldig. Kan du sj\u00e4lv ge platsen till en ers\u00e4ttare blir du inte betalningsskyldig (denna g\u00e5r dock inte f\u00f6re en reserv om det finns).<\/p>\n<p>ABF Malm\u00f6s lokala villkor g\u00e4ller f\u00f6re ABF:s centrala villkor.<\/p>\n<h3>Avgifter<\/h3>\n<p>F\u00f6r att g\u00f6ra v\u00e5ra studiecirklar tillg\u00e4ngliga f\u00f6r s\u00e5 m\u00e5nga som m\u00f6jligt, och samtidigt h\u00e5lla avgifterna generellt l\u00e5ga anv\u00e4nder ABF Malm\u00f6 solidarisk priss\u00e4ttning p\u00e5 utvalda kurser. Om du vill betala ett h\u00f6gre belopp \u00e4n standardavgiften, ange detta i noteringen vid anm\u00e4lan. Det finns \u00e4ven m\u00f6jlighet att dela upp din faktura p\u00e5 tv\u00e5 eller tre tillf\u00e4llen om du \u00f6nskar. Tack f\u00f6r att du \u00e4r med och m\u00f6jligg\u00f6r folkbildning f\u00f6r alla.<\/p>\n<h3><span data-contrast=\"none\">Olycksfallsf\u00f6rs\u00e4kring<\/span><\/h3>\n<p><span data-contrast=\"none\">Som deltagare \u00e4r du f\u00f6rs\u00e4krad till och fr\u00e5n samt under p\u00e5g\u00e5ende studiecirkel.<\/span><span data-ccp-props=\"{&quot;134233117&quot;:false,&quot;134233118&quot;:false,&quot;201341983&quot;:0,&quot;335557856&quot;:16777215,&quot;335559738&quot;:0,&quot;335559739&quot;:203,&quot;335559740&quot;:259}\">\u00a0<\/span><\/p>\n<h3><span data-contrast=\"none\">Rabatt<\/span><\/h3>\n<p><span data-contrast=\"none\">\u00c4r du medlem i n\u00e5got LO-fack \u00e4r det m\u00f6jligt att du f\u00e5r rabatt p\u00e5 deltagaravgiften. Ta kontakt med din fackliga organisation \u2013 det kan l\u00f6na sig.<\/span><span data-ccp-props=\"{&quot;134233117&quot;:false,&quot;134233118&quot;:false,&quot;201341983&quot;:0,&quot;335557856&quot;:16777215,&quot;335559738&quot;:0,&quot;335559739&quot;:203,&quot;335559740&quot;:259}\">\u00a0<\/span><\/p>\n<h3>Varf\u00f6r beh\u00f6ver ABF mitt personnummer?<\/h3>\n<p>Studief\u00f6rbunden beh\u00f6ver personuppgifter fr\u00e5n ledare och deltagare, f\u00f6r att f\u00e5 offentliga medel att genomf\u00f6ra folkbildande aktiviteter. Genom att registrera dig hj\u00e4lper du ABF att forts\u00e4tta utvecklas som studief\u00f6rbund och erbjuda gratis folkbildande verksamhet.\u00a0N\u00e4rvarolistan \u00e4r grunden f\u00f6r offentliga bidrag till studief\u00f6rbunden. Det \u00e4r d\u00e4rf\u00f6r studief\u00f6rbunden beh\u00f6ver deltagarnas personnummer och underskrift av ledaren. <a href=\"https:\/\/www.abf.se\/gdpr\/\">H\u00e4r kan du l\u00e4sa mer om hur ABF hanterar personuppgifter enligt GDPR.<\/a><\/p>\n<div class=\"share-page\"><\/div>\n<\/div>\n\n    <\/div>\n<\/div>\n","protected":false},"excerpt":{"rendered":"","protected":false},"author":4,"featured_media":0,"parent":0,"menu_order":0,"comment_status":"closed","ping_status":"closed","template":"","meta":{"_acf_changed":false,"footnotes":""},"class_list":["post-6","page","type-page","status-publish","hentry"],"acf":[],"yoast_head":"<!-- This site is optimized with the Yoast SEO plugin v27.0 - https:\/\/yoast.com\/product\/yoast-seo-wordpress\/ -->\n<title>Villkor f\u00f6r anm\u00e4lan till kurser - Malm\u00f6 Sydv\u00e4st<\/title>\n<meta name=\"robots\" content=\"index, follow, max-snippet:-1, max-image-preview:large, max-video-preview:-1\" \/>\n<link rel=\"canonical\" href=\"https:\/\/www.abf.se\/malmo-sydvast\/villkor-for-anmalan-cirklar-kurs-och-arrangemang\/\" \/>\n<meta property=\"og:locale\" content=\"sv_SE\" \/>\n<meta property=\"og:type\" content=\"article\" \/>\n<meta property=\"og:title\" content=\"Villkor f\u00f6r anm\u00e4lan till kurser - Malm\u00f6 Sydv\u00e4st\" \/>\n<meta property=\"og:url\" content=\"https:\/\/www.abf.se\/malmo-sydvast\/villkor-for-anmalan-cirklar-kurs-och-arrangemang\/\" \/>\n<meta property=\"og:site_name\" content=\"Malm\u00f6 Sydv\u00e4st\" \/>\n<meta property=\"article:modified_time\" content=\"2025-11-18T11:57:29+00:00\" \/>\n<meta property=\"og:image\" content=\"https:\/\/www.abf.se\/wp-content\/uploads\/sites\/34\/2024\/03\/Nyckeln-liggande-scaled.jpg\" \/>\n\t<meta property=\"og:image:width\" content=\"2560\" \/>\n\t<meta property=\"og:image:height\" content=\"1440\" \/>\n\t<meta property=\"og:image:type\" content=\"image\/jpeg\" \/>\n<meta name=\"twitter:card\" content=\"summary_large_image\" \/>\n<script type=\"application\/ld+json\" class=\"yoast-schema-graph\">{\"@context\":\"https:\/\/schema.org\",\"@graph\":[{\"@type\":\"WebPage\",\"@id\":\"https:\/\/www.abf.se\/malmo-sydvast\/villkor-for-anmalan-cirklar-kurs-och-arrangemang\/\",\"url\":\"https:\/\/www.abf.se\/malmo-sydvast\/villkor-for-anmalan-cirklar-kurs-och-arrangemang\/\",\"name\":\"Villkor f\u00f6r anm\u00e4lan till kurser - Malm\u00f6 Sydv\u00e4st\",\"isPartOf\":{\"@id\":\"https:\/\/www.abf.se\/malmo-sydvast\/#website\"},\"datePublished\":\"2024-03-21T12:47:22+00:00\",\"dateModified\":\"2025-11-18T11:57:29+00:00\",\"breadcrumb\":{\"@id\":\"https:\/\/www.abf.se\/malmo-sydvast\/villkor-for-anmalan-cirklar-kurs-och-arrangemang\/#breadcrumb\"},\"inLanguage\":\"sv-SE\",\"potentialAction\":[{\"@type\":\"ReadAction\",\"target\":[\"https:\/\/www.abf.se\/malmo-sydvast\/villkor-for-anmalan-cirklar-kurs-och-arrangemang\/\"]}]},{\"@type\":\"BreadcrumbList\",\"@id\":\"https:\/\/www.abf.se\/malmo-sydvast\/villkor-for-anmalan-cirklar-kurs-och-arrangemang\/#breadcrumb\",\"itemListElement\":[{\"@type\":\"ListItem\",\"position\":1,\"name\":\"Home\",\"item\":\"https:\/\/www.abf.se\/malmo-sydvast\/\"},{\"@type\":\"ListItem\",\"position\":2,\"name\":\"Villkor f\u00f6r anm\u00e4lan till kurser\"}]},{\"@type\":\"WebSite\",\"@id\":\"https:\/\/www.abf.se\/malmo-sydvast\/#website\",\"url\":\"https:\/\/www.abf.se\/malmo-sydvast\/\",\"name\":\"Malm\u00f6 Sydv\u00e4st\",\"description\":\"\",\"potentialAction\":[{\"@type\":\"SearchAction\",\"target\":{\"@type\":\"EntryPoint\",\"urlTemplate\":\"https:\/\/www.abf.se\/malmo-sydvast\/?s={search_term_string}\"},\"query-input\":{\"@type\":\"PropertyValueSpecification\",\"valueRequired\":true,\"valueName\":\"search_term_string\"}}],\"inLanguage\":\"sv-SE\"}]}<\/script>\n<!-- \/ Yoast SEO plugin. -->","yoast_head_json":{"title":"Villkor f\u00f6r anm\u00e4lan till kurser - Malm\u00f6 Sydv\u00e4st","robots":{"index":"index","follow":"follow","max-snippet":"max-snippet:-1","max-image-preview":"max-image-preview:large","max-video-preview":"max-video-preview:-1"},"canonical":"https:\/\/www.abf.se\/malmo-sydvast\/villkor-for-anmalan-cirklar-kurs-och-arrangemang\/","og_locale":"sv_SE","og_type":"article","og_title":"Villkor f\u00f6r anm\u00e4lan till kurser - Malm\u00f6 Sydv\u00e4st","og_url":"https:\/\/www.abf.se\/malmo-sydvast\/villkor-for-anmalan-cirklar-kurs-och-arrangemang\/","og_site_name":"Malm\u00f6 Sydv\u00e4st","article_modified_time":"2025-11-18T11:57:29+00:00","og_image":[{"width":2560,"height":1440,"url":"https:\/\/www.abf.se\/wp-content\/uploads\/sites\/34\/2024\/03\/Nyckeln-liggande-scaled.jpg","type":"image\/jpeg"}],"twitter_card":"summary_large_image","schema":{"@context":"https:\/\/schema.org","@graph":[{"@type":"WebPage","@id":"https:\/\/www.abf.se\/malmo-sydvast\/villkor-for-anmalan-cirklar-kurs-och-arrangemang\/","url":"https:\/\/www.abf.se\/malmo-sydvast\/villkor-for-anmalan-cirklar-kurs-och-arrangemang\/","name":"Villkor f\u00f6r anm\u00e4lan till kurser - Malm\u00f6 Sydv\u00e4st","isPartOf":{"@id":"https:\/\/www.abf.se\/malmo-sydvast\/#website"},"datePublished":"2024-03-21T12:47:22+00:00","dateModified":"2025-11-18T11:57:29+00:00","breadcrumb":{"@id":"https:\/\/www.abf.se\/malmo-sydvast\/villkor-for-anmalan-cirklar-kurs-och-arrangemang\/#breadcrumb"},"inLanguage":"sv-SE","potentialAction":[{"@type":"ReadAction","target":["https:\/\/www.abf.se\/malmo-sydvast\/villkor-for-anmalan-cirklar-kurs-och-arrangemang\/"]}]},{"@type":"BreadcrumbList","@id":"https:\/\/www.abf.se\/malmo-sydvast\/villkor-for-anmalan-cirklar-kurs-och-arrangemang\/#breadcrumb","itemListElement":[{"@type":"ListItem","position":1,"name":"Home","item":"https:\/\/www.abf.se\/malmo-sydvast\/"},{"@type":"ListItem","position":2,"name":"Villkor f\u00f6r anm\u00e4lan till kurser"}]},{"@type":"WebSite","@id":"https:\/\/www.abf.se\/malmo-sydvast\/#website","url":"https:\/\/www.abf.se\/malmo-sydvast\/","name":"Malm\u00f6 Sydv\u00e4st","description":"","potentialAction":[{"@type":"SearchAction","target":{"@type":"EntryPoint","urlTemplate":"https:\/\/www.abf.se\/malmo-sydvast\/?s={search_term_string}"},"query-input":{"@type":"PropertyValueSpecification","valueRequired":true,"valueName":"search_term_string"}}],"inLanguage":"sv-SE"}]}},"_links":{"self":[{"href":"https:\/\/www.abf.se\/malmo-sydvast\/wp-json\/wp\/v2\/pages\/6","targetHints":{"allow":["GET"]}}],"collection":[{"href":"https:\/\/www.abf.se\/malmo-sydvast\/wp-json\/wp\/v2\/pages"}],"about":[{"href":"https:\/\/www.abf.se\/malmo-sydvast\/wp-json\/wp\/v2\/types\/page"}],"author":[{"embeddable":true,"href":"https:\/\/www.abf.se\/malmo-sydvast\/wp-json\/wp\/v2\/users\/4"}],"replies":[{"embeddable":true,"href":"https:\/\/www.abf.se\/malmo-sydvast\/wp-json\/wp\/v2\/comments?post=6"}],"version-history":[{"count":51,"href":"https:\/\/www.abf.se\/malmo-sydvast\/wp-json\/wp\/v2\/pages\/6\/revisions"}],"predecessor-version":[{"id":3199,"href":"https:\/\/www.abf.se\/malmo-sydvast\/wp-json\/wp\/v2\/pages\/6\/revisions\/3199"}],"wp:attachment":[{"href":"https:\/\/www.abf.se\/malmo-sydvast\/wp-json\/wp\/v2\/media?parent=6"}],"curies":[{"name":"wp","href":"https:\/\/api.w.org\/{rel}","templated":true}]}}