{"id":50,"date":"2026-02-05T11:02:28","date_gmt":"2026-02-05T10:02:28","guid":{"rendered":"https:\/\/www.abf.se\/mitt\/?page_id=50"},"modified":"2026-02-05T11:20:17","modified_gmt":"2026-02-05T10:20:17","slug":"verksamhetsutvecklare","status":"publish","type":"page","link":"https:\/\/www.abf.se\/mitt\/lediga-tjanster\/verksamhetsutvecklare\/","title":{"rendered":"Verksamhetsutvecklare"},"content":{"rendered":"<div\n    class=\"acf-hero-block container-lg no-padding mb-12 js-geolocation\"\n    data-block=\"hero-block\"\n    data-index=\"0\"\n>\n    <div class=\"h-[548px]  relative rounded-[32px] overflow-hidden flex bg-gray-light\">\n        <div class=\"relative z-10 mt-auto h-auto w-full md:h-full\">\n            <div class=\"flex w-full h-full flex-col flex-wrap justify-end w-full md:w-7\/12 lg:w-1\/2 md:justify-center\">\n                <div class=\"flex flex-col gap-3 md:gap-[18px] md:transparent pt-16 pb-36 md:py-8 px-4 w-full md:max-w-[620px] mx-auto px-8\">\n\n                    <h1 class=\"hero-heading\"><span>ABF Mitt s\u00f6ker tre verksamhetsutvecklare<\/span><\/h1>\n\n                    \n                                    <\/div>\n            <\/div>\n        <\/div>\n\n        \n\n                    <figure class=\"absolute bottom-0  md:w-1\/2 transform right-0 translate-x-10 md:translate-x-32\">\n                <img decoding=\"async\"\n                    alt=\"\"\n                    aria-hidden=\"true\"\n                    class=\"h-auto w-full\"\n                    role=\"presentation\"\n                    src=\"\/assets\/images\/two_circles_bottom.svg\"\n                >\n            <\/figure>\n            <\/div>\n\n    <\/div>\n\n<div\n    class=\"acf-plain-heading-block container my-16\"\n    data-block=\"plain-heading-block\"\n>\n    <div class=\"max-w-[658px] mx-auto\">\n                            <p class=\"mt-8 body-xl text-black\">\n                Vill du vara med och bygga en ny organisation \u2013 och ett starkt lag \u2013 f\u00f6r framtidens folkbildning?\n            <\/p>\n            <\/div>\n<\/div>\n<div\n    class=\"acf-article-cta-link-block article-container my-8\"\n    data-block=\"article-cta-link-block\"\n>\n<div>\n    <a class=\"inline-flex flex-row items-center gap-4 text-link underline text-red-dark\"\n        href=\"https:\/\/recruit.visma.com\/spa\/sv\/public\/apply?guidAssignment=cc7d01b7-fd3e-4562-8769-0b19a2325f9f&#038;description=True&#038;forcelocale=true\"\n                target=\"_blank\"\n            >\n        <span class=\"\">\n        Skicka din ans\u00f6kan h\u00e4r!\n        <\/span>\n        <figure aria-hidden=\"true\" class=\"rounded-full bg-red-dark w-8 h-8 p-1 text-white\">\n            <svg width=\"20\" height=\"20\" viewBox=\"0 0 20 20\" fill=\"none\" class=\"SvgIconElement\">\n<path d=\"M4.16659 10L15.8333 10\" stroke=\"currentColor\"\/>\n<path d=\"M9.99992 4.1665L15.8333 9.99984L9.99992 15.8332\" stroke=\"currentColor\"\/>\n<\/svg>\n        <\/figure>\n    <\/a>\n<\/div>\n<\/div>\n<div\n    class=\"acf-article-text-block article-container my-12\"\n    data-block=\"article-text-block\"\n>\n    <div class=\"wysiwyg\">\n        <h2>Om arbetsplatsen<\/h2>\n<p>ABF \u00e4r Sveriges ledande studief\u00f6rbund och en kraft f\u00f6r f\u00f6r\u00e4ndring. Vi arbetar f\u00f6r att skapa ett mer j\u00e4mlikt och inkluderande samh\u00e4lle, d\u00e4r fler f\u00e5r m\u00f6jlighet att v\u00e4xa genom bildning, kultur och gemenskap. V\u00e5ra r\u00f6tter finns i arbetarr\u00f6relsen och vi tror p\u00e5 folkbildningens kraft, att st\u00e4rka demokratin och ge fler en r\u00f6st.<\/p>\n<p>Hos oss st\u00e5r nyfikenhet och utveckling i centrum \u2013 b\u00e5de f\u00f6r dem vi n\u00e5r genom v\u00e5r verksamhet och f\u00f6r dig som blir en del av ABF.<\/p>\n<p><strong>Vill du vara med och bygga en ny organisation \u2013 och ett starkt lag \u2013 f\u00f6r framtidens folkbildning?<\/strong><\/p>\n<p>ABF Mitt s\u00f6ker nu verksamhetsutvecklare med placering p\u00e5 distriktsniv\u00e5. Det h\u00e4r \u00e4r en roll f\u00f6r dig som vill vara med fr\u00e5n b\u00f6rjan, bygga strukturer och arbetss\u00e4tt och samtidigt bidra till ett tillitsfullt och samarbetsorienterat lag.<\/p>\n<p>Vi st\u00e5r inf\u00f6r en gemensam utvecklingsresa, d\u00e4r b\u00e5de organisation och arbetss\u00e4tt formas l\u00e4ngs v\u00e4gen. Hos oss \u00e4r m\u00e4nniskor, relationer och l\u00e4rande minst lika viktiga som planer och processer.<\/p>\n<p>Distriktet ABF Mitt har bildats genom en sammanslagning av de regionala folkbildningsverksamheterna i Dalarna, G\u00e4vleborg och V\u00e4rmland. Denna ombildning \u00e4r ett led i en stor organisationsf\u00f6r\u00e4ndring som omfattat hela ABF och \u00e4r en del av ABF:s framtidsstrategi f\u00f6r ett l\u00e5ngsiktigt h\u00e5llbart, tydligt och sammanh\u00e5llet studief\u00f6rbund.<\/p>\n<h2>Arbetsuppgifter<\/h2>\n<p>Som verksamhetsutvecklare p\u00e5 distriktsniv\u00e5 har du ett strategiskt, samordnande och st\u00f6djande uppdrag. Du arbetar f\u00f6r att st\u00e4rka kvalitet, likv\u00e4rdighet och l\u00e5ngsiktig utveckling i hela distriktet genom att st\u00f6tta avdelningar, initiera utvecklingsprocesser och bygga h\u00e5llbara strukturer.<\/p>\n<p>Detta \u00e4r inte en f\u00e4rdig roll i en f\u00e4rdig organisation. Det \u00e4r en roll f\u00f6r dig som trivs i f\u00f6r\u00e4ndring, ser m\u00f6jligheter i det of\u00e4rdiga och vill vara med och bygga b\u00e5de strukturen och laget.<\/p>\n<h3>I rollen ing\u00e5r bland annat att:<\/h3>\n<ul>\n<li>Arbeta med kvalitetsuppf\u00f6ljning, m\u00e5lstyrning och analys<\/li>\n<li>Bidra till pedagogisk utveckling och st\u00f6d<\/li>\n<li>Initiera, samordna och st\u00f6tta projektans\u00f6kningar och regionala projekt<\/li>\n<li>Skapa n\u00e4tverk, m\u00f6tesplatser och strukturer f\u00f6r l\u00e4rande och erfarenhetsutbyte<\/li>\n<li>Samverka med regionala akt\u00f6rer, civilsamh\u00e4lle, myndigheter och medlemsorganisationer<\/li>\n<\/ul>\n<p>Fokus i rollen ligger p\u00e5 att st\u00e4rka strukturer, processer och samverkan inte p\u00e5 att sj\u00e4lv bedriva lokal verksamhet.<\/p>\n<h2>Kvalifikationer<\/h2>\n<p>Vi s\u00f6ker dig som vill vara med och utveckla b\u00e5de verksamhet och m\u00e4nniskor.<\/p>\n<p>Vi ser att du som s\u00f6ker har god kunskap om folkbildning och erfarenhet av arbete inom civilsamh\u00e4lle, studief\u00f6rbund eller n\u00e4rliggande verksamheter. Du b\u00f6r ha erfarenhet av verksamhetsutveckling, projektledning eller liknande utvecklingsarbete och besitta en mycket god digital kompetens. Det \u00e4r viktigt att du har en f\u00f6rm\u00e5ga att arbeta strategiskt, strukturerat och l\u00e5ngsiktigt. Vi ser det som en sj\u00e4lvklarhet att du har mycket god kommunikativ f\u00f6rm\u00e5ga i tal och skrift och att du \u00e4r van vid administrativa system och Microsoft365.<\/p>\n<p>Vi l\u00e4gger stor vikt vid dina personliga erfarenheter och egenskaper och utg\u00e5r fr\u00e5n att du delar arbetarr\u00f6relsens v\u00e4rderingar.<\/p>\n<h2>Anst\u00e4llningens omfattning<\/h2>\n<p><strong>Anst\u00e4llningsform<\/strong> : Tillsvidareanst\u00e4llning<br \/>\n<strong>Omfattning<\/strong> : Heltid<\/p>\n<h2>Ans\u00f6kan<\/h2>\n<p>Ans\u00f6k senast: 2026-03-31<\/p>\n<p>Referensnummer : C299479<\/p>\n<h2>Anst\u00e4llning<\/h2>\n<p>Antal annonserade arbetstillf\u00e4llen : 3<\/p>\n<h2>\u00d6vrigt<\/h2>\n<p>Samtliga tj\u00e4nster inneb\u00e4r arbete i hela ABF Mitts geografiska omr\u00e5de (Dalarna, G\u00e4vleborg och V\u00e4rmland). Tv\u00e5 av tj\u00e4nsterna har placering i Karlstad och en tj\u00e4nst har placering i G\u00e4vle. Resor \u00e4r en \u00e5terkommande och naturlig del av vardagen i rollen. Du beh\u00f6ver d\u00e4rf\u00f6r vara mobil, flexibel och ha god m\u00f6jlighet att resa regelbundet i tj\u00e4nsten.<\/p>\n<p>ABF Mitt till\u00e4mpar hybridarbete, d\u00e4r arbete p\u00e5 kontor, ute i verksamheten och p\u00e5 distans kombineras utifr\u00e5n verksamhetens och uppdragets behov.<\/p>\n<p>Urval sker l\u00f6pande och tj\u00e4nsten kan komma att tills\u00e4ttas innan sista ans\u00f6kningsdag.<\/p>\n<p>K\u00f6rkort och tillg\u00e5ng till egen bil kr\u00e4vs.<\/p>\n<p>ABF har kollektivavtal Handelsanst\u00e4lldas f\u00f6rbund, folkr\u00f6relseavtalet.<\/p>\n<h2>Kontakt<\/h2>\n<p><strong>Kontaktperson<\/strong><br \/>\nLinn\u00e9a Wennberg<br \/>\nDistriktsombudsman<br \/>\n<a href=\"mailto:linnea.wennberg@abf.se\">linnea.wennberg@abf.se<\/a><\/p>\n\n    <\/div>\n<\/div>\n<div\n    class=\"acf-article-cta-link-block article-container my-8\"\n    data-block=\"article-cta-link-block\"\n>\n<div>\n    <a class=\"inline-flex flex-row items-center gap-4 text-link underline text-red-dark\"\n        href=\"https:\/\/recruit.visma.com\/spa\/sv\/public\/apply?guidAssignment=cc7d01b7-fd3e-4562-8769-0b19a2325f9f&#038;description=True&#038;forcelocale=true\"\n                target=\"_blank\"\n            >\n        <span class=\"\">\n        Skicka din ans\u00f6kan h\u00e4r!\n        <\/span>\n        <figure aria-hidden=\"true\" class=\"rounded-full bg-red-dark w-8 h-8 p-1 text-white\">\n            <svg width=\"20\" height=\"20\" viewBox=\"0 0 20 20\" fill=\"none\" class=\"SvgIconElement\">\n<path d=\"M4.16659 10L15.8333 10\" stroke=\"currentColor\"\/>\n<path d=\"M9.99992 4.1665L15.8333 9.99984L9.99992 15.8332\" stroke=\"currentColor\"\/>\n<\/svg>\n        <\/figure>\n    <\/a>\n<\/div>\n<\/div>\n","protected":false},"excerpt":{"rendered":"","protected":false},"author":6,"featured_media":0,"parent":8,"menu_order":0,"comment_status":"closed","ping_status":"closed","template":"","meta":{"_acf_changed":false,"footnotes":""},"class_list":["post-50","page","type-page","status-publish","hentry"],"acf":[],"yoast_head":"<!-- This site is optimized with the Yoast SEO plugin v27.0 - https:\/\/yoast.com\/product\/yoast-seo-wordpress\/ -->\n<title>Verksamhetsutvecklare - Distriktet Mitt<\/title>\n<meta name=\"robots\" content=\"index, follow, max-snippet:-1, max-image-preview:large, max-video-preview:-1\" \/>\n<link rel=\"canonical\" href=\"https:\/\/www.abf.se\/mitt\/lediga-tjanster\/verksamhetsutvecklare\/\" \/>\n<meta property=\"og:locale\" content=\"en_US\" \/>\n<meta property=\"og:type\" content=\"article\" \/>\n<meta property=\"og:title\" content=\"Verksamhetsutvecklare - Distriktet Mitt\" \/>\n<meta property=\"og:url\" content=\"https:\/\/www.abf.se\/mitt\/lediga-tjanster\/verksamhetsutvecklare\/\" \/>\n<meta property=\"og:site_name\" content=\"Distriktet Mitt\" \/>\n<meta property=\"article:modified_time\" content=\"2026-02-05T10:20:17+00:00\" \/>\n<meta property=\"og:image\" content=\"https:\/\/www.abf.se\/wp-content\/uploads\/sites\/91\/2026\/02\/Sprakberget-liggande-1024x576.jpg\" \/>\n\t<meta property=\"og:image:width\" content=\"1024\" \/>\n\t<meta property=\"og:image:height\" content=\"576\" \/>\n\t<meta property=\"og:image:type\" content=\"image\/jpeg\" \/>\n<meta name=\"twitter:card\" content=\"summary_large_image\" \/>\n<script type=\"application\/ld+json\" class=\"yoast-schema-graph\">{\"@context\":\"https:\/\/schema.org\",\"@graph\":[{\"@type\":\"WebPage\",\"@id\":\"https:\/\/www.abf.se\/mitt\/lediga-tjanster\/verksamhetsutvecklare\/\",\"url\":\"https:\/\/www.abf.se\/mitt\/lediga-tjanster\/verksamhetsutvecklare\/\",\"name\":\"Verksamhetsutvecklare - Distriktet Mitt\",\"isPartOf\":{\"@id\":\"https:\/\/www.abf.se\/mitt\/#website\"},\"datePublished\":\"2026-02-05T10:02:28+00:00\",\"dateModified\":\"2026-02-05T10:20:17+00:00\",\"breadcrumb\":{\"@id\":\"https:\/\/www.abf.se\/mitt\/lediga-tjanster\/verksamhetsutvecklare\/#breadcrumb\"},\"inLanguage\":\"en-US\",\"potentialAction\":[{\"@type\":\"ReadAction\",\"target\":[\"https:\/\/www.abf.se\/mitt\/lediga-tjanster\/verksamhetsutvecklare\/\"]}]},{\"@type\":\"BreadcrumbList\",\"@id\":\"https:\/\/www.abf.se\/mitt\/lediga-tjanster\/verksamhetsutvecklare\/#breadcrumb\",\"itemListElement\":[{\"@type\":\"ListItem\",\"position\":1,\"name\":\"Home\",\"item\":\"https:\/\/www.abf.se\/mitt\/\"},{\"@type\":\"ListItem\",\"position\":2,\"name\":\"Lediga tj\u00e4nster\",\"item\":\"https:\/\/www.abf.se\/mitt\/lediga-tjanster\/\"},{\"@type\":\"ListItem\",\"position\":3,\"name\":\"Verksamhetsutvecklare\"}]},{\"@type\":\"WebSite\",\"@id\":\"https:\/\/www.abf.se\/mitt\/#website\",\"url\":\"https:\/\/www.abf.se\/mitt\/\",\"name\":\"Distriktet Mitt\",\"description\":\"\",\"potentialAction\":[{\"@type\":\"SearchAction\",\"target\":{\"@type\":\"EntryPoint\",\"urlTemplate\":\"https:\/\/www.abf.se\/mitt\/?s={search_term_string}\"},\"query-input\":{\"@type\":\"PropertyValueSpecification\",\"valueRequired\":true,\"valueName\":\"search_term_string\"}}],\"inLanguage\":\"en-US\"}]}<\/script>\n<!-- \/ Yoast SEO plugin. -->","yoast_head_json":{"title":"Verksamhetsutvecklare - Distriktet Mitt","robots":{"index":"index","follow":"follow","max-snippet":"max-snippet:-1","max-image-preview":"max-image-preview:large","max-video-preview":"max-video-preview:-1"},"canonical":"https:\/\/www.abf.se\/mitt\/lediga-tjanster\/verksamhetsutvecklare\/","og_locale":"en_US","og_type":"article","og_title":"Verksamhetsutvecklare - Distriktet Mitt","og_url":"https:\/\/www.abf.se\/mitt\/lediga-tjanster\/verksamhetsutvecklare\/","og_site_name":"Distriktet Mitt","article_modified_time":"2026-02-05T10:20:17+00:00","og_image":[{"width":1024,"height":576,"url":"https:\/\/www.abf.se\/wp-content\/uploads\/sites\/91\/2026\/02\/Sprakberget-liggande-1024x576.jpg","type":"image\/jpeg"}],"twitter_card":"summary_large_image","schema":{"@context":"https:\/\/schema.org","@graph":[{"@type":"WebPage","@id":"https:\/\/www.abf.se\/mitt\/lediga-tjanster\/verksamhetsutvecklare\/","url":"https:\/\/www.abf.se\/mitt\/lediga-tjanster\/verksamhetsutvecklare\/","name":"Verksamhetsutvecklare - Distriktet Mitt","isPartOf":{"@id":"https:\/\/www.abf.se\/mitt\/#website"},"datePublished":"2026-02-05T10:02:28+00:00","dateModified":"2026-02-05T10:20:17+00:00","breadcrumb":{"@id":"https:\/\/www.abf.se\/mitt\/lediga-tjanster\/verksamhetsutvecklare\/#breadcrumb"},"inLanguage":"en-US","potentialAction":[{"@type":"ReadAction","target":["https:\/\/www.abf.se\/mitt\/lediga-tjanster\/verksamhetsutvecklare\/"]}]},{"@type":"BreadcrumbList","@id":"https:\/\/www.abf.se\/mitt\/lediga-tjanster\/verksamhetsutvecklare\/#breadcrumb","itemListElement":[{"@type":"ListItem","position":1,"name":"Home","item":"https:\/\/www.abf.se\/mitt\/"},{"@type":"ListItem","position":2,"name":"Lediga tj\u00e4nster","item":"https:\/\/www.abf.se\/mitt\/lediga-tjanster\/"},{"@type":"ListItem","position":3,"name":"Verksamhetsutvecklare"}]},{"@type":"WebSite","@id":"https:\/\/www.abf.se\/mitt\/#website","url":"https:\/\/www.abf.se\/mitt\/","name":"Distriktet Mitt","description":"","potentialAction":[{"@type":"SearchAction","target":{"@type":"EntryPoint","urlTemplate":"https:\/\/www.abf.se\/mitt\/?s={search_term_string}"},"query-input":{"@type":"PropertyValueSpecification","valueRequired":true,"valueName":"search_term_string"}}],"inLanguage":"en-US"}]}},"_links":{"self":[{"href":"https:\/\/www.abf.se\/mitt\/wp-json\/wp\/v2\/pages\/50","targetHints":{"allow":["GET"]}}],"collection":[{"href":"https:\/\/www.abf.se\/mitt\/wp-json\/wp\/v2\/pages"}],"about":[{"href":"https:\/\/www.abf.se\/mitt\/wp-json\/wp\/v2\/types\/page"}],"author":[{"embeddable":true,"href":"https:\/\/www.abf.se\/mitt\/wp-json\/wp\/v2\/users\/6"}],"replies":[{"embeddable":true,"href":"https:\/\/www.abf.se\/mitt\/wp-json\/wp\/v2\/comments?post=50"}],"version-history":[{"count":6,"href":"https:\/\/www.abf.se\/mitt\/wp-json\/wp\/v2\/pages\/50\/revisions"}],"predecessor-version":[{"id":64,"href":"https:\/\/www.abf.se\/mitt\/wp-json\/wp\/v2\/pages\/50\/revisions\/64"}],"up":[{"embeddable":true,"href":"https:\/\/www.abf.se\/mitt\/wp-json\/wp\/v2\/pages\/8"}],"wp:attachment":[{"href":"https:\/\/www.abf.se\/mitt\/wp-json\/wp\/v2\/media?parent=50"}],"curies":[{"name":"wp","href":"https:\/\/api.w.org\/{rel}","templated":true}]}}