{"id":1216,"date":"2024-03-07T19:12:01","date_gmt":"2024-03-07T18:12:01","guid":{"rendered":"https:\/\/www.abf.se\/mittskane\/?page_id=1216"},"modified":"2025-10-17T10:47:43","modified_gmt":"2025-10-17T08:47:43","slug":"enskild-gitarr-basundervisning","status":"publish","type":"page","link":"https:\/\/www.abf.se\/mittskane\/kurser-och-studiecirklar\/enskild-gitarr-basundervisning\/","title":{"rendered":"Enskild Gitarr-\/Elbasundervisning"},"content":{"rendered":"<div\n    class=\"acf-hero-block container-lg no-padding mb-12 js-geolocation\"\n    data-block=\"hero-block\"\n    data-index=\"0\"\n>\n    <div class=\"h-[548px]  relative rounded-[32px] overflow-hidden flex bg-gray-light\">\n        <div class=\"relative z-10 mt-auto h-auto w-full md:h-full\">\n            <div class=\"flex w-full h-full flex-col flex-wrap justify-end w-full md:w-7\/12 lg:w-1\/2 md:justify-center\">\n                <div class=\"flex flex-col gap-3 md:gap-[18px] md:transparent pt-16 pb-36 md:py-8 px-4 w-full md:max-w-[620px] mx-auto px-8\">\n\n                    <h1 class=\"hero-heading\"><span>Enskild Gitarr-\/Elbasundervisning<\/span><\/h1>\n\n                    \n                                    <\/div>\n            <\/div>\n        <\/div>\n\n                    <picture class=\"as-background-image mix-blend-multiply bg-black\/40\"><img decoding=\"async\" src=\"https:\/\/www.abf.se\/mittskane\/resized\/?url=https%3A%2F%2Fwww.abf.se%2Fwp-content%2Fuploads%2Fsites%2F35%2F2024%2F03%2Fgitarr.jpg&#038;fit=crop&#038;w=1440&#038;s=4dec231cda370e4dfae1697e815d90f6\" srcset=\"https:\/\/www.abf.se\/mittskane\/resized\/?url=https%3A%2F%2Fwww.abf.se%2Fwp-content%2Fuploads%2Fsites%2F35%2F2024%2F03%2Fgitarr.jpg&#038;fit=crop&#038;w=375&#038;h=540&#038;s=2a183a84595d546cf8637ca5cda2ec1a 375w, https:\/\/www.abf.se\/mittskane\/resized\/?url=https%3A%2F%2Fwww.abf.se%2Fwp-content%2Fuploads%2Fsites%2F35%2F2024%2F03%2Fgitarr.jpg&#038;fit=crop&#038;w=447&#038;h=540&#038;s=0b4c91bb75b748337d1c64db146bf5a8 447w, https:\/\/www.abf.se\/mittskane\/resized\/?url=https%3A%2F%2Fwww.abf.se%2Fwp-content%2Fuploads%2Fsites%2F35%2F2024%2F03%2Fgitarr.jpg&#038;fit=crop&#038;w=519&#038;h=540&#038;s=039c3d6fbb88dd01a2c40e88ba769aaa 519w, https:\/\/www.abf.se\/mittskane\/resized\/?url=https%3A%2F%2Fwww.abf.se%2Fwp-content%2Fuploads%2Fsites%2F35%2F2024%2F03%2Fgitarr.jpg&#038;fit=crop&#038;w=591&#038;h=540&#038;s=60f0971a224ab421309a7b7c39e6092b 591w, https:\/\/www.abf.se\/mittskane\/resized\/?url=https%3A%2F%2Fwww.abf.se%2Fwp-content%2Fuploads%2Fsites%2F35%2F2024%2F03%2Fgitarr.jpg&#038;fit=crop&#038;w=663&#038;h=540&#038;s=5f1cef47f2b286a70ff91ebdef79cde3 663w, https:\/\/www.abf.se\/mittskane\/resized\/?url=https%3A%2F%2Fwww.abf.se%2Fwp-content%2Fuploads%2Fsites%2F35%2F2024%2F03%2Fgitarr.jpg&#038;fit=crop&#038;w=750&#038;h=540&#038;s=c9b4a327f8cd218e84f56bd944421fc8 750w, https:\/\/www.abf.se\/mittskane\/resized\/?url=https%3A%2F%2Fwww.abf.se%2Fwp-content%2Fuploads%2Fsites%2F35%2F2024%2F03%2Fgitarr.jpg&#038;fit=crop&#038;w=894&#038;h=540&#038;s=fc9e8f528b00901b6090c6a1f4b6d880 894w, https:\/\/www.abf.se\/mittskane\/resized\/?url=https%3A%2F%2Fwww.abf.se%2Fwp-content%2Fuploads%2Fsites%2F35%2F2024%2F03%2Fgitarr.jpg&#038;fit=crop&#038;w=1038&#038;h=540&#038;s=9341e703bb74fccd61e8591dae877fea 1038w, https:\/\/www.abf.se\/mittskane\/resized\/?url=https%3A%2F%2Fwww.abf.se%2Fwp-content%2Fuploads%2Fsites%2F35%2F2024%2F03%2Fgitarr.jpg&#038;fit=crop&#038;w=1182&#038;h=540&#038;s=8662f83459b9ebc7435ca0601b4832df 1182w, https:\/\/www.abf.se\/mittskane\/resized\/?url=https%3A%2F%2Fwww.abf.se%2Fwp-content%2Fuploads%2Fsites%2F35%2F2024%2F03%2Fgitarr.jpg&#038;fit=crop&#038;w=1326&#038;h=540&#038;s=013256c2a62aabf29df779bb63e56ce6 1326w, https:\/\/www.abf.se\/mittskane\/resized\/?url=https%3A%2F%2Fwww.abf.se%2Fwp-content%2Fuploads%2Fsites%2F35%2F2024%2F03%2Fgitarr.jpg&#038;fit=crop&#038;w=1440&#038;h=540&#038;s=42be82c970005ee1ebdf2677508dc724 1440w\" alt=\"\" height=\"540\" width=\"1440\" sizes=\"(max-width: 1440px) calc(100vw - 32px), 1440px\" loading=\"eager\" fetchpriority=\"high\" aria-hidden=\"true\" role=\"presentation\" \/><\/picture>\n        \n\n            <\/div>\n\n    <\/div>\n\n<div\n    class=\"acf-article-text-block article-container my-12\"\n    data-block=\"article-text-block\"\n>\n    <div class=\"wysiwyg\">\n        <p>Enskild Gitarr-\/Elbasundervisning med cirkelledare Nils-Erik &#8221;Nisse Bas&#8221; Persson, som har mer \u00e4n 30 \u00e5rs erfarenhet av att l\u00e4ra ut bl.a. gitarr, bas och musikteori!<\/p>\n<p>Dag och tid f\u00f6r start avtalas med ledaren, se kontaktuppgifter nedan.<\/p>\n<p><strong>25 minuter:<\/strong><br \/>\n10 g\u00e5nger 1550 kr<br \/>\n5 g\u00e5nger 775 kr<\/p>\n<p><strong>45 minuter:<\/strong><br \/>\n10 g\u00e5nger 3000 kr<br \/>\n5 g\u00e5nger 1500 kr<\/p>\n<p>\u00d6nskas\u00a0kortare tid och\/eller fler tillf\u00e4llen, v\u00e4nligen ring 0413-693 50 f\u00f6r pris.<\/p>\n<p>Eventuell kostnad f\u00f6r l\u00e4robok tillkommer.<br \/>\nEget instrument medtages.<\/p>\n<p>V\u00e4lkommen!<\/p>\n\n    <\/div>\n<\/div>\n<ul\n    class=\"acf-article-accordion-block accordion-group grid gap-4 my-12 article-container\"\n    data-block=\"article-accordion-block \"\n    data-ui-accordion-group\n>\n\n            <li class=\"accordion\" data-ui-accordion data-ui-accordion-open=\"false\">\n        <h3>\n        <button data-ui-accordion-button class=\"accordion-toggle font-bold\" aria-expanded=\"false\" aria-controls=\"row-dagochtidforstartavtalasmedledaren:-0\" id=\"dagochtidforstartavtalasmedledaren:-0\">\n            Dag och tid f\u00f6r start avtalas med ledaren:\n            \n            <figure class=\"w-4.5 h-4.5\" aria-hidden=\"true\">\n            <svg width=\"20\" height=\"20\" viewBox=\"0 0 20 20\" fill=\"none\"\nclass=\"SvgIconElement\">\n<path d=\"M15.8333 7.16667L9.99992 13L4.16659 7.16667\" stroke=\"currentColor\"\/>\n<\/svg>\n            <\/figure>\n        <\/button>\n        \n                <\/h3>\n        <div class=\"accordion-content\">\n            <div id=\"row-dagochtidforstartavtalasmedledaren:-0\" role=\"region\" class=\"accordion-content-wrap\" aria-labelledby=\"dagochtidforstartavtalasmedledaren:-0\">\n                                                <div class=\"grid md:grid-cols-3 gap-y-10 mt-10\">\n                        \n                                                        <div class=\"contact flex flex-col gap-3\">\n                                <div class=\"md:max-w-[160px]\">\n                                    \n                                <\/div>\n                                <div class=\"\">\n                                    <h4 class=\"heading-lg\">Nils-Erik &quot;Nisse Bas&quot; Persson<\/h4>\n                                    <p class=\"body-md\">Cirkelledare<\/p>\n                                                                    <\/div>\n                                                                <div class=\"flex gap flex-col label-md gap-1\">\n                                                                        <div class=\"flex gap-3\">\n                                        <svg width=\"20\" height=\"20\" viewBox=\"0 0 20 20\" fill=\"none\" xmlns=\"http:\/\/www.w3.org\/2000\/svg\">\n<path d=\"M16.625 17.5C14.8333 17.5 13.0868 17.1007 11.3854 16.3021C9.68403 15.5035 8.17708 14.4479 6.86458 13.1354C5.55208 11.8229 4.49653 10.316 3.69792 8.61458C2.89931 6.91319 2.5 5.16667 2.5 3.375C2.5 3.125 2.58333 2.91667 2.75 2.75C2.91667 2.58333 3.125 2.5 3.375 2.5H6.75C6.94444 2.5 7.11806 2.5625 7.27083 2.6875C7.42361 2.8125 7.51389 2.97222 7.54167 3.16667L8.08333 6.08333C8.11111 6.27778 8.10764 6.45486 8.07292 6.61458C8.03819 6.77431 7.95833 6.91667 7.83333 7.04167L5.8125 9.08333C6.39583 10.0833 7.12847 11.0208 8.01042 11.8958C8.89236 12.7708 9.86111 13.5278 10.9167 14.1667L12.875 12.2083C13 12.0833 13.1632 11.9896 13.3646 11.9271C13.566 11.8646 13.7639 11.8472 13.9583 11.875L16.8333 12.4583C17.0278 12.5 17.1875 12.5938 17.3125 12.7396C17.4375 12.8854 17.5 13.0556 17.5 13.25V16.625C17.5 16.875 17.4167 17.0833 17.25 17.25C17.0833 17.4167 16.875 17.5 16.625 17.5ZM5.02083 7.5L6.39583 6.125L6.04167 4.16667H4.1875C4.25694 4.73611 4.35417 5.29861 4.47917 5.85417C4.60417 6.40972 4.78472 6.95833 5.02083 7.5ZM15.8333 15.7917V13.9583L13.875 13.5625L12.4792 14.9583C13.0208 15.1944 13.5729 15.3819 14.1354 15.5208C14.6979 15.6597 15.2639 15.75 15.8333 15.7917Z\" fill=\"black\"\/>\n<\/svg>\n                                        <p>\n                                                                                                                               <a href=\"callto:070-792 86 03\">070-792 86 03<\/a>\n                                                                                                                                     <\/p>\n                                    <\/div>\n                                                                                                        <\/div>\n                                                            <\/div>\n                                            <\/div>\n                                        <\/div>\n        <\/div>\n    <\/li>\n    <\/ul>\n<div\n    class=\"acf-article-cta-link-block article-container my-8\"\n    data-block=\"article-cta-link-block\"\n>\n<div>\n    <a class=\"inline-flex flex-row items-center gap-4 text-link underline text-red-dark\"\n        href=\"https:\/\/www.abf.se\/mittskane\/kurser-och-studiecirklar\/\"\n            >\n        <span class=\"\">\n        Se alla v\u00e5ra kurser och evenemang\n        <\/span>\n        <figure aria-hidden=\"true\" class=\"rounded-full bg-red-dark w-8 h-8 p-1 text-white\">\n            <svg width=\"20\" height=\"20\" viewBox=\"0 0 20 20\" fill=\"none\" class=\"SvgIconElement\">\n<path d=\"M4.16659 10L15.8333 10\" stroke=\"currentColor\"\/>\n<path d=\"M9.99992 4.1665L15.8333 9.99984L9.99992 15.8332\" stroke=\"currentColor\"\/>\n<\/svg>\n        <\/figure>\n    <\/a>\n<\/div>\n<\/div>\n","protected":false},"excerpt":{"rendered":"","protected":false},"author":32,"featured_media":0,"parent":411,"menu_order":0,"comment_status":"closed","ping_status":"closed","template":"","meta":{"_acf_changed":false,"footnotes":""},"class_list":["post-1216","page","type-page","status-publish","hentry"],"acf":[],"yoast_head":"<!-- This site is optimized with the Yoast SEO plugin v27.0 - https:\/\/yoast.com\/product\/yoast-seo-wordpress\/ -->\n<title>Enskild Gitarr-\/Elbasundervisning - MittSk\u00e5ne<\/title>\n<meta name=\"description\" content=\"Enskild Gitarr-\/Elbasundervisning med cirkelledare Nils-Erik \u201dNisse Bas\u201d Persson, som har mer \u00e4n 30 \u00e5rs erfarenhet.\" \/>\n<meta name=\"robots\" content=\"index, follow, max-snippet:-1, max-image-preview:large, max-video-preview:-1\" \/>\n<link rel=\"canonical\" href=\"https:\/\/www.abf.se\/mittskane\/kurser-och-studiecirklar\/enskild-gitarr-basundervisning\/\" \/>\n<meta property=\"og:locale\" content=\"sv_SE\" \/>\n<meta property=\"og:type\" content=\"article\" \/>\n<meta property=\"og:title\" content=\"Enskild Gitarr-\/Elbasundervisning - MittSk\u00e5ne\" \/>\n<meta property=\"og:description\" content=\"Enskild Gitarr-\/Elbasundervisning med cirkelledare Nils-Erik \u201dNisse Bas\u201d Persson, som har mer \u00e4n 30 \u00e5rs erfarenhet.\" \/>\n<meta property=\"og:url\" content=\"https:\/\/www.abf.se\/mittskane\/kurser-och-studiecirklar\/enskild-gitarr-basundervisning\/\" \/>\n<meta property=\"og:site_name\" content=\"MittSk\u00e5ne\" \/>\n<meta property=\"article:modified_time\" content=\"2025-10-17T08:47:43+00:00\" \/>\n<meta property=\"og:image\" content=\"https:\/\/www.abf.se\/wp-content\/uploads\/sites\/35\/2024\/04\/Nyckeln-liggande-scaled.jpg\" \/>\n\t<meta property=\"og:image:width\" content=\"2560\" \/>\n\t<meta property=\"og:image:height\" content=\"1440\" \/>\n\t<meta property=\"og:image:type\" content=\"image\/jpeg\" \/>\n<meta name=\"twitter:card\" content=\"summary_large_image\" \/>\n<script type=\"application\/ld+json\" class=\"yoast-schema-graph\">{\"@context\":\"https:\/\/schema.org\",\"@graph\":[{\"@type\":\"WebPage\",\"@id\":\"https:\/\/www.abf.se\/mittskane\/kurser-och-studiecirklar\/enskild-gitarr-basundervisning\/\",\"url\":\"https:\/\/www.abf.se\/mittskane\/kurser-och-studiecirklar\/enskild-gitarr-basundervisning\/\",\"name\":\"Enskild Gitarr-\/Elbasundervisning - MittSk\u00e5ne\",\"isPartOf\":{\"@id\":\"https:\/\/www.abf.se\/mittskane\/#website\"},\"datePublished\":\"2024-03-07T18:12:01+00:00\",\"dateModified\":\"2025-10-17T08:47:43+00:00\",\"description\":\"Enskild Gitarr-\/Elbasundervisning med cirkelledare Nils-Erik \u201dNisse Bas\u201d Persson, som har mer \u00e4n 30 \u00e5rs erfarenhet.\",\"breadcrumb\":{\"@id\":\"https:\/\/www.abf.se\/mittskane\/kurser-och-studiecirklar\/enskild-gitarr-basundervisning\/#breadcrumb\"},\"inLanguage\":\"sv-SE\",\"potentialAction\":[{\"@type\":\"ReadAction\",\"target\":[\"https:\/\/www.abf.se\/mittskane\/kurser-och-studiecirklar\/enskild-gitarr-basundervisning\/\"]}]},{\"@type\":\"BreadcrumbList\",\"@id\":\"https:\/\/www.abf.se\/mittskane\/kurser-och-studiecirklar\/enskild-gitarr-basundervisning\/#breadcrumb\",\"itemListElement\":[{\"@type\":\"ListItem\",\"position\":1,\"name\":\"Home\",\"item\":\"https:\/\/www.abf.se\/mittskane\/\"},{\"@type\":\"ListItem\",\"position\":2,\"name\":\"Kurser och Studiecirklar\",\"item\":\"https:\/\/www.abf.se\/mittskane\/kurser-och-studiecirklar\/\"},{\"@type\":\"ListItem\",\"position\":3,\"name\":\"Enskild Gitarr-\/Elbasundervisning\"}]},{\"@type\":\"WebSite\",\"@id\":\"https:\/\/www.abf.se\/mittskane\/#website\",\"url\":\"https:\/\/www.abf.se\/mittskane\/\",\"name\":\"MittSk\u00e5ne\",\"description\":\"\",\"potentialAction\":[{\"@type\":\"SearchAction\",\"target\":{\"@type\":\"EntryPoint\",\"urlTemplate\":\"https:\/\/www.abf.se\/mittskane\/?s={search_term_string}\"},\"query-input\":{\"@type\":\"PropertyValueSpecification\",\"valueRequired\":true,\"valueName\":\"search_term_string\"}}],\"inLanguage\":\"sv-SE\"}]}<\/script>\n<!-- \/ Yoast SEO plugin. -->","yoast_head_json":{"title":"Enskild Gitarr-\/Elbasundervisning - MittSk\u00e5ne","description":"Enskild Gitarr-\/Elbasundervisning med cirkelledare Nils-Erik \u201dNisse Bas\u201d Persson, som har mer \u00e4n 30 \u00e5rs erfarenhet.","robots":{"index":"index","follow":"follow","max-snippet":"max-snippet:-1","max-image-preview":"max-image-preview:large","max-video-preview":"max-video-preview:-1"},"canonical":"https:\/\/www.abf.se\/mittskane\/kurser-och-studiecirklar\/enskild-gitarr-basundervisning\/","og_locale":"sv_SE","og_type":"article","og_title":"Enskild Gitarr-\/Elbasundervisning - MittSk\u00e5ne","og_description":"Enskild Gitarr-\/Elbasundervisning med cirkelledare Nils-Erik \u201dNisse Bas\u201d Persson, som har mer \u00e4n 30 \u00e5rs erfarenhet.","og_url":"https:\/\/www.abf.se\/mittskane\/kurser-och-studiecirklar\/enskild-gitarr-basundervisning\/","og_site_name":"MittSk\u00e5ne","article_modified_time":"2025-10-17T08:47:43+00:00","og_image":[{"width":2560,"height":1440,"url":"https:\/\/www.abf.se\/wp-content\/uploads\/sites\/35\/2024\/04\/Nyckeln-liggande-scaled.jpg","type":"image\/jpeg"}],"twitter_card":"summary_large_image","schema":{"@context":"https:\/\/schema.org","@graph":[{"@type":"WebPage","@id":"https:\/\/www.abf.se\/mittskane\/kurser-och-studiecirklar\/enskild-gitarr-basundervisning\/","url":"https:\/\/www.abf.se\/mittskane\/kurser-och-studiecirklar\/enskild-gitarr-basundervisning\/","name":"Enskild Gitarr-\/Elbasundervisning - MittSk\u00e5ne","isPartOf":{"@id":"https:\/\/www.abf.se\/mittskane\/#website"},"datePublished":"2024-03-07T18:12:01+00:00","dateModified":"2025-10-17T08:47:43+00:00","description":"Enskild Gitarr-\/Elbasundervisning med cirkelledare Nils-Erik \u201dNisse Bas\u201d Persson, som har mer \u00e4n 30 \u00e5rs erfarenhet.","breadcrumb":{"@id":"https:\/\/www.abf.se\/mittskane\/kurser-och-studiecirklar\/enskild-gitarr-basundervisning\/#breadcrumb"},"inLanguage":"sv-SE","potentialAction":[{"@type":"ReadAction","target":["https:\/\/www.abf.se\/mittskane\/kurser-och-studiecirklar\/enskild-gitarr-basundervisning\/"]}]},{"@type":"BreadcrumbList","@id":"https:\/\/www.abf.se\/mittskane\/kurser-och-studiecirklar\/enskild-gitarr-basundervisning\/#breadcrumb","itemListElement":[{"@type":"ListItem","position":1,"name":"Home","item":"https:\/\/www.abf.se\/mittskane\/"},{"@type":"ListItem","position":2,"name":"Kurser och Studiecirklar","item":"https:\/\/www.abf.se\/mittskane\/kurser-och-studiecirklar\/"},{"@type":"ListItem","position":3,"name":"Enskild Gitarr-\/Elbasundervisning"}]},{"@type":"WebSite","@id":"https:\/\/www.abf.se\/mittskane\/#website","url":"https:\/\/www.abf.se\/mittskane\/","name":"MittSk\u00e5ne","description":"","potentialAction":[{"@type":"SearchAction","target":{"@type":"EntryPoint","urlTemplate":"https:\/\/www.abf.se\/mittskane\/?s={search_term_string}"},"query-input":{"@type":"PropertyValueSpecification","valueRequired":true,"valueName":"search_term_string"}}],"inLanguage":"sv-SE"}]}},"_links":{"self":[{"href":"https:\/\/www.abf.se\/mittskane\/wp-json\/wp\/v2\/pages\/1216","targetHints":{"allow":["GET"]}}],"collection":[{"href":"https:\/\/www.abf.se\/mittskane\/wp-json\/wp\/v2\/pages"}],"about":[{"href":"https:\/\/www.abf.se\/mittskane\/wp-json\/wp\/v2\/types\/page"}],"author":[{"embeddable":true,"href":"https:\/\/www.abf.se\/mittskane\/wp-json\/wp\/v2\/users\/32"}],"replies":[{"embeddable":true,"href":"https:\/\/www.abf.se\/mittskane\/wp-json\/wp\/v2\/comments?post=1216"}],"version-history":[{"count":12,"href":"https:\/\/www.abf.se\/mittskane\/wp-json\/wp\/v2\/pages\/1216\/revisions"}],"predecessor-version":[{"id":2917,"href":"https:\/\/www.abf.se\/mittskane\/wp-json\/wp\/v2\/pages\/1216\/revisions\/2917"}],"up":[{"embeddable":true,"href":"https:\/\/www.abf.se\/mittskane\/wp-json\/wp\/v2\/pages\/411"}],"wp:attachment":[{"href":"https:\/\/www.abf.se\/mittskane\/wp-json\/wp\/v2\/media?parent=1216"}],"curies":[{"name":"wp","href":"https:\/\/api.w.org\/{rel}","templated":true}]}}