{"id":1738,"date":"2024-04-02T11:35:05","date_gmt":"2024-04-02T09:35:05","guid":{"rendered":"https:\/\/www.abf.se\/mittskane\/?page_id=1738"},"modified":"2025-06-03T14:27:01","modified_gmt":"2025-06-03T12:27:01","slug":"blanketter","status":"publish","type":"page","link":"https:\/\/www.abf.se\/mittskane\/blanketter\/","title":{"rendered":"Blanketter"},"content":{"rendered":"<div\n    class=\"acf-hero-block container-lg no-padding mb-12 js-geolocation\"\n    data-block=\"hero-block\"\n    data-index=\"0\"\n>\n    <div class=\"h-[548px]  relative rounded-[32px] overflow-hidden flex bg-gray-light\">\n        <div class=\"relative z-10 mt-auto h-auto w-full md:h-full\">\n            <div class=\"flex w-full h-full flex-col flex-wrap justify-end w-full md:w-7\/12 lg:w-1\/2 md:justify-center\">\n                <div class=\"flex flex-col gap-3 md:gap-[18px] md:transparent pt-16 pb-36 md:py-8 px-4 w-full md:max-w-[620px] mx-auto px-8\">\n\n                    <h1 class=\"hero-heading\"><span>Blanketter<\/span><\/h1>\n\n                    \n                                    <\/div>\n            <\/div>\n        <\/div>\n\n                    <picture class=\"as-background-image mix-blend-multiply bg-black\/40\"><img decoding=\"async\" src=\"https:\/\/www.abf.se\/mittskane\/resized\/?url=https%3A%2F%2Fwww.abf.se%2Fwp-content%2Fuploads%2Fsites%2F35%2F2024%2F04%2Fdator.jpg&#038;fit=crop&#038;w=1440&#038;s=fcb2c40b1795946d72e065448b2b0586\" srcset=\"https:\/\/www.abf.se\/mittskane\/resized\/?url=https%3A%2F%2Fwww.abf.se%2Fwp-content%2Fuploads%2Fsites%2F35%2F2024%2F04%2Fdator.jpg&#038;fit=crop&#038;w=375&#038;h=540&#038;s=8fec7e57cb107e2ac125f53adf9aa8f5 375w, https:\/\/www.abf.se\/mittskane\/resized\/?url=https%3A%2F%2Fwww.abf.se%2Fwp-content%2Fuploads%2Fsites%2F35%2F2024%2F04%2Fdator.jpg&#038;fit=crop&#038;w=447&#038;h=540&#038;s=e0441091ab134ca12f7d1b22bf5e1c4d 447w, https:\/\/www.abf.se\/mittskane\/resized\/?url=https%3A%2F%2Fwww.abf.se%2Fwp-content%2Fuploads%2Fsites%2F35%2F2024%2F04%2Fdator.jpg&#038;fit=crop&#038;w=519&#038;h=540&#038;s=c90b33a49e1dc0abed9bb9a621244d4a 519w, https:\/\/www.abf.se\/mittskane\/resized\/?url=https%3A%2F%2Fwww.abf.se%2Fwp-content%2Fuploads%2Fsites%2F35%2F2024%2F04%2Fdator.jpg&#038;fit=crop&#038;w=591&#038;h=540&#038;s=b3dcf8f393dacc19b221dbe74330f09f 591w, https:\/\/www.abf.se\/mittskane\/resized\/?url=https%3A%2F%2Fwww.abf.se%2Fwp-content%2Fuploads%2Fsites%2F35%2F2024%2F04%2Fdator.jpg&#038;fit=crop&#038;w=663&#038;h=540&#038;s=a643d1281c0046c1dee274ee21b15b13 663w, https:\/\/www.abf.se\/mittskane\/resized\/?url=https%3A%2F%2Fwww.abf.se%2Fwp-content%2Fuploads%2Fsites%2F35%2F2024%2F04%2Fdator.jpg&#038;fit=crop&#038;w=750&#038;h=540&#038;s=8f3acfd4362687d2865c9db4b995bb0a 750w, https:\/\/www.abf.se\/mittskane\/resized\/?url=https%3A%2F%2Fwww.abf.se%2Fwp-content%2Fuploads%2Fsites%2F35%2F2024%2F04%2Fdator.jpg&#038;fit=crop&#038;w=894&#038;h=540&#038;s=08026e8820bbcefb9ac09a25f962c2c2 894w, https:\/\/www.abf.se\/mittskane\/resized\/?url=https%3A%2F%2Fwww.abf.se%2Fwp-content%2Fuploads%2Fsites%2F35%2F2024%2F04%2Fdator.jpg&#038;fit=crop&#038;w=1038&#038;h=540&#038;s=04130006f874c1f5227b797433737adf 1038w, https:\/\/www.abf.se\/mittskane\/resized\/?url=https%3A%2F%2Fwww.abf.se%2Fwp-content%2Fuploads%2Fsites%2F35%2F2024%2F04%2Fdator.jpg&#038;fit=crop&#038;w=1182&#038;h=540&#038;s=aa0df44e1e2eb9436506350bae226ca3 1182w, https:\/\/www.abf.se\/mittskane\/resized\/?url=https%3A%2F%2Fwww.abf.se%2Fwp-content%2Fuploads%2Fsites%2F35%2F2024%2F04%2Fdator.jpg&#038;fit=crop&#038;w=1326&#038;h=540&#038;s=79261917e6692dd9e52b8800bde48d33 1326w, https:\/\/www.abf.se\/mittskane\/resized\/?url=https%3A%2F%2Fwww.abf.se%2Fwp-content%2Fuploads%2Fsites%2F35%2F2024%2F04%2Fdator.jpg&#038;fit=crop&#038;w=1440&#038;h=540&#038;s=180b57ead01c5a1d9fc80af1e4cf2a59 1440w\" alt=\"\" height=\"540\" width=\"1440\" sizes=\"(max-width: 1440px) calc(100vw - 32px), 1440px\" loading=\"eager\" fetchpriority=\"high\" aria-hidden=\"true\" role=\"presentation\" \/><\/picture>\n        \n\n            <\/div>\n\n    <\/div>\n\n<div\n    class=\"acf-article-text-block article-container my-12\"\n    data-block=\"article-text-block\"\n>\n    <div class=\"wysiwyg\">\n        <h3>H\u00e4r hittar du v\u00e5ra digitala blanketter. Fyll i och skicka in direkt till oss.<\/h3>\n<p>&nbsp;<\/p>\n<p>Vill du g\u00f6ra en bokning av ett kulturprogram? Klicka in p\u00e5 &#8221;Bokning av kulturprogram&#8221; nedan.<br \/>\n<strong><a href=\"https:\/\/www.abf.se\/mittskane\/bokning-av-kulturprogram\/\">Bokning av<\/a><a href=\"https:\/\/www.abf.se\/mittskane\/bokning-av-kulturprogram\/\"> kulturprogram<\/a><\/strong><\/p>\n<p>&nbsp;<\/p>\n<p>Har du en cirkel du vill anm\u00e4la eller \u00e4r du intresserad av att h\u00e5lla en studiecirkel i ett specifikt \u00e4mne? Fyll i blanketten nedan.<br \/>\n<strong><a href=\"https:\/\/www.abf.se\/mittskane\/blanketter\/anmalan-om-studiecirkel\/\">Anm\u00e4lan om Studiecirkel<\/a><\/strong><\/p>\n<p>&nbsp;<\/p>\n<p>Har du deltagare till en studiecirkel beh\u00f6ver du fylla i en deltagarlista.<br \/>\n<strong><a href=\"https:\/\/www.abf.se\/mittskane\/blanketter\/deltagaruppgifter\/\">Deltagaruppgifter<\/a><\/strong><\/p>\n<p>&nbsp;<\/p>\n<p>\u00c4r du intresserad av att bli cirkelledare? G\u00f6r en intresseanm\u00e4lan nedan.<br \/>\n<strong><a href=\"https:\/\/www.abf.se\/mittskane\/blanketter\/intresseanmalan-cirkelledare\/\">Bli cirkelledare &#8211; Intresseanm\u00e4lan<\/a><\/strong><\/p>\n\n    <\/div>\n<\/div>\n","protected":false},"excerpt":{"rendered":"","protected":false},"author":32,"featured_media":0,"parent":0,"menu_order":0,"comment_status":"closed","ping_status":"closed","template":"","meta":{"_acf_changed":false,"footnotes":""},"class_list":["post-1738","page","type-page","status-publish","hentry"],"acf":[],"yoast_head":"<!-- This site is optimized with the Yoast SEO plugin v27.0 - https:\/\/yoast.com\/product\/yoast-seo-wordpress\/ -->\n<title>Blanketter - MittSk\u00e5ne<\/title>\n<meta name=\"description\" content=\"H\u00e4r \u00e4r v\u00e5ra digitala blanketter. Fyll i och skicka in direkt till oss. Vill du g\u00f6ra en bokning av ett kulturprogram eller anm\u00e4la cirkel?\" \/>\n<meta name=\"robots\" content=\"index, follow, max-snippet:-1, max-image-preview:large, max-video-preview:-1\" \/>\n<link rel=\"canonical\" href=\"https:\/\/www.abf.se\/mittskane\/blanketter\/\" \/>\n<meta property=\"og:locale\" content=\"sv_SE\" \/>\n<meta property=\"og:type\" content=\"article\" \/>\n<meta property=\"og:title\" content=\"Blanketter - MittSk\u00e5ne\" \/>\n<meta property=\"og:description\" content=\"H\u00e4r \u00e4r v\u00e5ra digitala blanketter. Fyll i och skicka in direkt till oss. Vill du g\u00f6ra en bokning av ett kulturprogram eller anm\u00e4la cirkel?\" \/>\n<meta property=\"og:url\" content=\"https:\/\/www.abf.se\/mittskane\/blanketter\/\" \/>\n<meta property=\"og:site_name\" content=\"MittSk\u00e5ne\" \/>\n<meta property=\"article:modified_time\" content=\"2025-06-03T12:27:01+00:00\" \/>\n<meta property=\"og:image\" content=\"https:\/\/www.abf.se\/wp-content\/uploads\/sites\/35\/2024\/04\/Nyckeln-liggande-scaled.jpg\" \/>\n\t<meta property=\"og:image:width\" content=\"2560\" \/>\n\t<meta property=\"og:image:height\" content=\"1440\" \/>\n\t<meta property=\"og:image:type\" content=\"image\/jpeg\" \/>\n<meta name=\"twitter:card\" content=\"summary_large_image\" \/>\n<script type=\"application\/ld+json\" class=\"yoast-schema-graph\">{\"@context\":\"https:\/\/schema.org\",\"@graph\":[{\"@type\":\"WebPage\",\"@id\":\"https:\/\/www.abf.se\/mittskane\/blanketter\/\",\"url\":\"https:\/\/www.abf.se\/mittskane\/blanketter\/\",\"name\":\"Blanketter - MittSk\u00e5ne\",\"isPartOf\":{\"@id\":\"https:\/\/www.abf.se\/mittskane\/#website\"},\"datePublished\":\"2024-04-02T09:35:05+00:00\",\"dateModified\":\"2025-06-03T12:27:01+00:00\",\"description\":\"H\u00e4r \u00e4r v\u00e5ra digitala blanketter. Fyll i och skicka in direkt till oss. Vill du g\u00f6ra en bokning av ett kulturprogram eller anm\u00e4la cirkel?\",\"breadcrumb\":{\"@id\":\"https:\/\/www.abf.se\/mittskane\/blanketter\/#breadcrumb\"},\"inLanguage\":\"sv-SE\",\"potentialAction\":[{\"@type\":\"ReadAction\",\"target\":[\"https:\/\/www.abf.se\/mittskane\/blanketter\/\"]}]},{\"@type\":\"BreadcrumbList\",\"@id\":\"https:\/\/www.abf.se\/mittskane\/blanketter\/#breadcrumb\",\"itemListElement\":[{\"@type\":\"ListItem\",\"position\":1,\"name\":\"Home\",\"item\":\"https:\/\/www.abf.se\/mittskane\/\"},{\"@type\":\"ListItem\",\"position\":2,\"name\":\"Blanketter\"}]},{\"@type\":\"WebSite\",\"@id\":\"https:\/\/www.abf.se\/mittskane\/#website\",\"url\":\"https:\/\/www.abf.se\/mittskane\/\",\"name\":\"MittSk\u00e5ne\",\"description\":\"\",\"potentialAction\":[{\"@type\":\"SearchAction\",\"target\":{\"@type\":\"EntryPoint\",\"urlTemplate\":\"https:\/\/www.abf.se\/mittskane\/?s={search_term_string}\"},\"query-input\":{\"@type\":\"PropertyValueSpecification\",\"valueRequired\":true,\"valueName\":\"search_term_string\"}}],\"inLanguage\":\"sv-SE\"}]}<\/script>\n<!-- \/ Yoast SEO plugin. -->","yoast_head_json":{"title":"Blanketter - MittSk\u00e5ne","description":"H\u00e4r \u00e4r v\u00e5ra digitala blanketter. Fyll i och skicka in direkt till oss. Vill du g\u00f6ra en bokning av ett kulturprogram eller anm\u00e4la cirkel?","robots":{"index":"index","follow":"follow","max-snippet":"max-snippet:-1","max-image-preview":"max-image-preview:large","max-video-preview":"max-video-preview:-1"},"canonical":"https:\/\/www.abf.se\/mittskane\/blanketter\/","og_locale":"sv_SE","og_type":"article","og_title":"Blanketter - MittSk\u00e5ne","og_description":"H\u00e4r \u00e4r v\u00e5ra digitala blanketter. Fyll i och skicka in direkt till oss. Vill du g\u00f6ra en bokning av ett kulturprogram eller anm\u00e4la cirkel?","og_url":"https:\/\/www.abf.se\/mittskane\/blanketter\/","og_site_name":"MittSk\u00e5ne","article_modified_time":"2025-06-03T12:27:01+00:00","og_image":[{"width":2560,"height":1440,"url":"https:\/\/www.abf.se\/wp-content\/uploads\/sites\/35\/2024\/04\/Nyckeln-liggande-scaled.jpg","type":"image\/jpeg"}],"twitter_card":"summary_large_image","schema":{"@context":"https:\/\/schema.org","@graph":[{"@type":"WebPage","@id":"https:\/\/www.abf.se\/mittskane\/blanketter\/","url":"https:\/\/www.abf.se\/mittskane\/blanketter\/","name":"Blanketter - MittSk\u00e5ne","isPartOf":{"@id":"https:\/\/www.abf.se\/mittskane\/#website"},"datePublished":"2024-04-02T09:35:05+00:00","dateModified":"2025-06-03T12:27:01+00:00","description":"H\u00e4r \u00e4r v\u00e5ra digitala blanketter. Fyll i och skicka in direkt till oss. Vill du g\u00f6ra en bokning av ett kulturprogram eller anm\u00e4la cirkel?","breadcrumb":{"@id":"https:\/\/www.abf.se\/mittskane\/blanketter\/#breadcrumb"},"inLanguage":"sv-SE","potentialAction":[{"@type":"ReadAction","target":["https:\/\/www.abf.se\/mittskane\/blanketter\/"]}]},{"@type":"BreadcrumbList","@id":"https:\/\/www.abf.se\/mittskane\/blanketter\/#breadcrumb","itemListElement":[{"@type":"ListItem","position":1,"name":"Home","item":"https:\/\/www.abf.se\/mittskane\/"},{"@type":"ListItem","position":2,"name":"Blanketter"}]},{"@type":"WebSite","@id":"https:\/\/www.abf.se\/mittskane\/#website","url":"https:\/\/www.abf.se\/mittskane\/","name":"MittSk\u00e5ne","description":"","potentialAction":[{"@type":"SearchAction","target":{"@type":"EntryPoint","urlTemplate":"https:\/\/www.abf.se\/mittskane\/?s={search_term_string}"},"query-input":{"@type":"PropertyValueSpecification","valueRequired":true,"valueName":"search_term_string"}}],"inLanguage":"sv-SE"}]}},"_links":{"self":[{"href":"https:\/\/www.abf.se\/mittskane\/wp-json\/wp\/v2\/pages\/1738","targetHints":{"allow":["GET"]}}],"collection":[{"href":"https:\/\/www.abf.se\/mittskane\/wp-json\/wp\/v2\/pages"}],"about":[{"href":"https:\/\/www.abf.se\/mittskane\/wp-json\/wp\/v2\/types\/page"}],"author":[{"embeddable":true,"href":"https:\/\/www.abf.se\/mittskane\/wp-json\/wp\/v2\/users\/32"}],"replies":[{"embeddable":true,"href":"https:\/\/www.abf.se\/mittskane\/wp-json\/wp\/v2\/comments?post=1738"}],"version-history":[{"count":13,"href":"https:\/\/www.abf.se\/mittskane\/wp-json\/wp\/v2\/pages\/1738\/revisions"}],"predecessor-version":[{"id":2431,"href":"https:\/\/www.abf.se\/mittskane\/wp-json\/wp\/v2\/pages\/1738\/revisions\/2431"}],"wp:attachment":[{"href":"https:\/\/www.abf.se\/mittskane\/wp-json\/wp\/v2\/media?parent=1738"}],"curies":[{"name":"wp","href":"https:\/\/api.w.org\/{rel}","templated":true}]}}