{"id":292,"date":"2024-02-23T12:09:49","date_gmt":"2024-02-23T12:09:49","guid":{"rendered":"https:\/\/www.abf.se\/mittskane\/?page_id=292"},"modified":"2025-06-12T09:15:18","modified_gmt":"2025-06-12T07:15:18","slug":"nyheter-hela-dig","status":"publish","type":"page","link":"https:\/\/www.abf.se\/mittskane\/om-vara-projekt\/ny-projekt\/nyheter-hela-dig\/","title":{"rendered":"Nyheter &#8211; HELA DIG"},"content":{"rendered":"<div\n    class=\"acf-hero-block container-lg no-padding mb-12 js-geolocation\"\n    data-block=\"hero-block\"\n    data-index=\"0\"\n>\n    <div class=\"h-[548px]  relative rounded-[32px] overflow-hidden flex bg-gray-light\">\n        <div class=\"relative z-10 mt-auto h-auto w-full md:h-full\">\n            <div class=\"flex w-full h-full flex-col flex-wrap justify-end w-full md:w-7\/12 lg:w-1\/2 md:justify-center\">\n                <div class=\"flex flex-col gap-3 md:gap-[18px] md:transparent pt-16 pb-36 md:py-8 px-4 w-full md:max-w-[620px] mx-auto px-8\">\n\n                    <h1 class=\"hero-heading\"><span>Nyheter<\/span><\/h1>\n\n                    \n                                    <\/div>\n            <\/div>\n        <\/div>\n\n                    <picture class=\"as-background-image mix-blend-multiply bg-black\/40\"><img decoding=\"async\" src=\"https:\/\/www.abf.se\/mittskane\/resized\/?url=https%3A%2F%2Fwww.abf.se%2Fwp-content%2Fuploads%2Fsites%2F35%2F2024%2F02%2Fistockphoto-996898048-612x612-1.jpg&#038;fit=crop&#038;w=1440&#038;s=f871a0551db9b9deb751c6d4be3432ae\" srcset=\"https:\/\/www.abf.se\/mittskane\/resized\/?url=https%3A%2F%2Fwww.abf.se%2Fwp-content%2Fuploads%2Fsites%2F35%2F2024%2F02%2Fistockphoto-996898048-612x612-1.jpg&#038;fit=crop&#038;w=375&#038;h=540&#038;s=228d506e8bb0837e22158562e5268cbb 375w, https:\/\/www.abf.se\/mittskane\/resized\/?url=https%3A%2F%2Fwww.abf.se%2Fwp-content%2Fuploads%2Fsites%2F35%2F2024%2F02%2Fistockphoto-996898048-612x612-1.jpg&#038;fit=crop&#038;w=447&#038;h=540&#038;s=e5836e6d7bdc46966472f711ed7f0fee 447w, https:\/\/www.abf.se\/mittskane\/resized\/?url=https%3A%2F%2Fwww.abf.se%2Fwp-content%2Fuploads%2Fsites%2F35%2F2024%2F02%2Fistockphoto-996898048-612x612-1.jpg&#038;fit=crop&#038;w=519&#038;h=540&#038;s=9c016d7abda49ceec04cd49ae08b8cdc 519w, https:\/\/www.abf.se\/mittskane\/resized\/?url=https%3A%2F%2Fwww.abf.se%2Fwp-content%2Fuploads%2Fsites%2F35%2F2024%2F02%2Fistockphoto-996898048-612x612-1.jpg&#038;fit=crop&#038;w=591&#038;h=540&#038;s=59da78b3e1bd7c8c94b3afe495e65ea5 591w, https:\/\/www.abf.se\/mittskane\/resized\/?url=https%3A%2F%2Fwww.abf.se%2Fwp-content%2Fuploads%2Fsites%2F35%2F2024%2F02%2Fistockphoto-996898048-612x612-1.jpg&#038;fit=crop&#038;w=663&#038;h=540&#038;s=01ebe058f65920111374a4005b4afcc5 663w, https:\/\/www.abf.se\/mittskane\/resized\/?url=https%3A%2F%2Fwww.abf.se%2Fwp-content%2Fuploads%2Fsites%2F35%2F2024%2F02%2Fistockphoto-996898048-612x612-1.jpg&#038;fit=crop&#038;w=750&#038;h=540&#038;s=5b188481b034ab30e0b40deaedffef8b 750w, https:\/\/www.abf.se\/mittskane\/resized\/?url=https%3A%2F%2Fwww.abf.se%2Fwp-content%2Fuploads%2Fsites%2F35%2F2024%2F02%2Fistockphoto-996898048-612x612-1.jpg&#038;fit=crop&#038;w=894&#038;h=540&#038;s=95dd0cc4f7d72471979badb1acf5ea01 894w, https:\/\/www.abf.se\/mittskane\/resized\/?url=https%3A%2F%2Fwww.abf.se%2Fwp-content%2Fuploads%2Fsites%2F35%2F2024%2F02%2Fistockphoto-996898048-612x612-1.jpg&#038;fit=crop&#038;w=1038&#038;h=540&#038;s=b630b69dae9cf60a51ec8c7089904fc1 1038w, https:\/\/www.abf.se\/mittskane\/resized\/?url=https%3A%2F%2Fwww.abf.se%2Fwp-content%2Fuploads%2Fsites%2F35%2F2024%2F02%2Fistockphoto-996898048-612x612-1.jpg&#038;fit=crop&#038;w=1182&#038;h=540&#038;s=9cf748f4baaf44afd43d962ad7f94e8e 1182w, https:\/\/www.abf.se\/mittskane\/resized\/?url=https%3A%2F%2Fwww.abf.se%2Fwp-content%2Fuploads%2Fsites%2F35%2F2024%2F02%2Fistockphoto-996898048-612x612-1.jpg&#038;fit=crop&#038;w=1326&#038;h=540&#038;s=f77817bded96e9d083fe647b692422a4 1326w, https:\/\/www.abf.se\/mittskane\/resized\/?url=https%3A%2F%2Fwww.abf.se%2Fwp-content%2Fuploads%2Fsites%2F35%2F2024%2F02%2Fistockphoto-996898048-612x612-1.jpg&#038;fit=crop&#038;w=1440&#038;h=540&#038;s=8277c5ff1890e6773d0b4c1206c2db11 1440w\" alt=\"\" height=\"540\" width=\"1440\" sizes=\"(max-width: 1440px) calc(100vw - 32px), 1440px\" loading=\"eager\" fetchpriority=\"high\" aria-hidden=\"true\" role=\"presentation\" \/><\/picture>\n        \n\n            <\/div>\n\n    <\/div>\n\n<div\n    class=\"acf-article-text-block article-container my-12\"\n    data-block=\"article-text-block\"\n>\n    <div class=\"wysiwyg\">\n        <h2>Nyheter fr\u00e5n HELA DIG<\/h2>\n<p><a href=\"https:\/\/www.abf.se\/wp-content\/uploads\/sites\/35\/2024\/04\/HELA-DIG-mars-2024.pdf\"><b>V\u00e4gen till arbetstr\u00e4ning<\/b><\/a><br \/>\n(Publicerat mars 2024)<br \/>\nVad h\u00e4nder efter HELA DIG? L\u00e4s om tre av v\u00e5ra tidigare deltagares<br \/>\nolika v\u00e4gar ut i arbetstr\u00e4ning. De \u00e4r alla \u00f6verens om vikten av kontinuitet<br \/>\ni rehabiliteringsprocessen f\u00f6r att lyckas.<\/p>\n<p><a href=\"https:\/\/www.abf.se\/wp-content\/uploads\/sites\/35\/2024\/02\/HelaDig-Februari-2024.pdf\"><strong>Vad \u00e4r HELA DIG?<\/strong><\/a><br \/>\n(Publicerat februari 2024)<br \/>\nVar i en rehabilitering passar HELA DIG in? Vilken \u00e4r m\u00e5lgruppen,<br \/>\nsyftet och metoden? H\u00e4r ger vi svar p\u00e5 fr\u00e5gor vi ofta f\u00e5tt under v\u00e5rt<br \/>\nf\u00f6rsta \u00e5r med deltagare.<\/p>\n<p><a href=\"https:\/\/www.abf.se\/wp-content\/uploads\/sites\/35\/2024\/02\/HelaDig-Oktober-2023.pdf\"><strong>Sammandrag fr\u00e5n HELA DIGs samtalsforum 9 oktober 2023<\/strong><\/a><br \/>\n(Publicerat oktober 2023)<br \/>\nSamarbete, finansiering och kontinuitet var ord som ofta n\u00e4mndes n\u00e4r<br \/>\nHELA DIG h\u00f6ll ett Samtalsforum p\u00e5 temat Arbetsmetoder, f\u00f6rh\u00e5llningss\u00e4tt<br \/>\noch samarbetsformer f\u00f6r arbete med stressrelaterad oh\u00e4lsa.<\/p>\n<p><a href=\"https:\/\/www.abf.se\/wp-content\/uploads\/sites\/35\/2024\/02\/HelaDig-Augusti-2023.pdf\"><strong>H\u00e4lsofr\u00e4mjande aktiviteter f\u00f6r \u00e5terh\u00e4mtning och ny energi<\/strong><\/a><br \/>\n(Publicerat september 2023)<br \/>\nL\u00e4s om v\u00e5ra olika h\u00e4lsofr\u00e4mjande aktivitetsomr\u00e5den och l\u00e4r k\u00e4nna n\u00e5gra<br \/>\nav v\u00e5ra aktivitetsledare.<\/p>\n<p><a href=\"https:\/\/www.abf.se\/wp-content\/uploads\/sites\/35\/2024\/02\/HelaDig-Juni-2023.pdf\"><strong>HELA DIG &#8211; erfarenheter och f\u00f6ruts\u00e4ttningar<\/strong><\/a><br \/>\n(Publicerat juni 2023)<br \/>\n-Den st\u00f6rsta l\u00e4rdomen har varit vikten av att tillsammans med remitterande<br \/>\nparter identifiera de deltagare som kan tillgodog\u00f6ra sig det HELA DIG erbjuder,<br \/>\ns\u00e4ger Ulf Sv\u00e4rd som \u00e4r projektansvarig.<\/p>\n<p><a href=\"https:\/\/www.abf.se\/wp-content\/uploads\/sites\/35\/2024\/02\/HelaDig-Maj-2023.pdf\"><strong>&#8221;Jag k\u00e4nner att jag \u00e4r stabilare och starkare.&#8221;<\/strong><\/a><br \/>\n(Publicerat maj 2023)<br \/>\nH\u00e4r kan du l\u00e4sa om hur en av v\u00e5ra deltagare har upplevt sin tid hos HELA DIG.<\/p>\n<p><a href=\"https:\/\/www.abf.se\/wp-content\/uploads\/sites\/35\/2024\/02\/HelaDig-April-2023.pdf\"><strong>Forskare f\u00f6ljer projektets nyskapande arbetss\u00e4tt<\/strong><\/a><br \/>\n(Publicerat april 2023)<br \/>\nHELA DIG f\u00f6ljs av forskare vid Lunds och Malm\u00f6 universitet. H\u00e4r ber\u00e4ttar<br \/>\nforskarna Kristoffer Holm och Patric Nordbeck varf\u00f6r de tycker att projektet<br \/>\n\u00e4r v\u00e4rdefullt att f\u00f6lja.<\/p>\n\n    <\/div>\n<\/div>\n<div class=\"my-8 container-lg acf-link-block\" data-block=\"link-block\" class=\"acf-link-block\" data-block=\"link-block\">\n    <div class=\"w-full bg-red  round-corners-lg px-4 md:px-8 py-11 md:py-16\">\n        <h2 class=\"heading-lg mb-7 text-center text-white\">\n            L\u00e4s mer om projektet h\u00e4r:\n        <\/h2>\n            <ul class=\"grid grid-cols-1 gap-x-4 gap-y-3 md:grid-cols-2\">\n                                                        <li>\n                        <a\n    class=\"large-button-link\"\n    href=\"https:\/\/www.abf.se\/mittskane\/om-vara-projekt\/ny-projekt\/\"\n    target=\"\"\n>\n    <span class=\"flex-1\">HELA DIG<\/span>\n\n    <figure\n        aria-hidden=\"true\"\n        class=\"w-5\"\n    >\n                    <svg width=\"20\" height=\"20\" viewBox=\"0 0 20 20\" fill=\"none\" class=\"SvgIconElement\">\n<path d=\"M4.16659 10L15.8333 10\" stroke=\"currentColor\"\/>\n<path d=\"M9.99992 4.1665L15.8333 9.99984L9.99992 15.8332\" stroke=\"currentColor\"\/>\n<\/svg>\n            <\/figure>\n<\/a>\n                    <\/li>\n                                                        <li>\n                        <a\n    class=\"large-button-link\"\n    href=\"https:\/\/www.abf.se\/mittskane\/om-vara-projekt\/ny-projekt\/malgruppen-i-projektet\/\"\n    target=\"\"\n>\n    <span class=\"flex-1\">M\u00e5lgruppen i projektet<\/span>\n\n    <figure\n        aria-hidden=\"true\"\n        class=\"w-5\"\n    >\n                    <svg width=\"20\" height=\"20\" viewBox=\"0 0 20 20\" fill=\"none\" class=\"SvgIconElement\">\n<path d=\"M4.16659 10L15.8333 10\" stroke=\"currentColor\"\/>\n<path d=\"M9.99992 4.1665L15.8333 9.99984L9.99992 15.8332\" stroke=\"currentColor\"\/>\n<\/svg>\n            <\/figure>\n<\/a>\n                    <\/li>\n                                                        <li>\n                        <a\n    class=\"large-button-link\"\n    href=\"https:\/\/www.abf.se\/mittskane\/om-vara-projekt\/ny-projekt\/samarbete-sokes\/\"\n    target=\"\"\n>\n    <span class=\"flex-1\">Samarbete s\u00f6kes<\/span>\n\n    <figure\n        aria-hidden=\"true\"\n        class=\"w-5\"\n    >\n                    <svg width=\"20\" height=\"20\" viewBox=\"0 0 20 20\" fill=\"none\" class=\"SvgIconElement\">\n<path d=\"M4.16659 10L15.8333 10\" stroke=\"currentColor\"\/>\n<path d=\"M9.99992 4.1665L15.8333 9.99984L9.99992 15.8332\" stroke=\"currentColor\"\/>\n<\/svg>\n            <\/figure>\n<\/a>\n                    <\/li>\n                                                        <li>\n                        <a\n    class=\"large-button-link\"\n    href=\"https:\/\/www.abf.se\/mittskane\/om-vara-projekt\/ny-projekt\/folkbildning\/\"\n    target=\"\"\n>\n    <span class=\"flex-1\">Utg\u00e5r fr\u00e5n folkbildningspedagogiken<\/span>\n\n    <figure\n        aria-hidden=\"true\"\n        class=\"w-5\"\n    >\n                    <svg width=\"20\" height=\"20\" viewBox=\"0 0 20 20\" fill=\"none\" class=\"SvgIconElement\">\n<path d=\"M4.16659 10L15.8333 10\" stroke=\"currentColor\"\/>\n<path d=\"M9.99992 4.1665L15.8333 9.99984L9.99992 15.8332\" stroke=\"currentColor\"\/>\n<\/svg>\n            <\/figure>\n<\/a>\n                    <\/li>\n                                                        <li>\n                        <a\n    class=\"large-button-link\"\n    href=\"https:\/\/www.abf.se\/mittskane\/om-vara-projekt\/ny-projekt\/folkbildningens-historia\/\"\n    target=\"\"\n>\n    <span class=\"flex-1\">Folkbildningens historia<\/span>\n\n    <figure\n        aria-hidden=\"true\"\n        class=\"w-5\"\n    >\n                    <svg width=\"20\" height=\"20\" viewBox=\"0 0 20 20\" fill=\"none\" class=\"SvgIconElement\">\n<path d=\"M4.16659 10L15.8333 10\" stroke=\"currentColor\"\/>\n<path d=\"M9.99992 4.1665L15.8333 9.99984L9.99992 15.8332\" stroke=\"currentColor\"\/>\n<\/svg>\n            <\/figure>\n<\/a>\n                    <\/li>\n                                                        <li>\n                        <a\n    class=\"large-button-link\"\n    href=\"https:\/\/www.abf.se\/mittskane\/om-vara-projekt\/ny-projekt\/pilotprojekt\/\"\n    target=\"\"\n>\n    <span class=\"flex-1\">HELA DIG 2019 \u2013 Ett pilotprojekt<\/span>\n\n    <figure\n        aria-hidden=\"true\"\n        class=\"w-5\"\n    >\n                    <svg width=\"20\" height=\"20\" viewBox=\"0 0 20 20\" fill=\"none\" class=\"SvgIconElement\">\n<path d=\"M4.16659 10L15.8333 10\" stroke=\"currentColor\"\/>\n<path d=\"M9.99992 4.1665L15.8333 9.99984L9.99992 15.8332\" stroke=\"currentColor\"\/>\n<\/svg>\n            <\/figure>\n<\/a>\n                    <\/li>\n                            <\/ul>\n        <\/ul>\n    <\/div>\n<\/div><div\n    class=\"acf-article-cta-link-block article-container my-8\"\n    data-block=\"article-cta-link-block\"\n>\n<div>\n    <a class=\"inline-flex flex-row items-center gap-4 text-link underline text-red-dark\"\n        href=\"http:\/\/www.hela-dig.se\"\n                target=\"_blank\"\n            >\n        <span class=\"\">\n        HELA DIG hemsida\n        <\/span>\n        <figure aria-hidden=\"true\" class=\"rounded-full bg-red-dark w-8 h-8 p-1 text-white\">\n            <svg width=\"20\" height=\"20\" viewBox=\"0 0 20 20\" fill=\"none\" class=\"SvgIconElement\">\n<path d=\"M4.16659 10L15.8333 10\" stroke=\"currentColor\"\/>\n<path d=\"M9.99992 4.1665L15.8333 9.99984L9.99992 15.8332\" stroke=\"currentColor\"\/>\n<\/svg>\n        <\/figure>\n    <\/a>\n<\/div>\n<\/div>\n<div\n    class=\"acf-article-cta-link-block article-container my-8\"\n    data-block=\"article-cta-link-block\"\n>\n<div>\n    <a class=\"inline-flex flex-row items-center gap-4 text-link underline text-red-dark\"\n        href=\"https:\/\/www.facebook.com\/people\/Projekt-HELA-DIG\/100089114833348\/\"\n                target=\"_blank\"\n            >\n        <span class=\"\">\n        Facebook\n        <\/span>\n        <figure aria-hidden=\"true\" class=\"rounded-full bg-red-dark w-8 h-8 p-1 text-white\">\n            <svg width=\"20\" height=\"20\" viewBox=\"0 0 20 20\" fill=\"none\" class=\"SvgIconElement\">\n<path d=\"M4.16659 10L15.8333 10\" stroke=\"currentColor\"\/>\n<path d=\"M9.99992 4.1665L15.8333 9.99984L9.99992 15.8332\" stroke=\"currentColor\"\/>\n<\/svg>\n        <\/figure>\n    <\/a>\n<\/div>\n<\/div>\n<div\n    class=\"acf-article-cta-link-block article-container my-8\"\n    data-block=\"article-cta-link-block\"\n>\n<div>\n    <a class=\"inline-flex flex-row items-center gap-4 text-link underline text-red-dark\"\n        href=\"https:\/\/www.instagram.com\/projektheladig\/\"\n                target=\"_blank\"\n            >\n        <span class=\"\">\n        Instagram\n        <\/span>\n        <figure aria-hidden=\"true\" class=\"rounded-full bg-red-dark w-8 h-8 p-1 text-white\">\n            <svg width=\"20\" height=\"20\" viewBox=\"0 0 20 20\" fill=\"none\" class=\"SvgIconElement\">\n<path d=\"M4.16659 10L15.8333 10\" stroke=\"currentColor\"\/>\n<path d=\"M9.99992 4.1665L15.8333 9.99984L9.99992 15.8332\" stroke=\"currentColor\"\/>\n<\/svg>\n        <\/figure>\n    <\/a>\n<\/div>\n<\/div>\n","protected":false},"excerpt":{"rendered":"","protected":false},"author":32,"featured_media":0,"parent":212,"menu_order":0,"comment_status":"closed","ping_status":"closed","template":"","meta":{"_acf_changed":false,"footnotes":""},"class_list":["post-292","page","type-page","status-publish","hentry"],"acf":[],"yoast_head":"<!-- This site is optimized with the Yoast SEO plugin v27.0 - https:\/\/yoast.com\/product\/yoast-seo-wordpress\/ -->\n<title>Nyheter - HELA DIG - MittSk\u00e5ne<\/title>\n<meta name=\"description\" content=\"Nyhetsbrev; V\u00e4gen till arbetstr\u00e4ning, Vad \u00e4r HELA DIG? HELA DIG -erfarenheter och f\u00f6ruts\u00e4ttningar, Forskare f\u00f6ljer projektet. m.m.\" \/>\n<meta name=\"robots\" content=\"index, follow, max-snippet:-1, max-image-preview:large, max-video-preview:-1\" \/>\n<link rel=\"canonical\" href=\"https:\/\/www.abf.se\/mittskane\/om-vara-projekt\/ny-projekt\/nyheter-hela-dig\/\" \/>\n<meta property=\"og:locale\" content=\"sv_SE\" \/>\n<meta property=\"og:type\" content=\"article\" \/>\n<meta property=\"og:title\" content=\"Nyheter - HELA DIG - MittSk\u00e5ne\" \/>\n<meta property=\"og:description\" content=\"Nyhetsbrev; V\u00e4gen till arbetstr\u00e4ning, Vad \u00e4r HELA DIG? HELA DIG -erfarenheter och f\u00f6ruts\u00e4ttningar, Forskare f\u00f6ljer projektet. m.m.\" \/>\n<meta property=\"og:url\" content=\"https:\/\/www.abf.se\/mittskane\/om-vara-projekt\/ny-projekt\/nyheter-hela-dig\/\" \/>\n<meta property=\"og:site_name\" content=\"MittSk\u00e5ne\" \/>\n<meta property=\"article:modified_time\" content=\"2025-06-12T07:15:18+00:00\" \/>\n<meta property=\"og:image\" content=\"https:\/\/www.abf.se\/wp-content\/uploads\/sites\/35\/2024\/04\/Nyckeln-liggande-scaled.jpg\" \/>\n\t<meta property=\"og:image:width\" content=\"2560\" \/>\n\t<meta property=\"og:image:height\" content=\"1440\" \/>\n\t<meta property=\"og:image:type\" content=\"image\/jpeg\" \/>\n<meta name=\"twitter:card\" content=\"summary_large_image\" \/>\n<script type=\"application\/ld+json\" class=\"yoast-schema-graph\">{\"@context\":\"https:\/\/schema.org\",\"@graph\":[{\"@type\":\"WebPage\",\"@id\":\"https:\/\/www.abf.se\/mittskane\/om-vara-projekt\/ny-projekt\/nyheter-hela-dig\/\",\"url\":\"https:\/\/www.abf.se\/mittskane\/om-vara-projekt\/ny-projekt\/nyheter-hela-dig\/\",\"name\":\"Nyheter - HELA DIG - MittSk\u00e5ne\",\"isPartOf\":{\"@id\":\"https:\/\/www.abf.se\/mittskane\/#website\"},\"datePublished\":\"2024-02-23T12:09:49+00:00\",\"dateModified\":\"2025-06-12T07:15:18+00:00\",\"description\":\"Nyhetsbrev; V\u00e4gen till arbetstr\u00e4ning, Vad \u00e4r HELA DIG? HELA DIG -erfarenheter och f\u00f6ruts\u00e4ttningar, Forskare f\u00f6ljer projektet. m.m.\",\"breadcrumb\":{\"@id\":\"https:\/\/www.abf.se\/mittskane\/om-vara-projekt\/ny-projekt\/nyheter-hela-dig\/#breadcrumb\"},\"inLanguage\":\"sv-SE\",\"potentialAction\":[{\"@type\":\"ReadAction\",\"target\":[\"https:\/\/www.abf.se\/mittskane\/om-vara-projekt\/ny-projekt\/nyheter-hela-dig\/\"]}]},{\"@type\":\"BreadcrumbList\",\"@id\":\"https:\/\/www.abf.se\/mittskane\/om-vara-projekt\/ny-projekt\/nyheter-hela-dig\/#breadcrumb\",\"itemListElement\":[{\"@type\":\"ListItem\",\"position\":1,\"name\":\"Home\",\"item\":\"https:\/\/www.abf.se\/mittskane\/\"},{\"@type\":\"ListItem\",\"position\":2,\"name\":\"V\u00e5ra projekt\",\"item\":\"https:\/\/www.abf.se\/mittskane\/om-vara-projekt\/\"},{\"@type\":\"ListItem\",\"position\":3,\"name\":\"HELA DIG\",\"item\":\"https:\/\/www.abf.se\/mittskane\/om-vara-projekt\/ny-projekt\/\"},{\"@type\":\"ListItem\",\"position\":4,\"name\":\"Nyheter &#8211; HELA DIG\"}]},{\"@type\":\"WebSite\",\"@id\":\"https:\/\/www.abf.se\/mittskane\/#website\",\"url\":\"https:\/\/www.abf.se\/mittskane\/\",\"name\":\"MittSk\u00e5ne\",\"description\":\"\",\"potentialAction\":[{\"@type\":\"SearchAction\",\"target\":{\"@type\":\"EntryPoint\",\"urlTemplate\":\"https:\/\/www.abf.se\/mittskane\/?s={search_term_string}\"},\"query-input\":{\"@type\":\"PropertyValueSpecification\",\"valueRequired\":true,\"valueName\":\"search_term_string\"}}],\"inLanguage\":\"sv-SE\"}]}<\/script>\n<!-- \/ Yoast SEO plugin. -->","yoast_head_json":{"title":"Nyheter - HELA DIG - MittSk\u00e5ne","description":"Nyhetsbrev; V\u00e4gen till arbetstr\u00e4ning, Vad \u00e4r HELA DIG? HELA DIG -erfarenheter och f\u00f6ruts\u00e4ttningar, Forskare f\u00f6ljer projektet. m.m.","robots":{"index":"index","follow":"follow","max-snippet":"max-snippet:-1","max-image-preview":"max-image-preview:large","max-video-preview":"max-video-preview:-1"},"canonical":"https:\/\/www.abf.se\/mittskane\/om-vara-projekt\/ny-projekt\/nyheter-hela-dig\/","og_locale":"sv_SE","og_type":"article","og_title":"Nyheter - HELA DIG - MittSk\u00e5ne","og_description":"Nyhetsbrev; V\u00e4gen till arbetstr\u00e4ning, Vad \u00e4r HELA DIG? HELA DIG -erfarenheter och f\u00f6ruts\u00e4ttningar, Forskare f\u00f6ljer projektet. m.m.","og_url":"https:\/\/www.abf.se\/mittskane\/om-vara-projekt\/ny-projekt\/nyheter-hela-dig\/","og_site_name":"MittSk\u00e5ne","article_modified_time":"2025-06-12T07:15:18+00:00","og_image":[{"width":2560,"height":1440,"url":"https:\/\/www.abf.se\/wp-content\/uploads\/sites\/35\/2024\/04\/Nyckeln-liggande-scaled.jpg","type":"image\/jpeg"}],"twitter_card":"summary_large_image","schema":{"@context":"https:\/\/schema.org","@graph":[{"@type":"WebPage","@id":"https:\/\/www.abf.se\/mittskane\/om-vara-projekt\/ny-projekt\/nyheter-hela-dig\/","url":"https:\/\/www.abf.se\/mittskane\/om-vara-projekt\/ny-projekt\/nyheter-hela-dig\/","name":"Nyheter - HELA DIG - MittSk\u00e5ne","isPartOf":{"@id":"https:\/\/www.abf.se\/mittskane\/#website"},"datePublished":"2024-02-23T12:09:49+00:00","dateModified":"2025-06-12T07:15:18+00:00","description":"Nyhetsbrev; V\u00e4gen till arbetstr\u00e4ning, Vad \u00e4r HELA DIG? HELA DIG -erfarenheter och f\u00f6ruts\u00e4ttningar, Forskare f\u00f6ljer projektet. m.m.","breadcrumb":{"@id":"https:\/\/www.abf.se\/mittskane\/om-vara-projekt\/ny-projekt\/nyheter-hela-dig\/#breadcrumb"},"inLanguage":"sv-SE","potentialAction":[{"@type":"ReadAction","target":["https:\/\/www.abf.se\/mittskane\/om-vara-projekt\/ny-projekt\/nyheter-hela-dig\/"]}]},{"@type":"BreadcrumbList","@id":"https:\/\/www.abf.se\/mittskane\/om-vara-projekt\/ny-projekt\/nyheter-hela-dig\/#breadcrumb","itemListElement":[{"@type":"ListItem","position":1,"name":"Home","item":"https:\/\/www.abf.se\/mittskane\/"},{"@type":"ListItem","position":2,"name":"V\u00e5ra projekt","item":"https:\/\/www.abf.se\/mittskane\/om-vara-projekt\/"},{"@type":"ListItem","position":3,"name":"HELA DIG","item":"https:\/\/www.abf.se\/mittskane\/om-vara-projekt\/ny-projekt\/"},{"@type":"ListItem","position":4,"name":"Nyheter &#8211; HELA DIG"}]},{"@type":"WebSite","@id":"https:\/\/www.abf.se\/mittskane\/#website","url":"https:\/\/www.abf.se\/mittskane\/","name":"MittSk\u00e5ne","description":"","potentialAction":[{"@type":"SearchAction","target":{"@type":"EntryPoint","urlTemplate":"https:\/\/www.abf.se\/mittskane\/?s={search_term_string}"},"query-input":{"@type":"PropertyValueSpecification","valueRequired":true,"valueName":"search_term_string"}}],"inLanguage":"sv-SE"}]}},"_links":{"self":[{"href":"https:\/\/www.abf.se\/mittskane\/wp-json\/wp\/v2\/pages\/292","targetHints":{"allow":["GET"]}}],"collection":[{"href":"https:\/\/www.abf.se\/mittskane\/wp-json\/wp\/v2\/pages"}],"about":[{"href":"https:\/\/www.abf.se\/mittskane\/wp-json\/wp\/v2\/types\/page"}],"author":[{"embeddable":true,"href":"https:\/\/www.abf.se\/mittskane\/wp-json\/wp\/v2\/users\/32"}],"replies":[{"embeddable":true,"href":"https:\/\/www.abf.se\/mittskane\/wp-json\/wp\/v2\/comments?post=292"}],"version-history":[{"count":32,"href":"https:\/\/www.abf.se\/mittskane\/wp-json\/wp\/v2\/pages\/292\/revisions"}],"predecessor-version":[{"id":2336,"href":"https:\/\/www.abf.se\/mittskane\/wp-json\/wp\/v2\/pages\/292\/revisions\/2336"}],"up":[{"embeddable":true,"href":"https:\/\/www.abf.se\/mittskane\/wp-json\/wp\/v2\/pages\/212"}],"wp:attachment":[{"href":"https:\/\/www.abf.se\/mittskane\/wp-json\/wp\/v2\/media?parent=292"}],"curies":[{"name":"wp","href":"https:\/\/api.w.org\/{rel}","templated":true}]}}