{"id":929,"date":"2024-03-01T12:23:35","date_gmt":"2024-03-01T11:23:35","guid":{"rendered":"https:\/\/www.abf.se\/mittskane\/?page_id=929"},"modified":"2025-08-29T12:48:51","modified_gmt":"2025-08-29T10:48:51","slug":"information","status":"publish","type":"page","link":"https:\/\/www.abf.se\/mittskane\/for-dig-som-cirkelledare\/information\/","title":{"rendered":"Information"},"content":{"rendered":"<div\n    class=\"acf-hero-block container-lg no-padding mb-12 js-geolocation\"\n    data-block=\"hero-block\"\n    data-index=\"0\"\n>\n    <div class=\"h-[548px]  relative rounded-[32px] overflow-hidden flex bg-gray-light\">\n        <div class=\"relative z-10 mt-auto h-auto w-full md:h-full\">\n            <div class=\"flex w-full h-full flex-col flex-wrap justify-end w-full md:w-7\/12 lg:w-1\/2 md:justify-center\">\n                <div class=\"flex flex-col gap-3 md:gap-[18px] md:transparent pt-16 pb-36 md:py-8 px-4 w-full md:max-w-[620px] mx-auto px-8\">\n\n                    <h1 class=\"hero-heading\"><span>Information<\/span><\/h1>\n\n                    \n                                    <\/div>\n            <\/div>\n        <\/div>\n\n        \n\n                    <figure class=\"absolute bottom-0  md:w-1\/2 transform right-0 translate-x-10 md:translate-x-32\">\n                <img decoding=\"async\"\n                    alt=\"\"\n                    aria-hidden=\"true\"\n                    class=\"h-auto w-full\"\n                    role=\"presentation\"\n                    src=\"\/assets\/images\/two_circles_bottom.svg\"\n                >\n            <\/figure>\n            <\/div>\n\n    <\/div>\n\n<div\n    class=\"acf-article-text-block article-container my-12\"\n    data-block=\"article-text-block\"\n>\n    <div class=\"wysiwyg\">\n        <h2>H\u00e4r finns bra att veta i din roll som cirkelledare<\/h2>\n<h3><strong>E-lista<\/strong><\/h3>\n<p>E-lista kommer fram\u00f6ver att vara det s\u00e4tt som folkbildningssveriges<br \/>\ncirkelledare och f\u00f6reningar rapporterar sin verksamhet till studief\u00f6rbunden.<\/p>\n<p>Arbete p\u00e5g\u00e5r runt om i Sverige f\u00f6r att f\u00f6rbereda en \u00f6verg\u00e5ng fr\u00e5n den traditionella papperslistan till den digitala e-lista som rapporteras via webben.<\/p>\n<p>L\u00e4s mer under <a href=\"https:\/\/www.abf.se\/mittskane\/narvarorapportering\/\"><strong>N\u00e4rvarorapportering<\/strong><\/a><\/p>\n<h3>L\u00e4s om Folkbildningsr\u00e5det<\/h3>\n<p>En av Folkbildningsr\u00e5dets viktigaste uppgifter \u00e4r att f\u00f6rdela de pengarna till folkh\u00f6gskolor och studief\u00f6rbund och s\u00e4kerst\u00e4lla att de anv\u00e4nds p\u00e5 r\u00e4tt s\u00e4tt. Folkbildningsr\u00e5det \u00e4r en ideell f\u00f6rening med vissa myndighetsuppdrag givna av riksdagen och regeringen. Uppdragen regleras via f\u00f6rordningar, riktlinjer och regleringsbrev.<\/p>\n<p><strong><a href=\"https:\/\/www.folkbildningsradet.se\">Mer om Folkbildningsr\u00e5det.<\/a><\/strong><\/p>\n<h3>Arbetsplanen \u00e4r ett st\u00f6d i ert cirkelarbete<\/h3>\n<p>Arbetsplanen \u00e4r ett s\u00e4tt att tydligg\u00f6ra f\u00f6r er i gruppen inneh\u00e5ll, arbetss\u00e4tt samt utv\u00e4rderingsmetod f\u00f6r er cirkel. F\u00f6r ABF \u00e4r det ocks\u00e5 ett viktigt verktyg f\u00f6r att kvalitetss\u00e4kra verksamheten gentemot folkbildningsr\u00e5det.<\/p>\n<p>&nbsp;<\/p>\n<p>&nbsp;<\/p>\n\n    <\/div>\n<\/div>\n<div\n    class=\"acf-article-facts-block article-container  my-8 \"\n    data-block=\"article-facts-block\"\n>\n<div class=\"bg-teal-light border border-teal p-8 rounded-corners-sm\">\n<header>\n        <h2 class=\"heading-md text-teal-dark mb-3\">\n            Verktygsl\u00e5da f\u00f6r cirkelledare i ABF\n        <\/h2>\n    <\/header>\n    <div class=\"wysiwyg\">\n        <p>I verktygsl\u00e5dan hittar du tips p\u00e5 \u00f6vningar, utv\u00e4rderingsmetoder med mera som du kan anv\u00e4nda dig av i din studiecirkel. Se p\u00e5 verktygsl\u00e5dan som inspiration till att g\u00f6ra p\u00e5 nya s\u00e4tt och som en metodbank att l\u00e5na \u00f6vningar fr\u00e5n.<\/p>\n<p><a href=\"https:\/\/www.abf.se\/wp-content\/uploads\/sites\/66\/2024\/04\/verktygslada-for-cirkelledare-1.pdf\"><strong>Verktygsl\u00e5dan hittar du h\u00e4r (klicka)!<\/strong><\/a><\/p>\n\n    <\/div>\n<\/div>\n\n<\/div>\n","protected":false},"excerpt":{"rendered":"","protected":false},"author":32,"featured_media":0,"parent":905,"menu_order":0,"comment_status":"closed","ping_status":"closed","template":"","meta":{"_acf_changed":false,"footnotes":""},"class_list":["post-929","page","type-page","status-publish","hentry"],"acf":[],"yoast_head":"<!-- This site is optimized with the Yoast SEO plugin v27.0 - https:\/\/yoast.com\/product\/yoast-seo-wordpress\/ -->\n<title>Information - MittSk\u00e5ne<\/title>\n<meta name=\"description\" content=\"H\u00e4r finns bra att veta i din roll som cirkelledare, E-lista, n\u00e4rvarorapportering, arbetsplan samt information fr\u00e5n Folkbildningsr\u00e5det.\" \/>\n<meta name=\"robots\" content=\"index, follow, max-snippet:-1, max-image-preview:large, max-video-preview:-1\" \/>\n<link rel=\"canonical\" href=\"https:\/\/www.abf.se\/mittskane\/for-dig-som-cirkelledare\/information\/\" \/>\n<meta property=\"og:locale\" content=\"sv_SE\" \/>\n<meta property=\"og:type\" content=\"article\" \/>\n<meta property=\"og:title\" content=\"Information - MittSk\u00e5ne\" \/>\n<meta property=\"og:description\" content=\"H\u00e4r finns bra att veta i din roll som cirkelledare, E-lista, n\u00e4rvarorapportering, arbetsplan samt information fr\u00e5n Folkbildningsr\u00e5det.\" \/>\n<meta property=\"og:url\" content=\"https:\/\/www.abf.se\/mittskane\/for-dig-som-cirkelledare\/information\/\" \/>\n<meta property=\"og:site_name\" content=\"MittSk\u00e5ne\" \/>\n<meta property=\"article:modified_time\" content=\"2025-08-29T10:48:51+00:00\" \/>\n<meta property=\"og:image\" content=\"https:\/\/www.abf.se\/wp-content\/uploads\/sites\/35\/2024\/04\/Nyckeln-liggande-scaled.jpg\" \/>\n\t<meta property=\"og:image:width\" content=\"2560\" \/>\n\t<meta property=\"og:image:height\" content=\"1440\" \/>\n\t<meta property=\"og:image:type\" content=\"image\/jpeg\" \/>\n<meta name=\"twitter:card\" content=\"summary_large_image\" \/>\n<script type=\"application\/ld+json\" class=\"yoast-schema-graph\">{\"@context\":\"https:\/\/schema.org\",\"@graph\":[{\"@type\":\"WebPage\",\"@id\":\"https:\/\/www.abf.se\/mittskane\/for-dig-som-cirkelledare\/information\/\",\"url\":\"https:\/\/www.abf.se\/mittskane\/for-dig-som-cirkelledare\/information\/\",\"name\":\"Information - MittSk\u00e5ne\",\"isPartOf\":{\"@id\":\"https:\/\/www.abf.se\/mittskane\/#website\"},\"datePublished\":\"2024-03-01T11:23:35+00:00\",\"dateModified\":\"2025-08-29T10:48:51+00:00\",\"description\":\"H\u00e4r finns bra att veta i din roll som cirkelledare, E-lista, n\u00e4rvarorapportering, arbetsplan samt information fr\u00e5n Folkbildningsr\u00e5det.\",\"breadcrumb\":{\"@id\":\"https:\/\/www.abf.se\/mittskane\/for-dig-som-cirkelledare\/information\/#breadcrumb\"},\"inLanguage\":\"sv-SE\",\"potentialAction\":[{\"@type\":\"ReadAction\",\"target\":[\"https:\/\/www.abf.se\/mittskane\/for-dig-som-cirkelledare\/information\/\"]}]},{\"@type\":\"BreadcrumbList\",\"@id\":\"https:\/\/www.abf.se\/mittskane\/for-dig-som-cirkelledare\/information\/#breadcrumb\",\"itemListElement\":[{\"@type\":\"ListItem\",\"position\":1,\"name\":\"Home\",\"item\":\"https:\/\/www.abf.se\/mittskane\/\"},{\"@type\":\"ListItem\",\"position\":2,\"name\":\"F\u00f6r dig som \u00e4r Cirkelledare\",\"item\":\"https:\/\/www.abf.se\/mittskane\/for-dig-som-cirkelledare\/\"},{\"@type\":\"ListItem\",\"position\":3,\"name\":\"Information\"}]},{\"@type\":\"WebSite\",\"@id\":\"https:\/\/www.abf.se\/mittskane\/#website\",\"url\":\"https:\/\/www.abf.se\/mittskane\/\",\"name\":\"MittSk\u00e5ne\",\"description\":\"\",\"potentialAction\":[{\"@type\":\"SearchAction\",\"target\":{\"@type\":\"EntryPoint\",\"urlTemplate\":\"https:\/\/www.abf.se\/mittskane\/?s={search_term_string}\"},\"query-input\":{\"@type\":\"PropertyValueSpecification\",\"valueRequired\":true,\"valueName\":\"search_term_string\"}}],\"inLanguage\":\"sv-SE\"}]}<\/script>\n<!-- \/ Yoast SEO plugin. -->","yoast_head_json":{"title":"Information - MittSk\u00e5ne","description":"H\u00e4r finns bra att veta i din roll som cirkelledare, E-lista, n\u00e4rvarorapportering, arbetsplan samt information fr\u00e5n Folkbildningsr\u00e5det.","robots":{"index":"index","follow":"follow","max-snippet":"max-snippet:-1","max-image-preview":"max-image-preview:large","max-video-preview":"max-video-preview:-1"},"canonical":"https:\/\/www.abf.se\/mittskane\/for-dig-som-cirkelledare\/information\/","og_locale":"sv_SE","og_type":"article","og_title":"Information - MittSk\u00e5ne","og_description":"H\u00e4r finns bra att veta i din roll som cirkelledare, E-lista, n\u00e4rvarorapportering, arbetsplan samt information fr\u00e5n Folkbildningsr\u00e5det.","og_url":"https:\/\/www.abf.se\/mittskane\/for-dig-som-cirkelledare\/information\/","og_site_name":"MittSk\u00e5ne","article_modified_time":"2025-08-29T10:48:51+00:00","og_image":[{"width":2560,"height":1440,"url":"https:\/\/www.abf.se\/wp-content\/uploads\/sites\/35\/2024\/04\/Nyckeln-liggande-scaled.jpg","type":"image\/jpeg"}],"twitter_card":"summary_large_image","schema":{"@context":"https:\/\/schema.org","@graph":[{"@type":"WebPage","@id":"https:\/\/www.abf.se\/mittskane\/for-dig-som-cirkelledare\/information\/","url":"https:\/\/www.abf.se\/mittskane\/for-dig-som-cirkelledare\/information\/","name":"Information - MittSk\u00e5ne","isPartOf":{"@id":"https:\/\/www.abf.se\/mittskane\/#website"},"datePublished":"2024-03-01T11:23:35+00:00","dateModified":"2025-08-29T10:48:51+00:00","description":"H\u00e4r finns bra att veta i din roll som cirkelledare, E-lista, n\u00e4rvarorapportering, arbetsplan samt information fr\u00e5n Folkbildningsr\u00e5det.","breadcrumb":{"@id":"https:\/\/www.abf.se\/mittskane\/for-dig-som-cirkelledare\/information\/#breadcrumb"},"inLanguage":"sv-SE","potentialAction":[{"@type":"ReadAction","target":["https:\/\/www.abf.se\/mittskane\/for-dig-som-cirkelledare\/information\/"]}]},{"@type":"BreadcrumbList","@id":"https:\/\/www.abf.se\/mittskane\/for-dig-som-cirkelledare\/information\/#breadcrumb","itemListElement":[{"@type":"ListItem","position":1,"name":"Home","item":"https:\/\/www.abf.se\/mittskane\/"},{"@type":"ListItem","position":2,"name":"F\u00f6r dig som \u00e4r Cirkelledare","item":"https:\/\/www.abf.se\/mittskane\/for-dig-som-cirkelledare\/"},{"@type":"ListItem","position":3,"name":"Information"}]},{"@type":"WebSite","@id":"https:\/\/www.abf.se\/mittskane\/#website","url":"https:\/\/www.abf.se\/mittskane\/","name":"MittSk\u00e5ne","description":"","potentialAction":[{"@type":"SearchAction","target":{"@type":"EntryPoint","urlTemplate":"https:\/\/www.abf.se\/mittskane\/?s={search_term_string}"},"query-input":{"@type":"PropertyValueSpecification","valueRequired":true,"valueName":"search_term_string"}}],"inLanguage":"sv-SE"}]}},"_links":{"self":[{"href":"https:\/\/www.abf.se\/mittskane\/wp-json\/wp\/v2\/pages\/929","targetHints":{"allow":["GET"]}}],"collection":[{"href":"https:\/\/www.abf.se\/mittskane\/wp-json\/wp\/v2\/pages"}],"about":[{"href":"https:\/\/www.abf.se\/mittskane\/wp-json\/wp\/v2\/types\/page"}],"author":[{"embeddable":true,"href":"https:\/\/www.abf.se\/mittskane\/wp-json\/wp\/v2\/users\/32"}],"replies":[{"embeddable":true,"href":"https:\/\/www.abf.se\/mittskane\/wp-json\/wp\/v2\/comments?post=929"}],"version-history":[{"count":10,"href":"https:\/\/www.abf.se\/mittskane\/wp-json\/wp\/v2\/pages\/929\/revisions"}],"predecessor-version":[{"id":2756,"href":"https:\/\/www.abf.se\/mittskane\/wp-json\/wp\/v2\/pages\/929\/revisions\/2756"}],"up":[{"embeddable":true,"href":"https:\/\/www.abf.se\/mittskane\/wp-json\/wp\/v2\/pages\/905"}],"wp:attachment":[{"href":"https:\/\/www.abf.se\/mittskane\/wp-json\/wp\/v2\/media?parent=929"}],"curies":[{"name":"wp","href":"https:\/\/api.w.org\/{rel}","templated":true}]}}

<div
    class="acf-hero-block container-lg no-padding mb-12 js-geolocation"
    data-block="hero-block"
    data-index="0"
>
    <div class="h-[548px]  relative rounded-[32px] overflow-hidden flex bg-gray-light">
        <div class="relative z-10 mt-auto h-auto w-full md:h-full">
            <div class="flex w-full h-full flex-col flex-wrap justify-end w-full md:w-7/12 lg:w-1/2 md:justify-center">
                <div class="flex flex-col gap-3 md:gap-[18px] md:transparent pt-16 pb-36 md:py-8 px-4 w-full md:max-w-[620px] mx-auto px-8">

                    <h1 class="hero-heading"><span>Information</span></h1>

                    
                                    </div>
            </div>
        </div>

        

                    <figure class="absolute bottom-0  md:w-1/2 transform right-0 translate-x-10 md:translate-x-32">
                <img decoding="async"
                    alt=""
                    aria-hidden="true"
                    class="h-auto w-full"
                    role="presentation"
                    src="/assets/images/two_circles_bottom.svg"
                >
            </figure>
            </div>

    </div>

<div
    class="acf-article-text-block article-container my-12"
    data-block="article-text-block"
>
    <div class="wysiwyg">
        <h2>Här finns bra att veta i din roll som cirkelledare</h2>
<h3><strong>E-lista</strong></h3>
<p>E-lista kommer framöver att vara det sätt som folkbildningssveriges<br />
cirkelledare och föreningar rapporterar sin verksamhet till studieförbunden.</p>
<p>Arbete pågår runt om i Sverige för att förbereda en övergång från den traditionella papperslistan till den digitala e-lista som rapporteras via webben.</p>
<p>Läs mer under <a href="https://www.abf.se/mittskane/narvarorapportering/"><strong>Närvarorapportering</strong></a></p>
<h3>Läs om Folkbildningsrådet</h3>
<p>En av Folkbildningsrådets viktigaste uppgifter är att fördela de pengarna till folkhögskolor och studieförbund och säkerställa att de används på rätt sätt. Folkbildningsrådet är en ideell förening med vissa myndighetsuppdrag givna av riksdagen och regeringen. Uppdragen regleras via förordningar, riktlinjer och regleringsbrev.</p>
<p><strong><a href="https://www.folkbildningsradet.se">Mer om Folkbildningsrådet.</a></strong></p>
<h3>Arbetsplanen är ett stöd i ert cirkelarbete</h3>
<p>Arbetsplanen är ett sätt att tydliggöra för er i gruppen innehåll, arbetssätt samt utvärderingsmetod för er cirkel. För ABF är det också ett viktigt verktyg för att kvalitetssäkra verksamheten gentemot folkbildningsrådet.</p>
<p>&nbsp;</p>
<p>&nbsp;</p>

    </div>
</div>
<div
    class="acf-article-facts-block article-container  my-8 "
    data-block="article-facts-block"
>
<div class="bg-teal-light border border-teal p-8 rounded-corners-sm">
<header>
        <h2 class="heading-md text-teal-dark mb-3">
            Verktygslåda för cirkelledare i ABF
        </h2>
    </header>
    <div class="wysiwyg">
        <p>I verktygslådan hittar du tips på övningar, utvärderingsmetoder med mera som du kan använda dig av i din studiecirkel. Se på verktygslådan som inspiration till att göra på nya sätt och som en metodbank att låna övningar från.</p>
<p><a href="https://www.abf.se/wp-content/uploads/sites/66/2024/04/verktygslada-for-cirkelledare-1.pdf"><strong>Verktygslådan hittar du här (klicka)!</strong></a></p>

    </div>
</div>

</div>

<!-- This site is optimized with the Yoast SEO plugin v27.0 - https://yoast.com/product/yoast-seo-wordpress/ -->
<title>Information - MittSkåne</title>
<meta name="description" content="Här finns bra att veta i din roll som cirkelledare, E-lista, närvarorapportering, arbetsplan samt information från Folkbildningsrådet." />
<meta name="robots" content="index, follow, max-snippet:-1, max-image-preview:large, max-video-preview:-1" />
<link rel="canonical" href="https://www.abf.se/mittskane/for-dig-som-cirkelledare/information/" />
<meta property="og:locale" content="sv_SE" />
<meta property="og:type" content="article" />
<meta property="og:title" content="Information - MittSkåne" />
<meta property="og:description" content="Här finns bra att veta i din roll som cirkelledare, E-lista, närvarorapportering, arbetsplan samt information från Folkbildningsrådet." />
<meta property="og:url" content="https://www.abf.se/mittskane/for-dig-som-cirkelledare/information/" />
<meta property="og:site_name" content="MittSkåne" />
<meta property="article:modified_time" content="2025-08-29T10:48:51+00:00" />
<meta property="og:image" content="https://www.abf.se/wp-content/uploads/sites/35/2024/04/Nyckeln-liggande-scaled.jpg" />
	<meta property="og:image:width" content="2560" />
	<meta property="og:image:height" content="1440" />
	<meta property="og:image:type" content="image/jpeg" />
<meta name="twitter:card" content="summary_large_image" />
<script type="application/ld+json" class="yoast-schema-graph">{"@context":"https://schema.org","@graph":[{"@type":"WebPage","@id":"https://www.abf.se/mittskane/for-dig-som-cirkelledare/information/","url":"https://www.abf.se/mittskane/for-dig-som-cirkelledare/information/","name":"Information - MittSkåne","isPartOf":{"@id":"https://www.abf.se/mittskane/#website"},"datePublished":"2024-03-01T11:23:35+00:00","dateModified":"2025-08-29T10:48:51+00:00","description":"Här finns bra att veta i din roll som cirkelledare, E-lista, närvarorapportering, arbetsplan samt information från Folkbildningsrådet.","breadcrumb":{"@id":"https://www.abf.se/mittskane/for-dig-som-cirkelledare/information/#breadcrumb"},"inLanguage":"sv-SE","potentialAction":[{"@type":"ReadAction","target":["https://www.abf.se/mittskane/for-dig-som-cirkelledare/information/"]}]},{"@type":"BreadcrumbList","@id":"https://www.abf.se/mittskane/for-dig-som-cirkelledare/information/#breadcrumb","itemListElement":[{"@type":"ListItem","position":1,"name":"Home","item":"https://www.abf.se/mittskane/"},{"@type":"ListItem","position":2,"name":"För dig som är Cirkelledare","item":"https://www.abf.se/mittskane/for-dig-som-cirkelledare/"},{"@type":"ListItem","position":3,"name":"Information"}]},{"@type":"WebSite","@id":"https://www.abf.se/mittskane/#website","url":"https://www.abf.se/mittskane/","name":"MittSkåne","description":"","potentialAction":[{"@type":"SearchAction","target":{"@type":"EntryPoint","urlTemplate":"https://www.abf.se/mittskane/?s={search_term_string}"},"query-input":{"@type":"PropertyValueSpecification","valueRequired":true,"valueName":"search_term_string"}}],"inLanguage":"sv-SE"}]}</script>
<!-- / Yoast SEO plugin. -->

Information - MittSkåne

Här finns bra att veta i din roll som cirkelledare, E-lista, närvarorapportering, arbetsplan samt information från Folkbildningsrådet.

MittSkåne

För dig som är Cirkelledare
