{"id":105,"date":"2026-03-03T10:43:42","date_gmt":"2026-03-03T09:43:42","guid":{"rendered":"https:\/\/www.abf.se\/musikverkstan\/?page_id=105"},"modified":"2026-03-06T09:38:12","modified_gmt":"2026-03-06T08:38:12","slug":"skapa-musik-med-ai","status":"publish","type":"page","link":"https:\/\/www.abf.se\/musikverkstan\/skapa-musik-tillsammans\/skapa-musik-med-ai\/","title":{"rendered":"Skapa musik med AI"},"content":{"rendered":"<div\n    class=\"acf-hero-block container-lg no-padding mb-12 js-geolocation\"\n    data-block=\"hero-block\"\n    data-index=\"0\"\n>\n    <div class=\"h-[548px]  relative rounded-[32px] overflow-hidden flex bg-gray-light\">\n        <div class=\"relative z-10 mt-auto h-auto w-full md:h-full\">\n            <div class=\"flex w-full h-full flex-col flex-wrap justify-end w-full md:w-7\/12 lg:w-1\/2 md:justify-center\">\n                <div class=\"flex flex-col gap-3 md:gap-[18px] md:transparent pt-16 pb-36 md:py-8 px-4 w-full md:max-w-[620px] mx-auto px-8\">\n\n                    <h1 class=\"hero-heading\"><span>Skapa musik med AI<\/span><\/h1>\n\n                    \n                                    <\/div>\n            <\/div>\n        <\/div>\n\n                    <picture class=\"as-background-image mix-blend-multiply bg-black\/40\"><img decoding=\"async\" src=\"https:\/\/www.abf.se\/musikverkstan\/resized\/?url=https%3A%2F%2Fwww.abf.se%2Fwp-content%2Fuploads%2Fsites%2F94%2F2026%2F03%2Fconny-schneider-xuTJZ7uD7PI-unsplash-scaled.jpg&#038;fit=crop&#038;w=1440&#038;s=31b9833269d25eb82d23774ccfae9d4f\" srcset=\"https:\/\/www.abf.se\/musikverkstan\/resized\/?url=https%3A%2F%2Fwww.abf.se%2Fwp-content%2Fuploads%2Fsites%2F94%2F2026%2F03%2Fconny-schneider-xuTJZ7uD7PI-unsplash-scaled.jpg&#038;fit=crop&#038;w=375&#038;h=540&#038;s=d4dfc77dff283213d4114043bb31b744 375w, https:\/\/www.abf.se\/musikverkstan\/resized\/?url=https%3A%2F%2Fwww.abf.se%2Fwp-content%2Fuploads%2Fsites%2F94%2F2026%2F03%2Fconny-schneider-xuTJZ7uD7PI-unsplash-scaled.jpg&#038;fit=crop&#038;w=447&#038;h=540&#038;s=02b1704ed706feb763d4ebf7bc862801 447w, https:\/\/www.abf.se\/musikverkstan\/resized\/?url=https%3A%2F%2Fwww.abf.se%2Fwp-content%2Fuploads%2Fsites%2F94%2F2026%2F03%2Fconny-schneider-xuTJZ7uD7PI-unsplash-scaled.jpg&#038;fit=crop&#038;w=519&#038;h=540&#038;s=ad102f5de170db44ab3b50e9f7e30153 519w, https:\/\/www.abf.se\/musikverkstan\/resized\/?url=https%3A%2F%2Fwww.abf.se%2Fwp-content%2Fuploads%2Fsites%2F94%2F2026%2F03%2Fconny-schneider-xuTJZ7uD7PI-unsplash-scaled.jpg&#038;fit=crop&#038;w=591&#038;h=540&#038;s=ded64e474c4d34ae46c2deebd4780ad1 591w, https:\/\/www.abf.se\/musikverkstan\/resized\/?url=https%3A%2F%2Fwww.abf.se%2Fwp-content%2Fuploads%2Fsites%2F94%2F2026%2F03%2Fconny-schneider-xuTJZ7uD7PI-unsplash-scaled.jpg&#038;fit=crop&#038;w=663&#038;h=540&#038;s=490e13558213a197152aa77fce4523b4 663w, https:\/\/www.abf.se\/musikverkstan\/resized\/?url=https%3A%2F%2Fwww.abf.se%2Fwp-content%2Fuploads%2Fsites%2F94%2F2026%2F03%2Fconny-schneider-xuTJZ7uD7PI-unsplash-scaled.jpg&#038;fit=crop&#038;w=750&#038;h=540&#038;s=8db7d4828ea4fdd0af8213681a141c16 750w, https:\/\/www.abf.se\/musikverkstan\/resized\/?url=https%3A%2F%2Fwww.abf.se%2Fwp-content%2Fuploads%2Fsites%2F94%2F2026%2F03%2Fconny-schneider-xuTJZ7uD7PI-unsplash-scaled.jpg&#038;fit=crop&#038;w=894&#038;h=540&#038;s=3f3cf22aee18cfc5a73c41cbae19c12b 894w, https:\/\/www.abf.se\/musikverkstan\/resized\/?url=https%3A%2F%2Fwww.abf.se%2Fwp-content%2Fuploads%2Fsites%2F94%2F2026%2F03%2Fconny-schneider-xuTJZ7uD7PI-unsplash-scaled.jpg&#038;fit=crop&#038;w=1038&#038;h=540&#038;s=d3bff9faf39730e0cbfc4c922f1c4a37 1038w, https:\/\/www.abf.se\/musikverkstan\/resized\/?url=https%3A%2F%2Fwww.abf.se%2Fwp-content%2Fuploads%2Fsites%2F94%2F2026%2F03%2Fconny-schneider-xuTJZ7uD7PI-unsplash-scaled.jpg&#038;fit=crop&#038;w=1182&#038;h=540&#038;s=4a8dc393b8b2c78ea57ec1f928b94eb6 1182w, https:\/\/www.abf.se\/musikverkstan\/resized\/?url=https%3A%2F%2Fwww.abf.se%2Fwp-content%2Fuploads%2Fsites%2F94%2F2026%2F03%2Fconny-schneider-xuTJZ7uD7PI-unsplash-scaled.jpg&#038;fit=crop&#038;w=1326&#038;h=540&#038;s=eaaf9c69ce68e347a54433d8a4932a38 1326w, https:\/\/www.abf.se\/musikverkstan\/resized\/?url=https%3A%2F%2Fwww.abf.se%2Fwp-content%2Fuploads%2Fsites%2F94%2F2026%2F03%2Fconny-schneider-xuTJZ7uD7PI-unsplash-scaled.jpg&#038;fit=crop&#038;w=1440&#038;h=540&#038;s=9b28b98c3559cf0fd5f6e5d83ca490ee 1440w\" alt=\"\" height=\"540\" width=\"1440\" sizes=\"(max-width: 1440px) calc(100vw - 32px), 1440px\" loading=\"eager\" fetchpriority=\"high\" aria-hidden=\"true\" role=\"presentation\" \/><\/picture>\n        \n\n            <\/div>\n\n    <\/div>\n\n<div\n    class=\"acf-article-text-block article-container my-12\"\n    data-block=\"article-text-block\"\n>\n    <div class=\"wysiwyg\">\n        <h2>AI och musik<\/h2>\n<p>Framv\u00e4xten av Artificiell Intelligens (AI) p\u00e5verkar musikskapande och musikbranschen p\u00e5 flera olika s\u00e4tt idag, b\u00e5de bra och d\u00e5ligt. Det finns m\u00e4ngder av\u00a0appar\u00a0och program som till\u00e5ter anv\u00e4ndare att\u00a0skapa AI-genererad musik utifr\u00e5n prompts (\u00f6nskem\u00e5l som du ger till AI-modellen).\u00a0Dessa AI-modeller \u00e4r mer eller mindre sofistikerade och utvecklas hela tiden, m\u00e5nga erbjuder begr\u00e4nsad kostnadsfri anv\u00e4ndning samt betalversioner f\u00f6r ut\u00f6kad tillg\u00e5ng.\u00a0Det finns ocks\u00e5 AI-modeller som \u00e4r designade att generera f\u00f6rslag p\u00e5\u00a0till exempel\u00a0mixning och\u00a0mastering, b\u00e5de som separat programvara och som integrerad\u00a0mjukvara i\u00a0DAW:s\u00a0(inspelnings- och musikproduktionsverktyg).<\/p>\n<h2>Upphovsr\u00e4tt och AI<\/h2>\n<p>F\u00f6r att utveckla en anv\u00e4ndbar AI-modell som genererar musik beh\u00f6ver den tr\u00e4nas p\u00e5\u00a0redan\u00a0existerande musik. De flesta AI-modellerna \u00e4r matade med miljontals l\u00e5tar, instrument, r\u00f6ster och ljud.\u00a0Mycket\u00a0av den musiken\u00a0som de matats med\u00a0\u00e4r upphovsr\u00e4ttsskyddad\u00a0musik fr\u00e5n artister\u00a0men eftersom lagstiftning \u00e4n s\u00e5 l\u00e4nge har varit vag inom omr\u00e5det har detta inneburit en juridisk gr\u00e5zon. I dagsl\u00e4get (2026) \u00e4r det inte s\u00e4kert att artister och upphovspersoner f\u00e5r ers\u00e4ttning n\u00e4r deras verk anv\u00e4nds\u00a0f\u00f6r att generera AI-musik.<\/p>\n<p>Det som \u00e4r viktigt att t\u00e4nka p\u00e5 n\u00e4r ni anv\u00e4nder AI som ett verktyg f\u00f6r musikskapande \u00e4r att inte anv\u00e4nda upphovsr\u00e4ttsskyddat material som underlag f\u00f6r det ni skapar genom\u00a0AI:n\u00a0genom att\u00a0till exempel\u00a0ladda upp licensierad musik till en AI-modell. Kom ocks\u00e5 ih\u00e5g att det inte g\u00e5r att\u00a0upphovsr\u00e4ttsskydda\u00a0musik som i sin helhet \u00e4r genererad av AI.<\/p>\n<p>P\u00e5 STIM kan du l\u00e4sa mer om\u00a0hur situationen kring AI och upphovsr\u00e4tt ser ut:\u00a0<a href=\"https:\/\/www.stim.se\/musikskapare\/upphovsratt-musikskapare\/ai\" target=\"_blank\" rel=\"noopener\"><span data-contrast=\"none\">https:\/\/www.stim.se\/musikskapare\/upphovsratt-musikskapare\/ai<\/a><\/p>\n<h2>Att anv\u00e4nda AI som kreativt bollplank<\/h2>\n<p>Musik som skapats helt och h\u00e5llet av en AI kan idag inte r\u00e4knas rent juridiskt som originellt material och omfattas d\u00e4rmed inte av upphovsr\u00e4tten. D\u00e4remot kan AI vara ett v\u00e4ldigt bra verktyg att anv\u00e4nda i\u00a0till exempel\u00a0en l\u00e5tskrivarprocess. Du kan bolla ackord, text, beats osv. med en AI-modell f\u00f6r att f\u00e5 inspiration till\u00a0ett arrangemang eller en l\u00e5t.\u00a0Det finns ocks\u00e5 AI-modeller d\u00e4r du kan ladda upp en egen inspelning och f\u00e5 tips p\u00e5 hur\u00a0till exempel\u00a0en forts\u00e4ttning p\u00e5 l\u00e5ten skulle kunna se ut.<\/p>\n<p>H\u00e4r \u00e4r n\u00e5gra f\u00f6rslag p\u00e5 grupp\u00f6vningar som g\u00e5r att g\u00f6ra med hj\u00e4lp av AI:<\/p>\n<ol>\n<li><b>Textfusion \u2013 Skapa en gemensam AI-text<br \/>\n<\/b>Alla skriver en kort text (t.ex. 4 rader) p\u00e5 ett best\u00e4mt tema, som \u201dm\u00e5ndagar\u201d eller \u201dsolsken\u201d. Mata in alla texter i AI:n och be den generera en ny textbaserad p\u00e5 era bidrag. Redigera tillsammans och v\u00e4lj den version ni gillar b\u00e4st.<\/li>\n<li><b> AI-f\u00f6rl\u00e4ngning och live-\u00e5terskapande<br \/>\n<\/b>Ladda upp en demoinspelning av en av era l\u00e5tar till en AI-tj\u00e4nst med st\u00f6d f\u00f6r en s\u00e5dan funktion (till exempel Soundverse) och be den generera en ny del till l\u00e5ten. Lyssna p\u00e5 den AI-genererade nya delen och f\u00f6rs\u00f6k \u00e5terskapa den s\u00e5 likt ni kan med era instrument i replokalen\/studion. Kanske kan det ge impulser f\u00f6r ett nytt s\u00e4tt att skapa musik?<\/li>\n<li><b>Text &#038; Melodi-m\u00f6tet<br \/>\n<\/b>Dela upp er i tv\u00e5 grupper. Ena gruppen skriver en text och den andra gruppen skriver en enkel melodi som ni spelar in (till exempel med telefonen). Sedan matar ni in den inspelade melodin och texten och ber AI:n generera en l\u00e5t utifr\u00e5n texten och melodin.<\/li>\n<li><b>AI-mix av era inspelningar<br \/>\n<\/b>Ladda upp minst 3 olika inspelningar som ni sj\u00e4lva gjort till en AI och be den generera en ny l\u00e5t baserad p\u00e5 era egna inspelningar. Det kan vara individuella inspelningar eller s\u00e5dana som ni gjort tillsammans. Lyssna sen p\u00e5 den AI-genererade l\u00e5ten och se om det \u00e4r n\u00e5got ni gillar och kan inspireras av f\u00f6r att skriva en ny l\u00e5t.<\/li>\n<li><b>Pay it forward (AI-variant)<br \/>\n<\/b>En person b\u00f6rjar med att ladda upp en egeninspelad ljudfil i AI:n (ett beat eller en melodislinga), n\u00e4sta person f\u00e5r sedan addera en prompt till AI:n (till exempel att det ska l\u00e5ta mer flytande och dr\u00f6mmigt). Efter att ni lyssnat p\u00e5 den uppdaterade l\u00e5ten fr\u00e5n AI:n ger n\u00e4sta person en ny prompt osv. N\u00e4r alla har f\u00e5tt ge en varsin prompt har ni ett f\u00e4rdigt f\u00f6rslag p\u00e5 en AI-l\u00e5t som ni alla varit med och format.<\/li>\n<\/ol>\n\n    <\/div>\n<\/div>\n<div\n    class=\"acf-quick-link-block bg-red py-12 md:py-20\"\n    data-block=\"quick-link-block\"\n>\n    <div class=\"container\">\n                    <h2 class=\"heading-lg mb-7 text-center text-white\">\n                Alla avsnitt inom Modul 3: Skapa musik tillsammans\n            <\/h2>\n        \n        <div\n            class=\"px-5 content:px-0 grid grid-cols-1 gap-8 lg:grid-cols-3\">\n            \n            <article\nclass=\"round-corners-sm p-6 relative group grid grid-rows-[subgrid] row-[span_3] gap-4 bg-white text-red\"\n>\n            <h3\n        class=\"heading-sm group-hover:underline text-red\">\n            <a href=\"https:\/\/www.abf.se\/musikverkstan\/skapa-musik-tillsammans\/satt-ord-pa-musiken\/\" class=\"expanded-hit-area\" target=\"\">\n                Avsnitt 1: S\u00e4tta ord p\u00e5 musiken\n            <\/a>\n        <\/h3>\n            <figure\n    class=\"w-[38px] h-[38px] rounded-full p-2 group-hover:scale-110 transition-transform duration-300 self-end pointer-events-none bg-red text-white\">\n        <svg width=\"20\" height=\"20\" viewBox=\"0 0 20 20\" fill=\"none\" class=\"SvgIconElement\">\n<path d=\"M4.16659 10L15.8333 10\" stroke=\"currentColor\"\/>\n<path d=\"M9.99992 4.1665L15.8333 9.99984L9.99992 15.8332\" stroke=\"currentColor\"\/>\n<\/svg>\n    <\/figure>\n<\/article>            \n            <article\nclass=\"round-corners-sm p-6 relative group grid grid-rows-[subgrid] row-[span_3] gap-4 bg-white text-red\"\n>\n            <h3\n        class=\"heading-sm group-hover:underline text-red\">\n            <a href=\"https:\/\/www.abf.se\/musikverkstan\/skapa-musik-tillsammans\/fran-ide-till-fardig-lat\/\" class=\"expanded-hit-area\" target=\"\">\n                Avsnitt 2: Fr\u00e5n id\u00e9 till f\u00e4rdig l\u00e5t\n            <\/a>\n        <\/h3>\n            <figure\n    class=\"w-[38px] h-[38px] rounded-full p-2 group-hover:scale-110 transition-transform duration-300 self-end pointer-events-none bg-red text-white\">\n        <svg width=\"20\" height=\"20\" viewBox=\"0 0 20 20\" fill=\"none\" class=\"SvgIconElement\">\n<path d=\"M4.16659 10L15.8333 10\" stroke=\"currentColor\"\/>\n<path d=\"M9.99992 4.1665L15.8333 9.99984L9.99992 15.8332\" stroke=\"currentColor\"\/>\n<\/svg>\n    <\/figure>\n<\/article>            \n            <article\nclass=\"round-corners-sm p-6 relative group grid grid-rows-[subgrid] row-[span_3] gap-4 bg-white text-red\"\n>\n            <h3\n        class=\"heading-sm group-hover:underline text-red\">\n            <a href=\"https:\/\/www.abf.se\/musikverkstan\/skapa-musik-tillsammans\/ideer-for-samverkan\/\" class=\"expanded-hit-area\" target=\"\">\n                Avsnitt 3: Id\u00e9er f\u00f6r inspiration\n            <\/a>\n        <\/h3>\n            <figure\n    class=\"w-[38px] h-[38px] rounded-full p-2 group-hover:scale-110 transition-transform duration-300 self-end pointer-events-none bg-red text-white\">\n        <svg width=\"20\" height=\"20\" viewBox=\"0 0 20 20\" fill=\"none\" class=\"SvgIconElement\">\n<path d=\"M4.16659 10L15.8333 10\" stroke=\"currentColor\"\/>\n<path d=\"M9.99992 4.1665L15.8333 9.99984L9.99992 15.8332\" stroke=\"currentColor\"\/>\n<\/svg>\n    <\/figure>\n<\/article>                    <\/div>\n    <\/div>\n<\/div>\n<div\n    class=\"acf-quick-link-block bg-red py-12 md:py-20\"\n    data-block=\"quick-link-block\"\n>\n    <div class=\"container\">\n        \n        <div\n            class=\"px-5 content:px-0 grid grid-cols-1 gap-8 md:grid-cols-2\">\n            \n            <article\nclass=\"round-corners-sm p-6 relative group grid grid-rows-[subgrid] row-[span_3] gap-4 bg-white text-red\"\n>\n            <h3\n        class=\"heading-sm group-hover:underline text-red\">\n            <a href=\"https:\/\/www.abf.se\/musikverkstan\/skapa-musik-tillsammans\/digital-musikverksamhet\/\" class=\"expanded-hit-area\" target=\"\">\n                Avsnitt 4: Digital musikverksamhet\n            <\/a>\n        <\/h3>\n            <figure\n    class=\"w-[38px] h-[38px] rounded-full p-2 group-hover:scale-110 transition-transform duration-300 self-end pointer-events-none bg-red text-white\">\n        <svg width=\"20\" height=\"20\" viewBox=\"0 0 20 20\" fill=\"none\" class=\"SvgIconElement\">\n<path d=\"M4.16659 10L15.8333 10\" stroke=\"currentColor\"\/>\n<path d=\"M9.99992 4.1665L15.8333 9.99984L9.99992 15.8332\" stroke=\"currentColor\"\/>\n<\/svg>\n    <\/figure>\n<\/article>            \n            <article\nclass=\"round-corners-sm p-6 relative group grid grid-rows-[subgrid] row-[span_3] gap-4 bg-white text-red\"\n>\n            <h3\n        class=\"heading-sm group-hover:underline text-red\">\n            <a href=\"\" class=\"expanded-hit-area\" target=\"\">\n                Avsnitt 5: Skapa musik med AI\n            <\/a>\n        <\/h3>\n            <figure\n    class=\"w-[38px] h-[38px] rounded-full p-2 group-hover:scale-110 transition-transform duration-300 self-end pointer-events-none bg-red text-white\">\n        <svg width=\"20\" height=\"20\" viewBox=\"0 0 20 20\" fill=\"none\" class=\"SvgIconElement\">\n<path d=\"M4.16659 10L15.8333 10\" stroke=\"currentColor\"\/>\n<path d=\"M9.99992 4.1665L15.8333 9.99984L9.99992 15.8332\" stroke=\"currentColor\"\/>\n<\/svg>\n    <\/figure>\n<\/article>                    <\/div>\n    <\/div>\n<\/div>\n","protected":false},"excerpt":{"rendered":"","protected":false},"author":36,"featured_media":0,"parent":93,"menu_order":0,"comment_status":"closed","ping_status":"closed","template":"","meta":{"_acf_changed":false,"footnotes":""},"class_list":["post-105","page","type-page","status-publish","hentry"],"acf":[],"yoast_head":"<!-- This site is optimized with the Yoast SEO plugin v27.0 - https:\/\/yoast.com\/product\/yoast-seo-wordpress\/ -->\n<title>Skapa musik med AI - Musikverkstan<\/title>\n<meta name=\"robots\" content=\"index, follow, max-snippet:-1, max-image-preview:large, max-video-preview:-1\" \/>\n<link rel=\"canonical\" href=\"https:\/\/www.abf.se\/musikverkstan\/skapa-musik-tillsammans\/skapa-musik-med-ai\/\" \/>\n<meta property=\"og:locale\" content=\"en_US\" \/>\n<meta property=\"og:type\" content=\"article\" \/>\n<meta property=\"og:title\" content=\"Skapa musik med AI - Musikverkstan\" \/>\n<meta property=\"og:url\" content=\"https:\/\/www.abf.se\/musikverkstan\/skapa-musik-tillsammans\/skapa-musik-med-ai\/\" \/>\n<meta property=\"og:site_name\" content=\"Musikverkstan\" \/>\n<meta property=\"article:modified_time\" content=\"2026-03-06T08:38:12+00:00\" \/>\n<meta property=\"og:image\" content=\"https:\/\/www.abf.se\/wp-content\/uploads\/sites\/94\/2026\/03\/herobild-musikverkstan.png\" \/>\n\t<meta property=\"og:image:width\" content=\"1440\" \/>\n\t<meta property=\"og:image:height\" content=\"520\" \/>\n\t<meta property=\"og:image:type\" content=\"image\/png\" \/>\n<meta name=\"twitter:card\" content=\"summary_large_image\" \/>\n<script type=\"application\/ld+json\" class=\"yoast-schema-graph\">{\"@context\":\"https:\/\/schema.org\",\"@graph\":[{\"@type\":\"WebPage\",\"@id\":\"https:\/\/www.abf.se\/musikverkstan\/skapa-musik-tillsammans\/skapa-musik-med-ai\/\",\"url\":\"https:\/\/www.abf.se\/musikverkstan\/skapa-musik-tillsammans\/skapa-musik-med-ai\/\",\"name\":\"Skapa musik med AI - Musikverkstan\",\"isPartOf\":{\"@id\":\"https:\/\/www.abf.se\/musikverkstan\/#website\"},\"datePublished\":\"2026-03-03T09:43:42+00:00\",\"dateModified\":\"2026-03-06T08:38:12+00:00\",\"breadcrumb\":{\"@id\":\"https:\/\/www.abf.se\/musikverkstan\/skapa-musik-tillsammans\/skapa-musik-med-ai\/#breadcrumb\"},\"inLanguage\":\"en-US\",\"potentialAction\":[{\"@type\":\"ReadAction\",\"target\":[\"https:\/\/www.abf.se\/musikverkstan\/skapa-musik-tillsammans\/skapa-musik-med-ai\/\"]}]},{\"@type\":\"BreadcrumbList\",\"@id\":\"https:\/\/www.abf.se\/musikverkstan\/skapa-musik-tillsammans\/skapa-musik-med-ai\/#breadcrumb\",\"itemListElement\":[{\"@type\":\"ListItem\",\"position\":1,\"name\":\"Home\",\"item\":\"https:\/\/www.abf.se\/musikverkstan\/\"},{\"@type\":\"ListItem\",\"position\":2,\"name\":\"Skapa musik tillsammans\",\"item\":\"https:\/\/www.abf.se\/musikverkstan\/skapa-musik-tillsammans\/\"},{\"@type\":\"ListItem\",\"position\":3,\"name\":\"Skapa musik med AI\"}]},{\"@type\":\"WebSite\",\"@id\":\"https:\/\/www.abf.se\/musikverkstan\/#website\",\"url\":\"https:\/\/www.abf.se\/musikverkstan\/\",\"name\":\"Musikverkstan\",\"description\":\"\",\"potentialAction\":[{\"@type\":\"SearchAction\",\"target\":{\"@type\":\"EntryPoint\",\"urlTemplate\":\"https:\/\/www.abf.se\/musikverkstan\/?s={search_term_string}\"},\"query-input\":{\"@type\":\"PropertyValueSpecification\",\"valueRequired\":true,\"valueName\":\"search_term_string\"}}],\"inLanguage\":\"en-US\"}]}<\/script>\n<!-- \/ Yoast SEO plugin. -->","yoast_head_json":{"title":"Skapa musik med AI - Musikverkstan","robots":{"index":"index","follow":"follow","max-snippet":"max-snippet:-1","max-image-preview":"max-image-preview:large","max-video-preview":"max-video-preview:-1"},"canonical":"https:\/\/www.abf.se\/musikverkstan\/skapa-musik-tillsammans\/skapa-musik-med-ai\/","og_locale":"en_US","og_type":"article","og_title":"Skapa musik med AI - Musikverkstan","og_url":"https:\/\/www.abf.se\/musikverkstan\/skapa-musik-tillsammans\/skapa-musik-med-ai\/","og_site_name":"Musikverkstan","article_modified_time":"2026-03-06T08:38:12+00:00","og_image":[{"width":1440,"height":520,"url":"https:\/\/www.abf.se\/wp-content\/uploads\/sites\/94\/2026\/03\/herobild-musikverkstan.png","type":"image\/png"}],"twitter_card":"summary_large_image","schema":{"@context":"https:\/\/schema.org","@graph":[{"@type":"WebPage","@id":"https:\/\/www.abf.se\/musikverkstan\/skapa-musik-tillsammans\/skapa-musik-med-ai\/","url":"https:\/\/www.abf.se\/musikverkstan\/skapa-musik-tillsammans\/skapa-musik-med-ai\/","name":"Skapa musik med AI - Musikverkstan","isPartOf":{"@id":"https:\/\/www.abf.se\/musikverkstan\/#website"},"datePublished":"2026-03-03T09:43:42+00:00","dateModified":"2026-03-06T08:38:12+00:00","breadcrumb":{"@id":"https:\/\/www.abf.se\/musikverkstan\/skapa-musik-tillsammans\/skapa-musik-med-ai\/#breadcrumb"},"inLanguage":"en-US","potentialAction":[{"@type":"ReadAction","target":["https:\/\/www.abf.se\/musikverkstan\/skapa-musik-tillsammans\/skapa-musik-med-ai\/"]}]},{"@type":"BreadcrumbList","@id":"https:\/\/www.abf.se\/musikverkstan\/skapa-musik-tillsammans\/skapa-musik-med-ai\/#breadcrumb","itemListElement":[{"@type":"ListItem","position":1,"name":"Home","item":"https:\/\/www.abf.se\/musikverkstan\/"},{"@type":"ListItem","position":2,"name":"Skapa musik tillsammans","item":"https:\/\/www.abf.se\/musikverkstan\/skapa-musik-tillsammans\/"},{"@type":"ListItem","position":3,"name":"Skapa musik med AI"}]},{"@type":"WebSite","@id":"https:\/\/www.abf.se\/musikverkstan\/#website","url":"https:\/\/www.abf.se\/musikverkstan\/","name":"Musikverkstan","description":"","potentialAction":[{"@type":"SearchAction","target":{"@type":"EntryPoint","urlTemplate":"https:\/\/www.abf.se\/musikverkstan\/?s={search_term_string}"},"query-input":{"@type":"PropertyValueSpecification","valueRequired":true,"valueName":"search_term_string"}}],"inLanguage":"en-US"}]}},"_links":{"self":[{"href":"https:\/\/www.abf.se\/musikverkstan\/wp-json\/wp\/v2\/pages\/105","targetHints":{"allow":["GET"]}}],"collection":[{"href":"https:\/\/www.abf.se\/musikverkstan\/wp-json\/wp\/v2\/pages"}],"about":[{"href":"https:\/\/www.abf.se\/musikverkstan\/wp-json\/wp\/v2\/types\/page"}],"author":[{"embeddable":true,"href":"https:\/\/www.abf.se\/musikverkstan\/wp-json\/wp\/v2\/users\/36"}],"replies":[{"embeddable":true,"href":"https:\/\/www.abf.se\/musikverkstan\/wp-json\/wp\/v2\/comments?post=105"}],"version-history":[{"count":12,"href":"https:\/\/www.abf.se\/musikverkstan\/wp-json\/wp\/v2\/pages\/105\/revisions"}],"predecessor-version":[{"id":494,"href":"https:\/\/www.abf.se\/musikverkstan\/wp-json\/wp\/v2\/pages\/105\/revisions\/494"}],"up":[{"embeddable":true,"href":"https:\/\/www.abf.se\/musikverkstan\/wp-json\/wp\/v2\/pages\/93"}],"wp:attachment":[{"href":"https:\/\/www.abf.se\/musikverkstan\/wp-json\/wp\/v2\/media?parent=105"}],"curies":[{"name":"wp","href":"https:\/\/api.w.org\/{rel}","templated":true}]}}