{"id":125,"date":"2026-03-03T11:49:32","date_gmt":"2026-03-03T10:49:32","guid":{"rendered":"https:\/\/www.abf.se\/musikverkstan\/?page_id=125"},"modified":"2026-03-06T09:17:19","modified_gmt":"2026-03-06T08:17:19","slug":"musik-i-studiecirkel","status":"publish","type":"page","link":"https:\/\/www.abf.se\/musikverkstan\/musik-i-studiecirkel\/","title":{"rendered":"Musik i\u00a0studiecirkel"},"content":{"rendered":"<div\n    class=\"acf-hero-block container-lg no-padding mb-12 js-geolocation\"\n    data-block=\"hero-block\"\n    data-index=\"0\"\n>\n    <div class=\"h-[548px]  relative rounded-[32px] overflow-hidden flex bg-gray-light\">\n        <div class=\"relative z-10 mt-auto h-auto w-full md:h-full\">\n            <div class=\"flex w-full h-full flex-col flex-wrap justify-end w-full md:w-7\/12 lg:w-1\/2 md:justify-center\">\n                <div class=\"flex flex-col gap-3 md:gap-[18px] md:transparent pt-16 pb-36 md:py-8 px-4 w-full md:max-w-[620px] mx-auto px-8\">\n\n                    <h1 class=\"hero-heading\"><span>Modul 1: Musik i studiecirkel<\/span><\/h1>\n\n                    \n                                    <\/div>\n            <\/div>\n        <\/div>\n\n                    <picture class=\"as-background-image mix-blend-multiply bg-black\/40\"><img decoding=\"async\" src=\"https:\/\/www.abf.se\/musikverkstan\/resized\/?url=https%3A%2F%2Fwww.abf.se%2Fwp-content%2Fuploads%2Fsites%2F94%2F2026%2F03%2Fbild-97-aBF-bildbank-beskuren.png&#038;fit=crop&#038;w=1440&#038;s=20ccf7e09151c9d8c0dd8274fbd85db8\" srcset=\"https:\/\/www.abf.se\/musikverkstan\/resized\/?url=https%3A%2F%2Fwww.abf.se%2Fwp-content%2Fuploads%2Fsites%2F94%2F2026%2F03%2Fbild-97-aBF-bildbank-beskuren.png&#038;fit=crop&#038;w=375&#038;h=540&#038;s=6bebdf0eb88c33616626cf5a4b979bd4 375w, https:\/\/www.abf.se\/musikverkstan\/resized\/?url=https%3A%2F%2Fwww.abf.se%2Fwp-content%2Fuploads%2Fsites%2F94%2F2026%2F03%2Fbild-97-aBF-bildbank-beskuren.png&#038;fit=crop&#038;w=447&#038;h=540&#038;s=a9c8c76165ade10db1ebf7557aeca21b 447w, https:\/\/www.abf.se\/musikverkstan\/resized\/?url=https%3A%2F%2Fwww.abf.se%2Fwp-content%2Fuploads%2Fsites%2F94%2F2026%2F03%2Fbild-97-aBF-bildbank-beskuren.png&#038;fit=crop&#038;w=519&#038;h=540&#038;s=98153f467a661e8c9e3ff4d42680c8f2 519w, https:\/\/www.abf.se\/musikverkstan\/resized\/?url=https%3A%2F%2Fwww.abf.se%2Fwp-content%2Fuploads%2Fsites%2F94%2F2026%2F03%2Fbild-97-aBF-bildbank-beskuren.png&#038;fit=crop&#038;w=591&#038;h=540&#038;s=8949d24b8a9a011b8e57686d0d3472a7 591w, https:\/\/www.abf.se\/musikverkstan\/resized\/?url=https%3A%2F%2Fwww.abf.se%2Fwp-content%2Fuploads%2Fsites%2F94%2F2026%2F03%2Fbild-97-aBF-bildbank-beskuren.png&#038;fit=crop&#038;w=663&#038;h=540&#038;s=66998097b9baeab046465a120cf5073b 663w, https:\/\/www.abf.se\/musikverkstan\/resized\/?url=https%3A%2F%2Fwww.abf.se%2Fwp-content%2Fuploads%2Fsites%2F94%2F2026%2F03%2Fbild-97-aBF-bildbank-beskuren.png&#038;fit=crop&#038;w=750&#038;h=540&#038;s=f15d3302eadca5a3be599cac89546c41 750w, https:\/\/www.abf.se\/musikverkstan\/resized\/?url=https%3A%2F%2Fwww.abf.se%2Fwp-content%2Fuploads%2Fsites%2F94%2F2026%2F03%2Fbild-97-aBF-bildbank-beskuren.png&#038;fit=crop&#038;w=894&#038;h=540&#038;s=cefb75a42f6dcdaca254b66bb2a4fc19 894w, https:\/\/www.abf.se\/musikverkstan\/resized\/?url=https%3A%2F%2Fwww.abf.se%2Fwp-content%2Fuploads%2Fsites%2F94%2F2026%2F03%2Fbild-97-aBF-bildbank-beskuren.png&#038;fit=crop&#038;w=1038&#038;h=540&#038;s=f8b99b85cc3a38d2d59e9b953926f4fa 1038w, https:\/\/www.abf.se\/musikverkstan\/resized\/?url=https%3A%2F%2Fwww.abf.se%2Fwp-content%2Fuploads%2Fsites%2F94%2F2026%2F03%2Fbild-97-aBF-bildbank-beskuren.png&#038;fit=crop&#038;w=1182&#038;h=540&#038;s=257e7af8e014d2a413407942e8e65f24 1182w, https:\/\/www.abf.se\/musikverkstan\/resized\/?url=https%3A%2F%2Fwww.abf.se%2Fwp-content%2Fuploads%2Fsites%2F94%2F2026%2F03%2Fbild-97-aBF-bildbank-beskuren.png&#038;fit=crop&#038;w=1326&#038;h=540&#038;s=ca114b8a42c2cda2002a76055e81ebb6 1326w, https:\/\/www.abf.se\/musikverkstan\/resized\/?url=https%3A%2F%2Fwww.abf.se%2Fwp-content%2Fuploads%2Fsites%2F94%2F2026%2F03%2Fbild-97-aBF-bildbank-beskuren.png&#038;fit=crop&#038;w=1440&#038;h=540&#038;s=11da5b9fc10f8a03242f8437ed61a810 1440w\" alt=\"\" height=\"540\" width=\"1440\" sizes=\"(max-width: 1440px) calc(100vw - 32px), 1440px\" loading=\"eager\" fetchpriority=\"high\" aria-hidden=\"true\" role=\"presentation\" \/><\/picture>\n        \n\n            <\/div>\n\n    <\/div>\n\n<div\n    class=\"acf-plain-heading-block container my-16\"\n    data-block=\"plain-heading-block\"\n>\n    <div class=\"max-w-[658px] mx-auto\">\n                            <p class=\"mt-8 body-xl text-black\">\n                Den h\u00e4r modulen handlar om att utvecklas tillsammans med andra genom musiken, i en studiecirkel. Oavsett om det \u00e4r er f\u00f6rsta musikstudiecirkel eller om ni h\u00e5llit p\u00e5 l\u00e4nge, har alla n\u00e5got viktigt att bidra med. H\u00e4r f\u00e5r ni utforska era styrkor och bygga ett starkare samarbete i gruppen. Med enkla och roliga musik\u00f6vningar f\u00e5r ni tr\u00e4na p\u00e5 att l\u00f6sa problem, kommunicera och utveckla ert gemensamma skapande. \n            <\/p>\n            <\/div>\n<\/div>\n<div\n        class=\"acf-article-video-block article-container-lg my-12 external-video\"\n        data-block=\"article-video-block\"\n    >\n                \n                    <iframe loading=\"lazy\" title=\"Kallsup \u2013 Kreativ demokrati i bandet\" width=\"500\" height=\"281\" src=\"https:\/\/www.youtube.com\/embed\/TUh8ABnf4WM?feature=oembed\" frameborder=\"0\" allow=\"accelerometer; autoplay; clipboard-write; encrypted-media; gyroscope; picture-in-picture; web-share\" referrerpolicy=\"strict-origin-when-cross-origin\" allowfullscreen><\/iframe>\n                            <\/div>\n<div\n    class=\"acf-text-image-block container bg-gray-light py-12 md:py-15\"\n    data-block=\"text-image-block\"\n>\n    <div\n    class=\"flex flex-col items-center md:flex-row gap-8 md:gap-0 justify-between\">\n                        <div class=\"w-full md:w-1\/2 md:order-2\">\n            <picture><img decoding=\"async\" src=\"https:\/\/www.abf.se\/musikverkstan\/resized\/?url=https%3A%2F%2Fwww.abf.se%2Fwp-content%2Fuploads%2Fsites%2F94%2F2026%2F03%2Fpexels-pixabay-355948.jpg&#038;fit=crop&#038;w=578&#038;s=c90f10efab3b7f0b7e1dd437c5b5a2ff\" srcset=\"https:\/\/www.abf.se\/musikverkstan\/resized\/?url=https%3A%2F%2Fwww.abf.se%2Fwp-content%2Fuploads%2Fsites%2F94%2F2026%2F03%2Fpexels-pixabay-355948.jpg&#038;fit=crop&#038;w=144&#038;h=126&#038;s=01700c6380b559e8c63ddc10cffed6af 144w, https:\/\/www.abf.se\/musikverkstan\/resized\/?url=https%3A%2F%2Fwww.abf.se%2Fwp-content%2Fuploads%2Fsites%2F94%2F2026%2F03%2Fpexels-pixabay-355948.jpg&#038;fit=crop&#038;w=240&#038;h=211&#038;s=8622d004ea207dc9cbc8a65989919814 240w, https:\/\/www.abf.se\/musikverkstan\/resized\/?url=https%3A%2F%2Fwww.abf.se%2Fwp-content%2Fuploads%2Fsites%2F94%2F2026%2F03%2Fpexels-pixabay-355948.jpg&#038;fit=crop&#038;w=288&#038;h=253&#038;s=1dd5bd222fea6103cc83e9e9ca474dfe 288w, https:\/\/www.abf.se\/musikverkstan\/resized\/?url=https%3A%2F%2Fwww.abf.se%2Fwp-content%2Fuploads%2Fsites%2F94%2F2026%2F03%2Fpexels-pixabay-355948.jpg&#038;fit=crop&#038;w=336&#038;h=295&#038;s=d56a7d94697220e5cbe1828c93b64422 336w, https:\/\/www.abf.se\/musikverkstan\/resized\/?url=https%3A%2F%2Fwww.abf.se%2Fwp-content%2Fuploads%2Fsites%2F94%2F2026%2F03%2Fpexels-pixabay-355948.jpg&#038;fit=crop&#038;w=432&#038;h=380&#038;s=8519e8a1a4b4f8f21f73e3802c6bd50e 432w, https:\/\/www.abf.se\/musikverkstan\/resized\/?url=https%3A%2F%2Fwww.abf.se%2Fwp-content%2Fuploads%2Fsites%2F94%2F2026%2F03%2Fpexels-pixabay-355948.jpg&#038;fit=crop&#038;w=480&#038;h=422&#038;s=278d16be732d663850e52524da6eaef1 480w, https:\/\/www.abf.se\/musikverkstan\/resized\/?url=https%3A%2F%2Fwww.abf.se%2Fwp-content%2Fuploads%2Fsites%2F94%2F2026%2F03%2Fpexels-pixabay-355948.jpg&#038;fit=crop&#038;w=528&#038;h=464&#038;s=5eea8e8d13f4b993b7b514acb7a98262 528w, https:\/\/www.abf.se\/musikverkstan\/resized\/?url=https%3A%2F%2Fwww.abf.se%2Fwp-content%2Fuploads%2Fsites%2F94%2F2026%2F03%2Fpexels-pixabay-355948.jpg&#038;fit=crop&#038;w=578&#038;h=509&#038;s=31386d18c16339d9f5354a45491882b0 578w, https:\/\/www.abf.se\/musikverkstan\/resized\/?url=https%3A%2F%2Fwww.abf.se%2Fwp-content%2Fuploads%2Fsites%2F94%2F2026%2F03%2Fpexels-pixabay-355948.jpg&#038;fit=crop&#038;w=672&#038;h=591&#038;s=59bb2bca1967563e7e89202f5fe374ee 672w, https:\/\/www.abf.se\/musikverkstan\/resized\/?url=https%3A%2F%2Fwww.abf.se%2Fwp-content%2Fuploads%2Fsites%2F94%2F2026%2F03%2Fpexels-pixabay-355948.jpg&#038;fit=crop&#038;w=864&#038;h=760&#038;s=ca3059a34cee1eec63f30d176499c45c 864w, https:\/\/www.abf.se\/musikverkstan\/resized\/?url=https%3A%2F%2Fwww.abf.se%2Fwp-content%2Fuploads%2Fsites%2F94%2F2026%2F03%2Fpexels-pixabay-355948.jpg&#038;fit=crop&#038;w=1056&#038;h=929&#038;s=e131eb51bdbf0410269b34606006056b 1056w\" alt=\"gl&ouml;dlampa p&aring; en krittavla\" height=\"509\" width=\"578\" sizes=\"auto, (max-width: 768px) 100vw,\n                (max-width: 1280px) 50vw, 578px\" loading=\"lazy\" fetchpriority=\"low\" \/><\/picture>\n\n        <\/div>\n        \n        <div class=\"w-full md:w-1\/2 md:order-1\">\n        <div class=\"mx-auto md:max-w-[368px]\">\n            <h2 class=\"heading-lg\">Avsnitt 1: M\u00e5let med v\u00e5r studiecirkel  <\/h2>\n            <div class=\"mb-6 mt-4 wysiwyg\">\n                \n            <\/div>\n                                            <a href='https:\/\/www.abf.se\/musikverkstan\/musik-i-studiecirkel\/malet-med-var-studiecirkel\/' class=\"default-button\" target=\"\">M\u00e5let med v\u00e5r cirkel<\/a>\n                    <\/div>\n        <\/div>\n    <\/div>\n<\/div><div\n    class=\"acf-text-image-block container my-12 md:my-15\"\n    data-block=\"text-image-block\"\n>\n    <div\n    class=\"flex flex-col items-center md:flex-row gap-8 md:gap-0 justify-between\">\n                        <div class=\"w-full md:w-1\/2 md:order-2\">\n            <picture><img decoding=\"async\" src=\"https:\/\/www.abf.se\/musikverkstan\/resized\/?url=https%3A%2F%2Fwww.abf.se%2Fwp-content%2Fuploads%2Fsites%2F94%2F2026%2F03%2Fsamarbete-musikverkstan.png&#038;fit=crop&#038;w=578&#038;s=cd2b70fef4b7530eef4fe8bbf398e6ac\" srcset=\"https:\/\/www.abf.se\/musikverkstan\/resized\/?url=https%3A%2F%2Fwww.abf.se%2Fwp-content%2Fuploads%2Fsites%2F94%2F2026%2F03%2Fsamarbete-musikverkstan.png&#038;fit=crop&#038;w=144&#038;h=126&#038;s=c46c90e48f1743f1c08221fee3f84c47 144w, https:\/\/www.abf.se\/musikverkstan\/resized\/?url=https%3A%2F%2Fwww.abf.se%2Fwp-content%2Fuploads%2Fsites%2F94%2F2026%2F03%2Fsamarbete-musikverkstan.png&#038;fit=crop&#038;w=240&#038;h=211&#038;s=07115b27994ca729c581880922ec5f18 240w, https:\/\/www.abf.se\/musikverkstan\/resized\/?url=https%3A%2F%2Fwww.abf.se%2Fwp-content%2Fuploads%2Fsites%2F94%2F2026%2F03%2Fsamarbete-musikverkstan.png&#038;fit=crop&#038;w=288&#038;h=253&#038;s=a03d4c7000db3fea14091a5303943fde 288w, https:\/\/www.abf.se\/musikverkstan\/resized\/?url=https%3A%2F%2Fwww.abf.se%2Fwp-content%2Fuploads%2Fsites%2F94%2F2026%2F03%2Fsamarbete-musikverkstan.png&#038;fit=crop&#038;w=336&#038;h=295&#038;s=704a64d4ec0dc9777cf283f759f049fe 336w, https:\/\/www.abf.se\/musikverkstan\/resized\/?url=https%3A%2F%2Fwww.abf.se%2Fwp-content%2Fuploads%2Fsites%2F94%2F2026%2F03%2Fsamarbete-musikverkstan.png&#038;fit=crop&#038;w=432&#038;h=380&#038;s=8a70c2f895f5c95bb9040a5f9fb40de4 432w, https:\/\/www.abf.se\/musikverkstan\/resized\/?url=https%3A%2F%2Fwww.abf.se%2Fwp-content%2Fuploads%2Fsites%2F94%2F2026%2F03%2Fsamarbete-musikverkstan.png&#038;fit=crop&#038;w=480&#038;h=422&#038;s=e00f1a6e90731d1654b533f9dac90863 480w, https:\/\/www.abf.se\/musikverkstan\/resized\/?url=https%3A%2F%2Fwww.abf.se%2Fwp-content%2Fuploads%2Fsites%2F94%2F2026%2F03%2Fsamarbete-musikverkstan.png&#038;fit=crop&#038;w=528&#038;h=464&#038;s=c8fa6cc969815b9039f0bc1dd753790d 528w, https:\/\/www.abf.se\/musikverkstan\/resized\/?url=https%3A%2F%2Fwww.abf.se%2Fwp-content%2Fuploads%2Fsites%2F94%2F2026%2F03%2Fsamarbete-musikverkstan.png&#038;fit=crop&#038;w=578&#038;h=509&#038;s=daca517c20cc93d47beff765e92faccf 578w, https:\/\/www.abf.se\/musikverkstan\/resized\/?url=https%3A%2F%2Fwww.abf.se%2Fwp-content%2Fuploads%2Fsites%2F94%2F2026%2F03%2Fsamarbete-musikverkstan.png&#038;fit=crop&#038;w=672&#038;h=591&#038;s=fc04234f97d0b94565e7f5937c632b22 672w, https:\/\/www.abf.se\/musikverkstan\/resized\/?url=https%3A%2F%2Fwww.abf.se%2Fwp-content%2Fuploads%2Fsites%2F94%2F2026%2F03%2Fsamarbete-musikverkstan.png&#038;fit=crop&#038;w=864&#038;h=760&#038;s=25f092c2565b36c04426800e6de7ec08 864w, https:\/\/www.abf.se\/musikverkstan\/resized\/?url=https%3A%2F%2Fwww.abf.se%2Fwp-content%2Fuploads%2Fsites%2F94%2F2026%2F03%2Fsamarbete-musikverkstan.png&#038;fit=crop&#038;w=1056&#038;h=929&#038;s=2041b7db33da19c467d81b22f5eb9e7f 1056w\" alt=\"tv&aring; h&auml;nder som formar ett hj&auml;rta p&aring; konsert\" height=\"509\" width=\"578\" sizes=\"auto, (max-width: 768px) 100vw,\n                (max-width: 1280px) 50vw, 578px\" loading=\"lazy\" fetchpriority=\"low\" \/><\/picture>\n\n        <\/div>\n        \n        <div class=\"w-full md:w-1\/2 md:order-1\">\n        <div class=\"mx-auto md:max-w-[368px]\">\n            <h2 class=\"heading-lg\">Avsnitt 2: V\u00e4gen till ett bra samarbete<\/h2>\n            <div class=\"mb-6 mt-4 wysiwyg\">\n                \n            <\/div>\n                                            <a href='https:\/\/www.abf.se\/musikverkstan\/musik-i-studiecirkel\/vagen-till-ett-bra-samarbete\/' class=\"default-button\" target=\"\">V\u00e4gen till ett bra samarbete<\/a>\n                    <\/div>\n        <\/div>\n    <\/div>\n<\/div><div\n    class=\"acf-text-image-block container bg-gray-light py-12 md:py-15\"\n    data-block=\"text-image-block\"\n>\n    <div\n    class=\"flex flex-col items-center md:flex-row gap-8 md:gap-0 justify-between\">\n                        <div class=\"w-full md:w-1\/2 md:order-2\">\n            <picture><img decoding=\"async\" src=\"https:\/\/www.abf.se\/musikverkstan\/resized\/?url=https%3A%2F%2Fwww.abf.se%2Fwp-content%2Fuploads%2Fsites%2F94%2F2026%2F03%2Fpexels-louis-bauer-79024-249348-scaled.jpg&#038;fit=crop&#038;w=578&#038;s=0b2fe2d7f98f2e112fd3675dd5df842f\" srcset=\"https:\/\/www.abf.se\/musikverkstan\/resized\/?url=https%3A%2F%2Fwww.abf.se%2Fwp-content%2Fuploads%2Fsites%2F94%2F2026%2F03%2Fpexels-louis-bauer-79024-249348-scaled.jpg&#038;fit=crop&#038;w=144&#038;h=126&#038;s=37a5e342790b8d5e4aa4cfcc42ed1161 144w, https:\/\/www.abf.se\/musikverkstan\/resized\/?url=https%3A%2F%2Fwww.abf.se%2Fwp-content%2Fuploads%2Fsites%2F94%2F2026%2F03%2Fpexels-louis-bauer-79024-249348-scaled.jpg&#038;fit=crop&#038;w=240&#038;h=211&#038;s=e61de6dbd9d0b410773c3d8df1ede342 240w, https:\/\/www.abf.se\/musikverkstan\/resized\/?url=https%3A%2F%2Fwww.abf.se%2Fwp-content%2Fuploads%2Fsites%2F94%2F2026%2F03%2Fpexels-louis-bauer-79024-249348-scaled.jpg&#038;fit=crop&#038;w=288&#038;h=253&#038;s=178c2a16d53ed00f936c835f5237d649 288w, https:\/\/www.abf.se\/musikverkstan\/resized\/?url=https%3A%2F%2Fwww.abf.se%2Fwp-content%2Fuploads%2Fsites%2F94%2F2026%2F03%2Fpexels-louis-bauer-79024-249348-scaled.jpg&#038;fit=crop&#038;w=336&#038;h=295&#038;s=3453c90a926440c653638879de818275 336w, https:\/\/www.abf.se\/musikverkstan\/resized\/?url=https%3A%2F%2Fwww.abf.se%2Fwp-content%2Fuploads%2Fsites%2F94%2F2026%2F03%2Fpexels-louis-bauer-79024-249348-scaled.jpg&#038;fit=crop&#038;w=432&#038;h=380&#038;s=5e3f664abc6be71d6a4a276ce92aec0b 432w, https:\/\/www.abf.se\/musikverkstan\/resized\/?url=https%3A%2F%2Fwww.abf.se%2Fwp-content%2Fuploads%2Fsites%2F94%2F2026%2F03%2Fpexels-louis-bauer-79024-249348-scaled.jpg&#038;fit=crop&#038;w=480&#038;h=422&#038;s=f9b9b270ecb1c3ada81c997e76c9a714 480w, https:\/\/www.abf.se\/musikverkstan\/resized\/?url=https%3A%2F%2Fwww.abf.se%2Fwp-content%2Fuploads%2Fsites%2F94%2F2026%2F03%2Fpexels-louis-bauer-79024-249348-scaled.jpg&#038;fit=crop&#038;w=528&#038;h=464&#038;s=dcddade0445f30a50cd22fb9ebb31f8f 528w, https:\/\/www.abf.se\/musikverkstan\/resized\/?url=https%3A%2F%2Fwww.abf.se%2Fwp-content%2Fuploads%2Fsites%2F94%2F2026%2F03%2Fpexels-louis-bauer-79024-249348-scaled.jpg&#038;fit=crop&#038;w=578&#038;h=509&#038;s=1f12ae652c777f82c311f5f42febcdb2 578w, https:\/\/www.abf.se\/musikverkstan\/resized\/?url=https%3A%2F%2Fwww.abf.se%2Fwp-content%2Fuploads%2Fsites%2F94%2F2026%2F03%2Fpexels-louis-bauer-79024-249348-scaled.jpg&#038;fit=crop&#038;w=672&#038;h=591&#038;s=2a4e21acb64345d249b4f7e1c1aedeb0 672w, https:\/\/www.abf.se\/musikverkstan\/resized\/?url=https%3A%2F%2Fwww.abf.se%2Fwp-content%2Fuploads%2Fsites%2F94%2F2026%2F03%2Fpexels-louis-bauer-79024-249348-scaled.jpg&#038;fit=crop&#038;w=864&#038;h=760&#038;s=afd64eeaf5acc96cd4a12e29c853a780 864w, https:\/\/www.abf.se\/musikverkstan\/resized\/?url=https%3A%2F%2Fwww.abf.se%2Fwp-content%2Fuploads%2Fsites%2F94%2F2026%2F03%2Fpexels-louis-bauer-79024-249348-scaled.jpg&#038;fit=crop&#038;w=1056&#038;h=929&#038;s=b95023aa84fe550a849ce8ac02c50aee 1056w\" alt=\"n&auml;rbild p&aring; skylt f&ouml;r hj&auml;rtstartare\" height=\"509\" width=\"578\" sizes=\"auto, (max-width: 768px) 100vw,\n                (max-width: 1280px) 50vw, 578px\" loading=\"lazy\" fetchpriority=\"low\" \/><\/picture>\n\n        <\/div>\n        \n        <div class=\"w-full md:w-1\/2 md:order-1\">\n        <div class=\"mx-auto md:max-w-[368px]\">\n            <h2 class=\"heading-lg\">Avsnitt 3: Vi har k\u00f6rt fast<\/h2>\n            <div class=\"mb-6 mt-4 wysiwyg\">\n                \n            <\/div>\n                                            <a href='https:\/\/www.abf.se\/musikverkstan\/musik-i-studiecirkel\/vi-har-kort-fast\/' class=\"default-button\" target=\"\">Vi har k\u00f6rt fast<\/a>\n                    <\/div>\n        <\/div>\n    <\/div>\n<\/div><div\n    class=\"acf-article-cta-link-block article-container my-8\"\n    data-block=\"article-cta-link-block\"\n>\n<div>\n    <a class=\"inline-flex flex-row items-center gap-4 text-link underline text-red-dark\"\n        href=\"https:\/\/www.abf.se\/musikverkstan\/\"\n            >\n        <span class=\"\">\n        Tillbaka till startsidan f\u00f6r Musikverkstan\n        <\/span>\n        <figure aria-hidden=\"true\" class=\"rounded-full bg-red-dark w-8 h-8 p-1 text-white\">\n            <svg width=\"20\" height=\"20\" viewBox=\"0 0 20 20\" fill=\"none\" class=\"SvgIconElement\">\n<path d=\"M4.16659 10L15.8333 10\" stroke=\"currentColor\"\/>\n<path d=\"M9.99992 4.1665L15.8333 9.99984L9.99992 15.8332\" stroke=\"currentColor\"\/>\n<\/svg>\n        <\/figure>\n    <\/a>\n<\/div>\n<\/div>\n","protected":false},"excerpt":{"rendered":"","protected":false},"author":36,"featured_media":0,"parent":0,"menu_order":10,"comment_status":"closed","ping_status":"closed","template":"","meta":{"_acf_changed":false,"footnotes":""},"class_list":["post-125","page","type-page","status-publish","hentry"],"acf":[],"yoast_head":"<!-- This site is optimized with the Yoast SEO plugin v27.0 - https:\/\/yoast.com\/product\/yoast-seo-wordpress\/ -->\n<title>Musik i\u00a0studiecirkel - Musikverkstan<\/title>\n<meta name=\"robots\" content=\"index, follow, max-snippet:-1, max-image-preview:large, max-video-preview:-1\" \/>\n<link rel=\"canonical\" href=\"https:\/\/www.abf.se\/musikverkstan\/musik-i-studiecirkel\/\" \/>\n<meta property=\"og:locale\" content=\"en_US\" \/>\n<meta property=\"og:type\" content=\"article\" \/>\n<meta property=\"og:title\" content=\"Musik i\u00a0studiecirkel - Musikverkstan\" \/>\n<meta property=\"og:url\" content=\"https:\/\/www.abf.se\/musikverkstan\/musik-i-studiecirkel\/\" \/>\n<meta property=\"og:site_name\" content=\"Musikverkstan\" \/>\n<meta property=\"article:modified_time\" content=\"2026-03-06T08:17:19+00:00\" \/>\n<meta property=\"og:image\" content=\"https:\/\/www.abf.se\/wp-content\/uploads\/sites\/94\/2026\/03\/herobild-musikverkstan.png\" \/>\n\t<meta property=\"og:image:width\" content=\"1440\" \/>\n\t<meta property=\"og:image:height\" content=\"520\" \/>\n\t<meta property=\"og:image:type\" content=\"image\/png\" \/>\n<meta name=\"twitter:card\" content=\"summary_large_image\" \/>\n<script type=\"application\/ld+json\" class=\"yoast-schema-graph\">{\"@context\":\"https:\/\/schema.org\",\"@graph\":[{\"@type\":\"WebPage\",\"@id\":\"https:\/\/www.abf.se\/musikverkstan\/musik-i-studiecirkel\/\",\"url\":\"https:\/\/www.abf.se\/musikverkstan\/musik-i-studiecirkel\/\",\"name\":\"Musik i\u00a0studiecirkel - Musikverkstan\",\"isPartOf\":{\"@id\":\"https:\/\/www.abf.se\/musikverkstan\/#website\"},\"datePublished\":\"2026-03-03T10:49:32+00:00\",\"dateModified\":\"2026-03-06T08:17:19+00:00\",\"breadcrumb\":{\"@id\":\"https:\/\/www.abf.se\/musikverkstan\/musik-i-studiecirkel\/#breadcrumb\"},\"inLanguage\":\"en-US\",\"potentialAction\":[{\"@type\":\"ReadAction\",\"target\":[\"https:\/\/www.abf.se\/musikverkstan\/musik-i-studiecirkel\/\"]}]},{\"@type\":\"BreadcrumbList\",\"@id\":\"https:\/\/www.abf.se\/musikverkstan\/musik-i-studiecirkel\/#breadcrumb\",\"itemListElement\":[{\"@type\":\"ListItem\",\"position\":1,\"name\":\"Home\",\"item\":\"https:\/\/www.abf.se\/musikverkstan\/\"},{\"@type\":\"ListItem\",\"position\":2,\"name\":\"Musik i\u00a0studiecirkel\"}]},{\"@type\":\"WebSite\",\"@id\":\"https:\/\/www.abf.se\/musikverkstan\/#website\",\"url\":\"https:\/\/www.abf.se\/musikverkstan\/\",\"name\":\"Musikverkstan\",\"description\":\"\",\"potentialAction\":[{\"@type\":\"SearchAction\",\"target\":{\"@type\":\"EntryPoint\",\"urlTemplate\":\"https:\/\/www.abf.se\/musikverkstan\/?s={search_term_string}\"},\"query-input\":{\"@type\":\"PropertyValueSpecification\",\"valueRequired\":true,\"valueName\":\"search_term_string\"}}],\"inLanguage\":\"en-US\"}]}<\/script>\n<!-- \/ Yoast SEO plugin. -->","yoast_head_json":{"title":"Musik i\u00a0studiecirkel - Musikverkstan","robots":{"index":"index","follow":"follow","max-snippet":"max-snippet:-1","max-image-preview":"max-image-preview:large","max-video-preview":"max-video-preview:-1"},"canonical":"https:\/\/www.abf.se\/musikverkstan\/musik-i-studiecirkel\/","og_locale":"en_US","og_type":"article","og_title":"Musik i\u00a0studiecirkel - Musikverkstan","og_url":"https:\/\/www.abf.se\/musikverkstan\/musik-i-studiecirkel\/","og_site_name":"Musikverkstan","article_modified_time":"2026-03-06T08:17:19+00:00","og_image":[{"width":1440,"height":520,"url":"https:\/\/www.abf.se\/wp-content\/uploads\/sites\/94\/2026\/03\/herobild-musikverkstan.png","type":"image\/png"}],"twitter_card":"summary_large_image","schema":{"@context":"https:\/\/schema.org","@graph":[{"@type":"WebPage","@id":"https:\/\/www.abf.se\/musikverkstan\/musik-i-studiecirkel\/","url":"https:\/\/www.abf.se\/musikverkstan\/musik-i-studiecirkel\/","name":"Musik i\u00a0studiecirkel - Musikverkstan","isPartOf":{"@id":"https:\/\/www.abf.se\/musikverkstan\/#website"},"datePublished":"2026-03-03T10:49:32+00:00","dateModified":"2026-03-06T08:17:19+00:00","breadcrumb":{"@id":"https:\/\/www.abf.se\/musikverkstan\/musik-i-studiecirkel\/#breadcrumb"},"inLanguage":"en-US","potentialAction":[{"@type":"ReadAction","target":["https:\/\/www.abf.se\/musikverkstan\/musik-i-studiecirkel\/"]}]},{"@type":"BreadcrumbList","@id":"https:\/\/www.abf.se\/musikverkstan\/musik-i-studiecirkel\/#breadcrumb","itemListElement":[{"@type":"ListItem","position":1,"name":"Home","item":"https:\/\/www.abf.se\/musikverkstan\/"},{"@type":"ListItem","position":2,"name":"Musik i\u00a0studiecirkel"}]},{"@type":"WebSite","@id":"https:\/\/www.abf.se\/musikverkstan\/#website","url":"https:\/\/www.abf.se\/musikverkstan\/","name":"Musikverkstan","description":"","potentialAction":[{"@type":"SearchAction","target":{"@type":"EntryPoint","urlTemplate":"https:\/\/www.abf.se\/musikverkstan\/?s={search_term_string}"},"query-input":{"@type":"PropertyValueSpecification","valueRequired":true,"valueName":"search_term_string"}}],"inLanguage":"en-US"}]}},"_links":{"self":[{"href":"https:\/\/www.abf.se\/musikverkstan\/wp-json\/wp\/v2\/pages\/125","targetHints":{"allow":["GET"]}}],"collection":[{"href":"https:\/\/www.abf.se\/musikverkstan\/wp-json\/wp\/v2\/pages"}],"about":[{"href":"https:\/\/www.abf.se\/musikverkstan\/wp-json\/wp\/v2\/types\/page"}],"author":[{"embeddable":true,"href":"https:\/\/www.abf.se\/musikverkstan\/wp-json\/wp\/v2\/users\/36"}],"replies":[{"embeddable":true,"href":"https:\/\/www.abf.se\/musikverkstan\/wp-json\/wp\/v2\/comments?post=125"}],"version-history":[{"count":12,"href":"https:\/\/www.abf.se\/musikverkstan\/wp-json\/wp\/v2\/pages\/125\/revisions"}],"predecessor-version":[{"id":471,"href":"https:\/\/www.abf.se\/musikverkstan\/wp-json\/wp\/v2\/pages\/125\/revisions\/471"}],"wp:attachment":[{"href":"https:\/\/www.abf.se\/musikverkstan\/wp-json\/wp\/v2\/media?parent=125"}],"curies":[{"name":"wp","href":"https:\/\/api.w.org\/{rel}","templated":true}]}}