{"id":131,"date":"2026-03-03T13:26:50","date_gmt":"2026-03-03T12:26:50","guid":{"rendered":"https:\/\/www.abf.se\/musikverkstan\/?page_id=131"},"modified":"2026-03-06T07:52:12","modified_gmt":"2026-03-06T06:52:12","slug":"vagen-till-ett-bra-samarbete","status":"publish","type":"page","link":"https:\/\/www.abf.se\/musikverkstan\/musik-i-studiecirkel\/vagen-till-ett-bra-samarbete\/","title":{"rendered":"V\u00e4gen till ett bra samarbete"},"content":{"rendered":"<div\n    class=\"acf-hero-block container-lg no-padding mb-12 js-geolocation\"\n    data-block=\"hero-block\"\n    data-index=\"0\"\n>\n    <div class=\"h-[548px]  relative rounded-[32px] overflow-hidden flex bg-gray-light\">\n        <div class=\"relative z-10 mt-auto h-auto w-full md:h-full\">\n            <div class=\"flex w-full h-full flex-col flex-wrap justify-end w-full md:w-7\/12 lg:w-1\/2 md:justify-center\">\n                <div class=\"flex flex-col gap-3 md:gap-[18px] md:transparent pt-16 pb-36 md:py-8 px-4 w-full md:max-w-[620px] mx-auto px-8\">\n\n                    <h1 class=\"hero-heading\"><span>V\u00e4gen till ett bra samarbete<\/span><\/h1>\n\n                    \n                                    <\/div>\n            <\/div>\n        <\/div>\n\n                    <picture class=\"as-background-image mix-blend-multiply bg-black\/40\"><img decoding=\"async\" src=\"https:\/\/www.abf.se\/musikverkstan\/resized\/?url=https%3A%2F%2Fwww.abf.se%2Fwp-content%2Fuploads%2Fsites%2F94%2F2026%2F03%2Fsamarbete-musikverkstan.png&#038;fit=crop&#038;w=1440&#038;s=c11543994e3d02f1182256e196447fd6\" srcset=\"https:\/\/www.abf.se\/musikverkstan\/resized\/?url=https%3A%2F%2Fwww.abf.se%2Fwp-content%2Fuploads%2Fsites%2F94%2F2026%2F03%2Fsamarbete-musikverkstan.png&#038;fit=crop&#038;w=375&#038;h=540&#038;s=1a979ba2349725fef735e56f8d6fe677 375w, https:\/\/www.abf.se\/musikverkstan\/resized\/?url=https%3A%2F%2Fwww.abf.se%2Fwp-content%2Fuploads%2Fsites%2F94%2F2026%2F03%2Fsamarbete-musikverkstan.png&#038;fit=crop&#038;w=447&#038;h=540&#038;s=90a07ddfefa0c7b7dff8e1dbcf3b550f 447w, https:\/\/www.abf.se\/musikverkstan\/resized\/?url=https%3A%2F%2Fwww.abf.se%2Fwp-content%2Fuploads%2Fsites%2F94%2F2026%2F03%2Fsamarbete-musikverkstan.png&#038;fit=crop&#038;w=519&#038;h=540&#038;s=62d3be96d1d9ce75a7f071aa0613570b 519w, https:\/\/www.abf.se\/musikverkstan\/resized\/?url=https%3A%2F%2Fwww.abf.se%2Fwp-content%2Fuploads%2Fsites%2F94%2F2026%2F03%2Fsamarbete-musikverkstan.png&#038;fit=crop&#038;w=591&#038;h=540&#038;s=7108b03cc528713b77b6036e81fa96a7 591w, https:\/\/www.abf.se\/musikverkstan\/resized\/?url=https%3A%2F%2Fwww.abf.se%2Fwp-content%2Fuploads%2Fsites%2F94%2F2026%2F03%2Fsamarbete-musikverkstan.png&#038;fit=crop&#038;w=663&#038;h=540&#038;s=843a2ef1b2bf786dc2664b405c9ffcb3 663w, https:\/\/www.abf.se\/musikverkstan\/resized\/?url=https%3A%2F%2Fwww.abf.se%2Fwp-content%2Fuploads%2Fsites%2F94%2F2026%2F03%2Fsamarbete-musikverkstan.png&#038;fit=crop&#038;w=750&#038;h=540&#038;s=2afa3498aa5ba5a6b784509a915f173a 750w, https:\/\/www.abf.se\/musikverkstan\/resized\/?url=https%3A%2F%2Fwww.abf.se%2Fwp-content%2Fuploads%2Fsites%2F94%2F2026%2F03%2Fsamarbete-musikverkstan.png&#038;fit=crop&#038;w=894&#038;h=540&#038;s=9ff568e3bc3132c617c91e3bb800819d 894w, https:\/\/www.abf.se\/musikverkstan\/resized\/?url=https%3A%2F%2Fwww.abf.se%2Fwp-content%2Fuploads%2Fsites%2F94%2F2026%2F03%2Fsamarbete-musikverkstan.png&#038;fit=crop&#038;w=1038&#038;h=540&#038;s=ff59fa3c5b063a8cd85b6049dfb101e7 1038w, https:\/\/www.abf.se\/musikverkstan\/resized\/?url=https%3A%2F%2Fwww.abf.se%2Fwp-content%2Fuploads%2Fsites%2F94%2F2026%2F03%2Fsamarbete-musikverkstan.png&#038;fit=crop&#038;w=1182&#038;h=540&#038;s=89e5c9e868199009408abd5a60a9153b 1182w, https:\/\/www.abf.se\/musikverkstan\/resized\/?url=https%3A%2F%2Fwww.abf.se%2Fwp-content%2Fuploads%2Fsites%2F94%2F2026%2F03%2Fsamarbete-musikverkstan.png&#038;fit=crop&#038;w=1326&#038;h=540&#038;s=78ee877ea5524bdbc70278f79cd6cb40 1326w, https:\/\/www.abf.se\/musikverkstan\/resized\/?url=https%3A%2F%2Fwww.abf.se%2Fwp-content%2Fuploads%2Fsites%2F94%2F2026%2F03%2Fsamarbete-musikverkstan.png&#038;fit=crop&#038;w=1440&#038;h=540&#038;s=99ac804b880faacd2bb273df7e786ae7 1440w\" alt=\"\" height=\"540\" width=\"1440\" sizes=\"(max-width: 1440px) calc(100vw - 32px), 1440px\" loading=\"eager\" fetchpriority=\"high\" aria-hidden=\"true\" role=\"presentation\" \/><\/picture>\n        \n\n            <\/div>\n\n    <\/div>\n\n<div\n    class=\"acf-plain-heading-block container my-16\"\n    data-block=\"plain-heading-block\"\n>\n    <div class=\"max-w-[658px] mx-auto\">\n                            <p class=\"mt-8 body-xl text-black\">\n                Ett bra samarbete bygger p\u00e5 balans. I en studiecirkel beh\u00f6ver det finnas en fungerande mix av frihet och struktur, d\u00e4r deltagarnas behov och gruppens m\u00e5l f\u00e5r styra. Studiecirkeln \u00e4r en informell och frivillig gemenskap, men f\u00f6r att samarbetet ska fungera kr\u00e4vs ocks\u00e5 gemensamma ramar, som \u00f6verenskommelser kring tr\u00e4ffar, inneh\u00e5ll och hur ni vill ha det tillsammans. Den h\u00e4r balansen \u00e4r en viktig del av v\u00e4gen till ett bra samarbete. \n            <\/p>\n            <\/div>\n<\/div>\n<div\n    class=\"acf-article-text-block article-container my-12\"\n    data-block=\"article-text-block\"\n>\n    <div class=\"wysiwyg\">\n        <h2 aria-level=\"2\">Gruppens resa<\/h2>\n<h3><span data-contrast=\"none\">L\u00e4rande i grupp och gruppers l\u00e4rande<\/span><\/h3>\n<p><span data-contrast=\"auto\">I en musikstudiecirkel bygger l\u00e4randet p\u00e5 att ni skapar och utforskar musik tillsammans. N\u00e4r ni delar id\u00e9er, spelar tillsammans, ger varandra feedback och diskuterar fr\u00e5gor utvecklas b\u00e5de ert musikaliska uttryck och gruppen som helhet. Att l\u00e4ra i grupp g\u00f6r att ni f\u00e5r fler id\u00e9er, t\u00e4nker mer kreativt och kan anv\u00e4nda det ni l\u00e4rt er i nya sammanhang. Vem vet, kanske uppt\u00e4cker ni en helt ny genre ni vill pr\u00f6va spela?<\/span><span data-ccp-props=\"{&quot;201341983&quot;:0,&quot;335559685&quot;:0,&quot;335559739&quot;:0,&quot;335559740&quot;:240}\">\u00a0<\/span><\/p>\n<h3><span data-contrast=\"none\">\u00d6vning: Reflektera<\/span><span data-ccp-props=\"{&quot;134245418&quot;:true,&quot;134245529&quot;:true,&quot;335559738&quot;:40,&quot;335559739&quot;:0}\">\u00a0<\/span><\/h3>\n<ul>\n<li><span data-contrast=\"auto\">Vem g\u00f6r vad i ditt band\/grupp?\u00a0<\/span><\/li>\n<li><span data-contrast=\"auto\">Vilken \u00e4r den viktigaste faktorn f\u00f6r att f\u00e5 ett band\/grupp att fungera?\u00a0<\/span><\/li>\n<li><span data-contrast=\"auto\"> M\u00e5ste alla i bandet\/gruppen f\u00e5 komma till tals?<\/span><\/li>\n<\/ul>\n<h3><span data-contrast=\"none\">Gruppens utveckling\u00a0<\/span><span data-ccp-props=\"{&quot;134245418&quot;:true,&quot;134245529&quot;:true,&quot;335559738&quot;:40,&quot;335559739&quot;:0}\">\u00a0<\/span><\/h3>\n<p><span data-contrast=\"auto\">Precis som musiken s\u00e5 f\u00f6r\u00e4ndras grupper \u00f6ver tid. Genom att vara medvetna om gruppens utvecklingsstadier och skapa gemensamma normer kan ni bygga trygghet. En trygg grupp har l\u00e4ttare att hantera utmaningar, konflikter och olika \u00e5sikter, vilket ger b\u00e4ttre f\u00f6ruts\u00e4ttningar f\u00f6r b\u00e5de l\u00e4rande och kreativitet.<\/span><span data-ccp-props=\"{&quot;201341983&quot;:0,&quot;335559685&quot;:0,&quot;335559739&quot;:0,&quot;335559740&quot;:240}\">\u00a0<\/span><span data-ccp-props=\"{&quot;201341983&quot;:0,&quot;335559685&quot;:0,&quot;335559739&quot;:0,&quot;335559740&quot;:240}\">\u00a0<\/span><\/p>\n<p><span data-contrast=\"auto\">Det finns olika modeller f\u00f6r gruppers utveckling. De linj\u00e4ra modellerna omfattar olika stadier d\u00e4r den ena leder till den andra. Vi tittar n\u00e4rmare p\u00e5 en beskrivning av stadierna nedan.<\/span><span data-ccp-props=\"{&quot;201341983&quot;:0,&quot;335559685&quot;:0,&quot;335559739&quot;:0,&quot;335559740&quot;:240}\">\u00a0<\/span><\/p>\n\n    <\/div>\n<\/div>\n<div\n    class=\"acf-article-image-block mb-12 article-container-lg\"\n    data-block=\"article-image-block\"\n>\n<div class=\"\">\n\n        <figure>\n        \n            <picture class=\"round-corners-lg w-full\"><img decoding=\"async\" src=\"https:\/\/www.abf.se\/musikverkstan\/resized\/?url=https%3A%2F%2Fwww.abf.se%2Fwp-content%2Fuploads%2Fsites%2F94%2F2026%2F03%2Fgruppprocess-musikverkstan.png&#038;fit=contain&#038;w=788&#038;s=0d8f95b07a8d5e4ad7a5d4b711f6b756\" srcset=\"https:\/\/www.abf.se\/musikverkstan\/resized\/?url=https%3A%2F%2Fwww.abf.se%2Fwp-content%2Fuploads%2Fsites%2F94%2F2026%2F03%2Fgruppprocess-musikverkstan.png&#038;fit=contain&#038;w=375&#038;h=128&#038;s=71bd18a3a74ab7e10fb5cacf57bbcc31 375w, https:\/\/www.abf.se\/musikverkstan\/resized\/?url=https%3A%2F%2Fwww.abf.se%2Fwp-content%2Fuploads%2Fsites%2F94%2F2026%2F03%2Fgruppprocess-musikverkstan.png&#038;fit=contain&#038;w=447&#038;h=152&#038;s=3a2746c00a56be48ea1d61de5ca71dbd 447w, https:\/\/www.abf.se\/musikverkstan\/resized\/?url=https%3A%2F%2Fwww.abf.se%2Fwp-content%2Fuploads%2Fsites%2F94%2F2026%2F03%2Fgruppprocess-musikverkstan.png&#038;fit=contain&#038;w=519&#038;h=177&#038;s=d0154863b75403da2b2c9344b055a383 519w, https:\/\/www.abf.se\/musikverkstan\/resized\/?url=https%3A%2F%2Fwww.abf.se%2Fwp-content%2Fuploads%2Fsites%2F94%2F2026%2F03%2Fgruppprocess-musikverkstan.png&#038;fit=contain&#038;w=591&#038;h=201&#038;s=4375d79c0fa4eb0c56a26d938fa8ddbb 591w, https:\/\/www.abf.se\/musikverkstan\/resized\/?url=https%3A%2F%2Fwww.abf.se%2Fwp-content%2Fuploads%2Fsites%2F94%2F2026%2F03%2Fgruppprocess-musikverkstan.png&#038;fit=contain&#038;w=663&#038;h=226&#038;s=9593fdd992c4e925ba07933f9b6b4136 663w, https:\/\/www.abf.se\/musikverkstan\/resized\/?url=https%3A%2F%2Fwww.abf.se%2Fwp-content%2Fuploads%2Fsites%2F94%2F2026%2F03%2Fgruppprocess-musikverkstan.png&#038;fit=contain&#038;w=735&#038;h=250&#038;s=59dd0e970203f034f4bc5f8726fda2aa 735w, https:\/\/www.abf.se\/musikverkstan\/resized\/?url=https%3A%2F%2Fwww.abf.se%2Fwp-content%2Fuploads%2Fsites%2F94%2F2026%2F03%2Fgruppprocess-musikverkstan.png&#038;fit=contain&#038;w=750&#038;h=256&#038;s=05182093768b4e9c3ddfd445f60d4eaf 750w, https:\/\/www.abf.se\/musikverkstan\/resized\/?url=https%3A%2F%2Fwww.abf.se%2Fwp-content%2Fuploads%2Fsites%2F94%2F2026%2F03%2Fgruppprocess-musikverkstan.png&#038;fit=contain&#038;w=788&#038;s=0d8f95b07a8d5e4ad7a5d4b711f6b756 788w, https:\/\/www.abf.se\/musikverkstan\/resized\/?url=https%3A%2F%2Fwww.abf.se%2Fwp-content%2Fuploads%2Fsites%2F94%2F2026%2F03%2Fgruppprocess-musikverkstan.png&#038;fit=contain&#038;w=894&#038;h=305&#038;s=0c177a188540352641f03fba7a6b684e 894w, https:\/\/www.abf.se\/musikverkstan\/resized\/?url=https%3A%2F%2Fwww.abf.se%2Fwp-content%2Fuploads%2Fsites%2F94%2F2026%2F03%2Fgruppprocess-musikverkstan.png&#038;fit=contain&#038;w=1038&#038;h=354&#038;s=ba7edfa9c5b821e59b4214917fac16df 1038w, https:\/\/www.abf.se\/musikverkstan\/resized\/?url=https%3A%2F%2Fwww.abf.se%2Fwp-content%2Fuploads%2Fsites%2F94%2F2026%2F03%2Fgruppprocess-musikverkstan.png&#038;fit=contain&#038;w=1182&#038;h=403&#038;s=0c01fb82d82d5b7b9e6cc19f4257f2c0 1182w, https:\/\/www.abf.se\/musikverkstan\/resized\/?url=https%3A%2F%2Fwww.abf.se%2Fwp-content%2Fuploads%2Fsites%2F94%2F2026%2F03%2Fgruppprocess-musikverkstan.png&#038;fit=contain&#038;w=1326&#038;h=452&#038;s=23078c91a82ee92853be00d7ebc2a11c 1326w, https:\/\/www.abf.se\/musikverkstan\/resized\/?url=https%3A%2F%2Fwww.abf.se%2Fwp-content%2Fuploads%2Fsites%2F94%2F2026%2F03%2Fgruppprocess-musikverkstan.png&#038;fit=contain&#038;w=1470&#038;h=501&#038;s=6a820bb4af7bbc4c8aff6902f46b5e59 1470w\" alt=\"Gruppen fem stadier\" height=\"269\" width=\"788\" sizes=\"auto, (max-width: 768px) calc(100vw - 40px), 788px\" loading=\"lazy\" fetchpriority=\"low\" class=\"round-corners-lg w-full\" \/><\/picture>\n                        <\/figure>\n        <\/div>\n\n<\/div>\n<div\n    class=\"acf-article-text-block article-container my-12\"\n    data-block=\"article-text-block\"\n>\n    <div class=\"wysiwyg\">\n        <h2 aria-level=\"3\">\u00a0Gruppens stadier:<\/h2>\n<ul>\n<li><strong>Tillh\u00f6righet och trygghet:\u00a0<\/strong>Medlemmarna l\u00e4r k\u00e4nna varandra, och ledaren \u00e4r viktig f\u00f6r inkludering och tydliga m\u00e5l.<\/li>\n<li><strong>Rolls\u00f6kning och ifr\u00e5gas\u00e4ttande:\u00a0<\/strong>Medlemmarna hittar sina roller, och olikheter kan leda till konflikter som beh\u00f6ver hanteras.<\/li>\n<li><strong>Tillit och struktur:<\/strong>\u00a0Gruppen utvecklar sammanh\u00e5llning och gemenskap.<\/li>\n<li><strong>Arbete och produktivitet:<\/strong>\u00a0Fokus ligger p\u00e5 effektivitet och gemensamma m\u00e5l.<\/li>\n<li><strong>Avslut:<\/strong>\u00a0Gruppen reflekterar \u00f6ver det som varit och f\u00f6rbereder sig f\u00f6r att g\u00e5 vidare. En genomt\u00e4nkt avslutning st\u00e4rker deltagarna och avslutar cirkeln p\u00e5 ett positivt s\u00e4tt.<\/li>\n<\/ul>\n<p><span data-contrast=\"auto\">Dessa stadier \u00e4r visserligen presenterade i en ordning, men m\u00e5nga g\u00e5nger g\u00e5r utvecklingen lite fram och tillbaka beroende p\u00e5 vad som h\u00e4nder i gruppen och i dess omgivning.<\/span><span data-ccp-props=\"{&quot;134233117&quot;:false,&quot;134233118&quot;:false,&quot;201341983&quot;:0,&quot;335559685&quot;:0,&quot;335559738&quot;:240,&quot;335559739&quot;:240,&quot;335559740&quot;:240}\">\u00a0<\/span><\/p>\n<p><span data-contrast=\"auto\">Reflektera tillsammans i gruppen, var befinner ni er i den h\u00e4r modellen? Kan ni k\u00e4nna igen er i de olika faser som modellen beskriver?<\/span><\/p>\n<h2 aria-level=\"2\">Att bygga ett h\u00e5llbart samarbete i gruppen<\/h2>\n<p><span data-contrast=\"auto\">Grupper kan ha m\u00e5nga olika m\u00e5ls\u00e4ttningar. Det kan handla om allt fr\u00e5n att ha en rolig\u00a0repkv\u00e4ll\u00a0tillsammans till att komponera avancerade stycken eller f\u00f6rbereda en konsert. Vissa m\u00e5l \u00e4r enklare att uppn\u00e5 \u00e4n andra, och det \u00e4r viktigt att gruppens m\u00e5l \u00e4r realistiska och st\u00e4mmer \u00f6verens med medlemmarnas f\u00f6rv\u00e4ntningar. Precis som roller kan m\u00e5l vara b\u00e5de formella och informella.<\/span><span data-ccp-props=\"{&quot;134233117&quot;:true,&quot;134233118&quot;:true,&quot;201341983&quot;:0,&quot;335559685&quot;:0,&quot;335559739&quot;:0,&quot;335559740&quot;:240}\">\u00a0<\/span><span data-ccp-props=\"{&quot;134233117&quot;:true,&quot;134233118&quot;:true,&quot;201341983&quot;:0,&quot;335559685&quot;:0,&quot;335559739&quot;:0,&quot;335559740&quot;:240}\">\u00a0<\/span><\/p>\n<p><span data-contrast=\"auto\">Men \u00e4ven om en musikgrupp samlas utan att uttrycka n\u00e5gra tydliga m\u00e5l, kommer det \u00e4nd\u00e5 att formas f\u00f6rv\u00e4ntningar och ambitioner, antingen \u00f6ppet eller i deltagarnas tankar. N\u00e4r m\u00e5len inte uttalas finns det dock en risk att medlemmarna str\u00e4var \u00e5t olika h\u00e5ll, kanske vill n\u00e5gra utvecklas<\/span><span data-ccp-props=\"{&quot;134233117&quot;:true,&quot;134233118&quot;:true,&quot;201341983&quot;:0,&quot;335559685&quot;:0,&quot;335559739&quot;:0,&quot;335559740&quot;:240}\">\u00a0<\/span><span data-contrast=\"auto\">tekniskt medan andra mest vill umg\u00e5s? vilket i sin tur kan skapa frustration eller konflikter.<\/span><span data-ccp-props=\"{&quot;134233117&quot;:true,&quot;134233118&quot;:true,&quot;201341983&quot;:0,&quot;335559685&quot;:0,&quot;335559739&quot;:0,&quot;335559740&quot;:240}\">\u00a0<\/span><\/p>\n<p><span data-ccp-props=\"{&quot;134233117&quot;:true,&quot;134233118&quot;:true,&quot;201341983&quot;:0,&quot;335559685&quot;:0,&quot;335559739&quot;:0,&quot;335559740&quot;:240}\">\u00a0<\/span><b><span data-contrast=\"auto\">Reflektionsfr\u00e5gor:<\/span><\/b><span data-ccp-props=\"{&quot;201341983&quot;:0,&quot;335559685&quot;:0,&quot;335559739&quot;:0,&quot;335559740&quot;:240}\">\u00a0<\/span><\/p>\n<ol>\n<li><span data-contrast=\"auto\"> Hur ska vi g\u00f6ra innan vi beslutar n\u00e5got?<\/span><\/li>\n<li><span data-contrast=\"auto\">Vilka f\u00f6rv\u00e4ntningar finns i gruppen?<\/span><\/li>\n<li><span data-contrast=\"auto\">Vilka m\u00e5l har gruppen?<\/span><\/li>\n<li><span data-contrast=\"auto\">Hur ska vi g\u00f6ra f\u00f6r att alla ska komma till tals\/bidra\/delge\/ f\u00e5 utrymme?<\/span><\/li>\n<li><span data-contrast=\"auto\">Vilket samtalsklimat vill vi ha i gruppen?<\/span><\/li>\n<li><span data-contrast=\"auto\">Hur pratar vi om gruppen med andra, utanf\u00f6r gruppen?<\/span><\/li>\n<li><span data-contrast=\"auto\">Hur g\u00f6r vi f\u00f6r att alla ska f\u00e5 information om n\u00e5gon \u00e4r sjuk\/borta?<\/span><\/li>\n<li><span data-contrast=\"auto\">Hur ska vi g\u00f6ra f\u00f6r att h\u00e5lla oss till \u00e4mnet?<\/span><\/li>\n<li><span data-contrast=\"auto\">Hur kan vi hj\u00e4lpa och uppmuntra varandra?<\/span><\/li>\n<li><span data-contrast=\"auto\">Vilka roller finns i gruppen?<\/span><\/li>\n<li><span data-contrast=\"auto\">Hur delar vi upp ansvar i gruppen?<\/span><\/li>\n<li><span data-contrast=\"auto\">Vad mer beh\u00f6ver vi vara \u00f6verens om?<\/span><span data-ccp-props=\"{&quot;201341983&quot;:0,&quot;335559685&quot;:0,&quot;335559739&quot;:0,&quot;335559740&quot;:240}\">\u00a0<\/span><\/li>\n<\/ol>\n\n    <\/div>\n<\/div>\n<div\n    class=\"acf-quick-link-block bg-red py-12 md:py-20\"\n    data-block=\"quick-link-block\"\n>\n    <div class=\"container\">\n                    <h2 class=\"heading-lg mb-7 text-center text-white\">\n                Alla avsnitt inom Modul 1 &#8211; Musik i studiecirkel\n            <\/h2>\n        \n        <div\n            class=\"px-5 content:px-0 grid grid-cols-1 gap-8 lg:grid-cols-3\">\n            \n            <article\nclass=\"round-corners-sm p-6 relative group grid grid-rows-[subgrid] row-[span_3] gap-4 bg-white text-red\"\n>\n            <h3\n        class=\"heading-sm group-hover:underline text-red\">\n            <a href=\"https:\/\/www.abf.se\/musikverkstan\/musik-i-studiecirkel\/malet-med-var-studiecirkel\/\" class=\"expanded-hit-area\" target=\"\">\n                Avsnitt 1: M\u00e5let med v\u00e5r studiecirkel\n            <\/a>\n        <\/h3>\n            <figure\n    class=\"w-[38px] h-[38px] rounded-full p-2 group-hover:scale-110 transition-transform duration-300 self-end pointer-events-none bg-red text-white\">\n        <svg width=\"20\" height=\"20\" viewBox=\"0 0 20 20\" fill=\"none\" class=\"SvgIconElement\">\n<path d=\"M4.16659 10L15.8333 10\" stroke=\"currentColor\"\/>\n<path d=\"M9.99992 4.1665L15.8333 9.99984L9.99992 15.8332\" stroke=\"currentColor\"\/>\n<\/svg>\n    <\/figure>\n<\/article>            \n            <article\nclass=\"round-corners-sm p-6 relative group grid grid-rows-[subgrid] row-[span_3] gap-4 bg-white text-red\"\n>\n            <h3\n        class=\"heading-sm group-hover:underline text-red\">\n            <a href=\"https:\/\/www.abf.se\/musikverkstan\/musik-i-studiecirkel\/vagen-till-ett-bra-samarbete\/\" class=\"expanded-hit-area\" target=\"\">\n                Avsnitt 2: V\u00e4gen till ett bra samarbete\n            <\/a>\n        <\/h3>\n            <figure\n    class=\"w-[38px] h-[38px] rounded-full p-2 group-hover:scale-110 transition-transform duration-300 self-end pointer-events-none bg-red text-white\">\n        <svg width=\"20\" height=\"20\" viewBox=\"0 0 20 20\" fill=\"none\" class=\"SvgIconElement\">\n<path d=\"M4.16659 10L15.8333 10\" stroke=\"currentColor\"\/>\n<path d=\"M9.99992 4.1665L15.8333 9.99984L9.99992 15.8332\" stroke=\"currentColor\"\/>\n<\/svg>\n    <\/figure>\n<\/article>            \n            <article\nclass=\"round-corners-sm p-6 relative group grid grid-rows-[subgrid] row-[span_3] gap-4 bg-white text-red\"\n>\n            <h3\n        class=\"heading-sm group-hover:underline text-red\">\n            <a href=\"https:\/\/www.abf.se\/musikverkstan\/musik-i-studiecirkel\/vi-har-kort-fast\/\" class=\"expanded-hit-area\" target=\"\">\n                Avsnitt 3: Vi har k\u00f6rt fast\n            <\/a>\n        <\/h3>\n            <figure\n    class=\"w-[38px] h-[38px] rounded-full p-2 group-hover:scale-110 transition-transform duration-300 self-end pointer-events-none bg-red text-white\">\n        <svg width=\"20\" height=\"20\" viewBox=\"0 0 20 20\" fill=\"none\" class=\"SvgIconElement\">\n<path d=\"M4.16659 10L15.8333 10\" stroke=\"currentColor\"\/>\n<path d=\"M9.99992 4.1665L15.8333 9.99984L9.99992 15.8332\" stroke=\"currentColor\"\/>\n<\/svg>\n    <\/figure>\n<\/article>                    <\/div>\n    <\/div>\n<\/div>\n","protected":false},"excerpt":{"rendered":"","protected":false},"author":36,"featured_media":0,"parent":125,"menu_order":12,"comment_status":"closed","ping_status":"closed","template":"","meta":{"_acf_changed":false,"footnotes":""},"class_list":["post-131","page","type-page","status-publish","hentry"],"acf":[],"yoast_head":"<!-- This site is optimized with the Yoast SEO plugin v27.0 - https:\/\/yoast.com\/product\/yoast-seo-wordpress\/ -->\n<title>V\u00e4gen till ett bra samarbete - Musikverkstan<\/title>\n<meta name=\"robots\" content=\"index, follow, max-snippet:-1, max-image-preview:large, max-video-preview:-1\" \/>\n<link rel=\"canonical\" href=\"https:\/\/www.abf.se\/musikverkstan\/musik-i-studiecirkel\/vagen-till-ett-bra-samarbete\/\" \/>\n<meta property=\"og:locale\" content=\"en_US\" \/>\n<meta property=\"og:type\" content=\"article\" \/>\n<meta property=\"og:title\" content=\"V\u00e4gen till ett bra samarbete - Musikverkstan\" \/>\n<meta property=\"og:url\" content=\"https:\/\/www.abf.se\/musikverkstan\/musik-i-studiecirkel\/vagen-till-ett-bra-samarbete\/\" \/>\n<meta property=\"og:site_name\" content=\"Musikverkstan\" \/>\n<meta property=\"article:modified_time\" content=\"2026-03-06T06:52:12+00:00\" \/>\n<meta property=\"og:image\" content=\"https:\/\/www.abf.se\/wp-content\/uploads\/sites\/94\/2026\/03\/herobild-musikverkstan.png\" \/>\n\t<meta property=\"og:image:width\" content=\"1440\" \/>\n\t<meta property=\"og:image:height\" content=\"520\" \/>\n\t<meta property=\"og:image:type\" content=\"image\/png\" \/>\n<meta name=\"twitter:card\" content=\"summary_large_image\" \/>\n<script type=\"application\/ld+json\" class=\"yoast-schema-graph\">{\"@context\":\"https:\/\/schema.org\",\"@graph\":[{\"@type\":\"WebPage\",\"@id\":\"https:\/\/www.abf.se\/musikverkstan\/musik-i-studiecirkel\/vagen-till-ett-bra-samarbete\/\",\"url\":\"https:\/\/www.abf.se\/musikverkstan\/musik-i-studiecirkel\/vagen-till-ett-bra-samarbete\/\",\"name\":\"V\u00e4gen till ett bra samarbete - Musikverkstan\",\"isPartOf\":{\"@id\":\"https:\/\/www.abf.se\/musikverkstan\/#website\"},\"datePublished\":\"2026-03-03T12:26:50+00:00\",\"dateModified\":\"2026-03-06T06:52:12+00:00\",\"breadcrumb\":{\"@id\":\"https:\/\/www.abf.se\/musikverkstan\/musik-i-studiecirkel\/vagen-till-ett-bra-samarbete\/#breadcrumb\"},\"inLanguage\":\"en-US\",\"potentialAction\":[{\"@type\":\"ReadAction\",\"target\":[\"https:\/\/www.abf.se\/musikverkstan\/musik-i-studiecirkel\/vagen-till-ett-bra-samarbete\/\"]}]},{\"@type\":\"BreadcrumbList\",\"@id\":\"https:\/\/www.abf.se\/musikverkstan\/musik-i-studiecirkel\/vagen-till-ett-bra-samarbete\/#breadcrumb\",\"itemListElement\":[{\"@type\":\"ListItem\",\"position\":1,\"name\":\"Home\",\"item\":\"https:\/\/www.abf.se\/musikverkstan\/\"},{\"@type\":\"ListItem\",\"position\":2,\"name\":\"Musik i\u00a0studiecirkel\",\"item\":\"https:\/\/www.abf.se\/musikverkstan\/musik-i-studiecirkel\/\"},{\"@type\":\"ListItem\",\"position\":3,\"name\":\"V\u00e4gen till ett bra samarbete\"}]},{\"@type\":\"WebSite\",\"@id\":\"https:\/\/www.abf.se\/musikverkstan\/#website\",\"url\":\"https:\/\/www.abf.se\/musikverkstan\/\",\"name\":\"Musikverkstan\",\"description\":\"\",\"potentialAction\":[{\"@type\":\"SearchAction\",\"target\":{\"@type\":\"EntryPoint\",\"urlTemplate\":\"https:\/\/www.abf.se\/musikverkstan\/?s={search_term_string}\"},\"query-input\":{\"@type\":\"PropertyValueSpecification\",\"valueRequired\":true,\"valueName\":\"search_term_string\"}}],\"inLanguage\":\"en-US\"}]}<\/script>\n<!-- \/ Yoast SEO plugin. -->","yoast_head_json":{"title":"V\u00e4gen till ett bra samarbete - Musikverkstan","robots":{"index":"index","follow":"follow","max-snippet":"max-snippet:-1","max-image-preview":"max-image-preview:large","max-video-preview":"max-video-preview:-1"},"canonical":"https:\/\/www.abf.se\/musikverkstan\/musik-i-studiecirkel\/vagen-till-ett-bra-samarbete\/","og_locale":"en_US","og_type":"article","og_title":"V\u00e4gen till ett bra samarbete - Musikverkstan","og_url":"https:\/\/www.abf.se\/musikverkstan\/musik-i-studiecirkel\/vagen-till-ett-bra-samarbete\/","og_site_name":"Musikverkstan","article_modified_time":"2026-03-06T06:52:12+00:00","og_image":[{"width":1440,"height":520,"url":"https:\/\/www.abf.se\/wp-content\/uploads\/sites\/94\/2026\/03\/herobild-musikverkstan.png","type":"image\/png"}],"twitter_card":"summary_large_image","schema":{"@context":"https:\/\/schema.org","@graph":[{"@type":"WebPage","@id":"https:\/\/www.abf.se\/musikverkstan\/musik-i-studiecirkel\/vagen-till-ett-bra-samarbete\/","url":"https:\/\/www.abf.se\/musikverkstan\/musik-i-studiecirkel\/vagen-till-ett-bra-samarbete\/","name":"V\u00e4gen till ett bra samarbete - Musikverkstan","isPartOf":{"@id":"https:\/\/www.abf.se\/musikverkstan\/#website"},"datePublished":"2026-03-03T12:26:50+00:00","dateModified":"2026-03-06T06:52:12+00:00","breadcrumb":{"@id":"https:\/\/www.abf.se\/musikverkstan\/musik-i-studiecirkel\/vagen-till-ett-bra-samarbete\/#breadcrumb"},"inLanguage":"en-US","potentialAction":[{"@type":"ReadAction","target":["https:\/\/www.abf.se\/musikverkstan\/musik-i-studiecirkel\/vagen-till-ett-bra-samarbete\/"]}]},{"@type":"BreadcrumbList","@id":"https:\/\/www.abf.se\/musikverkstan\/musik-i-studiecirkel\/vagen-till-ett-bra-samarbete\/#breadcrumb","itemListElement":[{"@type":"ListItem","position":1,"name":"Home","item":"https:\/\/www.abf.se\/musikverkstan\/"},{"@type":"ListItem","position":2,"name":"Musik i\u00a0studiecirkel","item":"https:\/\/www.abf.se\/musikverkstan\/musik-i-studiecirkel\/"},{"@type":"ListItem","position":3,"name":"V\u00e4gen till ett bra samarbete"}]},{"@type":"WebSite","@id":"https:\/\/www.abf.se\/musikverkstan\/#website","url":"https:\/\/www.abf.se\/musikverkstan\/","name":"Musikverkstan","description":"","potentialAction":[{"@type":"SearchAction","target":{"@type":"EntryPoint","urlTemplate":"https:\/\/www.abf.se\/musikverkstan\/?s={search_term_string}"},"query-input":{"@type":"PropertyValueSpecification","valueRequired":true,"valueName":"search_term_string"}}],"inLanguage":"en-US"}]}},"_links":{"self":[{"href":"https:\/\/www.abf.se\/musikverkstan\/wp-json\/wp\/v2\/pages\/131","targetHints":{"allow":["GET"]}}],"collection":[{"href":"https:\/\/www.abf.se\/musikverkstan\/wp-json\/wp\/v2\/pages"}],"about":[{"href":"https:\/\/www.abf.se\/musikverkstan\/wp-json\/wp\/v2\/types\/page"}],"author":[{"embeddable":true,"href":"https:\/\/www.abf.se\/musikverkstan\/wp-json\/wp\/v2\/users\/36"}],"replies":[{"embeddable":true,"href":"https:\/\/www.abf.se\/musikverkstan\/wp-json\/wp\/v2\/comments?post=131"}],"version-history":[{"count":9,"href":"https:\/\/www.abf.se\/musikverkstan\/wp-json\/wp\/v2\/pages\/131\/revisions"}],"predecessor-version":[{"id":449,"href":"https:\/\/www.abf.se\/musikverkstan\/wp-json\/wp\/v2\/pages\/131\/revisions\/449"}],"up":[{"embeddable":true,"href":"https:\/\/www.abf.se\/musikverkstan\/wp-json\/wp\/v2\/pages\/125"}],"wp:attachment":[{"href":"https:\/\/www.abf.se\/musikverkstan\/wp-json\/wp\/v2\/media?parent=131"}],"curies":[{"name":"wp","href":"https:\/\/api.w.org\/{rel}","templated":true}]}}