{"id":53,"date":"2026-03-02T19:24:41","date_gmt":"2026-03-02T18:24:41","guid":{"rendered":"https:\/\/www.abf.se\/musikverkstan\/?page_id=53"},"modified":"2026-03-06T09:58:27","modified_gmt":"2026-03-06T08:58:27","slug":"arrangera-och-organisera","status":"publish","type":"page","link":"https:\/\/www.abf.se\/musikverkstan\/arrangera-och-organisera\/","title":{"rendered":"Arrangera och organisera"},"content":{"rendered":"<div\n    class=\"acf-hero-block container-lg no-padding mb-12 js-geolocation\"\n    data-block=\"hero-block\"\n    data-index=\"0\"\n>\n    <div class=\"h-[548px]  relative rounded-[32px] overflow-hidden flex bg-gray-light\">\n        <div class=\"relative z-10 mt-auto h-auto w-full md:h-full\">\n            <div class=\"flex w-full h-full flex-col flex-wrap justify-end w-full md:w-7\/12 lg:w-1\/2 md:justify-center\">\n                <div class=\"flex flex-col gap-3 md:gap-[18px] md:transparent pt-16 pb-36 md:py-8 px-4 w-full md:max-w-[620px] mx-auto px-8\">\n\n                    <h1 class=\"hero-heading\"><span>Modul 5: Arrangera och organisera<\/span><\/h1>\n\n                    \n                                    <\/div>\n            <\/div>\n        <\/div>\n\n                    <picture class=\"as-background-image mix-blend-multiply bg-black\/40\"><img decoding=\"async\" src=\"https:\/\/www.abf.se\/musikverkstan\/resized\/?url=https%3A%2F%2Fwww.abf.se%2Fwp-content%2Fuploads%2Fsites%2F94%2F2026%2F03%2FIstid_Grand_KulturkrockHT25.jpg&#038;fit=crop&#038;w=1440&#038;s=b215b97f75a98463282d4bcc66690a7f\" srcset=\"https:\/\/www.abf.se\/musikverkstan\/resized\/?url=https%3A%2F%2Fwww.abf.se%2Fwp-content%2Fuploads%2Fsites%2F94%2F2026%2F03%2FIstid_Grand_KulturkrockHT25.jpg&#038;fit=crop&#038;w=375&#038;h=540&#038;s=0525606adfaee85d79dc0f9945009eac 375w, https:\/\/www.abf.se\/musikverkstan\/resized\/?url=https%3A%2F%2Fwww.abf.se%2Fwp-content%2Fuploads%2Fsites%2F94%2F2026%2F03%2FIstid_Grand_KulturkrockHT25.jpg&#038;fit=crop&#038;w=447&#038;h=540&#038;s=b768043b17cea665ce815eec58c7e0ee 447w, https:\/\/www.abf.se\/musikverkstan\/resized\/?url=https%3A%2F%2Fwww.abf.se%2Fwp-content%2Fuploads%2Fsites%2F94%2F2026%2F03%2FIstid_Grand_KulturkrockHT25.jpg&#038;fit=crop&#038;w=519&#038;h=540&#038;s=f8c13d5c6028adf5aedd8e516cd6003b 519w, https:\/\/www.abf.se\/musikverkstan\/resized\/?url=https%3A%2F%2Fwww.abf.se%2Fwp-content%2Fuploads%2Fsites%2F94%2F2026%2F03%2FIstid_Grand_KulturkrockHT25.jpg&#038;fit=crop&#038;w=591&#038;h=540&#038;s=5b531aba621c3a4d8a17a8b2b35b7e7e 591w, https:\/\/www.abf.se\/musikverkstan\/resized\/?url=https%3A%2F%2Fwww.abf.se%2Fwp-content%2Fuploads%2Fsites%2F94%2F2026%2F03%2FIstid_Grand_KulturkrockHT25.jpg&#038;fit=crop&#038;w=663&#038;h=540&#038;s=388121813031f1a644375fd76128972b 663w, https:\/\/www.abf.se\/musikverkstan\/resized\/?url=https%3A%2F%2Fwww.abf.se%2Fwp-content%2Fuploads%2Fsites%2F94%2F2026%2F03%2FIstid_Grand_KulturkrockHT25.jpg&#038;fit=crop&#038;w=750&#038;h=540&#038;s=47d9d4dbcdcd7588e969f3eb76374cb5 750w, https:\/\/www.abf.se\/musikverkstan\/resized\/?url=https%3A%2F%2Fwww.abf.se%2Fwp-content%2Fuploads%2Fsites%2F94%2F2026%2F03%2FIstid_Grand_KulturkrockHT25.jpg&#038;fit=crop&#038;w=894&#038;h=540&#038;s=801c66fef1711b70e29122123f50d29b 894w, https:\/\/www.abf.se\/musikverkstan\/resized\/?url=https%3A%2F%2Fwww.abf.se%2Fwp-content%2Fuploads%2Fsites%2F94%2F2026%2F03%2FIstid_Grand_KulturkrockHT25.jpg&#038;fit=crop&#038;w=1038&#038;h=540&#038;s=02d583767ec657908b4bd6efbcaf0e23 1038w, https:\/\/www.abf.se\/musikverkstan\/resized\/?url=https%3A%2F%2Fwww.abf.se%2Fwp-content%2Fuploads%2Fsites%2F94%2F2026%2F03%2FIstid_Grand_KulturkrockHT25.jpg&#038;fit=crop&#038;w=1182&#038;h=540&#038;s=c13c2ea281e89ea0763c6b4721160227 1182w, https:\/\/www.abf.se\/musikverkstan\/resized\/?url=https%3A%2F%2Fwww.abf.se%2Fwp-content%2Fuploads%2Fsites%2F94%2F2026%2F03%2FIstid_Grand_KulturkrockHT25.jpg&#038;fit=crop&#038;w=1326&#038;h=540&#038;s=666946b85465782192107534ff4f1795 1326w, https:\/\/www.abf.se\/musikverkstan\/resized\/?url=https%3A%2F%2Fwww.abf.se%2Fwp-content%2Fuploads%2Fsites%2F94%2F2026%2F03%2FIstid_Grand_KulturkrockHT25.jpg&#038;fit=crop&#038;w=1440&#038;h=540&#038;s=fff1a4fe9834bc9e3298db0dd2735dde 1440w\" alt=\"\" height=\"540\" width=\"1440\" sizes=\"(max-width: 1440px) calc(100vw - 32px), 1440px\" loading=\"eager\" fetchpriority=\"high\" aria-hidden=\"true\" role=\"presentation\" \/><\/picture>\n        \n\n            <\/div>\n\n    <\/div>\n\n<div\n    class=\"acf-plain-heading-block container my-16\"\n    data-block=\"plain-heading-block\"\n>\n    <div class=\"max-w-[658px] mx-auto\">\n                            <p class=\"mt-8 body-xl text-black\">\n                Musikverkstan handlar om mer \u00e4n att spela tillsammans \u2013 det handlar ocks\u00e5 om att ta makten \u00f6ver kulturens plats i samh\u00e4llet. I en tid n\u00e4r kommersiella krafter och etablerade strukturer ofta styr vem som f\u00e5r h\u00f6ras, blir organisering ett s\u00e4tt att utmana oj\u00e4mlikheter och skapa egna v\u00e4gar. Genom att arrangera, organisera och bygga era egna plattformar tar ni tillbaka r\u00e4tten att definiera er musik, er ber\u00e4ttelse och er plats i det lokala samh\u00e4llet. Musikverkstan ger verktygen f\u00f6r att st\u00e4rka det kollektiva handlingsutrymmet, f\u00f6rdjupa demokratin och l\u00e5ta fler r\u00f6ster forma musiken \u2013 inte f\u00e4rre. I den h\u00e4r modulen finner ni tips och tricks kring arrang\u00f6rskap och hur ni kan g\u00f6ra f\u00f6r att organisera det lokala musiklivet d\u00e4r ni bor! \n            <\/p>\n            <\/div>\n<\/div>\n<div\n        class=\"acf-article-video-block article-container-lg my-12 external-video\"\n        data-block=\"article-video-block\"\n    >\n                \n                    <iframe loading=\"lazy\" title=\"Stor som Lola   Tips till arrang\u00f6rer   Modul 5\" width=\"422\" height=\"750\" src=\"https:\/\/www.youtube.com\/embed\/choORMp-dTo?feature=oembed\" frameborder=\"0\" allow=\"accelerometer; autoplay; clipboard-write; encrypted-media; gyroscope; picture-in-picture; web-share\" referrerpolicy=\"strict-origin-when-cross-origin\" allowfullscreen><\/iframe>\n                            <\/div>\n<div\n    class=\"acf-text-image-block container bg-gray-light py-12 md:py-15\"\n    data-block=\"text-image-block\"\n>\n    <div\n    class=\"flex flex-col items-center md:flex-row gap-8 md:gap-0 justify-between\">\n                        <div class=\"w-full md:w-1\/2 md:order-2\">\n            <picture><img decoding=\"async\" src=\"https:\/\/www.abf.se\/musikverkstan\/resized\/?url=https%3A%2F%2Fwww.abf.se%2Fwp-content%2Fuploads%2Fsites%2F94%2F2026%2F03%2Fordet-fritt-2022_foto-Jonas-Forsberg-scaled.jpg&#038;fit=crop&#038;w=578&#038;s=f5a2e36308a23f91e036a09252261ace\" srcset=\"https:\/\/www.abf.se\/musikverkstan\/resized\/?url=https%3A%2F%2Fwww.abf.se%2Fwp-content%2Fuploads%2Fsites%2F94%2F2026%2F03%2Fordet-fritt-2022_foto-Jonas-Forsberg-scaled.jpg&#038;fit=crop&#038;w=144&#038;h=126&#038;s=ddae6ba0b3151b24969727f66fdbece7 144w, https:\/\/www.abf.se\/musikverkstan\/resized\/?url=https%3A%2F%2Fwww.abf.se%2Fwp-content%2Fuploads%2Fsites%2F94%2F2026%2F03%2Fordet-fritt-2022_foto-Jonas-Forsberg-scaled.jpg&#038;fit=crop&#038;w=240&#038;h=211&#038;s=2d648c0dcf908e5d25ee9bdfcc2a3f63 240w, https:\/\/www.abf.se\/musikverkstan\/resized\/?url=https%3A%2F%2Fwww.abf.se%2Fwp-content%2Fuploads%2Fsites%2F94%2F2026%2F03%2Fordet-fritt-2022_foto-Jonas-Forsberg-scaled.jpg&#038;fit=crop&#038;w=288&#038;h=253&#038;s=0ef9a2a74ce13e614a0248168c72a7db 288w, https:\/\/www.abf.se\/musikverkstan\/resized\/?url=https%3A%2F%2Fwww.abf.se%2Fwp-content%2Fuploads%2Fsites%2F94%2F2026%2F03%2Fordet-fritt-2022_foto-Jonas-Forsberg-scaled.jpg&#038;fit=crop&#038;w=336&#038;h=295&#038;s=d24e01f4bda5272ce486a9f22d28bf3e 336w, https:\/\/www.abf.se\/musikverkstan\/resized\/?url=https%3A%2F%2Fwww.abf.se%2Fwp-content%2Fuploads%2Fsites%2F94%2F2026%2F03%2Fordet-fritt-2022_foto-Jonas-Forsberg-scaled.jpg&#038;fit=crop&#038;w=432&#038;h=380&#038;s=a62c90821638325fad5a47fac8ab84b4 432w, https:\/\/www.abf.se\/musikverkstan\/resized\/?url=https%3A%2F%2Fwww.abf.se%2Fwp-content%2Fuploads%2Fsites%2F94%2F2026%2F03%2Fordet-fritt-2022_foto-Jonas-Forsberg-scaled.jpg&#038;fit=crop&#038;w=480&#038;h=422&#038;s=7b5e20f239d8ea94ad496b56b9a1c1ad 480w, https:\/\/www.abf.se\/musikverkstan\/resized\/?url=https%3A%2F%2Fwww.abf.se%2Fwp-content%2Fuploads%2Fsites%2F94%2F2026%2F03%2Fordet-fritt-2022_foto-Jonas-Forsberg-scaled.jpg&#038;fit=crop&#038;w=528&#038;h=464&#038;s=c6a3ebadef8202033620b3b0965aa99c 528w, https:\/\/www.abf.se\/musikverkstan\/resized\/?url=https%3A%2F%2Fwww.abf.se%2Fwp-content%2Fuploads%2Fsites%2F94%2F2026%2F03%2Fordet-fritt-2022_foto-Jonas-Forsberg-scaled.jpg&#038;fit=crop&#038;w=578&#038;h=509&#038;s=3b6f5ae67a9749db0fb474185e58b5d5 578w, https:\/\/www.abf.se\/musikverkstan\/resized\/?url=https%3A%2F%2Fwww.abf.se%2Fwp-content%2Fuploads%2Fsites%2F94%2F2026%2F03%2Fordet-fritt-2022_foto-Jonas-Forsberg-scaled.jpg&#038;fit=crop&#038;w=672&#038;h=591&#038;s=eb17c74f3046a7c4b62218d78c294e89 672w, https:\/\/www.abf.se\/musikverkstan\/resized\/?url=https%3A%2F%2Fwww.abf.se%2Fwp-content%2Fuploads%2Fsites%2F94%2F2026%2F03%2Fordet-fritt-2022_foto-Jonas-Forsberg-scaled.jpg&#038;fit=crop&#038;w=864&#038;h=760&#038;s=ccad7699341f547797876dbbaf908f6e 864w, https:\/\/www.abf.se\/musikverkstan\/resized\/?url=https%3A%2F%2Fwww.abf.se%2Fwp-content%2Fuploads%2Fsites%2F94%2F2026%2F03%2Fordet-fritt-2022_foto-Jonas-Forsberg-scaled.jpg&#038;fit=crop&#038;w=1056&#038;h=929&#038;s=b7133625775366bd475efd37fb9e509a 1056w\" alt=\"Gatumusiker p&aring; ordet Fritt i G&auml;vle 2022 en person spelar fiol och endragspel samt publik.\" height=\"509\" width=\"578\" sizes=\"auto, (max-width: 768px) 100vw,\n                (max-width: 1280px) 50vw, 578px\" loading=\"lazy\" fetchpriority=\"low\" \/><\/picture>\n\n        <\/div>\n        \n        <div class=\"w-full md:w-1\/2 md:order-1\">\n        <div class=\"mx-auto md:max-w-[368px]\">\n            <h2 class=\"heading-lg\">Avsnitt 1:  Arrangera tillsammans<\/h2>\n            <div class=\"mb-6 mt-4 wysiwyg\">\n                \n            <\/div>\n                                            <a href='https:\/\/www.abf.se\/musikverkstan\/arrangera-och-organisera\/arrangera-tillsammans\/' class=\"default-button\" target=\"\">Arrangera tillsammans<\/a>\n                    <\/div>\n        <\/div>\n    <\/div>\n<\/div><div\n    class=\"acf-text-image-block container my-12 md:my-15\"\n    data-block=\"text-image-block\"\n>\n    <div\n    class=\"flex flex-col items-center md:flex-row gap-8 md:gap-0 justify-between\">\n                        <div class=\"w-full md:w-1\/2 md:order-2\">\n            <picture><img decoding=\"async\" src=\"https:\/\/www.abf.se\/musikverkstan\/resized\/?url=https%3A%2F%2Fwww.abf.se%2Fwp-content%2Fuploads%2Fsites%2F94%2F2026%2F03%2Fdemonstration-foto-iStock.jpg&#038;fit=crop&#038;w=578&#038;s=6c98c123c5ee5908d63696880a087f4a\" srcset=\"https:\/\/www.abf.se\/musikverkstan\/resized\/?url=https%3A%2F%2Fwww.abf.se%2Fwp-content%2Fuploads%2Fsites%2F94%2F2026%2F03%2Fdemonstration-foto-iStock.jpg&#038;fit=crop&#038;w=144&#038;h=126&#038;s=a3840f90d196e088458c9750111c5baa 144w, https:\/\/www.abf.se\/musikverkstan\/resized\/?url=https%3A%2F%2Fwww.abf.se%2Fwp-content%2Fuploads%2Fsites%2F94%2F2026%2F03%2Fdemonstration-foto-iStock.jpg&#038;fit=crop&#038;w=240&#038;h=211&#038;s=91a50726944b8deef3d9090a62f8a827 240w, https:\/\/www.abf.se\/musikverkstan\/resized\/?url=https%3A%2F%2Fwww.abf.se%2Fwp-content%2Fuploads%2Fsites%2F94%2F2026%2F03%2Fdemonstration-foto-iStock.jpg&#038;fit=crop&#038;w=288&#038;h=253&#038;s=7539c2c414b49d31b4aef1cc9e9c3371 288w, https:\/\/www.abf.se\/musikverkstan\/resized\/?url=https%3A%2F%2Fwww.abf.se%2Fwp-content%2Fuploads%2Fsites%2F94%2F2026%2F03%2Fdemonstration-foto-iStock.jpg&#038;fit=crop&#038;w=336&#038;h=295&#038;s=dbcb8aa9a36c38bfcc704075b97e4d1d 336w, https:\/\/www.abf.se\/musikverkstan\/resized\/?url=https%3A%2F%2Fwww.abf.se%2Fwp-content%2Fuploads%2Fsites%2F94%2F2026%2F03%2Fdemonstration-foto-iStock.jpg&#038;fit=crop&#038;w=432&#038;h=380&#038;s=7481f27c8b3dcdc828334ff33065c256 432w, https:\/\/www.abf.se\/musikverkstan\/resized\/?url=https%3A%2F%2Fwww.abf.se%2Fwp-content%2Fuploads%2Fsites%2F94%2F2026%2F03%2Fdemonstration-foto-iStock.jpg&#038;fit=crop&#038;w=480&#038;h=422&#038;s=781aa2403da2ad15ce35b7b29628f7c7 480w, https:\/\/www.abf.se\/musikverkstan\/resized\/?url=https%3A%2F%2Fwww.abf.se%2Fwp-content%2Fuploads%2Fsites%2F94%2F2026%2F03%2Fdemonstration-foto-iStock.jpg&#038;fit=crop&#038;w=528&#038;h=464&#038;s=970c99e9870d9678d9fdeed1b07ef186 528w, https:\/\/www.abf.se\/musikverkstan\/resized\/?url=https%3A%2F%2Fwww.abf.se%2Fwp-content%2Fuploads%2Fsites%2F94%2F2026%2F03%2Fdemonstration-foto-iStock.jpg&#038;fit=crop&#038;w=578&#038;h=509&#038;s=ed4496dc9f873eaf29ec3218a4c867c3 578w, https:\/\/www.abf.se\/musikverkstan\/resized\/?url=https%3A%2F%2Fwww.abf.se%2Fwp-content%2Fuploads%2Fsites%2F94%2F2026%2F03%2Fdemonstration-foto-iStock.jpg&#038;fit=crop&#038;w=672&#038;h=591&#038;s=5c8a86deeda1d8d6bd946c12f9c2b251 672w, https:\/\/www.abf.se\/musikverkstan\/resized\/?url=https%3A%2F%2Fwww.abf.se%2Fwp-content%2Fuploads%2Fsites%2F94%2F2026%2F03%2Fdemonstration-foto-iStock.jpg&#038;fit=crop&#038;w=864&#038;h=760&#038;s=e97452f710088af123aae85118231faf 864w, https:\/\/www.abf.se\/musikverkstan\/resized\/?url=https%3A%2F%2Fwww.abf.se%2Fwp-content%2Fuploads%2Fsites%2F94%2F2026%2F03%2Fdemonstration-foto-iStock.jpg&#038;fit=crop&#038;w=1056&#038;h=929&#038;s=53fb469ba8ce1d8659d5f3202c2dddfd 1056w\" alt=\"\" height=\"509\" width=\"578\" sizes=\"auto, (max-width: 768px) 100vw,\n                (max-width: 1280px) 50vw, 578px\" loading=\"lazy\" fetchpriority=\"low\" \/><\/picture>\n\n        <\/div>\n        \n        <div class=\"w-full md:w-1\/2 md:order-1\">\n        <div class=\"mx-auto md:max-w-[368px]\">\n            <h2 class=\"heading-lg\">Avsnitt 2:  S\u00f6rj inte organisera er!<\/h2>\n            <div class=\"mb-6 mt-4 wysiwyg\">\n                \n            <\/div>\n                                            <a href='https:\/\/www.abf.se\/musikverkstan\/arrangera-och-organisera\/sorj-inte-organisera-er\/' class=\"default-button\" target=\"\">S\u00f6rj inte, organisera er!<\/a>\n                    <\/div>\n        <\/div>\n    <\/div>\n<\/div><div\n    class=\"acf-article-cta-link-block article-container my-8\"\n    data-block=\"article-cta-link-block\"\n>\n<div>\n    <a class=\"inline-flex flex-row items-center gap-4 text-link underline text-red-dark\"\n        href=\"https:\/\/www.abf.se\/musikverkstan\/\"\n            >\n        <span class=\"\">\n        Tillbaka till startsidan f\u00f6r Musikverkstan\n        <\/span>\n        <figure aria-hidden=\"true\" class=\"rounded-full bg-red-dark w-8 h-8 p-1 text-white\">\n            <svg width=\"20\" height=\"20\" viewBox=\"0 0 20 20\" fill=\"none\" class=\"SvgIconElement\">\n<path d=\"M4.16659 10L15.8333 10\" stroke=\"currentColor\"\/>\n<path d=\"M9.99992 4.1665L15.8333 9.99984L9.99992 15.8332\" stroke=\"currentColor\"\/>\n<\/svg>\n        <\/figure>\n    <\/a>\n<\/div>\n<\/div>\n","protected":false},"excerpt":{"rendered":"","protected":false},"author":36,"featured_media":0,"parent":0,"menu_order":0,"comment_status":"closed","ping_status":"closed","template":"","meta":{"_acf_changed":false,"footnotes":""},"class_list":["post-53","page","type-page","status-publish","hentry"],"acf":[],"yoast_head":"<!-- This site is optimized with the Yoast SEO plugin v27.0 - https:\/\/yoast.com\/product\/yoast-seo-wordpress\/ -->\n<title>Arrangera och organisera - Musikverkstan<\/title>\n<meta name=\"robots\" content=\"index, follow, max-snippet:-1, max-image-preview:large, max-video-preview:-1\" \/>\n<link rel=\"canonical\" href=\"https:\/\/www.abf.se\/musikverkstan\/arrangera-och-organisera\/\" \/>\n<meta property=\"og:locale\" content=\"en_US\" \/>\n<meta property=\"og:type\" content=\"article\" \/>\n<meta property=\"og:title\" content=\"Arrangera och organisera - Musikverkstan\" \/>\n<meta property=\"og:url\" content=\"https:\/\/www.abf.se\/musikverkstan\/arrangera-och-organisera\/\" \/>\n<meta property=\"og:site_name\" content=\"Musikverkstan\" \/>\n<meta property=\"article:modified_time\" content=\"2026-03-06T08:58:27+00:00\" \/>\n<meta property=\"og:image\" content=\"https:\/\/www.abf.se\/wp-content\/uploads\/sites\/94\/2026\/03\/herobild-musikverkstan.png\" \/>\n\t<meta property=\"og:image:width\" content=\"1440\" \/>\n\t<meta property=\"og:image:height\" content=\"520\" \/>\n\t<meta property=\"og:image:type\" content=\"image\/png\" \/>\n<meta name=\"twitter:card\" content=\"summary_large_image\" \/>\n<script type=\"application\/ld+json\" class=\"yoast-schema-graph\">{\"@context\":\"https:\/\/schema.org\",\"@graph\":[{\"@type\":\"WebPage\",\"@id\":\"https:\/\/www.abf.se\/musikverkstan\/arrangera-och-organisera\/\",\"url\":\"https:\/\/www.abf.se\/musikverkstan\/arrangera-och-organisera\/\",\"name\":\"Arrangera och organisera - Musikverkstan\",\"isPartOf\":{\"@id\":\"https:\/\/www.abf.se\/musikverkstan\/#website\"},\"datePublished\":\"2026-03-02T18:24:41+00:00\",\"dateModified\":\"2026-03-06T08:58:27+00:00\",\"breadcrumb\":{\"@id\":\"https:\/\/www.abf.se\/musikverkstan\/arrangera-och-organisera\/#breadcrumb\"},\"inLanguage\":\"en-US\",\"potentialAction\":[{\"@type\":\"ReadAction\",\"target\":[\"https:\/\/www.abf.se\/musikverkstan\/arrangera-och-organisera\/\"]}]},{\"@type\":\"BreadcrumbList\",\"@id\":\"https:\/\/www.abf.se\/musikverkstan\/arrangera-och-organisera\/#breadcrumb\",\"itemListElement\":[{\"@type\":\"ListItem\",\"position\":1,\"name\":\"Home\",\"item\":\"https:\/\/www.abf.se\/musikverkstan\/\"},{\"@type\":\"ListItem\",\"position\":2,\"name\":\"Arrangera och organisera\"}]},{\"@type\":\"WebSite\",\"@id\":\"https:\/\/www.abf.se\/musikverkstan\/#website\",\"url\":\"https:\/\/www.abf.se\/musikverkstan\/\",\"name\":\"Musikverkstan\",\"description\":\"\",\"potentialAction\":[{\"@type\":\"SearchAction\",\"target\":{\"@type\":\"EntryPoint\",\"urlTemplate\":\"https:\/\/www.abf.se\/musikverkstan\/?s={search_term_string}\"},\"query-input\":{\"@type\":\"PropertyValueSpecification\",\"valueRequired\":true,\"valueName\":\"search_term_string\"}}],\"inLanguage\":\"en-US\"}]}<\/script>\n<!-- \/ Yoast SEO plugin. -->","yoast_head_json":{"title":"Arrangera och organisera - Musikverkstan","robots":{"index":"index","follow":"follow","max-snippet":"max-snippet:-1","max-image-preview":"max-image-preview:large","max-video-preview":"max-video-preview:-1"},"canonical":"https:\/\/www.abf.se\/musikverkstan\/arrangera-och-organisera\/","og_locale":"en_US","og_type":"article","og_title":"Arrangera och organisera - Musikverkstan","og_url":"https:\/\/www.abf.se\/musikverkstan\/arrangera-och-organisera\/","og_site_name":"Musikverkstan","article_modified_time":"2026-03-06T08:58:27+00:00","og_image":[{"width":1440,"height":520,"url":"https:\/\/www.abf.se\/wp-content\/uploads\/sites\/94\/2026\/03\/herobild-musikverkstan.png","type":"image\/png"}],"twitter_card":"summary_large_image","schema":{"@context":"https:\/\/schema.org","@graph":[{"@type":"WebPage","@id":"https:\/\/www.abf.se\/musikverkstan\/arrangera-och-organisera\/","url":"https:\/\/www.abf.se\/musikverkstan\/arrangera-och-organisera\/","name":"Arrangera och organisera - Musikverkstan","isPartOf":{"@id":"https:\/\/www.abf.se\/musikverkstan\/#website"},"datePublished":"2026-03-02T18:24:41+00:00","dateModified":"2026-03-06T08:58:27+00:00","breadcrumb":{"@id":"https:\/\/www.abf.se\/musikverkstan\/arrangera-och-organisera\/#breadcrumb"},"inLanguage":"en-US","potentialAction":[{"@type":"ReadAction","target":["https:\/\/www.abf.se\/musikverkstan\/arrangera-och-organisera\/"]}]},{"@type":"BreadcrumbList","@id":"https:\/\/www.abf.se\/musikverkstan\/arrangera-och-organisera\/#breadcrumb","itemListElement":[{"@type":"ListItem","position":1,"name":"Home","item":"https:\/\/www.abf.se\/musikverkstan\/"},{"@type":"ListItem","position":2,"name":"Arrangera och organisera"}]},{"@type":"WebSite","@id":"https:\/\/www.abf.se\/musikverkstan\/#website","url":"https:\/\/www.abf.se\/musikverkstan\/","name":"Musikverkstan","description":"","potentialAction":[{"@type":"SearchAction","target":{"@type":"EntryPoint","urlTemplate":"https:\/\/www.abf.se\/musikverkstan\/?s={search_term_string}"},"query-input":{"@type":"PropertyValueSpecification","valueRequired":true,"valueName":"search_term_string"}}],"inLanguage":"en-US"}]}},"_links":{"self":[{"href":"https:\/\/www.abf.se\/musikverkstan\/wp-json\/wp\/v2\/pages\/53","targetHints":{"allow":["GET"]}}],"collection":[{"href":"https:\/\/www.abf.se\/musikverkstan\/wp-json\/wp\/v2\/pages"}],"about":[{"href":"https:\/\/www.abf.se\/musikverkstan\/wp-json\/wp\/v2\/types\/page"}],"author":[{"embeddable":true,"href":"https:\/\/www.abf.se\/musikverkstan\/wp-json\/wp\/v2\/users\/36"}],"replies":[{"embeddable":true,"href":"https:\/\/www.abf.se\/musikverkstan\/wp-json\/wp\/v2\/comments?post=53"}],"version-history":[{"count":19,"href":"https:\/\/www.abf.se\/musikverkstan\/wp-json\/wp\/v2\/pages\/53\/revisions"}],"predecessor-version":[{"id":509,"href":"https:\/\/www.abf.se\/musikverkstan\/wp-json\/wp\/v2\/pages\/53\/revisions\/509"}],"wp:attachment":[{"href":"https:\/\/www.abf.se\/musikverkstan\/wp-json\/wp\/v2\/media?parent=53"}],"curies":[{"name":"wp","href":"https:\/\/api.w.org\/{rel}","templated":true}]}}