{"id":189,"date":"2025-04-06T16:25:24","date_gmt":"2025-04-06T14:25:24","guid":{"rendered":"https:\/\/www.abf.se\/norra-stockholms-lan\/?page_id=189"},"modified":"2025-04-06T17:02:55","modified_gmt":"2025-04-06T15:02:55","slug":"abf-distriktet-i-stockholmsregionen","status":"publish","type":"page","link":"https:\/\/www.abf.se\/norra-stockholms-lan\/abf-distriktet-i-stockholmsregionen\/","title":{"rendered":"Om ABF Distriktet i Stockholmsregionen"},"content":{"rendered":"<div\n    class=\"acf-hero-block container-lg no-padding mb-12 js-geolocation\"\n    data-block=\"hero-block\"\n    data-index=\"0\"\n>\n    <div class=\"h-[548px]  relative rounded-[32px] overflow-hidden flex bg-gray-light\">\n        <div class=\"relative z-10 mt-auto h-auto w-full md:h-full\">\n            <div class=\"flex w-full h-full flex-col flex-wrap justify-end w-full md:w-7\/12 lg:w-1\/2 md:justify-center\">\n                <div class=\"flex flex-col gap-3 md:gap-[18px] md:transparent pt-16 pb-36 md:py-8 px-4 w-full md:max-w-[620px] mx-auto px-8\">\n\n                    <h1 class=\"hero-heading\"><span>ABF Distriktet i Stockholmsregionen<\/span><\/h1>\n\n                    \n                                    <\/div>\n            <\/div>\n        <\/div>\n\n                    <picture class=\"as-background-image mix-blend-multiply bg-black\/40\"><img decoding=\"async\" src=\"https:\/\/www.abf.se\/norra-stockholms-lan\/resized\/?url=https%3A%2F%2Fwww.abf.se%2Fwp-content%2Fuploads%2F2024%2F04%2Fordet-fritt_foto-Jonas-Forsberg-scaled.jpg&#038;fit=crop&#038;w=1440&#038;s=2378390a2c3dfe1dd1d0252ca778ad41\" srcset=\"https:\/\/www.abf.se\/norra-stockholms-lan\/resized\/?url=https%3A%2F%2Fwww.abf.se%2Fwp-content%2Fuploads%2F2024%2F04%2Fordet-fritt_foto-Jonas-Forsberg-scaled.jpg&#038;fit=crop&#038;w=375&#038;h=540&#038;s=82a1850315f9fbc77d1ecbd0a98bcc8b 375w, https:\/\/www.abf.se\/norra-stockholms-lan\/resized\/?url=https%3A%2F%2Fwww.abf.se%2Fwp-content%2Fuploads%2F2024%2F04%2Fordet-fritt_foto-Jonas-Forsberg-scaled.jpg&#038;fit=crop&#038;w=447&#038;h=540&#038;s=db54ae154221b5bb07e8a940e6500e82 447w, https:\/\/www.abf.se\/norra-stockholms-lan\/resized\/?url=https%3A%2F%2Fwww.abf.se%2Fwp-content%2Fuploads%2F2024%2F04%2Fordet-fritt_foto-Jonas-Forsberg-scaled.jpg&#038;fit=crop&#038;w=519&#038;h=540&#038;s=87458c596964963f6706bc4e9ba064a9 519w, https:\/\/www.abf.se\/norra-stockholms-lan\/resized\/?url=https%3A%2F%2Fwww.abf.se%2Fwp-content%2Fuploads%2F2024%2F04%2Fordet-fritt_foto-Jonas-Forsberg-scaled.jpg&#038;fit=crop&#038;w=591&#038;h=540&#038;s=fc8f933f84e7736172ce0f2a36c7baa5 591w, https:\/\/www.abf.se\/norra-stockholms-lan\/resized\/?url=https%3A%2F%2Fwww.abf.se%2Fwp-content%2Fuploads%2F2024%2F04%2Fordet-fritt_foto-Jonas-Forsberg-scaled.jpg&#038;fit=crop&#038;w=663&#038;h=540&#038;s=f34ff9a250242b88371a5c6234b3028a 663w, https:\/\/www.abf.se\/norra-stockholms-lan\/resized\/?url=https%3A%2F%2Fwww.abf.se%2Fwp-content%2Fuploads%2F2024%2F04%2Fordet-fritt_foto-Jonas-Forsberg-scaled.jpg&#038;fit=crop&#038;w=750&#038;h=540&#038;s=dff1f699218fe53f4090269dbdeaada9 750w, https:\/\/www.abf.se\/norra-stockholms-lan\/resized\/?url=https%3A%2F%2Fwww.abf.se%2Fwp-content%2Fuploads%2F2024%2F04%2Fordet-fritt_foto-Jonas-Forsberg-scaled.jpg&#038;fit=crop&#038;w=894&#038;h=540&#038;s=2ddd45c09eb57ef77fbce982c125fa14 894w, https:\/\/www.abf.se\/norra-stockholms-lan\/resized\/?url=https%3A%2F%2Fwww.abf.se%2Fwp-content%2Fuploads%2F2024%2F04%2Fordet-fritt_foto-Jonas-Forsberg-scaled.jpg&#038;fit=crop&#038;w=1038&#038;h=540&#038;s=6beb5f64407ff9615e6271ddb37917f5 1038w, https:\/\/www.abf.se\/norra-stockholms-lan\/resized\/?url=https%3A%2F%2Fwww.abf.se%2Fwp-content%2Fuploads%2F2024%2F04%2Fordet-fritt_foto-Jonas-Forsberg-scaled.jpg&#038;fit=crop&#038;w=1182&#038;h=540&#038;s=2eb9648f23886f993e7409e44b7791f2 1182w, https:\/\/www.abf.se\/norra-stockholms-lan\/resized\/?url=https%3A%2F%2Fwww.abf.se%2Fwp-content%2Fuploads%2F2024%2F04%2Fordet-fritt_foto-Jonas-Forsberg-scaled.jpg&#038;fit=crop&#038;w=1326&#038;h=540&#038;s=4672d903471380fc5e11c83f432dc75c 1326w, https:\/\/www.abf.se\/norra-stockholms-lan\/resized\/?url=https%3A%2F%2Fwww.abf.se%2Fwp-content%2Fuploads%2F2024%2F04%2Fordet-fritt_foto-Jonas-Forsberg-scaled.jpg&#038;fit=crop&#038;w=1440&#038;h=540&#038;s=35c0cdaaefe6893e0800254ae44ce7f0 1440w\" alt=\"\" height=\"540\" width=\"1440\" sizes=\"(max-width: 1440px) calc(100vw - 32px), 1440px\" loading=\"eager\" fetchpriority=\"high\" aria-hidden=\"true\" role=\"presentation\" \/><\/picture>\n        \n\n            <\/div>\n\n    <\/div>\n\n<div\n    class=\"acf-plain-heading-block container my-16\"\n    data-block=\"plain-heading-block\"\n>\n    <div class=\"max-w-[658px] mx-auto\">\n                <h1 class=\"hero-heading\"><span>Vi \u00e4r m\u00e5nga!<\/span><\/h1>\n                            <p class=\"mt-8 body-xl text-black\">\n                Vi \u00e4r m\u00e5nga!<br \/>\r\nABF Distriktet i Stockholmsregionen hoppas att du ska k\u00e4nna dig v\u00e4lkommen hos ABF och alla lokala ABF-avdelningar. Du, din cirkel och din f\u00f6rening befinner er i ett st\u00f6rre sammanhang och \u00e4r livsviktiga f\u00f6r Sveriges demokrati. Som medlem i ett LO-f\u00f6rbund, en funktionsr\u00e4ttsorganisation, bostadsorganisation eller annan regional medlemsf\u00f6rening i ABF kan du alltid v\u00e4nda dig till oss eller ditt n\u00e4rmaste ABF-kontor f\u00f6r hj\u00e4lp med studier, kurser, kultur och annat. ABF-distriktet genomf\u00f6r framf\u00f6rallt ledarutbildningar och utbildningar i f\u00f6reningskunskap, ofta i samverkan med din lokala avdelning.<br \/>\r\n<br \/>\r\nDu hittar alla arrangemang ABF Distriktet i Stockholmsregionen arrangerar p\u00e5 deras hemsida. Kontakta din verksamhetsutvecklare p\u00e5 ABF Norra Stockholms L\u00e4n om du eller din f\u00f6rening vill anm\u00e4la dig till n\u00e5got arrangemang.<br \/>\r\n\n            <\/p>\n            <\/div>\n<\/div>\n<div\n    class=\"acf-article-cta-link-block article-container my-8\"\n    data-block=\"article-cta-link-block\"\n>\n<div>\n    <a class=\"inline-flex flex-row items-center gap-4 text-link underline text-red-dark\"\n        href=\"https:\/\/www.abf.se\/distriktet-i-stockholmsregionen\/\"\n                target=\"_blank\"\n            >\n        <span class=\"\">\n        Till ABF Distriktet i Stockholmsregionen\n        <\/span>\n        <figure aria-hidden=\"true\" class=\"rounded-full bg-red-dark w-8 h-8 p-1 text-white\">\n            <svg width=\"20\" height=\"20\" viewBox=\"0 0 20 20\" fill=\"none\" class=\"SvgIconElement\">\n<path d=\"M4.16659 10L15.8333 10\" stroke=\"currentColor\"\/>\n<path d=\"M9.99992 4.1665L15.8333 9.99984L9.99992 15.8332\" stroke=\"currentColor\"\/>\n<\/svg>\n        <\/figure>\n    <\/a>\n<\/div>\n<\/div>\n","protected":false},"excerpt":{"rendered":"","protected":false},"author":6,"featured_media":0,"parent":0,"menu_order":0,"comment_status":"closed","ping_status":"closed","template":"","meta":{"_acf_changed":false,"footnotes":""},"class_list":["post-189","page","type-page","status-publish","hentry"],"acf":[],"yoast_head":"<!-- This site is optimized with the Yoast SEO plugin v27.0 - https:\/\/yoast.com\/product\/yoast-seo-wordpress\/ -->\n<title>Om ABF Distriktet i Stockholmsregionen - Norra Stockholms l\u00e4n<\/title>\n<meta name=\"robots\" content=\"index, follow, max-snippet:-1, max-image-preview:large, max-video-preview:-1\" \/>\n<link rel=\"canonical\" href=\"https:\/\/www.abf.se\/norra-stockholms-lan\/abf-distriktet-i-stockholmsregionen\/\" \/>\n<meta property=\"og:locale\" content=\"sv_SE\" \/>\n<meta property=\"og:type\" content=\"article\" \/>\n<meta property=\"og:title\" content=\"Om ABF Distriktet i Stockholmsregionen - Norra Stockholms l\u00e4n\" \/>\n<meta property=\"og:url\" content=\"https:\/\/www.abf.se\/norra-stockholms-lan\/abf-distriktet-i-stockholmsregionen\/\" \/>\n<meta property=\"og:site_name\" content=\"Norra Stockholms l\u00e4n\" \/>\n<meta property=\"article:modified_time\" content=\"2025-04-06T15:02:55+00:00\" \/>\n<meta name=\"twitter:card\" content=\"summary_large_image\" \/>\n<script type=\"application\/ld+json\" class=\"yoast-schema-graph\">{\"@context\":\"https:\/\/schema.org\",\"@graph\":[{\"@type\":\"WebPage\",\"@id\":\"https:\/\/www.abf.se\/norra-stockholms-lan\/abf-distriktet-i-stockholmsregionen\/\",\"url\":\"https:\/\/www.abf.se\/norra-stockholms-lan\/abf-distriktet-i-stockholmsregionen\/\",\"name\":\"Om ABF Distriktet i Stockholmsregionen - Norra Stockholms l\u00e4n\",\"isPartOf\":{\"@id\":\"https:\/\/www.abf.se\/norra-stockholms-lan\/#website\"},\"datePublished\":\"2025-04-06T14:25:24+00:00\",\"dateModified\":\"2025-04-06T15:02:55+00:00\",\"breadcrumb\":{\"@id\":\"https:\/\/www.abf.se\/norra-stockholms-lan\/abf-distriktet-i-stockholmsregionen\/#breadcrumb\"},\"inLanguage\":\"sv-SE\",\"potentialAction\":[{\"@type\":\"ReadAction\",\"target\":[\"https:\/\/www.abf.se\/norra-stockholms-lan\/abf-distriktet-i-stockholmsregionen\/\"]}]},{\"@type\":\"BreadcrumbList\",\"@id\":\"https:\/\/www.abf.se\/norra-stockholms-lan\/abf-distriktet-i-stockholmsregionen\/#breadcrumb\",\"itemListElement\":[{\"@type\":\"ListItem\",\"position\":1,\"name\":\"Home\",\"item\":\"https:\/\/www.abf.se\/norra-stockholms-lan\/\"},{\"@type\":\"ListItem\",\"position\":2,\"name\":\"Om ABF Distriktet i Stockholmsregionen\"}]},{\"@type\":\"WebSite\",\"@id\":\"https:\/\/www.abf.se\/norra-stockholms-lan\/#website\",\"url\":\"https:\/\/www.abf.se\/norra-stockholms-lan\/\",\"name\":\"Norra Stockholms l\u00e4n\",\"description\":\"\",\"potentialAction\":[{\"@type\":\"SearchAction\",\"target\":{\"@type\":\"EntryPoint\",\"urlTemplate\":\"https:\/\/www.abf.se\/norra-stockholms-lan\/?s={search_term_string}\"},\"query-input\":{\"@type\":\"PropertyValueSpecification\",\"valueRequired\":true,\"valueName\":\"search_term_string\"}}],\"inLanguage\":\"sv-SE\"}]}<\/script>\n<!-- \/ Yoast SEO plugin. -->","yoast_head_json":{"title":"Om ABF Distriktet i Stockholmsregionen - Norra Stockholms l\u00e4n","robots":{"index":"index","follow":"follow","max-snippet":"max-snippet:-1","max-image-preview":"max-image-preview:large","max-video-preview":"max-video-preview:-1"},"canonical":"https:\/\/www.abf.se\/norra-stockholms-lan\/abf-distriktet-i-stockholmsregionen\/","og_locale":"sv_SE","og_type":"article","og_title":"Om ABF Distriktet i Stockholmsregionen - Norra Stockholms l\u00e4n","og_url":"https:\/\/www.abf.se\/norra-stockholms-lan\/abf-distriktet-i-stockholmsregionen\/","og_site_name":"Norra Stockholms l\u00e4n","article_modified_time":"2025-04-06T15:02:55+00:00","twitter_card":"summary_large_image","schema":{"@context":"https:\/\/schema.org","@graph":[{"@type":"WebPage","@id":"https:\/\/www.abf.se\/norra-stockholms-lan\/abf-distriktet-i-stockholmsregionen\/","url":"https:\/\/www.abf.se\/norra-stockholms-lan\/abf-distriktet-i-stockholmsregionen\/","name":"Om ABF Distriktet i Stockholmsregionen - Norra Stockholms l\u00e4n","isPartOf":{"@id":"https:\/\/www.abf.se\/norra-stockholms-lan\/#website"},"datePublished":"2025-04-06T14:25:24+00:00","dateModified":"2025-04-06T15:02:55+00:00","breadcrumb":{"@id":"https:\/\/www.abf.se\/norra-stockholms-lan\/abf-distriktet-i-stockholmsregionen\/#breadcrumb"},"inLanguage":"sv-SE","potentialAction":[{"@type":"ReadAction","target":["https:\/\/www.abf.se\/norra-stockholms-lan\/abf-distriktet-i-stockholmsregionen\/"]}]},{"@type":"BreadcrumbList","@id":"https:\/\/www.abf.se\/norra-stockholms-lan\/abf-distriktet-i-stockholmsregionen\/#breadcrumb","itemListElement":[{"@type":"ListItem","position":1,"name":"Home","item":"https:\/\/www.abf.se\/norra-stockholms-lan\/"},{"@type":"ListItem","position":2,"name":"Om ABF Distriktet i Stockholmsregionen"}]},{"@type":"WebSite","@id":"https:\/\/www.abf.se\/norra-stockholms-lan\/#website","url":"https:\/\/www.abf.se\/norra-stockholms-lan\/","name":"Norra Stockholms l\u00e4n","description":"","potentialAction":[{"@type":"SearchAction","target":{"@type":"EntryPoint","urlTemplate":"https:\/\/www.abf.se\/norra-stockholms-lan\/?s={search_term_string}"},"query-input":{"@type":"PropertyValueSpecification","valueRequired":true,"valueName":"search_term_string"}}],"inLanguage":"sv-SE"}]}},"_links":{"self":[{"href":"https:\/\/www.abf.se\/norra-stockholms-lan\/wp-json\/wp\/v2\/pages\/189","targetHints":{"allow":["GET"]}}],"collection":[{"href":"https:\/\/www.abf.se\/norra-stockholms-lan\/wp-json\/wp\/v2\/pages"}],"about":[{"href":"https:\/\/www.abf.se\/norra-stockholms-lan\/wp-json\/wp\/v2\/types\/page"}],"author":[{"embeddable":true,"href":"https:\/\/www.abf.se\/norra-stockholms-lan\/wp-json\/wp\/v2\/users\/6"}],"replies":[{"embeddable":true,"href":"https:\/\/www.abf.se\/norra-stockholms-lan\/wp-json\/wp\/v2\/comments?post=189"}],"version-history":[{"count":6,"href":"https:\/\/www.abf.se\/norra-stockholms-lan\/wp-json\/wp\/v2\/pages\/189\/revisions"}],"predecessor-version":[{"id":237,"href":"https:\/\/www.abf.se\/norra-stockholms-lan\/wp-json\/wp\/v2\/pages\/189\/revisions\/237"}],"wp:attachment":[{"href":"https:\/\/www.abf.se\/norra-stockholms-lan\/wp-json\/wp\/v2\/media?parent=189"}],"curies":[{"name":"wp","href":"https:\/\/api.w.org\/{rel}","templated":true}]}}