{"id":222,"date":"2025-04-05T14:24:44","date_gmt":"2025-04-05T12:24:44","guid":{"rendered":"https:\/\/www.abf.se\/norra-stockholms-lan\/?page_id=222"},"modified":"2025-10-26T11:02:55","modified_gmt":"2025-10-26T10:02:55","slug":"projektverksamhet-pa-abf-norra-stockholms-lan","status":"publish","type":"page","link":"https:\/\/www.abf.se\/norra-stockholms-lan\/projektverksamhet-pa-abf-norra-stockholms-lan\/","title":{"rendered":"Projekt p\u00e5 ABF Norra Stockholms L\u00e4n"},"content":{"rendered":"<div\n    class=\"acf-hero-block container-lg no-padding mb-12 js-geolocation\"\n    data-block=\"hero-block\"\n    data-index=\"0\"\n>\n    <div class=\"h-[548px]  relative rounded-[32px] overflow-hidden flex bg-gray-light\">\n        <div class=\"relative z-10 mt-auto h-auto w-full md:h-full\">\n            <div class=\"flex w-full h-full flex-col flex-wrap justify-end w-full md:w-7\/12 lg:w-1\/2 md:justify-center\">\n                <div class=\"flex flex-col gap-3 md:gap-[18px] md:transparent pt-16 pb-36 md:py-8 px-4 w-full md:max-w-[620px] mx-auto px-8\">\n\n                    <h1 class=\"hero-heading\"><span>Projekt<\/span><\/h1>\n\n                    \n                                    <\/div>\n            <\/div>\n        <\/div>\n\n                    <picture class=\"as-background-image mix-blend-multiply bg-black\/40\"><img decoding=\"async\" src=\"https:\/\/www.abf.se\/norra-stockholms-lan\/resized\/?url=https%3A%2F%2Fwww.abf.se%2Fwp-content%2Fuploads%2Fsites%2F38%2F2025%2F04%2Fpb.team-4200837-scaled.jpg&#038;fit=crop&#038;w=1440&#038;s=9b7d18631113c59dbd523eeabed0044f\" srcset=\"https:\/\/www.abf.se\/norra-stockholms-lan\/resized\/?url=https%3A%2F%2Fwww.abf.se%2Fwp-content%2Fuploads%2Fsites%2F38%2F2025%2F04%2Fpb.team-4200837-scaled.jpg&#038;fit=crop&#038;w=375&#038;h=540&#038;s=a877f45d7e9645036cdb184a3926a059 375w, https:\/\/www.abf.se\/norra-stockholms-lan\/resized\/?url=https%3A%2F%2Fwww.abf.se%2Fwp-content%2Fuploads%2Fsites%2F38%2F2025%2F04%2Fpb.team-4200837-scaled.jpg&#038;fit=crop&#038;w=447&#038;h=540&#038;s=cda4f7f57ff7e8eff49a280734930649 447w, https:\/\/www.abf.se\/norra-stockholms-lan\/resized\/?url=https%3A%2F%2Fwww.abf.se%2Fwp-content%2Fuploads%2Fsites%2F38%2F2025%2F04%2Fpb.team-4200837-scaled.jpg&#038;fit=crop&#038;w=519&#038;h=540&#038;s=daa1881b49f4c70da2fc4a180e6b4cac 519w, https:\/\/www.abf.se\/norra-stockholms-lan\/resized\/?url=https%3A%2F%2Fwww.abf.se%2Fwp-content%2Fuploads%2Fsites%2F38%2F2025%2F04%2Fpb.team-4200837-scaled.jpg&#038;fit=crop&#038;w=591&#038;h=540&#038;s=54cf21ce7b42543fb10142fef03545dd 591w, https:\/\/www.abf.se\/norra-stockholms-lan\/resized\/?url=https%3A%2F%2Fwww.abf.se%2Fwp-content%2Fuploads%2Fsites%2F38%2F2025%2F04%2Fpb.team-4200837-scaled.jpg&#038;fit=crop&#038;w=663&#038;h=540&#038;s=24ef385bd1186877d20596fb57972c2a 663w, https:\/\/www.abf.se\/norra-stockholms-lan\/resized\/?url=https%3A%2F%2Fwww.abf.se%2Fwp-content%2Fuploads%2Fsites%2F38%2F2025%2F04%2Fpb.team-4200837-scaled.jpg&#038;fit=crop&#038;w=750&#038;h=540&#038;s=63ddbf404f20276a18e50d2e0301c5de 750w, https:\/\/www.abf.se\/norra-stockholms-lan\/resized\/?url=https%3A%2F%2Fwww.abf.se%2Fwp-content%2Fuploads%2Fsites%2F38%2F2025%2F04%2Fpb.team-4200837-scaled.jpg&#038;fit=crop&#038;w=894&#038;h=540&#038;s=dac9f5e1aabbcf38a235d0351c6bf0fb 894w, https:\/\/www.abf.se\/norra-stockholms-lan\/resized\/?url=https%3A%2F%2Fwww.abf.se%2Fwp-content%2Fuploads%2Fsites%2F38%2F2025%2F04%2Fpb.team-4200837-scaled.jpg&#038;fit=crop&#038;w=1038&#038;h=540&#038;s=d59d6c4a962b4b232f628850e52f2f40 1038w, https:\/\/www.abf.se\/norra-stockholms-lan\/resized\/?url=https%3A%2F%2Fwww.abf.se%2Fwp-content%2Fuploads%2Fsites%2F38%2F2025%2F04%2Fpb.team-4200837-scaled.jpg&#038;fit=crop&#038;w=1182&#038;h=540&#038;s=d853252bb77e492e7dfba043bba16a2e 1182w, https:\/\/www.abf.se\/norra-stockholms-lan\/resized\/?url=https%3A%2F%2Fwww.abf.se%2Fwp-content%2Fuploads%2Fsites%2F38%2F2025%2F04%2Fpb.team-4200837-scaled.jpg&#038;fit=crop&#038;w=1326&#038;h=540&#038;s=c3b6d9780aa6f8471cbbed4e58744a84 1326w, https:\/\/www.abf.se\/norra-stockholms-lan\/resized\/?url=https%3A%2F%2Fwww.abf.se%2Fwp-content%2Fuploads%2Fsites%2F38%2F2025%2F04%2Fpb.team-4200837-scaled.jpg&#038;fit=crop&#038;w=1440&#038;h=540&#038;s=0c801c2aa9129fd685139452e86f5582 1440w\" alt=\"\" height=\"540\" width=\"1440\" sizes=\"(max-width: 1440px) calc(100vw - 32px), 1440px\" loading=\"eager\" fetchpriority=\"high\" aria-hidden=\"true\" role=\"presentation\" \/><\/picture>\n        \n\n            <\/div>\n\n    <\/div>\n\n<div\n    class=\"acf-plain-heading-block container my-16\"\n    data-block=\"plain-heading-block\"\n>\n    <div class=\"max-w-[658px] mx-auto\">\n                <h1 class=\"hero-heading\"><span>H\u00e5llbar och l\u00e5ngsiktig finansiering \u2013 ABF \u00e4r st\u00f6rre \u00e4n statsbidraget<\/span><\/h1>\n                            <p class=\"mt-8 body-xl text-black\">\n                M\u00e5nga av de samh\u00e4llsf\u00f6r\u00e4ndrande verksamheter vi vill g\u00f6ra ryms inte inom det regelverk och villkor som omger v\u00e5ra offentliga bidrag som stats- region- och kommunbidrag. De beh\u00f6ver d\u00e4rf\u00f6r kompletteras med en h\u00e5llbar och l\u00e5ngsiktig l\u00f6sning f\u00f6r finansiering. <br \/>\r\n<br \/>\r\nProjekt och externfinansiering inom ABF Norra Stockholms L\u00e4n sj\u00f6sattes som ett pilotprojekt av d\u00e5varande ombudsman 2022. En ny tj\u00e4nst skapades som skulle arbeta med fr\u00e4mst projekt. Det f\u00f6rsta projektet som avdelningen jobbade med var ett MUCF-projekt med fokus p\u00e5 unga fr\u00e5n Ukraina (detta var under invasionskrigets f\u00f6rsta \u00e5r). Efter 2022 \u00e5rs slut s\u00e5 inledde vi st\u00f6rre ESF\/EU projekt med fokus p\u00e5 arbetsmarknad och de vuxna som kommit fr\u00e5n Ukraina, vi hade tv\u00e5 stora projekt d\u00e4r vi bland annat hj\u00e4lpte Ukrainare som bodde tr\u00e5ngbott utan syssels\u00e4ttning att f\u00e5 flytta upp till Boden d\u00e4r det var l\u00e4ttare f\u00e5 jobb f\u00f6r de som inte kunde svenska och enklare att f\u00e5 bostad. <br \/>\r\n<br \/>\r\nMer information om v\u00e5ra p\u00e5g\u00e5ende projekt hittar du p\u00e5 v\u00e5ra projektsidor i undermenyn.<br \/>\r\n<br \/>\r\nVill du veta mer kontakta Projektkoordinator p\u00e5 ABF Norra Stockholms L\u00e4n Simon Westin.<br \/>\r\n<br \/>\r\nSimon Westin<br \/>\r\nsimon.westin@abf.se<br \/>\r\n073-048 93 82 <br \/>\r\n<br \/>\r\n\n            <\/p>\n            <\/div>\n<\/div>\n","protected":false},"excerpt":{"rendered":"","protected":false},"author":21,"featured_media":0,"parent":0,"menu_order":0,"comment_status":"closed","ping_status":"closed","template":"","meta":{"_acf_changed":false,"footnotes":""},"class_list":["post-222","page","type-page","status-publish","hentry"],"acf":[],"yoast_head":"<!-- This site is optimized with the Yoast SEO plugin v27.0 - https:\/\/yoast.com\/product\/yoast-seo-wordpress\/ -->\n<title>Projekt p\u00e5 ABF Norra Stockholms L\u00e4n - Norra Stockholms l\u00e4n<\/title>\n<meta name=\"robots\" content=\"index, follow, max-snippet:-1, max-image-preview:large, max-video-preview:-1\" \/>\n<link rel=\"canonical\" href=\"https:\/\/www.abf.se\/norra-stockholms-lan\/projektverksamhet-pa-abf-norra-stockholms-lan\/\" \/>\n<meta property=\"og:locale\" content=\"sv_SE\" \/>\n<meta property=\"og:type\" content=\"article\" \/>\n<meta property=\"og:title\" content=\"Projekt p\u00e5 ABF Norra Stockholms L\u00e4n - Norra Stockholms l\u00e4n\" \/>\n<meta property=\"og:url\" content=\"https:\/\/www.abf.se\/norra-stockholms-lan\/projektverksamhet-pa-abf-norra-stockholms-lan\/\" \/>\n<meta property=\"og:site_name\" content=\"Norra Stockholms l\u00e4n\" \/>\n<meta property=\"article:modified_time\" content=\"2025-10-26T10:02:55+00:00\" \/>\n<meta name=\"twitter:card\" content=\"summary_large_image\" \/>\n<script type=\"application\/ld+json\" class=\"yoast-schema-graph\">{\"@context\":\"https:\/\/schema.org\",\"@graph\":[{\"@type\":\"WebPage\",\"@id\":\"https:\/\/www.abf.se\/norra-stockholms-lan\/projektverksamhet-pa-abf-norra-stockholms-lan\/\",\"url\":\"https:\/\/www.abf.se\/norra-stockholms-lan\/projektverksamhet-pa-abf-norra-stockholms-lan\/\",\"name\":\"Projekt p\u00e5 ABF Norra Stockholms L\u00e4n - Norra Stockholms l\u00e4n\",\"isPartOf\":{\"@id\":\"https:\/\/www.abf.se\/norra-stockholms-lan\/#website\"},\"datePublished\":\"2025-04-05T12:24:44+00:00\",\"dateModified\":\"2025-10-26T10:02:55+00:00\",\"breadcrumb\":{\"@id\":\"https:\/\/www.abf.se\/norra-stockholms-lan\/projektverksamhet-pa-abf-norra-stockholms-lan\/#breadcrumb\"},\"inLanguage\":\"sv-SE\",\"potentialAction\":[{\"@type\":\"ReadAction\",\"target\":[\"https:\/\/www.abf.se\/norra-stockholms-lan\/projektverksamhet-pa-abf-norra-stockholms-lan\/\"]}]},{\"@type\":\"BreadcrumbList\",\"@id\":\"https:\/\/www.abf.se\/norra-stockholms-lan\/projektverksamhet-pa-abf-norra-stockholms-lan\/#breadcrumb\",\"itemListElement\":[{\"@type\":\"ListItem\",\"position\":1,\"name\":\"Home\",\"item\":\"https:\/\/www.abf.se\/norra-stockholms-lan\/\"},{\"@type\":\"ListItem\",\"position\":2,\"name\":\"Projekt p\u00e5 ABF Norra Stockholms L\u00e4n\"}]},{\"@type\":\"WebSite\",\"@id\":\"https:\/\/www.abf.se\/norra-stockholms-lan\/#website\",\"url\":\"https:\/\/www.abf.se\/norra-stockholms-lan\/\",\"name\":\"Norra Stockholms l\u00e4n\",\"description\":\"\",\"potentialAction\":[{\"@type\":\"SearchAction\",\"target\":{\"@type\":\"EntryPoint\",\"urlTemplate\":\"https:\/\/www.abf.se\/norra-stockholms-lan\/?s={search_term_string}\"},\"query-input\":{\"@type\":\"PropertyValueSpecification\",\"valueRequired\":true,\"valueName\":\"search_term_string\"}}],\"inLanguage\":\"sv-SE\"}]}<\/script>\n<!-- \/ Yoast SEO plugin. -->","yoast_head_json":{"title":"Projekt p\u00e5 ABF Norra Stockholms L\u00e4n - Norra Stockholms l\u00e4n","robots":{"index":"index","follow":"follow","max-snippet":"max-snippet:-1","max-image-preview":"max-image-preview:large","max-video-preview":"max-video-preview:-1"},"canonical":"https:\/\/www.abf.se\/norra-stockholms-lan\/projektverksamhet-pa-abf-norra-stockholms-lan\/","og_locale":"sv_SE","og_type":"article","og_title":"Projekt p\u00e5 ABF Norra Stockholms L\u00e4n - Norra Stockholms l\u00e4n","og_url":"https:\/\/www.abf.se\/norra-stockholms-lan\/projektverksamhet-pa-abf-norra-stockholms-lan\/","og_site_name":"Norra Stockholms l\u00e4n","article_modified_time":"2025-10-26T10:02:55+00:00","twitter_card":"summary_large_image","schema":{"@context":"https:\/\/schema.org","@graph":[{"@type":"WebPage","@id":"https:\/\/www.abf.se\/norra-stockholms-lan\/projektverksamhet-pa-abf-norra-stockholms-lan\/","url":"https:\/\/www.abf.se\/norra-stockholms-lan\/projektverksamhet-pa-abf-norra-stockholms-lan\/","name":"Projekt p\u00e5 ABF Norra Stockholms L\u00e4n - Norra Stockholms l\u00e4n","isPartOf":{"@id":"https:\/\/www.abf.se\/norra-stockholms-lan\/#website"},"datePublished":"2025-04-05T12:24:44+00:00","dateModified":"2025-10-26T10:02:55+00:00","breadcrumb":{"@id":"https:\/\/www.abf.se\/norra-stockholms-lan\/projektverksamhet-pa-abf-norra-stockholms-lan\/#breadcrumb"},"inLanguage":"sv-SE","potentialAction":[{"@type":"ReadAction","target":["https:\/\/www.abf.se\/norra-stockholms-lan\/projektverksamhet-pa-abf-norra-stockholms-lan\/"]}]},{"@type":"BreadcrumbList","@id":"https:\/\/www.abf.se\/norra-stockholms-lan\/projektverksamhet-pa-abf-norra-stockholms-lan\/#breadcrumb","itemListElement":[{"@type":"ListItem","position":1,"name":"Home","item":"https:\/\/www.abf.se\/norra-stockholms-lan\/"},{"@type":"ListItem","position":2,"name":"Projekt p\u00e5 ABF Norra Stockholms L\u00e4n"}]},{"@type":"WebSite","@id":"https:\/\/www.abf.se\/norra-stockholms-lan\/#website","url":"https:\/\/www.abf.se\/norra-stockholms-lan\/","name":"Norra Stockholms l\u00e4n","description":"","potentialAction":[{"@type":"SearchAction","target":{"@type":"EntryPoint","urlTemplate":"https:\/\/www.abf.se\/norra-stockholms-lan\/?s={search_term_string}"},"query-input":{"@type":"PropertyValueSpecification","valueRequired":true,"valueName":"search_term_string"}}],"inLanguage":"sv-SE"}]}},"_links":{"self":[{"href":"https:\/\/www.abf.se\/norra-stockholms-lan\/wp-json\/wp\/v2\/pages\/222","targetHints":{"allow":["GET"]}}],"collection":[{"href":"https:\/\/www.abf.se\/norra-stockholms-lan\/wp-json\/wp\/v2\/pages"}],"about":[{"href":"https:\/\/www.abf.se\/norra-stockholms-lan\/wp-json\/wp\/v2\/types\/page"}],"author":[{"embeddable":true,"href":"https:\/\/www.abf.se\/norra-stockholms-lan\/wp-json\/wp\/v2\/users\/21"}],"replies":[{"embeddable":true,"href":"https:\/\/www.abf.se\/norra-stockholms-lan\/wp-json\/wp\/v2\/comments?post=222"}],"version-history":[{"count":9,"href":"https:\/\/www.abf.se\/norra-stockholms-lan\/wp-json\/wp\/v2\/pages\/222\/revisions"}],"predecessor-version":[{"id":1313,"href":"https:\/\/www.abf.se\/norra-stockholms-lan\/wp-json\/wp\/v2\/pages\/222\/revisions\/1313"}],"wp:attachment":[{"href":"https:\/\/www.abf.se\/norra-stockholms-lan\/wp-json\/wp\/v2\/media?parent=222"}],"curies":[{"name":"wp","href":"https:\/\/api.w.org\/{rel}","templated":true}]}}