{"id":1889,"date":"2025-09-03T12:58:47","date_gmt":"2025-09-03T10:58:47","guid":{"rendered":"https:\/\/www.abf.se\/orebro-lan\/?page_id=1889"},"modified":"2025-09-24T14:06:32","modified_gmt":"2025-09-24T12:06:32","slug":"starta-ideell-forening","status":"publish","type":"page","link":"https:\/\/www.abf.se\/orebro-lan\/samarbeta-med-oss\/starta-ideell-forening\/","title":{"rendered":"Starta en ideell f\u00f6rening"},"content":{"rendered":"<div\n    class=\"acf-hero-block container-lg no-padding mb-12 js-geolocation\"\n    data-block=\"hero-block\"\n    data-index=\"0\"\n>\n    <div class=\"h-[548px]  relative rounded-[32px] overflow-hidden flex bg-gray-light\">\n        <div class=\"relative z-10 mt-auto h-auto w-full md:h-full\">\n            <div class=\"flex w-full h-full flex-col flex-wrap justify-end w-full md:w-7\/12 lg:w-1\/2 md:justify-center\">\n                <div class=\"flex flex-col gap-3 md:gap-[18px] md:transparent pt-16 pb-36 md:py-8 px-4 w-full md:max-w-[620px] mx-auto px-8\">\n\n                    <h1 class=\"hero-heading hero-heading--red-text\"><span>Starta en ideell f\u00f6rening<\/span><\/h1>\n\n                    \n                                    <\/div>\n            <\/div>\n        <\/div>\n\n                    <picture class=\"as-background-image mix-blend-multiply bg-black\/40\"><img decoding=\"async\" src=\"https:\/\/www.abf.se\/orebro-lan\/resized\/?url=https%3A%2F%2Fwww.abf.se%2Fwp-content%2Fuploads%2F2023%2F11%2Fcare-for-u-1_foto-istock_IMGP.jpg&#038;fit=crop&#038;w=1440&#038;s=07d09afde1276563498b53e3d3f067ce\" srcset=\"https:\/\/www.abf.se\/orebro-lan\/resized\/?url=https%3A%2F%2Fwww.abf.se%2Fwp-content%2Fuploads%2F2023%2F11%2Fcare-for-u-1_foto-istock_IMGP.jpg&#038;fit=crop&#038;w=375&#038;h=540&#038;s=4adee5624d76f0fdd851edbaec997350 375w, https:\/\/www.abf.se\/orebro-lan\/resized\/?url=https%3A%2F%2Fwww.abf.se%2Fwp-content%2Fuploads%2F2023%2F11%2Fcare-for-u-1_foto-istock_IMGP.jpg&#038;fit=crop&#038;w=447&#038;h=540&#038;s=2d2ea28aaa2bd3642b85f0941a034cb6 447w, https:\/\/www.abf.se\/orebro-lan\/resized\/?url=https%3A%2F%2Fwww.abf.se%2Fwp-content%2Fuploads%2F2023%2F11%2Fcare-for-u-1_foto-istock_IMGP.jpg&#038;fit=crop&#038;w=519&#038;h=540&#038;s=9a011af8462ffce6a590216badfc1272 519w, https:\/\/www.abf.se\/orebro-lan\/resized\/?url=https%3A%2F%2Fwww.abf.se%2Fwp-content%2Fuploads%2F2023%2F11%2Fcare-for-u-1_foto-istock_IMGP.jpg&#038;fit=crop&#038;w=591&#038;h=540&#038;s=b4aa3caef9902211b6910be4bd1bea93 591w, https:\/\/www.abf.se\/orebro-lan\/resized\/?url=https%3A%2F%2Fwww.abf.se%2Fwp-content%2Fuploads%2F2023%2F11%2Fcare-for-u-1_foto-istock_IMGP.jpg&#038;fit=crop&#038;w=663&#038;h=540&#038;s=9ba76a62300ed56a44b22eff046caf0d 663w, https:\/\/www.abf.se\/orebro-lan\/resized\/?url=https%3A%2F%2Fwww.abf.se%2Fwp-content%2Fuploads%2F2023%2F11%2Fcare-for-u-1_foto-istock_IMGP.jpg&#038;fit=crop&#038;w=750&#038;h=540&#038;s=1a2f7ee2a25a6ea17137010da3d8a505 750w, https:\/\/www.abf.se\/orebro-lan\/resized\/?url=https%3A%2F%2Fwww.abf.se%2Fwp-content%2Fuploads%2F2023%2F11%2Fcare-for-u-1_foto-istock_IMGP.jpg&#038;fit=crop&#038;w=894&#038;h=540&#038;s=4db284979fcc0209c9759a3203506d86 894w, https:\/\/www.abf.se\/orebro-lan\/resized\/?url=https%3A%2F%2Fwww.abf.se%2Fwp-content%2Fuploads%2F2023%2F11%2Fcare-for-u-1_foto-istock_IMGP.jpg&#038;fit=crop&#038;w=1038&#038;h=540&#038;s=a6b9aa179bd589f4aef279271d992863 1038w, https:\/\/www.abf.se\/orebro-lan\/resized\/?url=https%3A%2F%2Fwww.abf.se%2Fwp-content%2Fuploads%2F2023%2F11%2Fcare-for-u-1_foto-istock_IMGP.jpg&#038;fit=crop&#038;w=1182&#038;h=540&#038;s=af0dd4b974886527fe8fc83e487b6e9b 1182w, https:\/\/www.abf.se\/orebro-lan\/resized\/?url=https%3A%2F%2Fwww.abf.se%2Fwp-content%2Fuploads%2F2023%2F11%2Fcare-for-u-1_foto-istock_IMGP.jpg&#038;fit=crop&#038;w=1326&#038;h=540&#038;s=3178536ab9fd51e9e5f08cd80faf9981 1326w, https:\/\/www.abf.se\/orebro-lan\/resized\/?url=https%3A%2F%2Fwww.abf.se%2Fwp-content%2Fuploads%2F2023%2F11%2Fcare-for-u-1_foto-istock_IMGP.jpg&#038;fit=crop&#038;w=1440&#038;h=540&#038;s=3660e52cff4e03393fc4505d7936c3a6 1440w\" alt=\"\" height=\"540\" width=\"1440\" sizes=\"(max-width: 1440px) calc(100vw - 32px), 1440px\" loading=\"eager\" fetchpriority=\"high\" aria-hidden=\"true\" role=\"presentation\" \/><\/picture>\n        \n\n            <\/div>\n\n    <\/div>\n\n<div\n    class=\"acf-plain-heading-block container my-16\"\n    data-block=\"plain-heading-block\"\n>\n    <div class=\"max-w-[658px] mx-auto\">\n                <h1 class=\"hero-heading\"><span>Starta en ideell f\u00f6rening<\/span><\/h1>\n                            <p class=\"mt-8 body-xl text-black\">\n                En f\u00f6rening b\u00f6rjar med en id\u00e9. En id\u00e9 om att ni vill g\u00f6ra n\u00e5got tillsammans \u2013 kanske ordna aktiviteter f\u00f6r unga, skapa en m\u00f6tesplats i er ort, engagera er i kultur, idrott, milj\u00f6 eller n\u00e5got helt annat. N\u00e4r flera personer delar samma engagemang kan det vara en bra id\u00e9 att bilda en ideell f\u00f6rening. \n            <\/p>\n            <\/div>\n<\/div>\n<div\n    class=\"acf-text-image-block container my-12 md:my-15\"\n    data-block=\"text-image-block\"\n>\n    <div\n    class=\"flex flex-col items-center md:flex-row gap-8 md:gap-0 justify-between\">\n                        <div class=\"w-full md:w-1\/2 md:order-2\">\n            <picture><img decoding=\"async\" src=\"https:\/\/www.abf.se\/orebro-lan\/resized\/?url=https%3A%2F%2Fwww.abf.se%2Fwp-content%2Fuploads%2F2024%2F04%2FSkrattar-ihop-foto-iStock-scaled.jpg&#038;fit=crop&#038;w=578&#038;s=fab97d9c91ec5e950c4f441574036a34\" srcset=\"https:\/\/www.abf.se\/orebro-lan\/resized\/?url=https%3A%2F%2Fwww.abf.se%2Fwp-content%2Fuploads%2F2024%2F04%2FSkrattar-ihop-foto-iStock-scaled.jpg&#038;fit=crop&#038;w=144&#038;h=126&#038;s=9f4bff163df5dfa4ac3043437b22759d 144w, https:\/\/www.abf.se\/orebro-lan\/resized\/?url=https%3A%2F%2Fwww.abf.se%2Fwp-content%2Fuploads%2F2024%2F04%2FSkrattar-ihop-foto-iStock-scaled.jpg&#038;fit=crop&#038;w=240&#038;h=211&#038;s=4e54838c5053df93b08480a53a13ff31 240w, https:\/\/www.abf.se\/orebro-lan\/resized\/?url=https%3A%2F%2Fwww.abf.se%2Fwp-content%2Fuploads%2F2024%2F04%2FSkrattar-ihop-foto-iStock-scaled.jpg&#038;fit=crop&#038;w=288&#038;h=253&#038;s=2db274451893d639f1ec3970d730fb28 288w, https:\/\/www.abf.se\/orebro-lan\/resized\/?url=https%3A%2F%2Fwww.abf.se%2Fwp-content%2Fuploads%2F2024%2F04%2FSkrattar-ihop-foto-iStock-scaled.jpg&#038;fit=crop&#038;w=336&#038;h=295&#038;s=545fed6ce263f067e530c1a145e9d4b3 336w, https:\/\/www.abf.se\/orebro-lan\/resized\/?url=https%3A%2F%2Fwww.abf.se%2Fwp-content%2Fuploads%2F2024%2F04%2FSkrattar-ihop-foto-iStock-scaled.jpg&#038;fit=crop&#038;w=432&#038;h=380&#038;s=a392a2d6f47b3510daad5d444d48a4d5 432w, https:\/\/www.abf.se\/orebro-lan\/resized\/?url=https%3A%2F%2Fwww.abf.se%2Fwp-content%2Fuploads%2F2024%2F04%2FSkrattar-ihop-foto-iStock-scaled.jpg&#038;fit=crop&#038;w=480&#038;h=422&#038;s=7a47058e6085daa915128c0866a0535f 480w, https:\/\/www.abf.se\/orebro-lan\/resized\/?url=https%3A%2F%2Fwww.abf.se%2Fwp-content%2Fuploads%2F2024%2F04%2FSkrattar-ihop-foto-iStock-scaled.jpg&#038;fit=crop&#038;w=528&#038;h=464&#038;s=a55108beeddd896ed323c9faf324bc35 528w, https:\/\/www.abf.se\/orebro-lan\/resized\/?url=https%3A%2F%2Fwww.abf.se%2Fwp-content%2Fuploads%2F2024%2F04%2FSkrattar-ihop-foto-iStock-scaled.jpg&#038;fit=crop&#038;w=578&#038;h=509&#038;s=fc9ea7be960d0c629652ffa50f844085 578w, https:\/\/www.abf.se\/orebro-lan\/resized\/?url=https%3A%2F%2Fwww.abf.se%2Fwp-content%2Fuploads%2F2024%2F04%2FSkrattar-ihop-foto-iStock-scaled.jpg&#038;fit=crop&#038;w=672&#038;h=591&#038;s=716d1494d615d9f8f5d4bf938caeace1 672w, https:\/\/www.abf.se\/orebro-lan\/resized\/?url=https%3A%2F%2Fwww.abf.se%2Fwp-content%2Fuploads%2F2024%2F04%2FSkrattar-ihop-foto-iStock-scaled.jpg&#038;fit=crop&#038;w=864&#038;h=760&#038;s=c0d989147852f536ae6ce0dccedf5c99 864w, https:\/\/www.abf.se\/orebro-lan\/resized\/?url=https%3A%2F%2Fwww.abf.se%2Fwp-content%2Fuploads%2F2024%2F04%2FSkrattar-ihop-foto-iStock-scaled.jpg&#038;fit=crop&#038;w=1056&#038;h=929&#038;s=afabeee380da84e37c4fc695abaa816f 1056w\" alt=\"Fyra personer sitter tillsammans utomhus och skrattar, tv&aring; ser ut att tala teckenspr&aring;k.\" height=\"509\" width=\"578\" sizes=\"auto, (max-width: 768px) 100vw,\n                (max-width: 1280px) 50vw, 578px\" loading=\"lazy\" fetchpriority=\"low\" \/><\/picture>\n\n        <\/div>\n        \n        <div class=\"w-full md:w-1\/2 md:order-1\">\n        <div class=\"mx-auto md:max-w-[368px]\">\n            <h2 class=\"heading-lg\"><\/h2>\n            <div class=\"mb-6 mt-4 wysiwyg\">\n                <h3>Vad \u00e4r en f\u00f6rening?<\/h3>\n<p>En ideell f\u00f6rening \u00e4r en grupp m\u00e4nniskor som g\u00e5r ihop f\u00f6r att g\u00f6ra n\u00e5got gemensamt \u2013 utan att ha vinst som m\u00e5l. Det kan vara att anordna kurser, arrangera konserter, p\u00e5verka samh\u00e4llet eller skapa trygghet och gemenskap. F\u00f6reningen \u00e4r demokratisk \u2013 medlemmarna best\u00e4mmer tillsammans och v\u00e4ljer en styrelse som leder arbetet.<\/p>\n<p>Att bilda en f\u00f6rening ger er en tydlig struktur, g\u00f6r det l\u00e4ttare att s\u00f6ka bidrag och skapa samarbeten \u2013 och framf\u00f6r allt: det g\u00f6r ert engagemang h\u00e5llbart \u00f6ver tid.<\/p>\n\n            <\/div>\n                    <\/div>\n        <\/div>\n    <\/div>\n<\/div><div\n    class=\"acf-article-text-block article-container my-12\"\n    data-block=\"article-text-block\"\n>\n    <div class=\"wysiwyg\">\n        <h3>Varf\u00f6r starta en f\u00f6rening?<\/h3>\n<ul>\n<li>Ni f\u00e5r en gemensam plattform f\u00f6r ert engagemang<\/li>\n<li>Ni kan s\u00f6ka ekonomiskt st\u00f6d och bidrag<\/li>\n<li>Ni f\u00e5r en tydlig struktur och ansvarsf\u00f6rdelning<\/li>\n<li>Ni st\u00e4rker er r\u00f6st och kan p\u00e5verka lokalt eller nationellt<\/li>\n<\/ul>\n<p>Men innan ni b\u00f6rjar \u2013 st\u00e4ll er fr\u00e5gan: Vad ska v\u00e5r f\u00f6rening g\u00f6ra \u2013 och varf\u00f6r?<\/p>\n<p>Att ha ett tydligt syfte och m\u00e5l redan fr\u00e5n b\u00f6rjan g\u00f6r det l\u00e4ttare att planera, organisera och engagera fler. Skriv ner det ni kommer fram till s\u00e5 att alla \u00e4r \u00f6verens om f\u00f6reningens inriktning och syfte. Detta \u00e4r viktigt att ha i f\u00f6reningsarbetet, exempelvis n\u00e4r ni ska skriva era stadgar eller s\u00f6ka projekt.<\/p>\n\n    <\/div>\n<\/div>\n<div\n    class=\"acf-article-facts-block article-container  my-8 \"\n    data-block=\"article-facts-block\"\n>\n<div class=\"bg-teal-light border border-teal p-8 rounded-corners-sm\">\n<header>\n        <h2 class=\"heading-md text-teal-dark mb-3\">\n            \n        <\/h2>\n    <\/header>\n    <div class=\"wysiwyg\">\n        <h3>ABF kan hj\u00e4lpa er att komma ig\u00e5ng<\/h3>\n<p>P\u00e5 ABF \u00d6rebro l\u00e4n hj\u00e4lper vi er som vill starta en f\u00f6rening.<\/p>\n<p>Vi erbjuder:<\/p>\n<ul>\n<li>St\u00f6d vid uppstart \u2013 mallar, stadgar och praktisk v\u00e4gledning<\/li>\n<li>Utbildningar f\u00f6r kass\u00f6r, sekreterare, ordf\u00f6rande och andra roller<\/li>\n<li>Studiecirklar och lokaler f\u00f6r era aktiviteter<\/li>\n<li>R\u00e5dgivning kring ekonomi, demokrati, j\u00e4mst\u00e4lldhet och inkludering<\/li>\n<\/ul>\n<p>Oavsett om ni \u00e4r helt nya eller har drivit en f\u00f6rening l\u00e4nge \u2013 vi finns h\u00e4r f\u00f6r att hj\u00e4lpa er att lyckas.<\/p>\n\n    <\/div>\n<\/div>\n\n<\/div>\n<div class=\"my-8 container-lg acf-link-block\" data-block=\"link-block\" class=\"acf-link-block\" data-block=\"link-block\">\n    <div class=\"w-full bg-red  round-corners-lg px-4 md:px-8 py-11 md:py-16\">\n        <h2 class=\"heading-lg mb-7 text-center text-white\">\n            Information\n        <\/h2>\n            <ul class=\"grid grid-cols-1 gap-x-4 gap-y-3 md:grid-cols-2\">\n                                                        <li>\n                        <a\n    class=\"large-button-link\"\n    href=\"https:\/\/www.abf.se\/orebro-lan\/samarbeta-med-abf\/starta-en-ideell-forening\/sa-har-gor-ni-steg-for-steg\/\"\n    target=\"\"\n>\n    <span class=\"flex-1\">S\u00e5 h\u00e4r g\u00f6r ni \u2013 steg f\u00f6r steg<\/span>\n\n    <figure\n        aria-hidden=\"true\"\n        class=\"w-5\"\n    >\n                    <svg width=\"20\" height=\"20\" viewBox=\"0 0 20 20\" fill=\"none\" class=\"SvgIconElement\">\n<path d=\"M4.16659 10L15.8333 10\" stroke=\"currentColor\"\/>\n<path d=\"M9.99992 4.1665L15.8333 9.99984L9.99992 15.8332\" stroke=\"currentColor\"\/>\n<\/svg>\n            <\/figure>\n<\/a>\n                    <\/li>\n                                                        <li>\n                        <a\n    class=\"large-button-link\"\n    href=\"https:\/\/www.abf.se\/orebro-lan\/samarbeta-med-abf\/starta-en-ideell-forening\/foreningens-uppbyggnad\/\"\n    target=\"\"\n>\n    <span class=\"flex-1\">F\u00f6reningens uppbyggnad<\/span>\n\n    <figure\n        aria-hidden=\"true\"\n        class=\"w-5\"\n    >\n                    <svg width=\"20\" height=\"20\" viewBox=\"0 0 20 20\" fill=\"none\" class=\"SvgIconElement\">\n<path d=\"M4.16659 10L15.8333 10\" stroke=\"currentColor\"\/>\n<path d=\"M9.99992 4.1665L15.8333 9.99984L9.99992 15.8332\" stroke=\"currentColor\"\/>\n<\/svg>\n            <\/figure>\n<\/a>\n                    <\/li>\n                                                        <li>\n                        <a\n    class=\"large-button-link\"\n    href=\"https:\/\/www.abf.se\/orebro-lan\/samarbeta-med-abf\/starta-en-ideell-forening\/finansiering-bidrag-och-projektstod\/\"\n    target=\"\"\n>\n    <span class=\"flex-1\">Finansiering, bidrag och projektst\u00f6d<\/span>\n\n    <figure\n        aria-hidden=\"true\"\n        class=\"w-5\"\n    >\n                    <svg width=\"20\" height=\"20\" viewBox=\"0 0 20 20\" fill=\"none\" class=\"SvgIconElement\">\n<path d=\"M4.16659 10L15.8333 10\" stroke=\"currentColor\"\/>\n<path d=\"M9.99992 4.1665L15.8333 9.99984L9.99992 15.8332\" stroke=\"currentColor\"\/>\n<\/svg>\n            <\/figure>\n<\/a>\n                    <\/li>\n                                                        <li>\n                        <a\n    class=\"large-button-link\"\n    href=\"https:\/\/www.abf.se\/wp-content\/uploads\/sites\/63\/2025\/09\/Ordlista.pdf\"\n    target=\"\"\n>\n    <span class=\"flex-1\">Ordlista<\/span>\n\n    <figure\n        aria-hidden=\"true\"\n        class=\"w-5\"\n    >\n                    <svg width=\"20\" height=\"20\" viewBox=\"0 0 20 20\" fill=\"none\" class=\"SvgIconElement\">\n<path d=\"M4.16659 10L15.8333 10\" stroke=\"currentColor\"\/>\n<path d=\"M9.99992 4.1665L15.8333 9.99984L9.99992 15.8332\" stroke=\"currentColor\"\/>\n<\/svg>\n            <\/figure>\n<\/a>\n                    <\/li>\n                            <\/ul>\n        <\/ul>\n    <\/div>\n<\/div>","protected":false},"excerpt":{"rendered":"","protected":false},"author":79,"featured_media":0,"parent":260,"menu_order":0,"comment_status":"closed","ping_status":"closed","template":"","meta":{"_acf_changed":false,"footnotes":""},"class_list":["post-1889","page","type-page","status-publish","hentry"],"acf":[],"yoast_head":"<!-- This site is optimized with the Yoast SEO plugin v27.0 - https:\/\/yoast.com\/product\/yoast-seo-wordpress\/ -->\n<title>Starta ideell f\u00f6rening - ABF \u00d6rebro l\u00e4n<\/title>\n<meta name=\"description\" content=\"En ideell f\u00f6rening b\u00f6rjar med en id\u00e9. En id\u00e9 om att ni vill g\u00f6ra n\u00e5got tillsammans. Starta en ideell f\u00f6rening tillsammans med ABF \u00d6rebro l\u00e4n.\" \/>\n<meta name=\"robots\" content=\"index, follow, max-snippet:-1, max-image-preview:large, max-video-preview:-1\" \/>\n<link rel=\"canonical\" href=\"https:\/\/www.abf.se\/orebro-lan\/samarbeta-med-oss\/starta-ideell-forening\/\" \/>\n<meta property=\"og:locale\" content=\"sv_SE\" \/>\n<meta property=\"og:type\" content=\"article\" \/>\n<meta property=\"og:title\" content=\"Starta ideell f\u00f6rening - ABF \u00d6rebro l\u00e4n\" \/>\n<meta property=\"og:description\" content=\"En ideell f\u00f6rening b\u00f6rjar med en id\u00e9. En id\u00e9 om att ni vill g\u00f6ra n\u00e5got tillsammans. Starta en ideell f\u00f6rening tillsammans med ABF \u00d6rebro l\u00e4n.\" \/>\n<meta property=\"og:url\" content=\"https:\/\/www.abf.se\/orebro-lan\/samarbeta-med-oss\/starta-ideell-forening\/\" \/>\n<meta property=\"og:site_name\" content=\"\u00d6rebro l\u00e4n\" \/>\n<meta property=\"article:modified_time\" content=\"2025-09-24T12:06:32+00:00\" \/>\n<meta property=\"og:image\" content=\"https:\/\/www.abf.se\/wp-content\/uploads\/sites\/63\/2024\/04\/Nyckeln-liggande-scaled.jpg\" \/>\n\t<meta property=\"og:image:width\" content=\"2560\" \/>\n\t<meta property=\"og:image:height\" content=\"1440\" \/>\n\t<meta property=\"og:image:type\" content=\"image\/jpeg\" \/>\n<meta name=\"twitter:card\" content=\"summary_large_image\" \/>\n<script type=\"application\/ld+json\" class=\"yoast-schema-graph\">{\"@context\":\"https:\/\/schema.org\",\"@graph\":[{\"@type\":\"WebPage\",\"@id\":\"https:\/\/www.abf.se\/orebro-lan\/samarbeta-med-oss\/starta-ideell-forening\/\",\"url\":\"https:\/\/www.abf.se\/orebro-lan\/samarbeta-med-oss\/starta-ideell-forening\/\",\"name\":\"Starta ideell f\u00f6rening - ABF \u00d6rebro l\u00e4n\",\"isPartOf\":{\"@id\":\"https:\/\/www.abf.se\/orebro-lan\/#website\"},\"datePublished\":\"2025-09-03T10:58:47+00:00\",\"dateModified\":\"2025-09-24T12:06:32+00:00\",\"description\":\"En ideell f\u00f6rening b\u00f6rjar med en id\u00e9. En id\u00e9 om att ni vill g\u00f6ra n\u00e5got tillsammans. Starta en ideell f\u00f6rening tillsammans med ABF \u00d6rebro l\u00e4n.\",\"breadcrumb\":{\"@id\":\"https:\/\/www.abf.se\/orebro-lan\/samarbeta-med-oss\/starta-ideell-forening\/#breadcrumb\"},\"inLanguage\":\"sv-SE\",\"potentialAction\":[{\"@type\":\"ReadAction\",\"target\":[\"https:\/\/www.abf.se\/orebro-lan\/samarbeta-med-oss\/starta-ideell-forening\/\"]}]},{\"@type\":\"BreadcrumbList\",\"@id\":\"https:\/\/www.abf.se\/orebro-lan\/samarbeta-med-oss\/starta-ideell-forening\/#breadcrumb\",\"itemListElement\":[{\"@type\":\"ListItem\",\"position\":1,\"name\":\"Home\",\"item\":\"https:\/\/www.abf.se\/orebro-lan\/\"},{\"@type\":\"ListItem\",\"position\":2,\"name\":\"Samarbeta med ABF\",\"item\":\"https:\/\/www.abf.se\/orebro-lan\/samarbeta-med-oss\/\"},{\"@type\":\"ListItem\",\"position\":3,\"name\":\"Starta en ideell f\u00f6rening\"}]},{\"@type\":\"WebSite\",\"@id\":\"https:\/\/www.abf.se\/orebro-lan\/#website\",\"url\":\"https:\/\/www.abf.se\/orebro-lan\/\",\"name\":\"\u00d6rebro l\u00e4n\",\"description\":\"\",\"potentialAction\":[{\"@type\":\"SearchAction\",\"target\":{\"@type\":\"EntryPoint\",\"urlTemplate\":\"https:\/\/www.abf.se\/orebro-lan\/?s={search_term_string}\"},\"query-input\":{\"@type\":\"PropertyValueSpecification\",\"valueRequired\":true,\"valueName\":\"search_term_string\"}}],\"inLanguage\":\"sv-SE\"}]}<\/script>\n<!-- \/ Yoast SEO plugin. -->","yoast_head_json":{"title":"Starta ideell f\u00f6rening - ABF \u00d6rebro l\u00e4n","description":"En ideell f\u00f6rening b\u00f6rjar med en id\u00e9. En id\u00e9 om att ni vill g\u00f6ra n\u00e5got tillsammans. Starta en ideell f\u00f6rening tillsammans med ABF \u00d6rebro l\u00e4n.","robots":{"index":"index","follow":"follow","max-snippet":"max-snippet:-1","max-image-preview":"max-image-preview:large","max-video-preview":"max-video-preview:-1"},"canonical":"https:\/\/www.abf.se\/orebro-lan\/samarbeta-med-oss\/starta-ideell-forening\/","og_locale":"sv_SE","og_type":"article","og_title":"Starta ideell f\u00f6rening - ABF \u00d6rebro l\u00e4n","og_description":"En ideell f\u00f6rening b\u00f6rjar med en id\u00e9. En id\u00e9 om att ni vill g\u00f6ra n\u00e5got tillsammans. Starta en ideell f\u00f6rening tillsammans med ABF \u00d6rebro l\u00e4n.","og_url":"https:\/\/www.abf.se\/orebro-lan\/samarbeta-med-oss\/starta-ideell-forening\/","og_site_name":"\u00d6rebro l\u00e4n","article_modified_time":"2025-09-24T12:06:32+00:00","og_image":[{"width":2560,"height":1440,"url":"https:\/\/www.abf.se\/wp-content\/uploads\/sites\/63\/2024\/04\/Nyckeln-liggande-scaled.jpg","type":"image\/jpeg"}],"twitter_card":"summary_large_image","schema":{"@context":"https:\/\/schema.org","@graph":[{"@type":"WebPage","@id":"https:\/\/www.abf.se\/orebro-lan\/samarbeta-med-oss\/starta-ideell-forening\/","url":"https:\/\/www.abf.se\/orebro-lan\/samarbeta-med-oss\/starta-ideell-forening\/","name":"Starta ideell f\u00f6rening - ABF \u00d6rebro l\u00e4n","isPartOf":{"@id":"https:\/\/www.abf.se\/orebro-lan\/#website"},"datePublished":"2025-09-03T10:58:47+00:00","dateModified":"2025-09-24T12:06:32+00:00","description":"En ideell f\u00f6rening b\u00f6rjar med en id\u00e9. En id\u00e9 om att ni vill g\u00f6ra n\u00e5got tillsammans. Starta en ideell f\u00f6rening tillsammans med ABF \u00d6rebro l\u00e4n.","breadcrumb":{"@id":"https:\/\/www.abf.se\/orebro-lan\/samarbeta-med-oss\/starta-ideell-forening\/#breadcrumb"},"inLanguage":"sv-SE","potentialAction":[{"@type":"ReadAction","target":["https:\/\/www.abf.se\/orebro-lan\/samarbeta-med-oss\/starta-ideell-forening\/"]}]},{"@type":"BreadcrumbList","@id":"https:\/\/www.abf.se\/orebro-lan\/samarbeta-med-oss\/starta-ideell-forening\/#breadcrumb","itemListElement":[{"@type":"ListItem","position":1,"name":"Home","item":"https:\/\/www.abf.se\/orebro-lan\/"},{"@type":"ListItem","position":2,"name":"Samarbeta med ABF","item":"https:\/\/www.abf.se\/orebro-lan\/samarbeta-med-oss\/"},{"@type":"ListItem","position":3,"name":"Starta en ideell f\u00f6rening"}]},{"@type":"WebSite","@id":"https:\/\/www.abf.se\/orebro-lan\/#website","url":"https:\/\/www.abf.se\/orebro-lan\/","name":"\u00d6rebro l\u00e4n","description":"","potentialAction":[{"@type":"SearchAction","target":{"@type":"EntryPoint","urlTemplate":"https:\/\/www.abf.se\/orebro-lan\/?s={search_term_string}"},"query-input":{"@type":"PropertyValueSpecification","valueRequired":true,"valueName":"search_term_string"}}],"inLanguage":"sv-SE"}]}},"_links":{"self":[{"href":"https:\/\/www.abf.se\/orebro-lan\/wp-json\/wp\/v2\/pages\/1889","targetHints":{"allow":["GET"]}}],"collection":[{"href":"https:\/\/www.abf.se\/orebro-lan\/wp-json\/wp\/v2\/pages"}],"about":[{"href":"https:\/\/www.abf.se\/orebro-lan\/wp-json\/wp\/v2\/types\/page"}],"author":[{"embeddable":true,"href":"https:\/\/www.abf.se\/orebro-lan\/wp-json\/wp\/v2\/users\/79"}],"replies":[{"embeddable":true,"href":"https:\/\/www.abf.se\/orebro-lan\/wp-json\/wp\/v2\/comments?post=1889"}],"version-history":[{"count":13,"href":"https:\/\/www.abf.se\/orebro-lan\/wp-json\/wp\/v2\/pages\/1889\/revisions"}],"predecessor-version":[{"id":2025,"href":"https:\/\/www.abf.se\/orebro-lan\/wp-json\/wp\/v2\/pages\/1889\/revisions\/2025"}],"up":[{"embeddable":true,"href":"https:\/\/www.abf.se\/orebro-lan\/wp-json\/wp\/v2\/pages\/260"}],"wp:attachment":[{"href":"https:\/\/www.abf.se\/orebro-lan\/wp-json\/wp\/v2\/media?parent=1889"}],"curies":[{"name":"wp","href":"https:\/\/api.w.org\/{rel}","templated":true}]}}