{"id":260,"date":"2024-02-29T11:11:43","date_gmt":"2024-02-29T10:11:43","guid":{"rendered":"https:\/\/www.abf.se\/orebro-lan\/?page_id=260"},"modified":"2025-12-04T13:05:25","modified_gmt":"2025-12-04T12:05:25","slug":"samarbeta-med-oss","status":"publish","type":"page","link":"https:\/\/www.abf.se\/orebro-lan\/samarbeta-med-oss\/","title":{"rendered":"Samarbeta med ABF"},"content":{"rendered":"<div\n    class=\"acf-hero-block container-lg no-padding mb-12 js-geolocation\"\n    data-block=\"hero-block\"\n    data-index=\"0\"\n>\n    <div class=\"h-[548px]  relative rounded-[32px] overflow-hidden flex bg-gray-light\">\n        <div class=\"relative z-10 mt-auto h-auto w-full md:h-full\">\n            <div class=\"flex w-full h-full flex-col flex-wrap justify-end w-full md:w-7\/12 lg:w-1\/2 md:justify-center\">\n                <div class=\"flex flex-col gap-3 md:gap-[18px] md:transparent pt-16 pb-36 md:py-8 px-4 w-full md:max-w-[620px] mx-auto px-8\">\n\n                    <h1 class=\"hero-heading hero-heading--red-text\"><span>Samarbeta med ABF<\/span><\/h1>\n\n                    \n                                    <\/div>\n            <\/div>\n        <\/div>\n\n                    <picture class=\"as-background-image mix-blend-multiply bg-black\/40\"><img decoding=\"async\" src=\"https:\/\/www.abf.se\/orebro-lan\/resized\/?url=https%3A%2F%2Fwww.abf.se%2Fwp-content%2Fuploads%2F2024%2F04%2FABF_header_1805-6552.jpg&#038;fit=crop&#038;w=1440&#038;s=9f38c36556bcec367fe9b228e7ec26a8\" srcset=\"https:\/\/www.abf.se\/orebro-lan\/resized\/?url=https%3A%2F%2Fwww.abf.se%2Fwp-content%2Fuploads%2F2024%2F04%2FABF_header_1805-6552.jpg&#038;fit=crop&#038;w=375&#038;h=540&#038;s=bd9d3caa0e0302a2fa681befe49b1d6a 375w, https:\/\/www.abf.se\/orebro-lan\/resized\/?url=https%3A%2F%2Fwww.abf.se%2Fwp-content%2Fuploads%2F2024%2F04%2FABF_header_1805-6552.jpg&#038;fit=crop&#038;w=447&#038;h=540&#038;s=2739e8aa08dd193f0fcc7c28ebbcd1ba 447w, https:\/\/www.abf.se\/orebro-lan\/resized\/?url=https%3A%2F%2Fwww.abf.se%2Fwp-content%2Fuploads%2F2024%2F04%2FABF_header_1805-6552.jpg&#038;fit=crop&#038;w=519&#038;h=540&#038;s=e8390125bc7b7eeda0b3fed42c5a7246 519w, https:\/\/www.abf.se\/orebro-lan\/resized\/?url=https%3A%2F%2Fwww.abf.se%2Fwp-content%2Fuploads%2F2024%2F04%2FABF_header_1805-6552.jpg&#038;fit=crop&#038;w=591&#038;h=540&#038;s=dc3a484cf4ae907e1e0cb76a917247ee 591w, https:\/\/www.abf.se\/orebro-lan\/resized\/?url=https%3A%2F%2Fwww.abf.se%2Fwp-content%2Fuploads%2F2024%2F04%2FABF_header_1805-6552.jpg&#038;fit=crop&#038;w=663&#038;h=540&#038;s=c576a05a1a065b958ccdbd79f124d5dc 663w, https:\/\/www.abf.se\/orebro-lan\/resized\/?url=https%3A%2F%2Fwww.abf.se%2Fwp-content%2Fuploads%2F2024%2F04%2FABF_header_1805-6552.jpg&#038;fit=crop&#038;w=750&#038;h=540&#038;s=23668110d76dd8c9c253b8cdcabab8b0 750w, https:\/\/www.abf.se\/orebro-lan\/resized\/?url=https%3A%2F%2Fwww.abf.se%2Fwp-content%2Fuploads%2F2024%2F04%2FABF_header_1805-6552.jpg&#038;fit=crop&#038;w=894&#038;h=540&#038;s=a5046f0052d3ea59cbce9611a8ecab2b 894w, https:\/\/www.abf.se\/orebro-lan\/resized\/?url=https%3A%2F%2Fwww.abf.se%2Fwp-content%2Fuploads%2F2024%2F04%2FABF_header_1805-6552.jpg&#038;fit=crop&#038;w=1038&#038;h=540&#038;s=7bffc9f8dd773fecaf1bdd612413d86d 1038w, https:\/\/www.abf.se\/orebro-lan\/resized\/?url=https%3A%2F%2Fwww.abf.se%2Fwp-content%2Fuploads%2F2024%2F04%2FABF_header_1805-6552.jpg&#038;fit=crop&#038;w=1182&#038;h=540&#038;s=6bc7ab141cd40d5450309b2bcbff38f7 1182w, https:\/\/www.abf.se\/orebro-lan\/resized\/?url=https%3A%2F%2Fwww.abf.se%2Fwp-content%2Fuploads%2F2024%2F04%2FABF_header_1805-6552.jpg&#038;fit=crop&#038;w=1326&#038;h=540&#038;s=3e4f6a90b6ac081373f3b9abc74bf86a 1326w, https:\/\/www.abf.se\/orebro-lan\/resized\/?url=https%3A%2F%2Fwww.abf.se%2Fwp-content%2Fuploads%2F2024%2F04%2FABF_header_1805-6552.jpg&#038;fit=crop&#038;w=1440&#038;h=540&#038;s=715cd6100c94858659cf761495499d8d 1440w\" alt=\"\" height=\"540\" width=\"1440\" sizes=\"(max-width: 1440px) calc(100vw - 32px), 1440px\" loading=\"eager\" fetchpriority=\"high\" aria-hidden=\"true\" role=\"presentation\" \/><\/picture>\n        \n\n            <\/div>\n\n    <\/div>\n\n<div\n    class=\"acf-plain-heading-block container my-16\"\n    data-block=\"plain-heading-block\"\n>\n    <div class=\"max-w-[658px] mx-auto\">\n                <h1 class=\"hero-heading\"><span>Samarbeta med oss<\/span><\/h1>\n                            <p class=\"mt-8 body-xl text-black\">\n                Tillsammans med ABF \u00d6rebro l\u00e4n kan du som cirkelledare utveckla dina och deltagarnas gemensamma intresse genom studiecirklar eller annan folkbildning. Har ni en f\u00f6rening finns det m\u00f6jlighet f\u00f6r dig och din organisation att vidareutveckla era medlemmars kunskaper genom studiecirklar, kurser och kulturarrangemang!\n            <\/p>\n            <\/div>\n<\/div>\n<div\n    class=\"acf-article-text-block article-container my-12\"\n    data-block=\"article-text-block\"\n>\n    <div class=\"wysiwyg\">\n        <h3><strong>Cirkelledare<\/strong><\/h3>\n<p>Du som cirkelledare \u00e4r v\u00e5rt viktigaste verktyg f\u00f6r folkbildningen. Utan v\u00e5ra engagerade cirkelledare skulle en stor del av v\u00e5r verksamhet riskera att f\u00f6rsvinna. Som cirkelledare har du en nyckelroll i v\u00e5r str\u00e4van att utveckla folkbildningen.<\/p>\n<p>V\u00e5ra cirkelledare har en stor bredd i kompetens, erfarenhet och engagemang. De leder verksamhet av flera olika slag, allt fr\u00e5n k\u00f6rer, dansgrupper och spr\u00e5k till hantverk, hemberedskap och fackliga utbildningar. Allt inom ramen f\u00f6r studiecirkelns pedagogik.<\/p>\n<p>Som cirkelledare kan du ta del av flertalet olika f\u00f6rm\u00e5ner, som exempelvis:<\/p>\n<ul>\n<li>Cirkelledarutbildning<\/li>\n<li>Tillg\u00e5ng till olika typer av lokaler runtom i l\u00e4net<\/li>\n<li>En gratis studiecirkel per \u00e5r<\/li>\n<li>Chansen att tj\u00e4na pengar p\u00e5 ditt specialintresse<\/li>\n<li>M\u00f6jlighet att f\u00e5 v\u00e4nner f\u00f6r livet<\/li>\n<\/ul>\n\n    <\/div>\n<\/div>\n<div\n    class=\"acf-article-cta-link-block article-container my-8\"\n    data-block=\"article-cta-link-block\"\n>\n<div>\n    <a class=\"inline-flex flex-row items-center gap-4 text-link underline text-red-dark\"\n        href=\"https:\/\/www.abf.se\/orebro-lan\/samarbeta-med-abf\/bli-cirkelledare\/\"\n            >\n        <span class=\"\">\n        Bli cirkelledare\n        <\/span>\n        <figure aria-hidden=\"true\" class=\"rounded-full bg-red-dark w-8 h-8 p-1 text-white\">\n            <svg width=\"20\" height=\"20\" viewBox=\"0 0 20 20\" fill=\"none\" class=\"SvgIconElement\">\n<path d=\"M4.16659 10L15.8333 10\" stroke=\"currentColor\"\/>\n<path d=\"M9.99992 4.1665L15.8333 9.99984L9.99992 15.8332\" stroke=\"currentColor\"\/>\n<\/svg>\n        <\/figure>\n    <\/a>\n<\/div>\n<\/div>\n<div\n    class=\"acf-article-cta-link-block article-container my-8\"\n    data-block=\"article-cta-link-block\"\n>\n<div>\n    <a class=\"inline-flex flex-row items-center gap-4 text-link underline text-red-dark\"\n        href=\"https:\/\/www.abf.se\/orebro-lan\/samarbeta-med-abf\/starta-en-studiecirkel\/\"\n            >\n        <span class=\"\">\n        Starta en studiecirkel\n        <\/span>\n        <figure aria-hidden=\"true\" class=\"rounded-full bg-red-dark w-8 h-8 p-1 text-white\">\n            <svg width=\"20\" height=\"20\" viewBox=\"0 0 20 20\" fill=\"none\" class=\"SvgIconElement\">\n<path d=\"M4.16659 10L15.8333 10\" stroke=\"currentColor\"\/>\n<path d=\"M9.99992 4.1665L15.8333 9.99984L9.99992 15.8332\" stroke=\"currentColor\"\/>\n<\/svg>\n        <\/figure>\n    <\/a>\n<\/div>\n<\/div>\n<div\n    class=\"acf-article-text-block article-container my-12\"\n    data-block=\"article-text-block\"\n>\n    <div class=\"wysiwyg\">\n        <h3><strong>F\u00f6reningar och organisationer<\/strong><\/h3>\n<p>ABF \u00d6rebro l\u00e4n har runt 120 medlemsf\u00f6reningar, fr\u00e5n de minsta byalagen till de stora partierna och fackf\u00f6rbunden. Alla \u00e4r lika viktiga f\u00f6r oss.<\/p>\n<p>Behoven kan skilja sig men som en av \u00d6rebros mest v\u00e4lk\u00e4nda organisationer f\u00f6r bildning och kultur kan vi hj\u00e4lpa er att l\u00e4ra, m\u00f6tas och skapa \u2013 tillsammans!<\/p>\n<p>Som medlemsf\u00f6rening har ni tillg\u00e5ng till flertalet f\u00f6rm\u00e5ner:<\/p>\n<ul>\n<li>En personlig samordnare med spetskompetens inom ert omr\u00e5de, som kan hj\u00e4lpa er att f\u00f6rverkliga planer och dr\u00f6mmar genom pedagogiskt st\u00f6d och praktisk hj\u00e4lp<\/li>\n<li>Subventionerad hyra av f\u00f6rel\u00e4sningssalar och studierum i hela \u00d6rebro l\u00e4n<\/li>\n<li>St\u00f6d till studiecirkelledare eller \u00f6vriga i f\u00f6reningen<\/li>\n<li>Professionell och effektivt kommunikation och marknadsf\u00f6ring i etablerade kanaler och medier<\/li>\n<li>Kompetensutveckling f\u00f6r cirkelledare<\/li>\n<li>Kompetensutveckling f\u00f6r olika f\u00f6rtroendevalda funktioner<\/li>\n<li>Kompetensutveckling och st\u00f6d i det egna f\u00f6reningsarbetet: organisation, kommunikation och administration<\/li>\n<li>Samarrangemang och st\u00f6rre konferenser med ABF \u00d6rebro l\u00e4n<\/li>\n<li>Service i v\u00e5ra lokaler i \u00d6rebro vid samarrangemang<\/li>\n<li>Kontakt eller samverkan med andra f\u00f6reningar eller f\u00f6rel\u00e4sare som f\u00f6rmedlas via ABF \u00d6rebro l\u00e4ns kontaktpersoner<\/li>\n<li>M\u00f6jlighet till kostnadsers\u00e4ttningar<\/li>\n<\/ul>\n<p>Som medlem kan vi f\u00f6rdjupa st\u00f6det ytterligare,\u00a0 l\u00e4s mer om hur du blir medlem via l\u00e4nken nedan.<\/p>\n\n    <\/div>\n<\/div>\n<div\n    class=\"acf-article-cta-link-block article-container my-8\"\n    data-block=\"article-cta-link-block\"\n>\n<div>\n    <a class=\"inline-flex flex-row items-center gap-4 text-link underline text-red-dark\"\n        href=\"https:\/\/www.abf.se\/orebro-lan\/samarbeta-med-abf\/bli-medlem-i-abf\/\"\n            >\n        <span class=\"\">\n        Medlemskap i ABF\n        <\/span>\n        <figure aria-hidden=\"true\" class=\"rounded-full bg-red-dark w-8 h-8 p-1 text-white\">\n            <svg width=\"20\" height=\"20\" viewBox=\"0 0 20 20\" fill=\"none\" class=\"SvgIconElement\">\n<path d=\"M4.16659 10L15.8333 10\" stroke=\"currentColor\"\/>\n<path d=\"M9.99992 4.1665L15.8333 9.99984L9.99992 15.8332\" stroke=\"currentColor\"\/>\n<\/svg>\n        <\/figure>\n    <\/a>\n<\/div>\n<\/div>\n<div\n    class=\"acf-article-cta-link-block article-container my-8\"\n    data-block=\"article-cta-link-block\"\n>\n<div>\n    <a class=\"inline-flex flex-row items-center gap-4 text-link underline text-red-dark\"\n        href=\"https:\/\/www.abf.se\/orebro-lan\/samarbeta-med-oss\/foreningar-och-organisationer\/\"\n            >\n        <span class=\"\">\n        Mer information till f\u00f6reningar och organisationer\n        <\/span>\n        <figure aria-hidden=\"true\" class=\"rounded-full bg-red-dark w-8 h-8 p-1 text-white\">\n            <svg width=\"20\" height=\"20\" viewBox=\"0 0 20 20\" fill=\"none\" class=\"SvgIconElement\">\n<path d=\"M4.16659 10L15.8333 10\" stroke=\"currentColor\"\/>\n<path d=\"M9.99992 4.1665L15.8333 9.99984L9.99992 15.8332\" stroke=\"currentColor\"\/>\n<\/svg>\n        <\/figure>\n    <\/a>\n<\/div>\n<\/div>\n<div\n    class=\"acf-article-cta-link-block article-container my-8\"\n    data-block=\"article-cta-link-block\"\n>\n<div>\n    <a class=\"inline-flex flex-row items-center gap-4 text-link underline text-red-dark\"\n        href=\"https:\/\/www.abf.se\/orebro-lan\/samarbeta-med-abf\/medlemskap-i-abf\/vara-medlemsorganisationer\/\"\n            >\n        <span class=\"\">\n        V\u00e5ra medlemsorganisationer\n        <\/span>\n        <figure aria-hidden=\"true\" class=\"rounded-full bg-red-dark w-8 h-8 p-1 text-white\">\n            <svg width=\"20\" height=\"20\" viewBox=\"0 0 20 20\" fill=\"none\" class=\"SvgIconElement\">\n<path d=\"M4.16659 10L15.8333 10\" stroke=\"currentColor\"\/>\n<path d=\"M9.99992 4.1665L15.8333 9.99984L9.99992 15.8332\" stroke=\"currentColor\"\/>\n<\/svg>\n        <\/figure>\n    <\/a>\n<\/div>\n<\/div>\n<div\n    class=\"acf-article-text-block article-container my-12\"\n    data-block=\"article-text-block\"\n>\n    <div class=\"wysiwyg\">\n        <h3>Tillsammans st\u00e4rker vi folkr\u00f6relserna!<br \/>\nL\u00e5t ABF vara en m\u00f6tesplats d\u00e4r ni knyter kontakter med andra f\u00f6reningar och utbildar er f\u00f6r att st\u00e4rka v\u00e5ra folkr\u00f6relser &#8211; f\u00f6r att vi tillsammans ska bli starkare.<\/h3>\n\n    <\/div>\n<\/div>\n<div class=\"my-8 container-lg acf-link-block\" data-block=\"link-block\" class=\"acf-link-block\" data-block=\"link-block\">\n    <div class=\"w-full bg-red  round-corners-lg px-4 md:px-8 py-11 md:py-16\">\n        <h2 class=\"heading-lg mb-7 text-center text-white\">\n            H\u00e4r hittar du ABFs kulturkatalog\n        <\/h2>\n            <ul class=\"grid grid-cols-1 gap-x-4 gap-y-3 md:grid-cols-2\">\n                                                        <li>\n                        <a\n    class=\"large-button-link\"\n    href=\"https:\/\/www.abf.se\/wp-content\/uploads\/sites\/63\/2025\/01\/Kulturkatalogen-25.pdf\"\n    target=\"_blank\"\n>\n    <span class=\"flex-1\">Kulturkatalog 2025<\/span>\n\n    <figure\n        aria-hidden=\"true\"\n        class=\"w-5\"\n    >\n                    <svg width=\"20\" height=\"20\" viewBox=\"0 0 20 20\" fill=\"none\" class=\"SvgIconElement\">\n<path d=\"M4.16659 10L15.8333 10\" stroke=\"currentColor\"\/>\n<path d=\"M9.99992 4.1665L15.8333 9.99984L9.99992 15.8332\" stroke=\"currentColor\"\/>\n<\/svg>\n            <\/figure>\n<\/a>\n                    <\/li>\n                            <\/ul>\n        <\/ul>\n    <\/div>\n<\/div>","protected":false},"excerpt":{"rendered":"","protected":false},"author":72,"featured_media":0,"parent":0,"menu_order":0,"comment_status":"closed","ping_status":"closed","template":"","meta":{"_acf_changed":false,"footnotes":""},"class_list":["post-260","page","type-page","status-publish","hentry"],"acf":[],"yoast_head":"<!-- This site is optimized with the Yoast SEO plugin v27.0 - https:\/\/yoast.com\/product\/yoast-seo-wordpress\/ -->\n<title>Samarbeta med oss - ABF \u00d6rebro l\u00e4n<\/title>\n<meta name=\"description\" content=\"Samarbeta med oss p\u00e5 ABF \u00d6rebro l\u00e4n! H\u00e4r kan du som cirkelledare utveckla dina och deltagarnas gemensamma intresse genom studiecirklar!\" \/>\n<meta name=\"robots\" content=\"index, follow, max-snippet:-1, max-image-preview:large, max-video-preview:-1\" \/>\n<link rel=\"canonical\" href=\"https:\/\/www.abf.se\/orebro-lan\/samarbeta-med-oss\/\" \/>\n<meta property=\"og:locale\" content=\"sv_SE\" \/>\n<meta property=\"og:type\" content=\"article\" \/>\n<meta property=\"og:title\" content=\"Samarbeta med oss - ABF \u00d6rebro l\u00e4n\" \/>\n<meta property=\"og:description\" content=\"Samarbeta med oss p\u00e5 ABF \u00d6rebro l\u00e4n! H\u00e4r kan du som cirkelledare utveckla dina och deltagarnas gemensamma intresse genom studiecirklar!\" \/>\n<meta property=\"og:url\" content=\"https:\/\/www.abf.se\/orebro-lan\/samarbeta-med-oss\/\" \/>\n<meta property=\"og:site_name\" content=\"\u00d6rebro l\u00e4n\" \/>\n<meta property=\"article:modified_time\" content=\"2025-12-04T12:05:25+00:00\" \/>\n<meta property=\"og:image\" content=\"https:\/\/www.abf.se\/wp-content\/uploads\/sites\/63\/2024\/04\/Nyckeln-liggande-scaled.jpg\" \/>\n\t<meta property=\"og:image:width\" content=\"2560\" \/>\n\t<meta property=\"og:image:height\" content=\"1440\" \/>\n\t<meta property=\"og:image:type\" content=\"image\/jpeg\" \/>\n<meta name=\"twitter:card\" content=\"summary_large_image\" \/>\n<script type=\"application\/ld+json\" class=\"yoast-schema-graph\">{\"@context\":\"https:\/\/schema.org\",\"@graph\":[{\"@type\":\"WebPage\",\"@id\":\"https:\/\/www.abf.se\/orebro-lan\/samarbeta-med-oss\/\",\"url\":\"https:\/\/www.abf.se\/orebro-lan\/samarbeta-med-oss\/\",\"name\":\"Samarbeta med oss - ABF \u00d6rebro l\u00e4n\",\"isPartOf\":{\"@id\":\"https:\/\/www.abf.se\/orebro-lan\/#website\"},\"datePublished\":\"2024-02-29T10:11:43+00:00\",\"dateModified\":\"2025-12-04T12:05:25+00:00\",\"description\":\"Samarbeta med oss p\u00e5 ABF \u00d6rebro l\u00e4n! H\u00e4r kan du som cirkelledare utveckla dina och deltagarnas gemensamma intresse genom studiecirklar!\",\"breadcrumb\":{\"@id\":\"https:\/\/www.abf.se\/orebro-lan\/samarbeta-med-oss\/#breadcrumb\"},\"inLanguage\":\"sv-SE\",\"potentialAction\":[{\"@type\":\"ReadAction\",\"target\":[\"https:\/\/www.abf.se\/orebro-lan\/samarbeta-med-oss\/\"]}]},{\"@type\":\"BreadcrumbList\",\"@id\":\"https:\/\/www.abf.se\/orebro-lan\/samarbeta-med-oss\/#breadcrumb\",\"itemListElement\":[{\"@type\":\"ListItem\",\"position\":1,\"name\":\"Home\",\"item\":\"https:\/\/www.abf.se\/orebro-lan\/\"},{\"@type\":\"ListItem\",\"position\":2,\"name\":\"Samarbeta med ABF\"}]},{\"@type\":\"WebSite\",\"@id\":\"https:\/\/www.abf.se\/orebro-lan\/#website\",\"url\":\"https:\/\/www.abf.se\/orebro-lan\/\",\"name\":\"\u00d6rebro l\u00e4n\",\"description\":\"\",\"potentialAction\":[{\"@type\":\"SearchAction\",\"target\":{\"@type\":\"EntryPoint\",\"urlTemplate\":\"https:\/\/www.abf.se\/orebro-lan\/?s={search_term_string}\"},\"query-input\":{\"@type\":\"PropertyValueSpecification\",\"valueRequired\":true,\"valueName\":\"search_term_string\"}}],\"inLanguage\":\"sv-SE\"}]}<\/script>\n<!-- \/ Yoast SEO plugin. -->","yoast_head_json":{"title":"Samarbeta med oss - ABF \u00d6rebro l\u00e4n","description":"Samarbeta med oss p\u00e5 ABF \u00d6rebro l\u00e4n! H\u00e4r kan du som cirkelledare utveckla dina och deltagarnas gemensamma intresse genom studiecirklar!","robots":{"index":"index","follow":"follow","max-snippet":"max-snippet:-1","max-image-preview":"max-image-preview:large","max-video-preview":"max-video-preview:-1"},"canonical":"https:\/\/www.abf.se\/orebro-lan\/samarbeta-med-oss\/","og_locale":"sv_SE","og_type":"article","og_title":"Samarbeta med oss - ABF \u00d6rebro l\u00e4n","og_description":"Samarbeta med oss p\u00e5 ABF \u00d6rebro l\u00e4n! H\u00e4r kan du som cirkelledare utveckla dina och deltagarnas gemensamma intresse genom studiecirklar!","og_url":"https:\/\/www.abf.se\/orebro-lan\/samarbeta-med-oss\/","og_site_name":"\u00d6rebro l\u00e4n","article_modified_time":"2025-12-04T12:05:25+00:00","og_image":[{"width":2560,"height":1440,"url":"https:\/\/www.abf.se\/wp-content\/uploads\/sites\/63\/2024\/04\/Nyckeln-liggande-scaled.jpg","type":"image\/jpeg"}],"twitter_card":"summary_large_image","schema":{"@context":"https:\/\/schema.org","@graph":[{"@type":"WebPage","@id":"https:\/\/www.abf.se\/orebro-lan\/samarbeta-med-oss\/","url":"https:\/\/www.abf.se\/orebro-lan\/samarbeta-med-oss\/","name":"Samarbeta med oss - ABF \u00d6rebro l\u00e4n","isPartOf":{"@id":"https:\/\/www.abf.se\/orebro-lan\/#website"},"datePublished":"2024-02-29T10:11:43+00:00","dateModified":"2025-12-04T12:05:25+00:00","description":"Samarbeta med oss p\u00e5 ABF \u00d6rebro l\u00e4n! H\u00e4r kan du som cirkelledare utveckla dina och deltagarnas gemensamma intresse genom studiecirklar!","breadcrumb":{"@id":"https:\/\/www.abf.se\/orebro-lan\/samarbeta-med-oss\/#breadcrumb"},"inLanguage":"sv-SE","potentialAction":[{"@type":"ReadAction","target":["https:\/\/www.abf.se\/orebro-lan\/samarbeta-med-oss\/"]}]},{"@type":"BreadcrumbList","@id":"https:\/\/www.abf.se\/orebro-lan\/samarbeta-med-oss\/#breadcrumb","itemListElement":[{"@type":"ListItem","position":1,"name":"Home","item":"https:\/\/www.abf.se\/orebro-lan\/"},{"@type":"ListItem","position":2,"name":"Samarbeta med ABF"}]},{"@type":"WebSite","@id":"https:\/\/www.abf.se\/orebro-lan\/#website","url":"https:\/\/www.abf.se\/orebro-lan\/","name":"\u00d6rebro l\u00e4n","description":"","potentialAction":[{"@type":"SearchAction","target":{"@type":"EntryPoint","urlTemplate":"https:\/\/www.abf.se\/orebro-lan\/?s={search_term_string}"},"query-input":{"@type":"PropertyValueSpecification","valueRequired":true,"valueName":"search_term_string"}}],"inLanguage":"sv-SE"}]}},"_links":{"self":[{"href":"https:\/\/www.abf.se\/orebro-lan\/wp-json\/wp\/v2\/pages\/260","targetHints":{"allow":["GET"]}}],"collection":[{"href":"https:\/\/www.abf.se\/orebro-lan\/wp-json\/wp\/v2\/pages"}],"about":[{"href":"https:\/\/www.abf.se\/orebro-lan\/wp-json\/wp\/v2\/types\/page"}],"author":[{"embeddable":true,"href":"https:\/\/www.abf.se\/orebro-lan\/wp-json\/wp\/v2\/users\/72"}],"replies":[{"embeddable":true,"href":"https:\/\/www.abf.se\/orebro-lan\/wp-json\/wp\/v2\/comments?post=260"}],"version-history":[{"count":50,"href":"https:\/\/www.abf.se\/orebro-lan\/wp-json\/wp\/v2\/pages\/260\/revisions"}],"predecessor-version":[{"id":2190,"href":"https:\/\/www.abf.se\/orebro-lan\/wp-json\/wp\/v2\/pages\/260\/revisions\/2190"}],"wp:attachment":[{"href":"https:\/\/www.abf.se\/orebro-lan\/wp-json\/wp\/v2\/media?parent=260"}],"curies":[{"name":"wp","href":"https:\/\/api.w.org\/{rel}","templated":true}]}}