{"id":286,"date":"2024-03-14T13:32:23","date_gmt":"2024-03-14T12:32:23","guid":{"rendered":"https:\/\/www.abf.se\/orebro-lan\/?page_id=286"},"modified":"2025-10-01T13:21:55","modified_gmt":"2025-10-01T11:21:55","slug":"prenumerera-pa-vara-nyhetsbrev","status":"publish","type":"page","link":"https:\/\/www.abf.se\/orebro-lan\/prenumerera-pa-vara-nyhetsbrev\/","title":{"rendered":"Prenumerera p\u00e5 v\u00e5rt nyhetsbrev"},"content":{"rendered":"<div\n    class=\"acf-hero-block container-lg no-padding mb-12 js-geolocation\"\n    data-block=\"hero-block\"\n    data-index=\"0\"\n>\n    <div class=\"h-[548px]  relative rounded-[32px] overflow-hidden flex bg-gray-light\">\n        <div class=\"relative z-10 mt-auto h-auto w-full md:h-full\">\n            <div class=\"flex w-full h-full flex-col flex-wrap justify-end w-full md:w-7\/12 lg:w-1\/2 md:justify-center\">\n                <div class=\"flex flex-col gap-3 md:gap-[18px] md:transparent pt-16 pb-36 md:py-8 px-4 w-full md:max-w-[620px] mx-auto px-8\">\n\n                    <h1 class=\"hero-heading hero-heading--red-text\"><span>Prenumerera p\u00e5 v\u00e5ra nyhetsbrev<\/span><\/h1>\n\n                    \n                                    <\/div>\n            <\/div>\n        <\/div>\n\n                    <picture class=\"as-background-image mix-blend-multiply bg-black\/40\"><img decoding=\"async\" src=\"https:\/\/www.abf.se\/orebro-lan\/resized\/?url=https%3A%2F%2Fwww.abf.se%2Fwp-content%2Fuploads%2F2023%2F11%2FDemonstration-foto-Pexels_Karolina-Grabowska_IMGP.jpg&#038;fit=crop&#038;w=1440&#038;s=6a13e880dce0bffe9ff242cef811ddb8\" srcset=\"https:\/\/www.abf.se\/orebro-lan\/resized\/?url=https%3A%2F%2Fwww.abf.se%2Fwp-content%2Fuploads%2F2023%2F11%2FDemonstration-foto-Pexels_Karolina-Grabowska_IMGP.jpg&#038;fit=crop&#038;w=375&#038;h=540&#038;s=0ee3e54420f9c023b57b5088a08d3402 375w, https:\/\/www.abf.se\/orebro-lan\/resized\/?url=https%3A%2F%2Fwww.abf.se%2Fwp-content%2Fuploads%2F2023%2F11%2FDemonstration-foto-Pexels_Karolina-Grabowska_IMGP.jpg&#038;fit=crop&#038;w=447&#038;h=540&#038;s=3b8bc33dd4a39f81c39ed8459e5f0246 447w, https:\/\/www.abf.se\/orebro-lan\/resized\/?url=https%3A%2F%2Fwww.abf.se%2Fwp-content%2Fuploads%2F2023%2F11%2FDemonstration-foto-Pexels_Karolina-Grabowska_IMGP.jpg&#038;fit=crop&#038;w=519&#038;h=540&#038;s=7cf9c7e59b69551944b7fae63c2f249c 519w, https:\/\/www.abf.se\/orebro-lan\/resized\/?url=https%3A%2F%2Fwww.abf.se%2Fwp-content%2Fuploads%2F2023%2F11%2FDemonstration-foto-Pexels_Karolina-Grabowska_IMGP.jpg&#038;fit=crop&#038;w=591&#038;h=540&#038;s=1fa36a947d9409d091e0f74bc680b36c 591w, https:\/\/www.abf.se\/orebro-lan\/resized\/?url=https%3A%2F%2Fwww.abf.se%2Fwp-content%2Fuploads%2F2023%2F11%2FDemonstration-foto-Pexels_Karolina-Grabowska_IMGP.jpg&#038;fit=crop&#038;w=663&#038;h=540&#038;s=1b155c9511a64e566216fa36b5c5c6f9 663w, https:\/\/www.abf.se\/orebro-lan\/resized\/?url=https%3A%2F%2Fwww.abf.se%2Fwp-content%2Fuploads%2F2023%2F11%2FDemonstration-foto-Pexels_Karolina-Grabowska_IMGP.jpg&#038;fit=crop&#038;w=750&#038;h=540&#038;s=4b77d32e27d86a5b111be83c4f172f36 750w, https:\/\/www.abf.se\/orebro-lan\/resized\/?url=https%3A%2F%2Fwww.abf.se%2Fwp-content%2Fuploads%2F2023%2F11%2FDemonstration-foto-Pexels_Karolina-Grabowska_IMGP.jpg&#038;fit=crop&#038;w=894&#038;h=540&#038;s=bb0a64bb97800fa90c14133749b9e257 894w, https:\/\/www.abf.se\/orebro-lan\/resized\/?url=https%3A%2F%2Fwww.abf.se%2Fwp-content%2Fuploads%2F2023%2F11%2FDemonstration-foto-Pexels_Karolina-Grabowska_IMGP.jpg&#038;fit=crop&#038;w=1038&#038;h=540&#038;s=9a0dfd8e78d242f06067ea3aa94559c0 1038w, https:\/\/www.abf.se\/orebro-lan\/resized\/?url=https%3A%2F%2Fwww.abf.se%2Fwp-content%2Fuploads%2F2023%2F11%2FDemonstration-foto-Pexels_Karolina-Grabowska_IMGP.jpg&#038;fit=crop&#038;w=1182&#038;h=540&#038;s=c07621d2f8829601245df222bd4afdc9 1182w, https:\/\/www.abf.se\/orebro-lan\/resized\/?url=https%3A%2F%2Fwww.abf.se%2Fwp-content%2Fuploads%2F2023%2F11%2FDemonstration-foto-Pexels_Karolina-Grabowska_IMGP.jpg&#038;fit=crop&#038;w=1326&#038;h=540&#038;s=5327ee59228e06f2b38e23be396b8eb9 1326w, https:\/\/www.abf.se\/orebro-lan\/resized\/?url=https%3A%2F%2Fwww.abf.se%2Fwp-content%2Fuploads%2F2023%2F11%2FDemonstration-foto-Pexels_Karolina-Grabowska_IMGP.jpg&#038;fit=crop&#038;w=1440&#038;h=540&#038;s=7982f4419f2b0588c9d55b45872903f9 1440w\" alt=\"\" height=\"540\" width=\"1440\" sizes=\"(max-width: 1440px) calc(100vw - 32px), 1440px\" loading=\"eager\" fetchpriority=\"high\" aria-hidden=\"true\" role=\"presentation\" \/><\/picture>\n        \n\n            <\/div>\n\n    <\/div>\n\n<div\n    class=\"acf-plain-heading-block container my-16\"\n    data-block=\"plain-heading-block\"\n>\n    <div class=\"max-w-[658px] mx-auto\">\n                <h1 class=\"hero-heading\"><span>F\u00e5 information varje m\u00e5nad kring v\u00e5ra kurser, f\u00f6rel\u00e4sningar och aktuella nyheter!<\/span><\/h1>\n                            <p class=\"mt-8 body-xl text-black\">\n                Vill du prenumerera p\u00e5 v\u00e5rt nyhetsbrev?<br \/>\r\n<br \/>\r\nMejla oss p\u00e5 info.orebro@abf.se eller ring 010-203 17 00 s\u00e5 l\u00e4gger vi till dig p\u00e5 v\u00e5r mejllista!\n            <\/p>\n            <\/div>\n<\/div>\n","protected":false},"excerpt":{"rendered":"","protected":false},"author":72,"featured_media":0,"parent":0,"menu_order":0,"comment_status":"closed","ping_status":"closed","template":"","meta":{"_acf_changed":false,"footnotes":""},"class_list":["post-286","page","type-page","status-publish","hentry"],"acf":[],"yoast_head":"<!-- This site is optimized with the Yoast SEO plugin v27.0 - https:\/\/yoast.com\/product\/yoast-seo-wordpress\/ -->\n<title>Prenumerera p\u00e5 v\u00e5rt nyhetsbrev - ABF \u00d6rebro l\u00e4n<\/title>\n<meta name=\"description\" content=\"Prenumerera p\u00e5 v\u00e5rt nyhetsbrev f\u00f6r att f\u00e5 information varje m\u00e5nad kring v\u00e5ra kurser, f\u00f6rel\u00e4sningar och aktuella nyheter!\" \/>\n<meta name=\"robots\" content=\"index, follow, max-snippet:-1, max-image-preview:large, max-video-preview:-1\" \/>\n<link rel=\"canonical\" href=\"https:\/\/www.abf.se\/orebro-lan\/prenumerera-pa-vara-nyhetsbrev\/\" \/>\n<meta property=\"og:locale\" content=\"sv_SE\" \/>\n<meta property=\"og:type\" content=\"article\" \/>\n<meta property=\"og:title\" content=\"Prenumerera p\u00e5 v\u00e5rt nyhetsbrev - ABF \u00d6rebro l\u00e4n\" \/>\n<meta property=\"og:description\" content=\"Prenumerera p\u00e5 v\u00e5rt nyhetsbrev f\u00f6r att f\u00e5 information varje m\u00e5nad kring v\u00e5ra kurser, f\u00f6rel\u00e4sningar och aktuella nyheter!\" \/>\n<meta property=\"og:url\" content=\"https:\/\/www.abf.se\/orebro-lan\/prenumerera-pa-vara-nyhetsbrev\/\" \/>\n<meta property=\"og:site_name\" content=\"\u00d6rebro l\u00e4n\" \/>\n<meta property=\"article:modified_time\" content=\"2025-10-01T11:21:55+00:00\" \/>\n<meta property=\"og:image\" content=\"https:\/\/www.abf.se\/wp-content\/uploads\/sites\/63\/2024\/04\/Nyckeln-liggande-scaled.jpg\" \/>\n\t<meta property=\"og:image:width\" content=\"2560\" \/>\n\t<meta property=\"og:image:height\" content=\"1440\" \/>\n\t<meta property=\"og:image:type\" content=\"image\/jpeg\" \/>\n<meta name=\"twitter:card\" content=\"summary_large_image\" \/>\n<script type=\"application\/ld+json\" class=\"yoast-schema-graph\">{\"@context\":\"https:\/\/schema.org\",\"@graph\":[{\"@type\":\"WebPage\",\"@id\":\"https:\/\/www.abf.se\/orebro-lan\/prenumerera-pa-vara-nyhetsbrev\/\",\"url\":\"https:\/\/www.abf.se\/orebro-lan\/prenumerera-pa-vara-nyhetsbrev\/\",\"name\":\"Prenumerera p\u00e5 v\u00e5rt nyhetsbrev - ABF \u00d6rebro l\u00e4n\",\"isPartOf\":{\"@id\":\"https:\/\/www.abf.se\/orebro-lan\/#website\"},\"datePublished\":\"2024-03-14T12:32:23+00:00\",\"dateModified\":\"2025-10-01T11:21:55+00:00\",\"description\":\"Prenumerera p\u00e5 v\u00e5rt nyhetsbrev f\u00f6r att f\u00e5 information varje m\u00e5nad kring v\u00e5ra kurser, f\u00f6rel\u00e4sningar och aktuella nyheter!\",\"breadcrumb\":{\"@id\":\"https:\/\/www.abf.se\/orebro-lan\/prenumerera-pa-vara-nyhetsbrev\/#breadcrumb\"},\"inLanguage\":\"sv-SE\",\"potentialAction\":[{\"@type\":\"ReadAction\",\"target\":[\"https:\/\/www.abf.se\/orebro-lan\/prenumerera-pa-vara-nyhetsbrev\/\"]}]},{\"@type\":\"BreadcrumbList\",\"@id\":\"https:\/\/www.abf.se\/orebro-lan\/prenumerera-pa-vara-nyhetsbrev\/#breadcrumb\",\"itemListElement\":[{\"@type\":\"ListItem\",\"position\":1,\"name\":\"Home\",\"item\":\"https:\/\/www.abf.se\/orebro-lan\/\"},{\"@type\":\"ListItem\",\"position\":2,\"name\":\"Prenumerera p\u00e5 v\u00e5rt nyhetsbrev\"}]},{\"@type\":\"WebSite\",\"@id\":\"https:\/\/www.abf.se\/orebro-lan\/#website\",\"url\":\"https:\/\/www.abf.se\/orebro-lan\/\",\"name\":\"\u00d6rebro l\u00e4n\",\"description\":\"\",\"potentialAction\":[{\"@type\":\"SearchAction\",\"target\":{\"@type\":\"EntryPoint\",\"urlTemplate\":\"https:\/\/www.abf.se\/orebro-lan\/?s={search_term_string}\"},\"query-input\":{\"@type\":\"PropertyValueSpecification\",\"valueRequired\":true,\"valueName\":\"search_term_string\"}}],\"inLanguage\":\"sv-SE\"}]}<\/script>\n<!-- \/ Yoast SEO plugin. -->","yoast_head_json":{"title":"Prenumerera p\u00e5 v\u00e5rt nyhetsbrev - ABF \u00d6rebro l\u00e4n","description":"Prenumerera p\u00e5 v\u00e5rt nyhetsbrev f\u00f6r att f\u00e5 information varje m\u00e5nad kring v\u00e5ra kurser, f\u00f6rel\u00e4sningar och aktuella nyheter!","robots":{"index":"index","follow":"follow","max-snippet":"max-snippet:-1","max-image-preview":"max-image-preview:large","max-video-preview":"max-video-preview:-1"},"canonical":"https:\/\/www.abf.se\/orebro-lan\/prenumerera-pa-vara-nyhetsbrev\/","og_locale":"sv_SE","og_type":"article","og_title":"Prenumerera p\u00e5 v\u00e5rt nyhetsbrev - ABF \u00d6rebro l\u00e4n","og_description":"Prenumerera p\u00e5 v\u00e5rt nyhetsbrev f\u00f6r att f\u00e5 information varje m\u00e5nad kring v\u00e5ra kurser, f\u00f6rel\u00e4sningar och aktuella nyheter!","og_url":"https:\/\/www.abf.se\/orebro-lan\/prenumerera-pa-vara-nyhetsbrev\/","og_site_name":"\u00d6rebro l\u00e4n","article_modified_time":"2025-10-01T11:21:55+00:00","og_image":[{"width":2560,"height":1440,"url":"https:\/\/www.abf.se\/wp-content\/uploads\/sites\/63\/2024\/04\/Nyckeln-liggande-scaled.jpg","type":"image\/jpeg"}],"twitter_card":"summary_large_image","schema":{"@context":"https:\/\/schema.org","@graph":[{"@type":"WebPage","@id":"https:\/\/www.abf.se\/orebro-lan\/prenumerera-pa-vara-nyhetsbrev\/","url":"https:\/\/www.abf.se\/orebro-lan\/prenumerera-pa-vara-nyhetsbrev\/","name":"Prenumerera p\u00e5 v\u00e5rt nyhetsbrev - ABF \u00d6rebro l\u00e4n","isPartOf":{"@id":"https:\/\/www.abf.se\/orebro-lan\/#website"},"datePublished":"2024-03-14T12:32:23+00:00","dateModified":"2025-10-01T11:21:55+00:00","description":"Prenumerera p\u00e5 v\u00e5rt nyhetsbrev f\u00f6r att f\u00e5 information varje m\u00e5nad kring v\u00e5ra kurser, f\u00f6rel\u00e4sningar och aktuella nyheter!","breadcrumb":{"@id":"https:\/\/www.abf.se\/orebro-lan\/prenumerera-pa-vara-nyhetsbrev\/#breadcrumb"},"inLanguage":"sv-SE","potentialAction":[{"@type":"ReadAction","target":["https:\/\/www.abf.se\/orebro-lan\/prenumerera-pa-vara-nyhetsbrev\/"]}]},{"@type":"BreadcrumbList","@id":"https:\/\/www.abf.se\/orebro-lan\/prenumerera-pa-vara-nyhetsbrev\/#breadcrumb","itemListElement":[{"@type":"ListItem","position":1,"name":"Home","item":"https:\/\/www.abf.se\/orebro-lan\/"},{"@type":"ListItem","position":2,"name":"Prenumerera p\u00e5 v\u00e5rt nyhetsbrev"}]},{"@type":"WebSite","@id":"https:\/\/www.abf.se\/orebro-lan\/#website","url":"https:\/\/www.abf.se\/orebro-lan\/","name":"\u00d6rebro l\u00e4n","description":"","potentialAction":[{"@type":"SearchAction","target":{"@type":"EntryPoint","urlTemplate":"https:\/\/www.abf.se\/orebro-lan\/?s={search_term_string}"},"query-input":{"@type":"PropertyValueSpecification","valueRequired":true,"valueName":"search_term_string"}}],"inLanguage":"sv-SE"}]}},"_links":{"self":[{"href":"https:\/\/www.abf.se\/orebro-lan\/wp-json\/wp\/v2\/pages\/286","targetHints":{"allow":["GET"]}}],"collection":[{"href":"https:\/\/www.abf.se\/orebro-lan\/wp-json\/wp\/v2\/pages"}],"about":[{"href":"https:\/\/www.abf.se\/orebro-lan\/wp-json\/wp\/v2\/types\/page"}],"author":[{"embeddable":true,"href":"https:\/\/www.abf.se\/orebro-lan\/wp-json\/wp\/v2\/users\/72"}],"replies":[{"embeddable":true,"href":"https:\/\/www.abf.se\/orebro-lan\/wp-json\/wp\/v2\/comments?post=286"}],"version-history":[{"count":7,"href":"https:\/\/www.abf.se\/orebro-lan\/wp-json\/wp\/v2\/pages\/286\/revisions"}],"predecessor-version":[{"id":2104,"href":"https:\/\/www.abf.se\/orebro-lan\/wp-json\/wp\/v2\/pages\/286\/revisions\/2104"}],"wp:attachment":[{"href":"https:\/\/www.abf.se\/orebro-lan\/wp-json\/wp\/v2\/media?parent=286"}],"curies":[{"name":"wp","href":"https:\/\/api.w.org\/{rel}","templated":true}]}}