{"id":576,"date":"2024-03-20T15:36:12","date_gmt":"2024-03-20T14:36:12","guid":{"rendered":"https:\/\/www.abf.se\/orebro-lan\/?page_id=576"},"modified":"2026-03-23T11:06:37","modified_gmt":"2026-03-23T10:06:37","slug":"godkand-utbildare-inom-arbetsmiljo","status":"publish","type":"page","link":"https:\/\/www.abf.se\/orebro-lan\/godkand-utbildare-inom-arbetsmiljo\/","title":{"rendered":"Godk\u00e4nd utbildare inom arbetsmilj\u00f6"},"content":{"rendered":"<div\n    class=\"acf-hero-block container-lg no-padding mb-12 js-geolocation\"\n    data-block=\"hero-block\"\n    data-index=\"0\"\n>\n    <div class=\"h-[548px]  relative rounded-[32px] overflow-hidden flex bg-gray-light\">\n        <div class=\"relative z-10 mt-auto h-auto w-full md:h-full\">\n            <div class=\"flex w-full h-full flex-col flex-wrap justify-end w-full md:w-7\/12 lg:w-1\/2 md:justify-center\">\n                <div class=\"flex flex-col gap-3 md:gap-[18px] md:transparent pt-16 pb-36 md:py-8 px-4 w-full md:max-w-[620px] mx-auto px-8\">\n\n                    <h1 class=\"hero-heading hero-heading--red-text\"><span>Godk\u00e4nd utbildare inom arbetsmilj\u00f6<\/span><\/h1>\n\n                                            <p class=\"mt-4 max-w-[48ch] text-white\">\n                            ABF \u00d6rebro l\u00e4n \u00e4r ansluten och godk\u00e4nd utbildningsanordnare f\u00f6r arbetsmilj\u00f6utbildningar\n                        <\/p>\n                    \n                                    <\/div>\n            <\/div>\n        <\/div>\n\n                    <picture class=\"as-background-image mix-blend-multiply bg-black\/40\"><img decoding=\"async\" src=\"https:\/\/www.abf.se\/orebro-lan\/resized\/?url=https%3A%2F%2Fwww.abf.se%2Fwp-content%2Fuploads%2Fsites%2F63%2F2026%2F03%2Fafa-scaled.png&#038;fit=crop&#038;w=1440&#038;s=aee7e58da93ab8d3f273885c3192013b\" srcset=\"https:\/\/www.abf.se\/orebro-lan\/resized\/?url=https%3A%2F%2Fwww.abf.se%2Fwp-content%2Fuploads%2Fsites%2F63%2F2026%2F03%2Fafa-scaled.png&#038;fit=crop&#038;w=375&#038;h=540&#038;s=ef32ec282f98a558283ab80eaf558d3e 375w, https:\/\/www.abf.se\/orebro-lan\/resized\/?url=https%3A%2F%2Fwww.abf.se%2Fwp-content%2Fuploads%2Fsites%2F63%2F2026%2F03%2Fafa-scaled.png&#038;fit=crop&#038;w=447&#038;h=540&#038;s=340dee33315ba683f0d4e27423161e27 447w, https:\/\/www.abf.se\/orebro-lan\/resized\/?url=https%3A%2F%2Fwww.abf.se%2Fwp-content%2Fuploads%2Fsites%2F63%2F2026%2F03%2Fafa-scaled.png&#038;fit=crop&#038;w=519&#038;h=540&#038;s=1249a29575894a1224aaada6a0c0efae 519w, https:\/\/www.abf.se\/orebro-lan\/resized\/?url=https%3A%2F%2Fwww.abf.se%2Fwp-content%2Fuploads%2Fsites%2F63%2F2026%2F03%2Fafa-scaled.png&#038;fit=crop&#038;w=591&#038;h=540&#038;s=4ec1b9dd6caf0f086c7a3af137257e25 591w, https:\/\/www.abf.se\/orebro-lan\/resized\/?url=https%3A%2F%2Fwww.abf.se%2Fwp-content%2Fuploads%2Fsites%2F63%2F2026%2F03%2Fafa-scaled.png&#038;fit=crop&#038;w=663&#038;h=540&#038;s=35de821b47469848ba92065a97a99ceb 663w, https:\/\/www.abf.se\/orebro-lan\/resized\/?url=https%3A%2F%2Fwww.abf.se%2Fwp-content%2Fuploads%2Fsites%2F63%2F2026%2F03%2Fafa-scaled.png&#038;fit=crop&#038;w=750&#038;h=540&#038;s=8b213023283f69cc8e558e5493d21ffd 750w, https:\/\/www.abf.se\/orebro-lan\/resized\/?url=https%3A%2F%2Fwww.abf.se%2Fwp-content%2Fuploads%2Fsites%2F63%2F2026%2F03%2Fafa-scaled.png&#038;fit=crop&#038;w=894&#038;h=540&#038;s=e88758e4e91a2d93458d0d9e7c69a79b 894w, https:\/\/www.abf.se\/orebro-lan\/resized\/?url=https%3A%2F%2Fwww.abf.se%2Fwp-content%2Fuploads%2Fsites%2F63%2F2026%2F03%2Fafa-scaled.png&#038;fit=crop&#038;w=1038&#038;h=540&#038;s=a6b77e162c4dc226b82092ae694c0913 1038w, https:\/\/www.abf.se\/orebro-lan\/resized\/?url=https%3A%2F%2Fwww.abf.se%2Fwp-content%2Fuploads%2Fsites%2F63%2F2026%2F03%2Fafa-scaled.png&#038;fit=crop&#038;w=1182&#038;h=540&#038;s=5cc7fa7aba7f088dbdc16c38058e5d60 1182w, https:\/\/www.abf.se\/orebro-lan\/resized\/?url=https%3A%2F%2Fwww.abf.se%2Fwp-content%2Fuploads%2Fsites%2F63%2F2026%2F03%2Fafa-scaled.png&#038;fit=crop&#038;w=1326&#038;h=540&#038;s=c412667cc38d11b4665ea5aadd6d9899 1326w, https:\/\/www.abf.se\/orebro-lan\/resized\/?url=https%3A%2F%2Fwww.abf.se%2Fwp-content%2Fuploads%2Fsites%2F63%2F2026%2F03%2Fafa-scaled.png&#038;fit=crop&#038;w=1440&#038;h=540&#038;s=87207150afdfd0a2dd5f08c0a1e2dfdf 1440w\" alt=\"\" height=\"540\" width=\"1440\" sizes=\"(max-width: 1440px) calc(100vw - 32px), 1440px\" loading=\"eager\" fetchpriority=\"high\" aria-hidden=\"true\" role=\"presentation\" \/><\/picture>\n        \n\n            <\/div>\n\n    <\/div>\n\n<div\n    class=\"acf-article-text-block article-container my-12\"\n    data-block=\"article-text-block\"\n>\n    <div class=\"wysiwyg\">\n        <p>ABF \u00d6rebro l\u00e4n \u00e4r godk\u00e4nd utbildningsanordnare f\u00f6r arbetsmilj\u00f6utbildningar inom satsningen som LO, Svenskt N\u00e4ringsliv och PTK st\u00e5r bakom.<\/p>\n<p>Det har avsatts ytterligare 35 miljoner i st\u00f6d f\u00f6r utbildning av chefer och arbetsmilj\u00f6skyddsombud. St\u00f6det administreras av AFA F\u00f6rs\u00e4kring och b\u00f6rjade g\u00e4lla den 1 januari 2021.<\/p>\n<h3><strong>St\u00f6d f\u00f6r arbetsmilj\u00f6utbildning f\u00f6rl\u00e4ngs!<\/strong><br \/>\nSvenskt N\u00e4ringsliv, LO och PTK har beslutat att f\u00f6rl\u00e4nga satsningen st\u00f6d f\u00f6r arbetsmilj\u00f6utbildning som l\u00e4ngst till och med 2027-06-30.<\/h3>\n<p>Satsningen omfattar alla f\u00f6retag och organisationer inom privat sektor med kollektivavtal inom LO, Svenskt N\u00e4ringsliv och PTK och som tecknat Trygghetsf\u00f6rs\u00e4kring vid arbetsskada.<\/p>\n<h3><strong>De utbildningar som ABF \u00d6rebro erbjuder \u00e4r f\u00f6ljande:<\/strong><\/h3>\n<ul>\n<li>B\u00e4ttre arbetsmilj\u00f6 (BAM 40 tim)<\/li>\n<li>Vidareutbildning f\u00f6r skyddsombud (24 tim)<\/li>\n<li>Systematiskt arbetsmilj\u00f6arbete (SAM 16 tim)<\/li>\n<li>Organisatiorisk och social arbetsmilj\u00f6 (OSA 16 tim)<\/li>\n<\/ul>\n<p>Dessa utbildningar kan erbjudas digitalt, fysiskt och\/eller f\u00f6retagsanpassat.<\/p>\n<p>&nbsp;<\/p>\n<p><strong>Har ni behov\/\u00f6nskem\u00e5l om fler utbildningar eller utbildningar p\u00e5 andra orter h\u00f6r av er till ABF \u00d6rebro l\u00e4n. Vi har mycket erfarna handledare som kan skr\u00e4ddarsy en utbildning efter era \u00f6nskem\u00e5l.<\/strong><\/p>\n<p>&nbsp;<\/p>\n<p><strong>Vid fr\u00e5gor kontakta g\u00e4rna:<\/strong><br \/>\nAnte M\u00e4kel\u00e4<br \/>\nVerksamhetsutvecklare ABF \u00d6rebro l\u00e4n<br \/>\nandreas.makela@abf.se<br \/>\n010-203 17 03<\/p>\n\n    <\/div>\n<\/div>\n<div\n    class=\"acf-article-image-block mb-12 article-container-lg\"\n    data-block=\"article-image-block\"\n>\n<div class=\"\">\n\n        <figure>\n        \n            <picture class=\"round-corners-lg w-full\"><img decoding=\"async\" src=\"https:\/\/www.abf.se\/orebro-lan\/resized\/?url=https%3A%2F%2Fwww.abf.se%2Fwp-content%2Fuploads%2Fsites%2F63%2F2026%2F03%2Foriginal-1080x1080-u-logga-m-element__2-scaled.png&#038;fit=contain&#038;w=788&#038;s=b0cdeb3bbfe60e8fd835e731fb141387\" srcset=\"https:\/\/www.abf.se\/orebro-lan\/resized\/?url=https%3A%2F%2Fwww.abf.se%2Fwp-content%2Fuploads%2Fsites%2F63%2F2026%2F03%2Foriginal-1080x1080-u-logga-m-element__2-scaled.png&#038;fit=contain&#038;w=375&#038;h=375&#038;s=dee85c1e70464374d8aa460b6906581a 375w, https:\/\/www.abf.se\/orebro-lan\/resized\/?url=https%3A%2F%2Fwww.abf.se%2Fwp-content%2Fuploads%2Fsites%2F63%2F2026%2F03%2Foriginal-1080x1080-u-logga-m-element__2-scaled.png&#038;fit=contain&#038;w=447&#038;h=447&#038;s=6a0de2124fb298b388e255cb92339e4c 447w, https:\/\/www.abf.se\/orebro-lan\/resized\/?url=https%3A%2F%2Fwww.abf.se%2Fwp-content%2Fuploads%2Fsites%2F63%2F2026%2F03%2Foriginal-1080x1080-u-logga-m-element__2-scaled.png&#038;fit=contain&#038;w=519&#038;h=519&#038;s=88f52818394e28a5ba1153004c467c98 519w, https:\/\/www.abf.se\/orebro-lan\/resized\/?url=https%3A%2F%2Fwww.abf.se%2Fwp-content%2Fuploads%2Fsites%2F63%2F2026%2F03%2Foriginal-1080x1080-u-logga-m-element__2-scaled.png&#038;fit=contain&#038;w=591&#038;h=591&#038;s=6d736249d0ebc32a77ad8d45cbb6cd59 591w, https:\/\/www.abf.se\/orebro-lan\/resized\/?url=https%3A%2F%2Fwww.abf.se%2Fwp-content%2Fuploads%2Fsites%2F63%2F2026%2F03%2Foriginal-1080x1080-u-logga-m-element__2-scaled.png&#038;fit=contain&#038;w=663&#038;h=663&#038;s=af5e705cd24206c53f9da5d7f5adbda2 663w, https:\/\/www.abf.se\/orebro-lan\/resized\/?url=https%3A%2F%2Fwww.abf.se%2Fwp-content%2Fuploads%2Fsites%2F63%2F2026%2F03%2Foriginal-1080x1080-u-logga-m-element__2-scaled.png&#038;fit=contain&#038;w=735&#038;h=735&#038;s=83de1bb59b991672ab8c94e4b8e64b30 735w, https:\/\/www.abf.se\/orebro-lan\/resized\/?url=https%3A%2F%2Fwww.abf.se%2Fwp-content%2Fuploads%2Fsites%2F63%2F2026%2F03%2Foriginal-1080x1080-u-logga-m-element__2-scaled.png&#038;fit=contain&#038;w=750&#038;h=750&#038;s=267a961253b1b4af2011eea8127952e4 750w, https:\/\/www.abf.se\/orebro-lan\/resized\/?url=https%3A%2F%2Fwww.abf.se%2Fwp-content%2Fuploads%2Fsites%2F63%2F2026%2F03%2Foriginal-1080x1080-u-logga-m-element__2-scaled.png&#038;fit=contain&#038;w=788&#038;s=b0cdeb3bbfe60e8fd835e731fb141387 788w, https:\/\/www.abf.se\/orebro-lan\/resized\/?url=https%3A%2F%2Fwww.abf.se%2Fwp-content%2Fuploads%2Fsites%2F63%2F2026%2F03%2Foriginal-1080x1080-u-logga-m-element__2-scaled.png&#038;fit=contain&#038;w=894&#038;h=894&#038;s=972ef9503ced8de7776497b72073e362 894w, https:\/\/www.abf.se\/orebro-lan\/resized\/?url=https%3A%2F%2Fwww.abf.se%2Fwp-content%2Fuploads%2Fsites%2F63%2F2026%2F03%2Foriginal-1080x1080-u-logga-m-element__2-scaled.png&#038;fit=contain&#038;w=1038&#038;h=1038&#038;s=3c8203ef201fb90e6d0e19d72c2ccd84 1038w, https:\/\/www.abf.se\/orebro-lan\/resized\/?url=https%3A%2F%2Fwww.abf.se%2Fwp-content%2Fuploads%2Fsites%2F63%2F2026%2F03%2Foriginal-1080x1080-u-logga-m-element__2-scaled.png&#038;fit=contain&#038;w=1182&#038;h=1182&#038;s=84e0f9419be5bfbea1a0db6404d52249 1182w, https:\/\/www.abf.se\/orebro-lan\/resized\/?url=https%3A%2F%2Fwww.abf.se%2Fwp-content%2Fuploads%2Fsites%2F63%2F2026%2F03%2Foriginal-1080x1080-u-logga-m-element__2-scaled.png&#038;fit=contain&#038;w=1326&#038;h=1326&#038;s=d9ba6fec5905ed7439d92b71b9452dfd 1326w, https:\/\/www.abf.se\/orebro-lan\/resized\/?url=https%3A%2F%2Fwww.abf.se%2Fwp-content%2Fuploads%2Fsites%2F63%2F2026%2F03%2Foriginal-1080x1080-u-logga-m-element__2-scaled.png&#038;fit=contain&#038;w=1470&#038;h=1470&#038;s=f4ef4aec024a032379c2b4cde3e7e604 1470w\" alt=\"\" height=\"788\" width=\"788\" sizes=\"auto, (max-width: 768px) calc(100vw - 40px), 788px\" loading=\"lazy\" fetchpriority=\"low\" class=\"round-corners-lg w-full\" \/><\/picture>\n                        <\/figure>\n        <\/div>\n\n<\/div>\n<div\n    class=\"acf-article-image-block mb-12 article-container-lg\"\n    data-block=\"article-image-block\"\n>\n<div class=\"\">\n\n        <figure>\n        \n            <picture class=\"round-corners-lg w-full\"><img decoding=\"async\" src=\"https:\/\/www.abf.se\/orebro-lan\/resized\/?url=https%3A%2F%2Fwww.abf.se%2Fwp-content%2Fuploads%2Fsites%2F63%2F2026%2F03%2Fsamu-sigill-stampel-5-rgb.png&#038;fit=contain&#038;w=788&#038;s=752d0fcdda51c03ca1d197dbfa429a5c\" srcset=\"https:\/\/www.abf.se\/orebro-lan\/resized\/?url=https%3A%2F%2Fwww.abf.se%2Fwp-content%2Fuploads%2Fsites%2F63%2F2026%2F03%2Fsamu-sigill-stampel-5-rgb.png&#038;fit=contain&#038;w=375&#038;h=375&#038;s=b28b91e8b79c9521c934aeb64145a0f6 375w, https:\/\/www.abf.se\/orebro-lan\/resized\/?url=https%3A%2F%2Fwww.abf.se%2Fwp-content%2Fuploads%2Fsites%2F63%2F2026%2F03%2Fsamu-sigill-stampel-5-rgb.png&#038;fit=contain&#038;w=447&#038;h=447&#038;s=b76d804047c32a76b85601509e2133c1 447w, https:\/\/www.abf.se\/orebro-lan\/resized\/?url=https%3A%2F%2Fwww.abf.se%2Fwp-content%2Fuploads%2Fsites%2F63%2F2026%2F03%2Fsamu-sigill-stampel-5-rgb.png&#038;fit=contain&#038;w=519&#038;h=519&#038;s=4e08b8879772a7fae7c96fac7043eff1 519w, https:\/\/www.abf.se\/orebro-lan\/resized\/?url=https%3A%2F%2Fwww.abf.se%2Fwp-content%2Fuploads%2Fsites%2F63%2F2026%2F03%2Fsamu-sigill-stampel-5-rgb.png&#038;fit=contain&#038;w=591&#038;h=591&#038;s=4d201125c1bcf7713884ea8cbc2ef726 591w, https:\/\/www.abf.se\/orebro-lan\/resized\/?url=https%3A%2F%2Fwww.abf.se%2Fwp-content%2Fuploads%2Fsites%2F63%2F2026%2F03%2Fsamu-sigill-stampel-5-rgb.png&#038;fit=contain&#038;w=663&#038;h=663&#038;s=bcbf017a45347e9604b28f69baefa774 663w, https:\/\/www.abf.se\/orebro-lan\/resized\/?url=https%3A%2F%2Fwww.abf.se%2Fwp-content%2Fuploads%2Fsites%2F63%2F2026%2F03%2Fsamu-sigill-stampel-5-rgb.png&#038;fit=contain&#038;w=735&#038;h=735&#038;s=8b1555ab14e97dda3300357c0d0ff884 735w, https:\/\/www.abf.se\/orebro-lan\/resized\/?url=https%3A%2F%2Fwww.abf.se%2Fwp-content%2Fuploads%2Fsites%2F63%2F2026%2F03%2Fsamu-sigill-stampel-5-rgb.png&#038;fit=contain&#038;w=750&#038;h=750&#038;s=04c59e98751abe4b3f3760c38f819c59 750w, https:\/\/www.abf.se\/orebro-lan\/resized\/?url=https%3A%2F%2Fwww.abf.se%2Fwp-content%2Fuploads%2Fsites%2F63%2F2026%2F03%2Fsamu-sigill-stampel-5-rgb.png&#038;fit=contain&#038;w=788&#038;s=752d0fcdda51c03ca1d197dbfa429a5c 788w, https:\/\/www.abf.se\/orebro-lan\/resized\/?url=https%3A%2F%2Fwww.abf.se%2Fwp-content%2Fuploads%2Fsites%2F63%2F2026%2F03%2Fsamu-sigill-stampel-5-rgb.png&#038;fit=contain&#038;w=894&#038;h=894&#038;s=46e4aa0c7ae4be86377d1194c8810473 894w, https:\/\/www.abf.se\/orebro-lan\/resized\/?url=https%3A%2F%2Fwww.abf.se%2Fwp-content%2Fuploads%2Fsites%2F63%2F2026%2F03%2Fsamu-sigill-stampel-5-rgb.png&#038;fit=contain&#038;w=1038&#038;h=1038&#038;s=acfdebe4555f8d1680855c93bdca1ff4 1038w, https:\/\/www.abf.se\/orebro-lan\/resized\/?url=https%3A%2F%2Fwww.abf.se%2Fwp-content%2Fuploads%2Fsites%2F63%2F2026%2F03%2Fsamu-sigill-stampel-5-rgb.png&#038;fit=contain&#038;w=1182&#038;h=1182&#038;s=3437a3fa48404f44b28d493a7c111a42 1182w, https:\/\/www.abf.se\/orebro-lan\/resized\/?url=https%3A%2F%2Fwww.abf.se%2Fwp-content%2Fuploads%2Fsites%2F63%2F2026%2F03%2Fsamu-sigill-stampel-5-rgb.png&#038;fit=contain&#038;w=1326&#038;h=1326&#038;s=7692cb56ddc376cfa76e655f3fdd43cb 1326w, https:\/\/www.abf.se\/orebro-lan\/resized\/?url=https%3A%2F%2Fwww.abf.se%2Fwp-content%2Fuploads%2Fsites%2F63%2F2026%2F03%2Fsamu-sigill-stampel-5-rgb.png&#038;fit=contain&#038;w=1470&#038;h=1470&#038;s=6582650c4f0b7ccf947fedd796f9f573 1470w\" alt=\"\" height=\"788\" width=\"788\" sizes=\"auto, (max-width: 768px) calc(100vw - 40px), 788px\" loading=\"lazy\" fetchpriority=\"low\" class=\"round-corners-lg w-full\" \/><\/picture>\n                        <\/figure>\n        <\/div>\n\n<\/div>\n","protected":false},"excerpt":{"rendered":"","protected":false},"author":72,"featured_media":0,"parent":0,"menu_order":0,"comment_status":"closed","ping_status":"closed","template":"","meta":{"_acf_changed":false,"footnotes":""},"class_list":["post-576","page","type-page","status-publish","hentry"],"acf":[],"yoast_head":"<!-- This site is optimized with the Yoast SEO plugin v27.0 - https:\/\/yoast.com\/product\/yoast-seo-wordpress\/ -->\n<title>Godk\u00e4nd utbildare inom arbetsmilj\u00f6 - \u00d6rebro l\u00e4n<\/title>\n<meta name=\"description\" content=\"ABF \u00d6rebro l\u00e4n \u00e4r godk\u00e4nd utbildare inom arbetsmilj\u00f6. Detta tack vare satsningen som LO, Svenskt N\u00e4ringsliv och PTK st\u00e5r bakom.\" \/>\n<meta name=\"robots\" content=\"index, follow, max-snippet:-1, max-image-preview:large, max-video-preview:-1\" \/>\n<link rel=\"canonical\" href=\"https:\/\/www.abf.se\/orebro-lan\/godkand-utbildare-inom-arbetsmiljo\/\" \/>\n<meta property=\"og:locale\" content=\"sv_SE\" \/>\n<meta property=\"og:type\" content=\"article\" \/>\n<meta property=\"og:title\" content=\"Godk\u00e4nd utbildare inom arbetsmilj\u00f6 - \u00d6rebro l\u00e4n\" \/>\n<meta property=\"og:description\" content=\"ABF \u00d6rebro l\u00e4n \u00e4r godk\u00e4nd utbildare inom arbetsmilj\u00f6. Detta tack vare satsningen som LO, Svenskt N\u00e4ringsliv och PTK st\u00e5r bakom.\" \/>\n<meta property=\"og:url\" content=\"https:\/\/www.abf.se\/orebro-lan\/godkand-utbildare-inom-arbetsmiljo\/\" \/>\n<meta property=\"og:site_name\" content=\"\u00d6rebro l\u00e4n\" \/>\n<meta property=\"article:modified_time\" content=\"2026-03-23T10:06:37+00:00\" \/>\n<meta property=\"og:image\" content=\"https:\/\/www.abf.se\/wp-content\/uploads\/sites\/63\/2024\/04\/Nyckeln-liggande-scaled.jpg\" \/>\n\t<meta property=\"og:image:width\" content=\"2560\" \/>\n\t<meta property=\"og:image:height\" content=\"1440\" \/>\n\t<meta property=\"og:image:type\" content=\"image\/jpeg\" \/>\n<meta name=\"twitter:card\" content=\"summary_large_image\" \/>\n<script type=\"application\/ld+json\" class=\"yoast-schema-graph\">{\"@context\":\"https:\/\/schema.org\",\"@graph\":[{\"@type\":\"WebPage\",\"@id\":\"https:\/\/www.abf.se\/orebro-lan\/godkand-utbildare-inom-arbetsmiljo\/\",\"url\":\"https:\/\/www.abf.se\/orebro-lan\/godkand-utbildare-inom-arbetsmiljo\/\",\"name\":\"Godk\u00e4nd utbildare inom arbetsmilj\u00f6 - \u00d6rebro l\u00e4n\",\"isPartOf\":{\"@id\":\"https:\/\/www.abf.se\/orebro-lan\/#website\"},\"datePublished\":\"2024-03-20T14:36:12+00:00\",\"dateModified\":\"2026-03-23T10:06:37+00:00\",\"description\":\"ABF \u00d6rebro l\u00e4n \u00e4r godk\u00e4nd utbildare inom arbetsmilj\u00f6. Detta tack vare satsningen som LO, Svenskt N\u00e4ringsliv och PTK st\u00e5r bakom.\",\"breadcrumb\":{\"@id\":\"https:\/\/www.abf.se\/orebro-lan\/godkand-utbildare-inom-arbetsmiljo\/#breadcrumb\"},\"inLanguage\":\"sv-SE\",\"potentialAction\":[{\"@type\":\"ReadAction\",\"target\":[\"https:\/\/www.abf.se\/orebro-lan\/godkand-utbildare-inom-arbetsmiljo\/\"]}]},{\"@type\":\"BreadcrumbList\",\"@id\":\"https:\/\/www.abf.se\/orebro-lan\/godkand-utbildare-inom-arbetsmiljo\/#breadcrumb\",\"itemListElement\":[{\"@type\":\"ListItem\",\"position\":1,\"name\":\"Home\",\"item\":\"https:\/\/www.abf.se\/orebro-lan\/\"},{\"@type\":\"ListItem\",\"position\":2,\"name\":\"Godk\u00e4nd utbildare inom arbetsmilj\u00f6\"}]},{\"@type\":\"WebSite\",\"@id\":\"https:\/\/www.abf.se\/orebro-lan\/#website\",\"url\":\"https:\/\/www.abf.se\/orebro-lan\/\",\"name\":\"\u00d6rebro l\u00e4n\",\"description\":\"\",\"potentialAction\":[{\"@type\":\"SearchAction\",\"target\":{\"@type\":\"EntryPoint\",\"urlTemplate\":\"https:\/\/www.abf.se\/orebro-lan\/?s={search_term_string}\"},\"query-input\":{\"@type\":\"PropertyValueSpecification\",\"valueRequired\":true,\"valueName\":\"search_term_string\"}}],\"inLanguage\":\"sv-SE\"}]}<\/script>\n<!-- \/ Yoast SEO plugin. -->","yoast_head_json":{"title":"Godk\u00e4nd utbildare inom arbetsmilj\u00f6 - \u00d6rebro l\u00e4n","description":"ABF \u00d6rebro l\u00e4n \u00e4r godk\u00e4nd utbildare inom arbetsmilj\u00f6. Detta tack vare satsningen som LO, Svenskt N\u00e4ringsliv och PTK st\u00e5r bakom.","robots":{"index":"index","follow":"follow","max-snippet":"max-snippet:-1","max-image-preview":"max-image-preview:large","max-video-preview":"max-video-preview:-1"},"canonical":"https:\/\/www.abf.se\/orebro-lan\/godkand-utbildare-inom-arbetsmiljo\/","og_locale":"sv_SE","og_type":"article","og_title":"Godk\u00e4nd utbildare inom arbetsmilj\u00f6 - \u00d6rebro l\u00e4n","og_description":"ABF \u00d6rebro l\u00e4n \u00e4r godk\u00e4nd utbildare inom arbetsmilj\u00f6. Detta tack vare satsningen som LO, Svenskt N\u00e4ringsliv och PTK st\u00e5r bakom.","og_url":"https:\/\/www.abf.se\/orebro-lan\/godkand-utbildare-inom-arbetsmiljo\/","og_site_name":"\u00d6rebro l\u00e4n","article_modified_time":"2026-03-23T10:06:37+00:00","og_image":[{"width":2560,"height":1440,"url":"https:\/\/www.abf.se\/wp-content\/uploads\/sites\/63\/2024\/04\/Nyckeln-liggande-scaled.jpg","type":"image\/jpeg"}],"twitter_card":"summary_large_image","schema":{"@context":"https:\/\/schema.org","@graph":[{"@type":"WebPage","@id":"https:\/\/www.abf.se\/orebro-lan\/godkand-utbildare-inom-arbetsmiljo\/","url":"https:\/\/www.abf.se\/orebro-lan\/godkand-utbildare-inom-arbetsmiljo\/","name":"Godk\u00e4nd utbildare inom arbetsmilj\u00f6 - \u00d6rebro l\u00e4n","isPartOf":{"@id":"https:\/\/www.abf.se\/orebro-lan\/#website"},"datePublished":"2024-03-20T14:36:12+00:00","dateModified":"2026-03-23T10:06:37+00:00","description":"ABF \u00d6rebro l\u00e4n \u00e4r godk\u00e4nd utbildare inom arbetsmilj\u00f6. Detta tack vare satsningen som LO, Svenskt N\u00e4ringsliv och PTK st\u00e5r bakom.","breadcrumb":{"@id":"https:\/\/www.abf.se\/orebro-lan\/godkand-utbildare-inom-arbetsmiljo\/#breadcrumb"},"inLanguage":"sv-SE","potentialAction":[{"@type":"ReadAction","target":["https:\/\/www.abf.se\/orebro-lan\/godkand-utbildare-inom-arbetsmiljo\/"]}]},{"@type":"BreadcrumbList","@id":"https:\/\/www.abf.se\/orebro-lan\/godkand-utbildare-inom-arbetsmiljo\/#breadcrumb","itemListElement":[{"@type":"ListItem","position":1,"name":"Home","item":"https:\/\/www.abf.se\/orebro-lan\/"},{"@type":"ListItem","position":2,"name":"Godk\u00e4nd utbildare inom arbetsmilj\u00f6"}]},{"@type":"WebSite","@id":"https:\/\/www.abf.se\/orebro-lan\/#website","url":"https:\/\/www.abf.se\/orebro-lan\/","name":"\u00d6rebro l\u00e4n","description":"","potentialAction":[{"@type":"SearchAction","target":{"@type":"EntryPoint","urlTemplate":"https:\/\/www.abf.se\/orebro-lan\/?s={search_term_string}"},"query-input":{"@type":"PropertyValueSpecification","valueRequired":true,"valueName":"search_term_string"}}],"inLanguage":"sv-SE"}]}},"_links":{"self":[{"href":"https:\/\/www.abf.se\/orebro-lan\/wp-json\/wp\/v2\/pages\/576","targetHints":{"allow":["GET"]}}],"collection":[{"href":"https:\/\/www.abf.se\/orebro-lan\/wp-json\/wp\/v2\/pages"}],"about":[{"href":"https:\/\/www.abf.se\/orebro-lan\/wp-json\/wp\/v2\/types\/page"}],"author":[{"embeddable":true,"href":"https:\/\/www.abf.se\/orebro-lan\/wp-json\/wp\/v2\/users\/72"}],"replies":[{"embeddable":true,"href":"https:\/\/www.abf.se\/orebro-lan\/wp-json\/wp\/v2\/comments?post=576"}],"version-history":[{"count":27,"href":"https:\/\/www.abf.se\/orebro-lan\/wp-json\/wp\/v2\/pages\/576\/revisions"}],"predecessor-version":[{"id":2312,"href":"https:\/\/www.abf.se\/orebro-lan\/wp-json\/wp\/v2\/pages\/576\/revisions\/2312"}],"wp:attachment":[{"href":"https:\/\/www.abf.se\/orebro-lan\/wp-json\/wp\/v2\/media?parent=576"}],"curies":[{"name":"wp","href":"https:\/\/api.w.org\/{rel}","templated":true}]}}