{"id":638,"date":"2024-03-21T13:18:54","date_gmt":"2024-03-21T12:18:54","guid":{"rendered":"https:\/\/www.abf.se\/orebro-lan\/?page_id=638"},"modified":"2026-01-19T10:50:24","modified_gmt":"2026-01-19T09:50:24","slug":"om-abf-orebro-lan","status":"publish","type":"page","link":"https:\/\/www.abf.se\/orebro-lan\/om-abf-orebro-lan\/","title":{"rendered":"Om oss"},"content":{"rendered":"<div\n    class=\"acf-hero-block container-lg no-padding mb-12 js-geolocation\"\n    data-block=\"hero-block\"\n    data-index=\"0\"\n>\n    <div class=\"h-[548px]  relative rounded-[32px] overflow-hidden flex bg-gray-light\">\n        <div class=\"relative z-10 mt-auto h-auto w-full md:h-full\">\n            <div class=\"flex w-full h-full flex-col flex-wrap justify-end w-full md:w-7\/12 lg:w-1\/2 md:justify-center\">\n                <div class=\"flex flex-col gap-3 md:gap-[18px] md:transparent pt-16 pb-36 md:py-8 px-4 w-full md:max-w-[620px] mx-auto px-8\">\n\n                    <h1 class=\"hero-heading hero-heading--red-text\"><span>Om oss<\/span><\/h1>\n\n                    \n                                    <\/div>\n            <\/div>\n        <\/div>\n\n                    <picture class=\"as-background-image mix-blend-multiply bg-black\/40\"><img decoding=\"async\" src=\"https:\/\/www.abf.se\/orebro-lan\/resized\/?url=https%3A%2F%2Fwww.abf.se%2Fwp-content%2Fuploads%2Fsites%2F63%2F2024%2F03%2F1.jpg&#038;fit=crop&#038;w=1440&#038;s=6446f5516071d22bb8e4653c2673a862\" srcset=\"https:\/\/www.abf.se\/orebro-lan\/resized\/?url=https%3A%2F%2Fwww.abf.se%2Fwp-content%2Fuploads%2Fsites%2F63%2F2024%2F03%2F1.jpg&#038;fit=crop&#038;w=375&#038;h=540&#038;s=9a8241746cd041c0f9f99aa527418bef 375w, https:\/\/www.abf.se\/orebro-lan\/resized\/?url=https%3A%2F%2Fwww.abf.se%2Fwp-content%2Fuploads%2Fsites%2F63%2F2024%2F03%2F1.jpg&#038;fit=crop&#038;w=447&#038;h=540&#038;s=490735324fe9ac407b9ce7e913bbc945 447w, https:\/\/www.abf.se\/orebro-lan\/resized\/?url=https%3A%2F%2Fwww.abf.se%2Fwp-content%2Fuploads%2Fsites%2F63%2F2024%2F03%2F1.jpg&#038;fit=crop&#038;w=519&#038;h=540&#038;s=530943aba08affda272c565c5e8135e4 519w, https:\/\/www.abf.se\/orebro-lan\/resized\/?url=https%3A%2F%2Fwww.abf.se%2Fwp-content%2Fuploads%2Fsites%2F63%2F2024%2F03%2F1.jpg&#038;fit=crop&#038;w=591&#038;h=540&#038;s=df751cc233339814a5c3f1d89d768e1f 591w, https:\/\/www.abf.se\/orebro-lan\/resized\/?url=https%3A%2F%2Fwww.abf.se%2Fwp-content%2Fuploads%2Fsites%2F63%2F2024%2F03%2F1.jpg&#038;fit=crop&#038;w=663&#038;h=540&#038;s=fb37172f33c8ada01495358f6863dfbc 663w, https:\/\/www.abf.se\/orebro-lan\/resized\/?url=https%3A%2F%2Fwww.abf.se%2Fwp-content%2Fuploads%2Fsites%2F63%2F2024%2F03%2F1.jpg&#038;fit=crop&#038;w=750&#038;h=540&#038;s=860ccb61773cf7de2d536928e0ac1a79 750w, https:\/\/www.abf.se\/orebro-lan\/resized\/?url=https%3A%2F%2Fwww.abf.se%2Fwp-content%2Fuploads%2Fsites%2F63%2F2024%2F03%2F1.jpg&#038;fit=crop&#038;w=894&#038;h=540&#038;s=da92b5cef048ab86298302b020150acf 894w, https:\/\/www.abf.se\/orebro-lan\/resized\/?url=https%3A%2F%2Fwww.abf.se%2Fwp-content%2Fuploads%2Fsites%2F63%2F2024%2F03%2F1.jpg&#038;fit=crop&#038;w=1038&#038;h=540&#038;s=065bccd5dc90c6a5b140c6b01f11d0b8 1038w, https:\/\/www.abf.se\/orebro-lan\/resized\/?url=https%3A%2F%2Fwww.abf.se%2Fwp-content%2Fuploads%2Fsites%2F63%2F2024%2F03%2F1.jpg&#038;fit=crop&#038;w=1182&#038;h=540&#038;s=3460ce1a90c288b2ba13bb7d7a454006 1182w, https:\/\/www.abf.se\/orebro-lan\/resized\/?url=https%3A%2F%2Fwww.abf.se%2Fwp-content%2Fuploads%2Fsites%2F63%2F2024%2F03%2F1.jpg&#038;fit=crop&#038;w=1326&#038;h=540&#038;s=d05ad10c70aef08f41df921f7d82a87a 1326w, https:\/\/www.abf.se\/orebro-lan\/resized\/?url=https%3A%2F%2Fwww.abf.se%2Fwp-content%2Fuploads%2Fsites%2F63%2F2024%2F03%2F1.jpg&#038;fit=crop&#038;w=1440&#038;h=540&#038;s=43fa0d37d3aec8dac9a2badacbdbb2df 1440w\" alt=\"\" height=\"540\" width=\"1440\" sizes=\"(max-width: 1440px) calc(100vw - 32px), 1440px\" loading=\"eager\" fetchpriority=\"high\" aria-hidden=\"true\" role=\"presentation\" \/><\/picture>\n        \n\n            <\/div>\n\n    <\/div>\n\n<div\n    class=\"acf-plain-heading-block container my-16\"\n    data-block=\"plain-heading-block\"\n>\n    <div class=\"max-w-[658px] mx-auto\">\n                <h1 class=\"hero-heading\"><span>ABF \u00d6rebro l\u00e4n<\/span><\/h1>\n                            <p class=\"mt-8 body-xl text-black\">\n                Vi \u00e4r en del av Sveriges st\u00f6rsta studief\u00f6rbund, ABF, vars \u00f6vergripande m\u00e5l \u00e4r att fr\u00e4mja folkbildning och livsl\u00e5ngt l\u00e4rande. ABF fokuserar p\u00e5 att ge m\u00e4nniskor verktyg f\u00f6r personlig utveckling och samh\u00e4llsengagemang genom utbildning och kulturaktiviteter. I linje med folkbildningens traditionella principer och v\u00e4rdegrund str\u00e4var ABF \u00d6rebro l\u00e4n efter att vara \u00f6ppen f\u00f6r alla, oavsett bakgrund eller tidigare erfarenheter. Hos oss kan du ta del av f\u00f6rel\u00e4sningar och kulturarrangemang samt delta i studiecirklar och kurser inom en m\u00e4ngd \u00e4mnen. Dessutom kan du f\u00e5 hj\u00e4lp med ditt f\u00f6reningsarbete i form av olika funktionsutbildningar som vi erbjuder v\u00e5ra medlemsf\u00f6reningar. ABF \u00d6rebro l\u00e4n har \u00f6ver 100 medlemsf\u00f6reningar som vi samarbetar med och ger st\u00f6d \u00e5t i deras folkbildande arbete.\n            <\/p>\n            <\/div>\n<\/div>\n<div\n    class=\"acf-article-text-block article-container my-12\"\n    data-block=\"article-text-block\"\n>\n    <div class=\"wysiwyg\">\n        <h3><strong>Det h\u00e4r kan du g\u00f6ra hos ABF \u00d6rebro l\u00e4n<\/strong><\/h3>\n<ul>\n<li>Delta i en studiecirkel eller kurs<\/li>\n<li>G\u00e5 p\u00e5 en f\u00f6rel\u00e4sning eller ett kulturevenemang<\/li>\n<li>Starta en egen studiecirkel<\/li>\n<li>Utbilda dig till cirkelledare<\/li>\n<li>Utveckla din f\u00f6rening eller studiegrupp<\/li>\n<li>Arrangera folkbildande aktiviteter<\/li>\n<\/ul>\n<p>Tack vare v\u00e5r breda och varierade verksamhet bidrar ABF \u00d6rebro l\u00e4n till att individer v\u00e4xer, f\u00e5r verktyg att p\u00e5verka sin situation och det samh\u00e4lle de lever i, samt fr\u00e4mjar en kultur av livsl\u00e5ngt l\u00e4rande och samh\u00e4llsengagemang. Folkbildningens grundl\u00e4ggande principer och v\u00e4rden \u00e5terspeglas i varje aspekt av verksamheten, med m\u00e5let att skapa ett mer \u00f6ppet, j\u00e4mlikt och demokratiskt samh\u00e4lle.<\/p>\n\n    <\/div>\n<\/div>\n<div\n    class=\"acf-article-cta-link-block article-container my-8\"\n    data-block=\"article-cta-link-block\"\n>\n<div>\n    <a class=\"inline-flex flex-row items-center gap-4 text-link underline text-red-dark\"\n        href=\"https:\/\/www.abf.se\/orebro-lan\/samarbeta-med-oss\/\"\n            >\n        <span class=\"\">\n        Samarbeta med oss\n        <\/span>\n        <figure aria-hidden=\"true\" class=\"rounded-full bg-red-dark w-8 h-8 p-1 text-white\">\n            <svg width=\"20\" height=\"20\" viewBox=\"0 0 20 20\" fill=\"none\" class=\"SvgIconElement\">\n<path d=\"M4.16659 10L15.8333 10\" stroke=\"currentColor\"\/>\n<path d=\"M9.99992 4.1665L15.8333 9.99984L9.99992 15.8332\" stroke=\"currentColor\"\/>\n<\/svg>\n        <\/figure>\n    <\/a>\n<\/div>\n<\/div>\n<div\n    class=\"acf-article-cta-link-block article-container my-8\"\n    data-block=\"article-cta-link-block\"\n>\n<div>\n    <a class=\"inline-flex flex-row items-center gap-4 text-link underline text-red-dark\"\n        href=\"https:\/\/www.abf.se\/orebro-lan\/samarbeta-med-abf\/bli-cirkelledare\/\"\n            >\n        <span class=\"\">\n        Bli cirkelledare\n        <\/span>\n        <figure aria-hidden=\"true\" class=\"rounded-full bg-red-dark w-8 h-8 p-1 text-white\">\n            <svg width=\"20\" height=\"20\" viewBox=\"0 0 20 20\" fill=\"none\" class=\"SvgIconElement\">\n<path d=\"M4.16659 10L15.8333 10\" stroke=\"currentColor\"\/>\n<path d=\"M9.99992 4.1665L15.8333 9.99984L9.99992 15.8332\" stroke=\"currentColor\"\/>\n<\/svg>\n        <\/figure>\n    <\/a>\n<\/div>\n<\/div>\n<div\n    class=\"acf-article-cta-link-block article-container my-8\"\n    data-block=\"article-cta-link-block\"\n>\n<div>\n    <a class=\"inline-flex flex-row items-center gap-4 text-link underline text-red-dark\"\n        href=\"https:\/\/www.abf.se\/orebro-lan\/var-verksamhet\/\"\n            >\n        <span class=\"\">\n        V\u00e5r verksamhet\n        <\/span>\n        <figure aria-hidden=\"true\" class=\"rounded-full bg-red-dark w-8 h-8 p-1 text-white\">\n            <svg width=\"20\" height=\"20\" viewBox=\"0 0 20 20\" fill=\"none\" class=\"SvgIconElement\">\n<path d=\"M4.16659 10L15.8333 10\" stroke=\"currentColor\"\/>\n<path d=\"M9.99992 4.1665L15.8333 9.99984L9.99992 15.8332\" stroke=\"currentColor\"\/>\n<\/svg>\n        <\/figure>\n    <\/a>\n<\/div>\n<\/div>\n<div\n    class=\"acf-article-cta-link-block article-container my-8\"\n    data-block=\"article-cta-link-block\"\n>\n<div>\n    <a class=\"inline-flex flex-row items-center gap-4 text-link underline text-red-dark\"\n        href=\"https:\/\/www.abf.se\/orebro-lan\/om-abf-orebro-lan\/abf-orebro-lans-kvalitetsarbete\/\"\n            >\n        <span class=\"\">\n        ABF \u00d6rebro l\u00e4ns kvalitetsarbete\n        <\/span>\n        <figure aria-hidden=\"true\" class=\"rounded-full bg-red-dark w-8 h-8 p-1 text-white\">\n            <svg width=\"20\" height=\"20\" viewBox=\"0 0 20 20\" fill=\"none\" class=\"SvgIconElement\">\n<path d=\"M4.16659 10L15.8333 10\" stroke=\"currentColor\"\/>\n<path d=\"M9.99992 4.1665L15.8333 9.99984L9.99992 15.8332\" stroke=\"currentColor\"\/>\n<\/svg>\n        <\/figure>\n    <\/a>\n<\/div>\n<\/div>\n<div\n    class=\"acf-article-text-block article-container my-12\"\n    data-block=\"article-text-block\"\n>\n    <div class=\"wysiwyg\">\n        <h2><strong>F\u00f6lj oss p\u00e5 sociala medier!<\/strong><\/h2>\n\n    <\/div>\n<\/div>\n<div\n    class=\"acf-article-cta-link-block article-container my-8\"\n    data-block=\"article-cta-link-block\"\n>\n<div>\n    <a class=\"inline-flex flex-row items-center gap-4 text-link underline text-red-dark\"\n        href=\"https:\/\/www.facebook.com\/ABF.Orebro.lan\/?locale=sv_SE\"\n            >\n        <span class=\"\">\n        Facebook\n        <\/span>\n        <figure aria-hidden=\"true\" class=\"rounded-full bg-red-dark w-8 h-8 p-1 text-white\">\n            <svg width=\"20\" height=\"20\" viewBox=\"0 0 20 20\" fill=\"none\" class=\"SvgIconElement\">\n<path d=\"M4.16659 10L15.8333 10\" stroke=\"currentColor\"\/>\n<path d=\"M9.99992 4.1665L15.8333 9.99984L9.99992 15.8332\" stroke=\"currentColor\"\/>\n<\/svg>\n        <\/figure>\n    <\/a>\n<\/div>\n<\/div>\n<div\n    class=\"acf-article-cta-link-block article-container my-8\"\n    data-block=\"article-cta-link-block\"\n>\n<div>\n    <a class=\"inline-flex flex-row items-center gap-4 text-link underline text-red-dark\"\n        href=\"https:\/\/www.instagram.com\/abforebrolan\/\"\n            >\n        <span class=\"\">\n        Instagram\n        <\/span>\n        <figure aria-hidden=\"true\" class=\"rounded-full bg-red-dark w-8 h-8 p-1 text-white\">\n            <svg width=\"20\" height=\"20\" viewBox=\"0 0 20 20\" fill=\"none\" class=\"SvgIconElement\">\n<path d=\"M4.16659 10L15.8333 10\" stroke=\"currentColor\"\/>\n<path d=\"M9.99992 4.1665L15.8333 9.99984L9.99992 15.8332\" stroke=\"currentColor\"\/>\n<\/svg>\n        <\/figure>\n    <\/a>\n<\/div>\n<\/div>\n","protected":false},"excerpt":{"rendered":"","protected":false},"author":72,"featured_media":0,"parent":0,"menu_order":0,"comment_status":"closed","ping_status":"closed","template":"","meta":{"_acf_changed":false,"footnotes":""},"class_list":["post-638","page","type-page","status-publish","hentry"],"acf":[],"yoast_head":"<!-- This site is optimized with the Yoast SEO plugin v27.0 - https:\/\/yoast.com\/product\/yoast-seo-wordpress\/ -->\n<title>Om ABF \u00d6rebro l\u00e4n<\/title>\n<meta name=\"description\" content=\"ABF \u00d6rebro l\u00e4n \u00e4r en del av Sveriges st\u00f6rsta studief\u00f6rbund, ABF, vars \u00f6vergripande m\u00e5l \u00e4r att fr\u00e4mja folkbildning och livsl\u00e5ngt l\u00e4rande.\" \/>\n<meta name=\"robots\" content=\"index, follow, max-snippet:-1, max-image-preview:large, max-video-preview:-1\" \/>\n<link rel=\"canonical\" href=\"https:\/\/www.abf.se\/orebro-lan\/om-abf-orebro-lan\/\" \/>\n<meta property=\"og:locale\" content=\"sv_SE\" \/>\n<meta property=\"og:type\" content=\"article\" \/>\n<meta property=\"og:title\" content=\"Om ABF \u00d6rebro l\u00e4n\" \/>\n<meta property=\"og:description\" content=\"ABF \u00d6rebro l\u00e4n \u00e4r en del av Sveriges st\u00f6rsta studief\u00f6rbund, ABF, vars \u00f6vergripande m\u00e5l \u00e4r att fr\u00e4mja folkbildning och livsl\u00e5ngt l\u00e4rande.\" \/>\n<meta property=\"og:url\" content=\"https:\/\/www.abf.se\/orebro-lan\/om-abf-orebro-lan\/\" \/>\n<meta property=\"og:site_name\" content=\"\u00d6rebro l\u00e4n\" \/>\n<meta property=\"article:modified_time\" content=\"2026-01-19T09:50:24+00:00\" \/>\n<meta property=\"og:image\" content=\"https:\/\/www.abf.se\/wp-content\/uploads\/sites\/63\/2024\/04\/Nyckeln-liggande-scaled.jpg\" \/>\n\t<meta property=\"og:image:width\" content=\"2560\" \/>\n\t<meta property=\"og:image:height\" content=\"1440\" \/>\n\t<meta property=\"og:image:type\" content=\"image\/jpeg\" \/>\n<meta name=\"twitter:card\" content=\"summary_large_image\" \/>\n<script type=\"application\/ld+json\" class=\"yoast-schema-graph\">{\"@context\":\"https:\/\/schema.org\",\"@graph\":[{\"@type\":\"WebPage\",\"@id\":\"https:\/\/www.abf.se\/orebro-lan\/om-abf-orebro-lan\/\",\"url\":\"https:\/\/www.abf.se\/orebro-lan\/om-abf-orebro-lan\/\",\"name\":\"Om ABF \u00d6rebro l\u00e4n\",\"isPartOf\":{\"@id\":\"https:\/\/www.abf.se\/orebro-lan\/#website\"},\"datePublished\":\"2024-03-21T12:18:54+00:00\",\"dateModified\":\"2026-01-19T09:50:24+00:00\",\"description\":\"ABF \u00d6rebro l\u00e4n \u00e4r en del av Sveriges st\u00f6rsta studief\u00f6rbund, ABF, vars \u00f6vergripande m\u00e5l \u00e4r att fr\u00e4mja folkbildning och livsl\u00e5ngt l\u00e4rande.\",\"breadcrumb\":{\"@id\":\"https:\/\/www.abf.se\/orebro-lan\/om-abf-orebro-lan\/#breadcrumb\"},\"inLanguage\":\"sv-SE\",\"potentialAction\":[{\"@type\":\"ReadAction\",\"target\":[\"https:\/\/www.abf.se\/orebro-lan\/om-abf-orebro-lan\/\"]}]},{\"@type\":\"BreadcrumbList\",\"@id\":\"https:\/\/www.abf.se\/orebro-lan\/om-abf-orebro-lan\/#breadcrumb\",\"itemListElement\":[{\"@type\":\"ListItem\",\"position\":1,\"name\":\"Home\",\"item\":\"https:\/\/www.abf.se\/orebro-lan\/\"},{\"@type\":\"ListItem\",\"position\":2,\"name\":\"Om oss\"}]},{\"@type\":\"WebSite\",\"@id\":\"https:\/\/www.abf.se\/orebro-lan\/#website\",\"url\":\"https:\/\/www.abf.se\/orebro-lan\/\",\"name\":\"\u00d6rebro l\u00e4n\",\"description\":\"\",\"potentialAction\":[{\"@type\":\"SearchAction\",\"target\":{\"@type\":\"EntryPoint\",\"urlTemplate\":\"https:\/\/www.abf.se\/orebro-lan\/?s={search_term_string}\"},\"query-input\":{\"@type\":\"PropertyValueSpecification\",\"valueRequired\":true,\"valueName\":\"search_term_string\"}}],\"inLanguage\":\"sv-SE\"}]}<\/script>\n<!-- \/ Yoast SEO plugin. -->","yoast_head_json":{"title":"Om ABF \u00d6rebro l\u00e4n","description":"ABF \u00d6rebro l\u00e4n \u00e4r en del av Sveriges st\u00f6rsta studief\u00f6rbund, ABF, vars \u00f6vergripande m\u00e5l \u00e4r att fr\u00e4mja folkbildning och livsl\u00e5ngt l\u00e4rande.","robots":{"index":"index","follow":"follow","max-snippet":"max-snippet:-1","max-image-preview":"max-image-preview:large","max-video-preview":"max-video-preview:-1"},"canonical":"https:\/\/www.abf.se\/orebro-lan\/om-abf-orebro-lan\/","og_locale":"sv_SE","og_type":"article","og_title":"Om ABF \u00d6rebro l\u00e4n","og_description":"ABF \u00d6rebro l\u00e4n \u00e4r en del av Sveriges st\u00f6rsta studief\u00f6rbund, ABF, vars \u00f6vergripande m\u00e5l \u00e4r att fr\u00e4mja folkbildning och livsl\u00e5ngt l\u00e4rande.","og_url":"https:\/\/www.abf.se\/orebro-lan\/om-abf-orebro-lan\/","og_site_name":"\u00d6rebro l\u00e4n","article_modified_time":"2026-01-19T09:50:24+00:00","og_image":[{"width":2560,"height":1440,"url":"https:\/\/www.abf.se\/wp-content\/uploads\/sites\/63\/2024\/04\/Nyckeln-liggande-scaled.jpg","type":"image\/jpeg"}],"twitter_card":"summary_large_image","schema":{"@context":"https:\/\/schema.org","@graph":[{"@type":"WebPage","@id":"https:\/\/www.abf.se\/orebro-lan\/om-abf-orebro-lan\/","url":"https:\/\/www.abf.se\/orebro-lan\/om-abf-orebro-lan\/","name":"Om ABF \u00d6rebro l\u00e4n","isPartOf":{"@id":"https:\/\/www.abf.se\/orebro-lan\/#website"},"datePublished":"2024-03-21T12:18:54+00:00","dateModified":"2026-01-19T09:50:24+00:00","description":"ABF \u00d6rebro l\u00e4n \u00e4r en del av Sveriges st\u00f6rsta studief\u00f6rbund, ABF, vars \u00f6vergripande m\u00e5l \u00e4r att fr\u00e4mja folkbildning och livsl\u00e5ngt l\u00e4rande.","breadcrumb":{"@id":"https:\/\/www.abf.se\/orebro-lan\/om-abf-orebro-lan\/#breadcrumb"},"inLanguage":"sv-SE","potentialAction":[{"@type":"ReadAction","target":["https:\/\/www.abf.se\/orebro-lan\/om-abf-orebro-lan\/"]}]},{"@type":"BreadcrumbList","@id":"https:\/\/www.abf.se\/orebro-lan\/om-abf-orebro-lan\/#breadcrumb","itemListElement":[{"@type":"ListItem","position":1,"name":"Home","item":"https:\/\/www.abf.se\/orebro-lan\/"},{"@type":"ListItem","position":2,"name":"Om oss"}]},{"@type":"WebSite","@id":"https:\/\/www.abf.se\/orebro-lan\/#website","url":"https:\/\/www.abf.se\/orebro-lan\/","name":"\u00d6rebro l\u00e4n","description":"","potentialAction":[{"@type":"SearchAction","target":{"@type":"EntryPoint","urlTemplate":"https:\/\/www.abf.se\/orebro-lan\/?s={search_term_string}"},"query-input":{"@type":"PropertyValueSpecification","valueRequired":true,"valueName":"search_term_string"}}],"inLanguage":"sv-SE"}]}},"_links":{"self":[{"href":"https:\/\/www.abf.se\/orebro-lan\/wp-json\/wp\/v2\/pages\/638","targetHints":{"allow":["GET"]}}],"collection":[{"href":"https:\/\/www.abf.se\/orebro-lan\/wp-json\/wp\/v2\/pages"}],"about":[{"href":"https:\/\/www.abf.se\/orebro-lan\/wp-json\/wp\/v2\/types\/page"}],"author":[{"embeddable":true,"href":"https:\/\/www.abf.se\/orebro-lan\/wp-json\/wp\/v2\/users\/72"}],"replies":[{"embeddable":true,"href":"https:\/\/www.abf.se\/orebro-lan\/wp-json\/wp\/v2\/comments?post=638"}],"version-history":[{"count":25,"href":"https:\/\/www.abf.se\/orebro-lan\/wp-json\/wp\/v2\/pages\/638\/revisions"}],"predecessor-version":[{"id":2239,"href":"https:\/\/www.abf.se\/orebro-lan\/wp-json\/wp\/v2\/pages\/638\/revisions\/2239"}],"wp:attachment":[{"href":"https:\/\/www.abf.se\/orebro-lan\/wp-json\/wp\/v2\/media?parent=638"}],"curies":[{"name":"wp","href":"https:\/\/api.w.org\/{rel}","templated":true}]}}