{"id":1611,"date":"2024-11-19T10:59:15","date_gmt":"2024-11-19T09:59:15","guid":{"rendered":"https:\/\/www.abf.se\/ostergotland\/?page_id=1611"},"modified":"2024-11-19T11:01:18","modified_gmt":"2024-11-19T10:01:18","slug":"1611-2","status":"publish","type":"page","link":"https:\/\/www.abf.se\/ostergotland\/1611-2\/","title":{"rendered":"Portalen"},"content":{"rendered":"<div\n    class=\"acf-hero-block container-lg no-padding mb-12 js-geolocation\"\n    data-block=\"hero-block\"\n    data-index=\"0\"\n>\n    <div class=\"h-[548px]  relative rounded-[32px] overflow-hidden flex bg-gray-light\">\n        <div class=\"relative z-10 mt-auto h-auto w-full md:h-full\">\n            <div class=\"flex w-full h-full flex-col flex-wrap justify-end w-full md:w-7\/12 lg:w-1\/2 md:justify-center\">\n                <div class=\"flex flex-col gap-3 md:gap-[18px] md:transparent pt-16 pb-36 md:py-8 px-4 w-full md:max-w-[620px] mx-auto px-8\">\n\n                    <h1 class=\"hero-heading hero-heading--red-text\"><span>Portalen<\/span><\/h1>\n\n                                            <p class=\"mt-4 max-w-[48ch] text-white\">\n                            Portalen \u00e4r en m\u00f6tesplats som syftar till att f\u00e5 ut fler m\u00e4nniskor i egen f\u00f6rs\u00f6rjning. Portalen finns idag i tv\u00e5 stadsdelar i Norrk\u00f6ping: Ringdansen och Hageby. Vi riktar oss till m\u00e4nniskor som bor i dessa stadsdelar och vill skaffa ett jobb. V\u00e5r verksamhet anpassar sedan aktiviteter efter deltagarens behov.\n                        <\/p>\n                    \n                                    <\/div>\n            <\/div>\n        <\/div>\n\n                    <picture class=\"as-background-image mix-blend-multiply bg-black\/40\"><img decoding=\"async\" src=\"https:\/\/www.abf.se\/ostergotland\/resized\/?url=https%3A%2F%2Fwww.abf.se%2Fwp-content%2Fuploads%2Fsites%2F64%2F2024%2F11%2Fportalen2.jpg&#038;fit=crop&#038;w=1440&#038;s=fe65089df8ec221d1e3a2ad2d7478dcc\" srcset=\"https:\/\/www.abf.se\/ostergotland\/resized\/?url=https%3A%2F%2Fwww.abf.se%2Fwp-content%2Fuploads%2Fsites%2F64%2F2024%2F11%2Fportalen2.jpg&#038;fit=crop&#038;w=375&#038;h=540&#038;s=b65b1d2b91477d2bdf25c66ba19b356d 375w, https:\/\/www.abf.se\/ostergotland\/resized\/?url=https%3A%2F%2Fwww.abf.se%2Fwp-content%2Fuploads%2Fsites%2F64%2F2024%2F11%2Fportalen2.jpg&#038;fit=crop&#038;w=447&#038;h=540&#038;s=977039f0c8c67fc6ffd7fb592b57c854 447w, https:\/\/www.abf.se\/ostergotland\/resized\/?url=https%3A%2F%2Fwww.abf.se%2Fwp-content%2Fuploads%2Fsites%2F64%2F2024%2F11%2Fportalen2.jpg&#038;fit=crop&#038;w=519&#038;h=540&#038;s=900e4407887420a8fd09fd3f3fe70e71 519w, https:\/\/www.abf.se\/ostergotland\/resized\/?url=https%3A%2F%2Fwww.abf.se%2Fwp-content%2Fuploads%2Fsites%2F64%2F2024%2F11%2Fportalen2.jpg&#038;fit=crop&#038;w=591&#038;h=540&#038;s=c6508cf319fbff28ac3a145d7bbecd54 591w, https:\/\/www.abf.se\/ostergotland\/resized\/?url=https%3A%2F%2Fwww.abf.se%2Fwp-content%2Fuploads%2Fsites%2F64%2F2024%2F11%2Fportalen2.jpg&#038;fit=crop&#038;w=663&#038;h=540&#038;s=8db8b17a6ff2d96c6202387da883424c 663w, https:\/\/www.abf.se\/ostergotland\/resized\/?url=https%3A%2F%2Fwww.abf.se%2Fwp-content%2Fuploads%2Fsites%2F64%2F2024%2F11%2Fportalen2.jpg&#038;fit=crop&#038;w=750&#038;h=540&#038;s=f3645d6bb971c354fc7255cfd55a6287 750w, https:\/\/www.abf.se\/ostergotland\/resized\/?url=https%3A%2F%2Fwww.abf.se%2Fwp-content%2Fuploads%2Fsites%2F64%2F2024%2F11%2Fportalen2.jpg&#038;fit=crop&#038;w=894&#038;h=540&#038;s=8b3451b45bcadbdc19a670b5af306270 894w, https:\/\/www.abf.se\/ostergotland\/resized\/?url=https%3A%2F%2Fwww.abf.se%2Fwp-content%2Fuploads%2Fsites%2F64%2F2024%2F11%2Fportalen2.jpg&#038;fit=crop&#038;w=1038&#038;h=540&#038;s=811a11c2162b9dae950996796c468814 1038w, https:\/\/www.abf.se\/ostergotland\/resized\/?url=https%3A%2F%2Fwww.abf.se%2Fwp-content%2Fuploads%2Fsites%2F64%2F2024%2F11%2Fportalen2.jpg&#038;fit=crop&#038;w=1182&#038;h=540&#038;s=bd24c0967b4453d29687be77066ebc60 1182w, https:\/\/www.abf.se\/ostergotland\/resized\/?url=https%3A%2F%2Fwww.abf.se%2Fwp-content%2Fuploads%2Fsites%2F64%2F2024%2F11%2Fportalen2.jpg&#038;fit=crop&#038;w=1326&#038;h=540&#038;s=a5f92fc5d8910d8d4e2c8bf54e16f533 1326w, https:\/\/www.abf.se\/ostergotland\/resized\/?url=https%3A%2F%2Fwww.abf.se%2Fwp-content%2Fuploads%2Fsites%2F64%2F2024%2F11%2Fportalen2.jpg&#038;fit=crop&#038;w=1440&#038;h=540&#038;s=deba0f94b5ebcacab42bda9369b36beb 1440w\" alt=\"\" height=\"540\" width=\"1440\" sizes=\"(max-width: 1440px) calc(100vw - 32px), 1440px\" loading=\"eager\" fetchpriority=\"high\" aria-hidden=\"true\" role=\"presentation\" \/><\/picture>\n        \n\n            <\/div>\n\n    <\/div>\n\n<div\n    class=\"acf-article-text-block article-container my-12\"\n    data-block=\"article-text-block\"\n>\n    <div class=\"wysiwyg\">\n        <div class=\"elementor-element elementor-element-9731de1 elementor-widget elementor-widget-heading\" data-id=\"9731de1\" data-element_type=\"widget\" data-widget_type=\"heading.default\">\n<div class=\"elementor-widget-container\">\n<p class=\"elementor-heading-title elementor-size-default\"><span style=\"font-size: 16px\">P\u00e5 Portalen vill vi motverka socialt utanf\u00f6rskap i de stadsdelar d\u00e4r vi finns. B\u00e5de p\u00e5 kort och l\u00e5ng sikt.<\/span><\/p>\n<\/div>\n<\/div>\n<div class=\"elementor-element elementor-element-ab0ff1f elementor-widget elementor-widget-text-editor\" data-id=\"ab0ff1f\" data-element_type=\"widget\" data-widget_type=\"text-editor.default\">\n<div class=\"elementor-widget-container\">\n<div class=\"elementor-text-editor elementor-clearfix\">\n<p>Vi \u00e4r \u00f6vertygade om att det finns tv\u00e5 viktiga nycklar f\u00f6r att bryta socialt utanf\u00f6rskap: Arbete och ett socialt sammanhang. Men ocks\u00e5 om att v\u00e4gen dit ser olika ut f\u00f6r alla m\u00e4nniskor. P\u00e5 Portalen blir allas unika behov tagna p\u00e5 allvar, och vi utg\u00e5r alltid fr\u00e5n individens f\u00f6ruts\u00e4ttningar, drivkraft och egna resurser.<\/p>\n<\/div>\n<\/div>\n<\/div>\n<p>Som deltagare ansvarar du sj\u00e4lv f\u00f6r din resa mot arbete och studier, men vi p\u00e5 Portalen finns h\u00e4r som ett personligt st\u00f6d f\u00f6r varje individ.<\/p>\n<p>Att vara en del av Portalen handlar om att vara del av ett sammanhang. Om att ta dig vidare i livet. Om att hitta en ny v\u00e4g till ett nytt jobb eller annan syssels\u00e4ttning som passar just dig.<\/p>\n<p>Verksamhetens v\u00e4rde byggs upp av v\u00e5ra fyra h\u00f6rnstenar:<\/p>\n<ul>\n<li>N\u00e4rhet<\/li>\n<li>Enkelhet<\/li>\n<li>N\u00e4tverk<\/li>\n<li>\u00d6msesidig nytta<\/li>\n<\/ul>\n<p>P\u00e5 Portalen tar vi ett gemensamt ansvar f\u00f6r v\u00e4gen fram\u00e5t. Det finns ingen som p\u00e5 egen hand kan ge dig ett jobb, men tillsammans bygger vi upp v\u00e4gen dit, alla med sina unika kompetenser och f\u00f6rm\u00e5gor. Vi som jobbar p\u00e5 Portalen bidrar, men det g\u00f6r ocks\u00e5 alla som deltar i verksamheten, samt samarbetsorganisationer och f\u00f6retag i Norrk\u00f6ping.<\/p>\n<h3>Portalens verksamhet<\/h3>\n<div class=\"elementor-element elementor-element-83c95b8 elementor-widget elementor-widget-heading\" data-id=\"83c95b8\" data-element_type=\"widget\" data-widget_type=\"heading.default\">\n<div class=\"elementor-widget-container\">\n<p class=\"elementor-heading-title elementor-size-default\"><span style=\"font-size: 16px\">Allt vi g\u00f6r bygger p\u00e5 de behov och intressen som finns hos v\u00e5ra deltagare, och hos v\u00e5ra samarbetsorganisationer. Syftet med allt vi g\u00f6r \u00e4r att motivera v\u00e5ra deltagare och \u00f6ka deras m\u00f6jlighet att komma n\u00e4rmare arbetslivet.<\/span><\/p>\n<\/div>\n<\/div>\n<div class=\"elementor-element elementor-element-0335b7d elementor-widget elementor-widget-text-editor\" data-id=\"0335b7d\" data-element_type=\"widget\" data-widget_type=\"text-editor.default\">\n<div class=\"elementor-widget-container\">\n<div class=\"elementor-text-editor elementor-clearfix\">\n<p>Som deltagare ansvarar du sj\u00e4lv f\u00f6r din resa. Portalen st\u00f6ttar p\u00e5 v\u00e4gen \u2013 men jobbet g\u00f6r du sj\u00e4lv.<\/p>\n<p>Behoven och den individuella resan mot ett arbete ser olika ut f\u00f6r alla v\u00e5ra deltagare. D\u00e4rf\u00f6r har vi delat in verksamheten i olika f\u00e4rger, baserat p\u00e5 aktivitetens syfte.<\/p>\n<\/div>\n<\/div>\n<\/div>\n<p>Verksamheten drivs i partnerskap med Hyresbost\u00e4der, Svenska kyrkan, Norrk\u00f6pings kommun, ABF och Marieborgs Folkh\u00f6gskola.<\/p>\n<p>Det \u00e4r det vi kallar #starkaretillsammans.<\/p>\n\n    <\/div>\n<\/div>\n<div\n    class=\"acf-article-cta-link-block article-container my-8\"\n    data-block=\"article-cta-link-block\"\n>\n<div>\n    <a class=\"inline-flex flex-row items-center gap-4 text-link underline text-red-dark\"\n        href=\"https:\/\/www.portalennorrkoping.se\"\n                target=\"_blank\"\n            >\n        <span class=\"\">\n        Bes\u00f6k Portalens hemsida\n        <\/span>\n        <figure aria-hidden=\"true\" class=\"rounded-full bg-red-dark w-8 h-8 p-1 text-white\">\n            <svg width=\"20\" height=\"20\" viewBox=\"0 0 20 20\" fill=\"none\" class=\"SvgIconElement\">\n<path d=\"M4.16659 10L15.8333 10\" stroke=\"currentColor\"\/>\n<path d=\"M9.99992 4.1665L15.8333 9.99984L9.99992 15.8332\" stroke=\"currentColor\"\/>\n<\/svg>\n        <\/figure>\n    <\/a>\n<\/div>\n<\/div>\n<div\n    class=\"acf-article-image-block mb-12 container\"\n    data-block=\"article-image-block\"\n>\n<div class=\"grid md:grid-cols-2 gap-4\">\n\n        <figure>\n        \n            <picture class=\"round-corners-lg w-full\"><img decoding=\"async\" src=\"https:\/\/www.abf.se\/ostergotland\/resized\/?url=https%3A%2F%2Fwww.abf.se%2Fwp-content%2Fuploads%2Fsites%2F64%2F2024%2F11%2Fpotalen-kvinnor.jpg&#038;fit=contain&#038;w=578&#038;s=5e2aee90f4da87bc232d4f7eb6b62ba9\" srcset=\"https:\/\/www.abf.se\/ostergotland\/resized\/?url=https%3A%2F%2Fwww.abf.se%2Fwp-content%2Fuploads%2Fsites%2F64%2F2024%2F11%2Fpotalen-kvinnor.jpg&#038;fit=contain&#038;w=375&#038;h=280&#038;s=bc7c29bd1cbb269a12f14158c6f1a4d7 375w, https:\/\/www.abf.se\/ostergotland\/resized\/?url=https%3A%2F%2Fwww.abf.se%2Fwp-content%2Fuploads%2Fsites%2F64%2F2024%2F11%2Fpotalen-kvinnor.jpg&#038;fit=contain&#038;w=423&#038;h=316&#038;s=631d900ec37dcee3fb81261070692581 423w, https:\/\/www.abf.se\/ostergotland\/resized\/?url=https%3A%2F%2Fwww.abf.se%2Fwp-content%2Fuploads%2Fsites%2F64%2F2024%2F11%2Fpotalen-kvinnor.jpg&#038;fit=contain&#038;w=471&#038;h=352&#038;s=e190864e4a97961daaa1f42ebfad6712 471w, https:\/\/www.abf.se\/ostergotland\/resized\/?url=https%3A%2F%2Fwww.abf.se%2Fwp-content%2Fuploads%2Fsites%2F64%2F2024%2F11%2Fpotalen-kvinnor.jpg&#038;fit=contain&#038;w=519&#038;h=388&#038;s=bf74dc0ba626d9bf6eb721c456a8b047 519w, https:\/\/www.abf.se\/ostergotland\/resized\/?url=https%3A%2F%2Fwww.abf.se%2Fwp-content%2Fuploads%2Fsites%2F64%2F2024%2F11%2Fpotalen-kvinnor.jpg&#038;fit=contain&#038;w=567&#038;h=424&#038;s=95820ca031de2ab0cc0b6304fd10e24f 567w, https:\/\/www.abf.se\/ostergotland\/resized\/?url=https%3A%2F%2Fwww.abf.se%2Fwp-content%2Fuploads%2Fsites%2F64%2F2024%2F11%2Fpotalen-kvinnor.jpg&#038;fit=contain&#038;w=578&#038;s=5e2aee90f4da87bc232d4f7eb6b62ba9 578w, https:\/\/www.abf.se\/ostergotland\/resized\/?url=https%3A%2F%2Fwww.abf.se%2Fwp-content%2Fuploads%2Fsites%2F64%2F2024%2F11%2Fpotalen-kvinnor.jpg&#038;fit=contain&#038;w=750&#038;h=561&#038;s=29e9b8653cce13bef0c1d766a744e69b 750w, https:\/\/www.abf.se\/ostergotland\/resized\/?url=https%3A%2F%2Fwww.abf.se%2Fwp-content%2Fuploads%2Fsites%2F64%2F2024%2F11%2Fpotalen-kvinnor.jpg&#038;fit=contain&#038;w=846&#038;h=633&#038;s=daf56c81057d3e3adb03f0a474b530ad 846w, https:\/\/www.abf.se\/ostergotland\/resized\/?url=https%3A%2F%2Fwww.abf.se%2Fwp-content%2Fuploads%2Fsites%2F64%2F2024%2F11%2Fpotalen-kvinnor.jpg&#038;fit=contain&#038;w=942&#038;h=705&#038;s=ab9bbf7d05492d43f7c1c01e3c22f09b 942w, https:\/\/www.abf.se\/ostergotland\/resized\/?url=https%3A%2F%2Fwww.abf.se%2Fwp-content%2Fuploads%2Fsites%2F64%2F2024%2F11%2Fpotalen-kvinnor.jpg&#038;fit=contain&#038;w=1038&#038;h=777&#038;s=43263c9b52eb7464f35055442a749cae 1038w, https:\/\/www.abf.se\/ostergotland\/resized\/?url=https%3A%2F%2Fwww.abf.se%2Fwp-content%2Fuploads%2Fsites%2F64%2F2024%2F11%2Fpotalen-kvinnor.jpg&#038;fit=contain&#038;w=1134&#038;h=849&#038;s=b856130c9cc9d85e084fef9d0b3c471d 1134w\" alt=\"\" height=\"433\" width=\"578\" sizes=\"auto, (max-width: 768px) calc(100vw - 40px), (min-width: 768px) and (max-width: 1156px) calc(50vw - 56px), calc((1156px \/ 2) - 16px)\" loading=\"lazy\" fetchpriority=\"low\" class=\"round-corners-lg w-full\" \/><\/picture>\n                        <\/figure>\n        <figure>\n        \n            <picture class=\"round-corners-lg w-full\"><img decoding=\"async\" src=\"https:\/\/www.abf.se\/ostergotland\/resized\/?url=https%3A%2F%2Fwww.abf.se%2Fwp-content%2Fuploads%2Fsites%2F64%2F2024%2F11%2Fportalen-forelasning.jpg&#038;fit=contain&#038;w=578&#038;s=cf7713236448dfa9851722c9806673d7\" srcset=\"https:\/\/www.abf.se\/ostergotland\/resized\/?url=https%3A%2F%2Fwww.abf.se%2Fwp-content%2Fuploads%2Fsites%2F64%2F2024%2F11%2Fportalen-forelasning.jpg&#038;fit=contain&#038;w=375&#038;h=280&#038;s=9121943ceb0101253f796d3c53d21622 375w, https:\/\/www.abf.se\/ostergotland\/resized\/?url=https%3A%2F%2Fwww.abf.se%2Fwp-content%2Fuploads%2Fsites%2F64%2F2024%2F11%2Fportalen-forelasning.jpg&#038;fit=contain&#038;w=423&#038;h=316&#038;s=a2b589e1df12efb892b36591d3990774 423w, https:\/\/www.abf.se\/ostergotland\/resized\/?url=https%3A%2F%2Fwww.abf.se%2Fwp-content%2Fuploads%2Fsites%2F64%2F2024%2F11%2Fportalen-forelasning.jpg&#038;fit=contain&#038;w=471&#038;h=352&#038;s=7dc0b87d5e62d69f8f8f94024b01cc03 471w, https:\/\/www.abf.se\/ostergotland\/resized\/?url=https%3A%2F%2Fwww.abf.se%2Fwp-content%2Fuploads%2Fsites%2F64%2F2024%2F11%2Fportalen-forelasning.jpg&#038;fit=contain&#038;w=519&#038;h=388&#038;s=cb256726c5304ddee6d8f0b858cb8eb3 519w, https:\/\/www.abf.se\/ostergotland\/resized\/?url=https%3A%2F%2Fwww.abf.se%2Fwp-content%2Fuploads%2Fsites%2F64%2F2024%2F11%2Fportalen-forelasning.jpg&#038;fit=contain&#038;w=567&#038;h=424&#038;s=95e51275ebcc72990127f2af7dbf16a8 567w, https:\/\/www.abf.se\/ostergotland\/resized\/?url=https%3A%2F%2Fwww.abf.se%2Fwp-content%2Fuploads%2Fsites%2F64%2F2024%2F11%2Fportalen-forelasning.jpg&#038;fit=contain&#038;w=578&#038;s=cf7713236448dfa9851722c9806673d7 578w, https:\/\/www.abf.se\/ostergotland\/resized\/?url=https%3A%2F%2Fwww.abf.se%2Fwp-content%2Fuploads%2Fsites%2F64%2F2024%2F11%2Fportalen-forelasning.jpg&#038;fit=contain&#038;w=750&#038;h=561&#038;s=db0699f233ea14113d6580ee36b374a8 750w, https:\/\/www.abf.se\/ostergotland\/resized\/?url=https%3A%2F%2Fwww.abf.se%2Fwp-content%2Fuploads%2Fsites%2F64%2F2024%2F11%2Fportalen-forelasning.jpg&#038;fit=contain&#038;w=846&#038;h=633&#038;s=f1b15976e53397800fe7f98653eea8da 846w, https:\/\/www.abf.se\/ostergotland\/resized\/?url=https%3A%2F%2Fwww.abf.se%2Fwp-content%2Fuploads%2Fsites%2F64%2F2024%2F11%2Fportalen-forelasning.jpg&#038;fit=contain&#038;w=942&#038;h=705&#038;s=0eff229a8b2bfb1599f4a4914270162c 942w, https:\/\/www.abf.se\/ostergotland\/resized\/?url=https%3A%2F%2Fwww.abf.se%2Fwp-content%2Fuploads%2Fsites%2F64%2F2024%2F11%2Fportalen-forelasning.jpg&#038;fit=contain&#038;w=1038&#038;h=777&#038;s=010bf85f3b1b504516cb7ea3d188b84c 1038w, https:\/\/www.abf.se\/ostergotland\/resized\/?url=https%3A%2F%2Fwww.abf.se%2Fwp-content%2Fuploads%2Fsites%2F64%2F2024%2F11%2Fportalen-forelasning.jpg&#038;fit=contain&#038;w=1134&#038;h=849&#038;s=0af884b71c99fa04d0f9211143478f3c 1134w\" alt=\"\" height=\"433\" width=\"578\" sizes=\"auto, (max-width: 768px) calc(100vw - 40px), (min-width: 768px) and (max-width: 1156px) calc(50vw - 56px), calc((1156px \/ 2) - 16px)\" loading=\"lazy\" fetchpriority=\"low\" class=\"round-corners-lg w-full\" \/><\/picture>\n                        <\/figure>\n        <\/div>\n\n<\/div>\n","protected":false},"excerpt":{"rendered":"","protected":false},"author":29,"featured_media":0,"parent":0,"menu_order":0,"comment_status":"closed","ping_status":"closed","template":"","meta":{"_acf_changed":false,"footnotes":""},"class_list":["post-1611","page","type-page","status-publish","hentry"],"acf":[],"yoast_head":"<!-- This site is optimized with the Yoast SEO plugin v27.0 - https:\/\/yoast.com\/product\/yoast-seo-wordpress\/ -->\n<title>Portalen - \u00d6sterg\u00f6tland<\/title>\n<meta name=\"robots\" content=\"index, follow, max-snippet:-1, max-image-preview:large, max-video-preview:-1\" \/>\n<link rel=\"canonical\" href=\"https:\/\/www.abf.se\/ostergotland\/1611-2\/\" \/>\n<meta property=\"og:locale\" content=\"sv_SE\" \/>\n<meta property=\"og:type\" content=\"article\" \/>\n<meta property=\"og:title\" content=\"Portalen - \u00d6sterg\u00f6tland\" \/>\n<meta property=\"og:url\" content=\"https:\/\/www.abf.se\/ostergotland\/1611-2\/\" \/>\n<meta property=\"og:site_name\" content=\"\u00d6sterg\u00f6tland\" \/>\n<meta property=\"article:modified_time\" content=\"2024-11-19T10:01:18+00:00\" \/>\n<meta property=\"og:image\" content=\"https:\/\/www.abf.se\/wp-content\/uploads\/sites\/64\/2024\/04\/Nyckeln-liggande-scaled.jpg\" \/>\n\t<meta property=\"og:image:width\" content=\"2560\" \/>\n\t<meta property=\"og:image:height\" content=\"1440\" \/>\n\t<meta property=\"og:image:type\" content=\"image\/jpeg\" \/>\n<meta name=\"twitter:card\" content=\"summary_large_image\" \/>\n<script type=\"application\/ld+json\" class=\"yoast-schema-graph\">{\"@context\":\"https:\/\/schema.org\",\"@graph\":[{\"@type\":\"WebPage\",\"@id\":\"https:\/\/www.abf.se\/ostergotland\/1611-2\/\",\"url\":\"https:\/\/www.abf.se\/ostergotland\/1611-2\/\",\"name\":\"Portalen - \u00d6sterg\u00f6tland\",\"isPartOf\":{\"@id\":\"https:\/\/www.abf.se\/ostergotland\/#website\"},\"datePublished\":\"2024-11-19T09:59:15+00:00\",\"dateModified\":\"2024-11-19T10:01:18+00:00\",\"breadcrumb\":{\"@id\":\"https:\/\/www.abf.se\/ostergotland\/1611-2\/#breadcrumb\"},\"inLanguage\":\"sv-SE\",\"potentialAction\":[{\"@type\":\"ReadAction\",\"target\":[\"https:\/\/www.abf.se\/ostergotland\/1611-2\/\"]}]},{\"@type\":\"BreadcrumbList\",\"@id\":\"https:\/\/www.abf.se\/ostergotland\/1611-2\/#breadcrumb\",\"itemListElement\":[{\"@type\":\"ListItem\",\"position\":1,\"name\":\"Home\",\"item\":\"https:\/\/www.abf.se\/ostergotland\/\"},{\"@type\":\"ListItem\",\"position\":2,\"name\":\"Portalen\"}]},{\"@type\":\"WebSite\",\"@id\":\"https:\/\/www.abf.se\/ostergotland\/#website\",\"url\":\"https:\/\/www.abf.se\/ostergotland\/\",\"name\":\"\u00d6sterg\u00f6tland\",\"description\":\"\",\"potentialAction\":[{\"@type\":\"SearchAction\",\"target\":{\"@type\":\"EntryPoint\",\"urlTemplate\":\"https:\/\/www.abf.se\/ostergotland\/?s={search_term_string}\"},\"query-input\":{\"@type\":\"PropertyValueSpecification\",\"valueRequired\":true,\"valueName\":\"search_term_string\"}}],\"inLanguage\":\"sv-SE\"}]}<\/script>\n<!-- \/ Yoast SEO plugin. -->","yoast_head_json":{"title":"Portalen - \u00d6sterg\u00f6tland","robots":{"index":"index","follow":"follow","max-snippet":"max-snippet:-1","max-image-preview":"max-image-preview:large","max-video-preview":"max-video-preview:-1"},"canonical":"https:\/\/www.abf.se\/ostergotland\/1611-2\/","og_locale":"sv_SE","og_type":"article","og_title":"Portalen - \u00d6sterg\u00f6tland","og_url":"https:\/\/www.abf.se\/ostergotland\/1611-2\/","og_site_name":"\u00d6sterg\u00f6tland","article_modified_time":"2024-11-19T10:01:18+00:00","og_image":[{"width":2560,"height":1440,"url":"https:\/\/www.abf.se\/wp-content\/uploads\/sites\/64\/2024\/04\/Nyckeln-liggande-scaled.jpg","type":"image\/jpeg"}],"twitter_card":"summary_large_image","schema":{"@context":"https:\/\/schema.org","@graph":[{"@type":"WebPage","@id":"https:\/\/www.abf.se\/ostergotland\/1611-2\/","url":"https:\/\/www.abf.se\/ostergotland\/1611-2\/","name":"Portalen - \u00d6sterg\u00f6tland","isPartOf":{"@id":"https:\/\/www.abf.se\/ostergotland\/#website"},"datePublished":"2024-11-19T09:59:15+00:00","dateModified":"2024-11-19T10:01:18+00:00","breadcrumb":{"@id":"https:\/\/www.abf.se\/ostergotland\/1611-2\/#breadcrumb"},"inLanguage":"sv-SE","potentialAction":[{"@type":"ReadAction","target":["https:\/\/www.abf.se\/ostergotland\/1611-2\/"]}]},{"@type":"BreadcrumbList","@id":"https:\/\/www.abf.se\/ostergotland\/1611-2\/#breadcrumb","itemListElement":[{"@type":"ListItem","position":1,"name":"Home","item":"https:\/\/www.abf.se\/ostergotland\/"},{"@type":"ListItem","position":2,"name":"Portalen"}]},{"@type":"WebSite","@id":"https:\/\/www.abf.se\/ostergotland\/#website","url":"https:\/\/www.abf.se\/ostergotland\/","name":"\u00d6sterg\u00f6tland","description":"","potentialAction":[{"@type":"SearchAction","target":{"@type":"EntryPoint","urlTemplate":"https:\/\/www.abf.se\/ostergotland\/?s={search_term_string}"},"query-input":{"@type":"PropertyValueSpecification","valueRequired":true,"valueName":"search_term_string"}}],"inLanguage":"sv-SE"}]}},"_links":{"self":[{"href":"https:\/\/www.abf.se\/ostergotland\/wp-json\/wp\/v2\/pages\/1611","targetHints":{"allow":["GET"]}}],"collection":[{"href":"https:\/\/www.abf.se\/ostergotland\/wp-json\/wp\/v2\/pages"}],"about":[{"href":"https:\/\/www.abf.se\/ostergotland\/wp-json\/wp\/v2\/types\/page"}],"author":[{"embeddable":true,"href":"https:\/\/www.abf.se\/ostergotland\/wp-json\/wp\/v2\/users\/29"}],"replies":[{"embeddable":true,"href":"https:\/\/www.abf.se\/ostergotland\/wp-json\/wp\/v2\/comments?post=1611"}],"version-history":[{"count":11,"href":"https:\/\/www.abf.se\/ostergotland\/wp-json\/wp\/v2\/pages\/1611\/revisions"}],"predecessor-version":[{"id":1625,"href":"https:\/\/www.abf.se\/ostergotland\/wp-json\/wp\/v2\/pages\/1611\/revisions\/1625"}],"wp:attachment":[{"href":"https:\/\/www.abf.se\/ostergotland\/wp-json\/wp\/v2\/media?parent=1611"}],"curies":[{"name":"wp","href":"https:\/\/api.w.org\/{rel}","templated":true}]}}