{"id":256,"date":"2024-04-19T14:23:51","date_gmt":"2024-04-19T12:23:51","guid":{"rendered":"https:\/\/www.abf.se\/ostergotland\/?page_id=256"},"modified":"2024-04-19T14:27:28","modified_gmt":"2024-04-19T12:27:28","slug":"logotyp","status":"publish","type":"page","link":"https:\/\/www.abf.se\/ostergotland\/logotyp\/","title":{"rendered":"Logotyp"},"content":{"rendered":"<div\n    class=\"acf-text-image-block container my-12 md:my-15\"\n    data-block=\"text-image-block\"\n>\n    <div\n    class=\"flex flex-col items-center md:flex-row gap-8 md:gap-0 justify-between\">\n                        <div class=\"w-full md:w-1\/2 md:order-2\">\n            <picture><img decoding=\"async\" src=\"https:\/\/www.abf.se\/ostergotland\/resized\/?url=https%3A%2F%2Fwww.abf.se%2Fwp-content%2Fuploads%2Fsites%2F64%2F2024%2F04%2Fabf_logo_sekundar2.jpg&#038;fit=crop&#038;w=578&#038;s=c33c976200f862248c23e388b2cc16d8\" srcset=\"https:\/\/www.abf.se\/ostergotland\/resized\/?url=https%3A%2F%2Fwww.abf.se%2Fwp-content%2Fuploads%2Fsites%2F64%2F2024%2F04%2Fabf_logo_sekundar2.jpg&#038;fit=crop&#038;w=144&#038;h=126&#038;s=88748ca3b45b061957389439817faf1d 144w, https:\/\/www.abf.se\/ostergotland\/resized\/?url=https%3A%2F%2Fwww.abf.se%2Fwp-content%2Fuploads%2Fsites%2F64%2F2024%2F04%2Fabf_logo_sekundar2.jpg&#038;fit=crop&#038;w=240&#038;h=211&#038;s=1780a6ef75665dfa545a77c07605f713 240w, https:\/\/www.abf.se\/ostergotland\/resized\/?url=https%3A%2F%2Fwww.abf.se%2Fwp-content%2Fuploads%2Fsites%2F64%2F2024%2F04%2Fabf_logo_sekundar2.jpg&#038;fit=crop&#038;w=288&#038;h=253&#038;s=5109db1b8ec51b2d58f378a1e2977eef 288w, https:\/\/www.abf.se\/ostergotland\/resized\/?url=https%3A%2F%2Fwww.abf.se%2Fwp-content%2Fuploads%2Fsites%2F64%2F2024%2F04%2Fabf_logo_sekundar2.jpg&#038;fit=crop&#038;w=336&#038;h=295&#038;s=5ede0c089fc2f3c76032c4cd02431d15 336w, https:\/\/www.abf.se\/ostergotland\/resized\/?url=https%3A%2F%2Fwww.abf.se%2Fwp-content%2Fuploads%2Fsites%2F64%2F2024%2F04%2Fabf_logo_sekundar2.jpg&#038;fit=crop&#038;w=432&#038;h=380&#038;s=d6ad065b66c3381791b1e557ba91c643 432w, https:\/\/www.abf.se\/ostergotland\/resized\/?url=https%3A%2F%2Fwww.abf.se%2Fwp-content%2Fuploads%2Fsites%2F64%2F2024%2F04%2Fabf_logo_sekundar2.jpg&#038;fit=crop&#038;w=480&#038;h=422&#038;s=98a272647c759e1c6118f3858ed922d7 480w, https:\/\/www.abf.se\/ostergotland\/resized\/?url=https%3A%2F%2Fwww.abf.se%2Fwp-content%2Fuploads%2Fsites%2F64%2F2024%2F04%2Fabf_logo_sekundar2.jpg&#038;fit=crop&#038;w=528&#038;h=464&#038;s=c4e2a6eee3ae878aa37b054ac2fc3c1a 528w, https:\/\/www.abf.se\/ostergotland\/resized\/?url=https%3A%2F%2Fwww.abf.se%2Fwp-content%2Fuploads%2Fsites%2F64%2F2024%2F04%2Fabf_logo_sekundar2.jpg&#038;fit=crop&#038;w=578&#038;h=509&#038;s=0633ec75c0315add6a23ea162873a467 578w, https:\/\/www.abf.se\/ostergotland\/resized\/?url=https%3A%2F%2Fwww.abf.se%2Fwp-content%2Fuploads%2Fsites%2F64%2F2024%2F04%2Fabf_logo_sekundar2.jpg&#038;fit=crop&#038;w=672&#038;h=591&#038;s=3d2ec183afe8029da75a91a3679ee2ee 672w, https:\/\/www.abf.se\/ostergotland\/resized\/?url=https%3A%2F%2Fwww.abf.se%2Fwp-content%2Fuploads%2Fsites%2F64%2F2024%2F04%2Fabf_logo_sekundar2.jpg&#038;fit=crop&#038;w=864&#038;h=760&#038;s=c87006e0b311f04be41e8672751a8269 864w, https:\/\/www.abf.se\/ostergotland\/resized\/?url=https%3A%2F%2Fwww.abf.se%2Fwp-content%2Fuploads%2Fsites%2F64%2F2024%2F04%2Fabf_logo_sekundar2.jpg&#038;fit=crop&#038;w=1056&#038;h=929&#038;s=1c1bf06e669028cbf4913a0f89170ce0 1056w\" alt=\"\" height=\"509\" width=\"578\" sizes=\"auto, (max-width: 768px) 100vw,\n                (max-width: 1280px) 50vw, 578px\" loading=\"lazy\" fetchpriority=\"low\" \/><\/picture>\n\n        <\/div>\n        \n        <div class=\"w-full md:w-1\/2 md:order-1\">\n        <div class=\"mx-auto md:max-w-[368px]\">\n            <h2 class=\"heading-lg\">Logotyp<\/h2>\n            <div class=\"mb-6 mt-4 wysiwyg\">\n                <p>H\u00e4r kan du ladda ner v\u00e5r logotyp.<\/p>\n<p>I alla publika arrangemang som g\u00f6rs tillsammans med ABF ska det tydligt framg\u00e5 att ABF \u00e4r medarrang\u00f6r.<\/p>\n<p>I text p\u00e5 tex Facebook eller en hemsida kan det st\u00e5 &#8221;..i samarbete med ABF \u00d6sterg\u00f6tland.&#8221; eller &#8221;arrangeras tillsammans med ABF \u00d6sterg\u00f6tland.&#8221;<\/p>\n<p>P\u00e5 tryckt material som affischer, flyers och broschyrer ska v\u00e5r logotyp vara v\u00e4l synlig. Har du sv\u00e5rt att l\u00e4gga till v\u00e5r logotyp sj\u00e4lv s\u00e5 ta kontakt med ABF s\u00e5 hj\u00e4lper vi dig.<\/p>\n<p>&nbsp;<\/p>\n\n            <\/div>\n                                            <a href='https:\/\/www.abf.se\/wp-content\/uploads\/sites\/64\/2024\/04\/abf_logo_hog.jpg' class=\"default-button\" target=\"\">Ladda ner logotyp<\/a>\n                    <\/div>\n        <\/div>\n    <\/div>\n<\/div>","protected":false},"excerpt":{"rendered":"","protected":false},"author":29,"featured_media":0,"parent":0,"menu_order":0,"comment_status":"closed","ping_status":"closed","template":"","meta":{"_acf_changed":false,"footnotes":""},"class_list":["post-256","page","type-page","status-publish","hentry"],"acf":[],"yoast_head":"<!-- This site is optimized with the Yoast SEO plugin v27.0 - https:\/\/yoast.com\/product\/yoast-seo-wordpress\/ -->\n<title>Logotyp - \u00d6sterg\u00f6tland<\/title>\n<meta name=\"robots\" content=\"index, follow, max-snippet:-1, max-image-preview:large, max-video-preview:-1\" \/>\n<link rel=\"canonical\" href=\"https:\/\/www.abf.se\/ostergotland\/logotyp\/\" \/>\n<meta property=\"og:locale\" content=\"sv_SE\" \/>\n<meta property=\"og:type\" content=\"article\" \/>\n<meta property=\"og:title\" content=\"Logotyp - \u00d6sterg\u00f6tland\" \/>\n<meta property=\"og:url\" content=\"https:\/\/www.abf.se\/ostergotland\/logotyp\/\" \/>\n<meta property=\"og:site_name\" content=\"\u00d6sterg\u00f6tland\" \/>\n<meta property=\"article:modified_time\" content=\"2024-04-19T12:27:28+00:00\" \/>\n<meta property=\"og:image\" content=\"https:\/\/www.abf.se\/wp-content\/uploads\/sites\/64\/2024\/04\/Nyckeln-liggande-scaled.jpg\" \/>\n\t<meta property=\"og:image:width\" content=\"2560\" \/>\n\t<meta property=\"og:image:height\" content=\"1440\" \/>\n\t<meta property=\"og:image:type\" content=\"image\/jpeg\" \/>\n<meta name=\"twitter:card\" content=\"summary_large_image\" \/>\n<script type=\"application\/ld+json\" class=\"yoast-schema-graph\">{\"@context\":\"https:\/\/schema.org\",\"@graph\":[{\"@type\":\"WebPage\",\"@id\":\"https:\/\/www.abf.se\/ostergotland\/logotyp\/\",\"url\":\"https:\/\/www.abf.se\/ostergotland\/logotyp\/\",\"name\":\"Logotyp - \u00d6sterg\u00f6tland\",\"isPartOf\":{\"@id\":\"https:\/\/www.abf.se\/ostergotland\/#website\"},\"datePublished\":\"2024-04-19T12:23:51+00:00\",\"dateModified\":\"2024-04-19T12:27:28+00:00\",\"breadcrumb\":{\"@id\":\"https:\/\/www.abf.se\/ostergotland\/logotyp\/#breadcrumb\"},\"inLanguage\":\"sv-SE\",\"potentialAction\":[{\"@type\":\"ReadAction\",\"target\":[\"https:\/\/www.abf.se\/ostergotland\/logotyp\/\"]}]},{\"@type\":\"BreadcrumbList\",\"@id\":\"https:\/\/www.abf.se\/ostergotland\/logotyp\/#breadcrumb\",\"itemListElement\":[{\"@type\":\"ListItem\",\"position\":1,\"name\":\"Home\",\"item\":\"https:\/\/www.abf.se\/ostergotland\/\"},{\"@type\":\"ListItem\",\"position\":2,\"name\":\"Logotyp\"}]},{\"@type\":\"WebSite\",\"@id\":\"https:\/\/www.abf.se\/ostergotland\/#website\",\"url\":\"https:\/\/www.abf.se\/ostergotland\/\",\"name\":\"\u00d6sterg\u00f6tland\",\"description\":\"\",\"potentialAction\":[{\"@type\":\"SearchAction\",\"target\":{\"@type\":\"EntryPoint\",\"urlTemplate\":\"https:\/\/www.abf.se\/ostergotland\/?s={search_term_string}\"},\"query-input\":{\"@type\":\"PropertyValueSpecification\",\"valueRequired\":true,\"valueName\":\"search_term_string\"}}],\"inLanguage\":\"sv-SE\"}]}<\/script>\n<!-- \/ Yoast SEO plugin. -->","yoast_head_json":{"title":"Logotyp - \u00d6sterg\u00f6tland","robots":{"index":"index","follow":"follow","max-snippet":"max-snippet:-1","max-image-preview":"max-image-preview:large","max-video-preview":"max-video-preview:-1"},"canonical":"https:\/\/www.abf.se\/ostergotland\/logotyp\/","og_locale":"sv_SE","og_type":"article","og_title":"Logotyp - \u00d6sterg\u00f6tland","og_url":"https:\/\/www.abf.se\/ostergotland\/logotyp\/","og_site_name":"\u00d6sterg\u00f6tland","article_modified_time":"2024-04-19T12:27:28+00:00","og_image":[{"width":2560,"height":1440,"url":"https:\/\/www.abf.se\/wp-content\/uploads\/sites\/64\/2024\/04\/Nyckeln-liggande-scaled.jpg","type":"image\/jpeg"}],"twitter_card":"summary_large_image","schema":{"@context":"https:\/\/schema.org","@graph":[{"@type":"WebPage","@id":"https:\/\/www.abf.se\/ostergotland\/logotyp\/","url":"https:\/\/www.abf.se\/ostergotland\/logotyp\/","name":"Logotyp - \u00d6sterg\u00f6tland","isPartOf":{"@id":"https:\/\/www.abf.se\/ostergotland\/#website"},"datePublished":"2024-04-19T12:23:51+00:00","dateModified":"2024-04-19T12:27:28+00:00","breadcrumb":{"@id":"https:\/\/www.abf.se\/ostergotland\/logotyp\/#breadcrumb"},"inLanguage":"sv-SE","potentialAction":[{"@type":"ReadAction","target":["https:\/\/www.abf.se\/ostergotland\/logotyp\/"]}]},{"@type":"BreadcrumbList","@id":"https:\/\/www.abf.se\/ostergotland\/logotyp\/#breadcrumb","itemListElement":[{"@type":"ListItem","position":1,"name":"Home","item":"https:\/\/www.abf.se\/ostergotland\/"},{"@type":"ListItem","position":2,"name":"Logotyp"}]},{"@type":"WebSite","@id":"https:\/\/www.abf.se\/ostergotland\/#website","url":"https:\/\/www.abf.se\/ostergotland\/","name":"\u00d6sterg\u00f6tland","description":"","potentialAction":[{"@type":"SearchAction","target":{"@type":"EntryPoint","urlTemplate":"https:\/\/www.abf.se\/ostergotland\/?s={search_term_string}"},"query-input":{"@type":"PropertyValueSpecification","valueRequired":true,"valueName":"search_term_string"}}],"inLanguage":"sv-SE"}]}},"_links":{"self":[{"href":"https:\/\/www.abf.se\/ostergotland\/wp-json\/wp\/v2\/pages\/256","targetHints":{"allow":["GET"]}}],"collection":[{"href":"https:\/\/www.abf.se\/ostergotland\/wp-json\/wp\/v2\/pages"}],"about":[{"href":"https:\/\/www.abf.se\/ostergotland\/wp-json\/wp\/v2\/types\/page"}],"author":[{"embeddable":true,"href":"https:\/\/www.abf.se\/ostergotland\/wp-json\/wp\/v2\/users\/29"}],"replies":[{"embeddable":true,"href":"https:\/\/www.abf.se\/ostergotland\/wp-json\/wp\/v2\/comments?post=256"}],"version-history":[{"count":7,"href":"https:\/\/www.abf.se\/ostergotland\/wp-json\/wp\/v2\/pages\/256\/revisions"}],"predecessor-version":[{"id":674,"href":"https:\/\/www.abf.se\/ostergotland\/wp-json\/wp\/v2\/pages\/256\/revisions\/674"}],"wp:attachment":[{"href":"https:\/\/www.abf.se\/ostergotland\/wp-json\/wp\/v2\/media?parent=256"}],"curies":[{"name":"wp","href":"https:\/\/api.w.org\/{rel}","templated":true}]}}