{"id":711,"date":"2024-04-22T09:38:41","date_gmt":"2024-04-22T07:38:41","guid":{"rendered":"https:\/\/www.abf.se\/ostergotland\/?page_id=711"},"modified":"2024-05-08T10:40:34","modified_gmt":"2024-05-08T08:40:34","slug":"om-abf-ostergotland","status":"publish","type":"page","link":"https:\/\/www.abf.se\/ostergotland\/om-abf-ostergotland\/","title":{"rendered":"Om ABF \u00d6sterg\u00f6tland"},"content":{"rendered":"<div\n    class=\"acf-hero-block container-lg no-padding mb-12 js-geolocation\"\n    data-block=\"hero-block\"\n    data-index=\"0\"\n>\n    <div class=\"h-[548px]  relative rounded-[32px] overflow-hidden flex bg-gray-light\">\n        <div class=\"relative z-10 mt-auto h-auto w-full md:h-full\">\n            <div class=\"flex w-full h-full flex-col flex-wrap justify-end w-full md:w-7\/12 lg:w-1\/2 md:justify-center\">\n                <div class=\"flex flex-col gap-3 md:gap-[18px] md:transparent pt-16 pb-36 md:py-8 px-4 w-full md:max-w-[620px] mx-auto px-8\">\n\n                    <h1 class=\"hero-heading\"><span>ABF \u00d6sterg\u00f6tland &#8211; n\u00e4ra dig<\/span><\/h1>\n\n                    \n                                    <\/div>\n            <\/div>\n        <\/div>\n\n                    <picture class=\"as-background-image mix-blend-multiply bg-black\/40\"><img decoding=\"async\" src=\"https:\/\/www.abf.se\/ostergotland\/resized\/?url=https%3A%2F%2Fwww.abf.se%2Fwp-content%2Fuploads%2Fsites%2F64%2F2024%2F03%2F20230615_111928-scaled.jpg&#038;fit=crop&#038;w=1440&#038;s=8cf281a08cebed7ae0618c494e5524d0\" srcset=\"https:\/\/www.abf.se\/ostergotland\/resized\/?url=https%3A%2F%2Fwww.abf.se%2Fwp-content%2Fuploads%2Fsites%2F64%2F2024%2F03%2F20230615_111928-scaled.jpg&#038;fit=crop&#038;w=375&#038;h=540&#038;s=eb55e02dd3727cf873d26dfc68e7ef8b 375w, https:\/\/www.abf.se\/ostergotland\/resized\/?url=https%3A%2F%2Fwww.abf.se%2Fwp-content%2Fuploads%2Fsites%2F64%2F2024%2F03%2F20230615_111928-scaled.jpg&#038;fit=crop&#038;w=447&#038;h=540&#038;s=b7e85b5c4f7cd0ab315000c454957363 447w, https:\/\/www.abf.se\/ostergotland\/resized\/?url=https%3A%2F%2Fwww.abf.se%2Fwp-content%2Fuploads%2Fsites%2F64%2F2024%2F03%2F20230615_111928-scaled.jpg&#038;fit=crop&#038;w=519&#038;h=540&#038;s=b8f1e9627868e31d1a83e9a7c02e3743 519w, https:\/\/www.abf.se\/ostergotland\/resized\/?url=https%3A%2F%2Fwww.abf.se%2Fwp-content%2Fuploads%2Fsites%2F64%2F2024%2F03%2F20230615_111928-scaled.jpg&#038;fit=crop&#038;w=591&#038;h=540&#038;s=d7841ffb725405433bed62fefc35b5b0 591w, https:\/\/www.abf.se\/ostergotland\/resized\/?url=https%3A%2F%2Fwww.abf.se%2Fwp-content%2Fuploads%2Fsites%2F64%2F2024%2F03%2F20230615_111928-scaled.jpg&#038;fit=crop&#038;w=663&#038;h=540&#038;s=9d70087312277d460650803687ea2c2c 663w, https:\/\/www.abf.se\/ostergotland\/resized\/?url=https%3A%2F%2Fwww.abf.se%2Fwp-content%2Fuploads%2Fsites%2F64%2F2024%2F03%2F20230615_111928-scaled.jpg&#038;fit=crop&#038;w=750&#038;h=540&#038;s=66bbc524edcb11934965752a578512ae 750w, https:\/\/www.abf.se\/ostergotland\/resized\/?url=https%3A%2F%2Fwww.abf.se%2Fwp-content%2Fuploads%2Fsites%2F64%2F2024%2F03%2F20230615_111928-scaled.jpg&#038;fit=crop&#038;w=894&#038;h=540&#038;s=6635f227ed70729a7ce7f9f15cb53757 894w, https:\/\/www.abf.se\/ostergotland\/resized\/?url=https%3A%2F%2Fwww.abf.se%2Fwp-content%2Fuploads%2Fsites%2F64%2F2024%2F03%2F20230615_111928-scaled.jpg&#038;fit=crop&#038;w=1038&#038;h=540&#038;s=85577536d712415edd68922ab2edcdf1 1038w, https:\/\/www.abf.se\/ostergotland\/resized\/?url=https%3A%2F%2Fwww.abf.se%2Fwp-content%2Fuploads%2Fsites%2F64%2F2024%2F03%2F20230615_111928-scaled.jpg&#038;fit=crop&#038;w=1182&#038;h=540&#038;s=5b2e15e177f9c26c3aa1e97aca915a03 1182w, https:\/\/www.abf.se\/ostergotland\/resized\/?url=https%3A%2F%2Fwww.abf.se%2Fwp-content%2Fuploads%2Fsites%2F64%2F2024%2F03%2F20230615_111928-scaled.jpg&#038;fit=crop&#038;w=1326&#038;h=540&#038;s=9075845598bef5ebfef3b3185e0504af 1326w, https:\/\/www.abf.se\/ostergotland\/resized\/?url=https%3A%2F%2Fwww.abf.se%2Fwp-content%2Fuploads%2Fsites%2F64%2F2024%2F03%2F20230615_111928-scaled.jpg&#038;fit=crop&#038;w=1440&#038;h=540&#038;s=b924f1a3a1498413a50d5f1675d32607 1440w\" alt=\"\" height=\"540\" width=\"1440\" sizes=\"(max-width: 1440px) calc(100vw - 32px), 1440px\" loading=\"eager\" fetchpriority=\"high\" aria-hidden=\"true\" role=\"presentation\" \/><\/picture>\n        \n\n            <\/div>\n\n    <\/div>\n\n<div\n    class=\"acf-plain-heading-block container my-16\"\n    data-block=\"plain-heading-block\"\n>\n    <div class=\"max-w-[658px] mx-auto\">\n                <h3 class=\"hero-heading\"><span>Om ABF \u00d6sterg\u00f6tland<\/span><\/h3>\n                            <p class=\"mt-8 body-xl text-black\">\n                ABF \u00d6sterg\u00f6tland har verksamhet i l\u00e4nets 13 kommuner  d\u00e4r vi erbjuder studiecirklar, kurser, f\u00f6rel\u00e4sningar samt olika kulturarrangemang. Hos oss m\u00f6ts m\u00e4nniskor f\u00f6r att dela erfarenheter och id\u00e9er, inspirera varandra och l\u00e4ra sig tillsammans. Vi finns h\u00e4r f\u00f6r dig om det \u00e4r s\u00e5 att du vill l\u00e4ra dig n\u00e5got nytt eller representerar en f\u00f6rening som vill utvecklas!\n            <\/p>\n            <\/div>\n<\/div>\n<div\n    class=\"acf-article-text-block article-container my-12\"\n    data-block=\"article-text-block\"\n>\n    <div class=\"wysiwyg\">\n        <p>Lokalt har vi flera samarbetande f\u00f6reningar samt grupper utan f\u00f6reningsanknytning som har folkbildande aktiviteter. L\u00e4s mer nedan och v\u00e4lkommen att vara en del av folkbildningen i kommunerna Boxholm, Finsp\u00e5ng, Kinda, Link\u00f6ping, Mj\u00f6by, Motala, Norrk\u00f6ping, S\u00f6derk\u00f6ping, Vadstena, Valdemarsvik, Ydre, \u00c5tevidaberg och \u00d6desh\u00f6g tillsammans med oss!<\/p>\n<h3>Det h\u00e4r kan du g\u00f6ra hos ABF \u00d6sterg\u00f6tland<\/h3>\n<p>Hos oss kan du delta i eller starta olika typer av folkbildande aktiviteter som studiecirklar och kurser, f\u00f6rel\u00e4sningar och andra kulturevenemang. Vi hj\u00e4lper \u00e4ven till att bilda och utveckla v\u00e5ra cirkelledare, studiegrupper och f\u00f6reningar.<\/p>\n<p><strong>Vid samverkan finns detta f\u00f6r dig:<\/strong><\/p>\n<p>St\u00f6d i styrelse- och f\u00f6reningsarbete<br \/>\nCirkelledarutbildningar och kompetensutveckling<br \/>\nPedagogiskt st\u00f6d<br \/>\nOlycksfallsf\u00f6rs\u00e4kring f\u00f6r ledare och deltagare<br \/>\nStudiematerial och inspiration<br \/>\nTekniskt st\u00f6d<br \/>\nVerksamhetslokaler<br \/>\nAdministration<br \/>\nR\u00e5d om finansiering<br \/>\nSamverkan med andra f\u00f6reningar<br \/>\nKontakter och n\u00e4tverk<br \/>\nTillg\u00e4nglighet<\/p>\n<p>&nbsp;<\/p>\n\n    <\/div>\n<\/div>\n<div\n    class=\"acf-quick-link-block bg-red py-12 md:py-20\"\n    data-block=\"quick-link-block\"\n>\n    <div class=\"container\">\n                    <h2 class=\"heading-lg mb-7 text-center text-white\">\n                Vill du&#8230;\n            <\/h2>\n        \n        <div\n            class=\"px-5 content:px-0 grid grid-cols-1 gap-8 lg:grid-cols-3\">\n            \n            <article\nclass=\"round-corners-sm p-6 relative group grid grid-rows-[subgrid] row-[span_3] gap-4 bg-white text-red\"\n>\n            <h3\n        class=\"heading-sm group-hover:underline text-red\">\n            <a href=\"https:\/\/www.abf.se\/ostergotland\/samarbeta-med-oss\/\" class=\"expanded-hit-area\" target=\"\">\n                Samarbeta med oss\n            <\/a>\n        <\/h3>\n                <p class=\"body-md text-gray-text\">\n            L\u00e4s om medlemskap och samarbetsavtal om du har en f\u00f6rening.\n        <\/p>\n        <figure\n    class=\"w-[38px] h-[38px] rounded-full p-2 group-hover:scale-110 transition-transform duration-300 self-end pointer-events-none bg-red text-white\">\n        <svg width=\"20\" height=\"20\" viewBox=\"0 0 20 20\" fill=\"none\" class=\"SvgIconElement\">\n<path d=\"M4.16659 10L15.8333 10\" stroke=\"currentColor\"\/>\n<path d=\"M9.99992 4.1665L15.8333 9.99984L9.99992 15.8332\" stroke=\"currentColor\"\/>\n<\/svg>\n    <\/figure>\n<\/article>            \n            <article\nclass=\"round-corners-sm p-6 relative group grid grid-rows-[subgrid] row-[span_3] gap-4 bg-white text-red\"\n>\n            <h3\n        class=\"heading-sm group-hover:underline text-red\">\n            <a href=\"https:\/\/www.abf.se\/ostergotland\/starta-en-studiecirkel\/\" class=\"expanded-hit-area\" target=\"\">\n                Starta en studiecirkel\n            <\/a>\n        <\/h3>\n                <p class=\"body-md text-gray-text\">\n            Har du en id\u00e9 och en grupp som vill starta en studiecirkel? L\u00e4s mer h\u00e4r och g\u00f6r studiecirkelanm\u00e4lan.\n        <\/p>\n        <figure\n    class=\"w-[38px] h-[38px] rounded-full p-2 group-hover:scale-110 transition-transform duration-300 self-end pointer-events-none bg-red text-white\">\n        <svg width=\"20\" height=\"20\" viewBox=\"0 0 20 20\" fill=\"none\" class=\"SvgIconElement\">\n<path d=\"M4.16659 10L15.8333 10\" stroke=\"currentColor\"\/>\n<path d=\"M9.99992 4.1665L15.8333 9.99984L9.99992 15.8332\" stroke=\"currentColor\"\/>\n<\/svg>\n    <\/figure>\n<\/article>            \n            <article\nclass=\"round-corners-sm p-6 relative group grid grid-rows-[subgrid] row-[span_3] gap-4 bg-white text-red\"\n>\n            <h3\n        class=\"heading-sm group-hover:underline text-red\">\n            <a href=\"https:\/\/www.abf.se\/ostergotland\/kulturarrangemang\/\" class=\"expanded-hit-area\" target=\"\">\n                G\u00f6ra ett kulturarrangemang\n            <\/a>\n        <\/h3>\n                <p class=\"body-md text-gray-text\">\n            Ett kulturarrangemang kan vara en f\u00f6rel\u00e4sning, konsert, utst\u00e4llning, teater, panelsamtal och s\u00e5 vidare. L\u00e4s mer om kulturarrangemang och skicka in din anm\u00e4lan h\u00e4r.  \n        <\/p>\n        <figure\n    class=\"w-[38px] h-[38px] rounded-full p-2 group-hover:scale-110 transition-transform duration-300 self-end pointer-events-none bg-red text-white\">\n        <svg width=\"20\" height=\"20\" viewBox=\"0 0 20 20\" fill=\"none\" class=\"SvgIconElement\">\n<path d=\"M4.16659 10L15.8333 10\" stroke=\"currentColor\"\/>\n<path d=\"M9.99992 4.1665L15.8333 9.99984L9.99992 15.8332\" stroke=\"currentColor\"\/>\n<\/svg>\n    <\/figure>\n<\/article>                    <\/div>\n    <\/div>\n<\/div>\n<div\n    class=\"acf-section-breaker-text my-8 container-lg\"\n    data-block=\"section-breaker-text\"\n>\n    <div class=\"round-corners-lg overflow-hidden pt-36 pb-8 px-5 md:p-16 relative grid grid-cols-1 md:grid-cols-2 lg:grid-cols-5 grid-flow-col-dense\">\n\n            <picture class=\"as-background-image\"><img decoding=\"async\" src=\"https:\/\/www.abf.se\/ostergotland\/resized\/?url=https%3A%2F%2Fwww.abf.se%2Fwp-content%2Fuploads%2Fsites%2F64%2F2024%2F04%2Fglatt-folk-roll-up-scaled.jpg&#038;fit=crop&#038;w=1440&#038;s=05c2b7d5c2847d9552438de629238cdd\" srcset=\"https:\/\/www.abf.se\/ostergotland\/resized\/?url=https%3A%2F%2Fwww.abf.se%2Fwp-content%2Fuploads%2Fsites%2F64%2F2024%2F04%2Fglatt-folk-roll-up-scaled.jpg&#038;fit=crop&#038;w=375&#038;h=540&#038;s=c1355916b476ea8c5724953652da9365 375w, https:\/\/www.abf.se\/ostergotland\/resized\/?url=https%3A%2F%2Fwww.abf.se%2Fwp-content%2Fuploads%2Fsites%2F64%2F2024%2F04%2Fglatt-folk-roll-up-scaled.jpg&#038;fit=crop&#038;w=499&#038;h=540&#038;s=223dc72df67cc142016044d5f3b3169f 499w, https:\/\/www.abf.se\/ostergotland\/resized\/?url=https%3A%2F%2Fwww.abf.se%2Fwp-content%2Fuploads%2Fsites%2F64%2F2024%2F04%2Fglatt-folk-roll-up-scaled.jpg&#038;fit=crop&#038;w=623&#038;h=540&#038;s=5e5458675f570fa5adcd8fece83923b4 623w, https:\/\/www.abf.se\/ostergotland\/resized\/?url=https%3A%2F%2Fwww.abf.se%2Fwp-content%2Fuploads%2Fsites%2F64%2F2024%2F04%2Fglatt-folk-roll-up-scaled.jpg&#038;fit=crop&#038;w=747&#038;h=540&#038;s=e0490ed79394a5b1ae99571f55b1420a 747w, https:\/\/www.abf.se\/ostergotland\/resized\/?url=https%3A%2F%2Fwww.abf.se%2Fwp-content%2Fuploads%2Fsites%2F64%2F2024%2F04%2Fglatt-folk-roll-up-scaled.jpg&#038;fit=crop&#038;w=750&#038;h=540&#038;s=585c83f043a3bbf1fef93655af077689 750w, https:\/\/www.abf.se\/ostergotland\/resized\/?url=https%3A%2F%2Fwww.abf.se%2Fwp-content%2Fuploads%2Fsites%2F64%2F2024%2F04%2Fglatt-folk-roll-up-scaled.jpg&#038;fit=crop&#038;w=871&#038;h=540&#038;s=d0182541181016b74b4e382994ea28dc 871w, https:\/\/www.abf.se\/ostergotland\/resized\/?url=https%3A%2F%2Fwww.abf.se%2Fwp-content%2Fuploads%2Fsites%2F64%2F2024%2F04%2Fglatt-folk-roll-up-scaled.jpg&#038;fit=crop&#038;w=995&#038;h=540&#038;s=39964c1e08d15c28cd2df1d4980236b4 995w, https:\/\/www.abf.se\/ostergotland\/resized\/?url=https%3A%2F%2Fwww.abf.se%2Fwp-content%2Fuploads%2Fsites%2F64%2F2024%2F04%2Fglatt-folk-roll-up-scaled.jpg&#038;fit=crop&#038;w=998&#038;h=540&#038;s=0a2726edbbfb4c6cfbcf069a00a404f0 998w, https:\/\/www.abf.se\/ostergotland\/resized\/?url=https%3A%2F%2Fwww.abf.se%2Fwp-content%2Fuploads%2Fsites%2F64%2F2024%2F04%2Fglatt-folk-roll-up-scaled.jpg&#038;fit=crop&#038;w=1119&#038;h=540&#038;s=032fc2bc2bfa9662a88a2af05316d7b8 1119w, https:\/\/www.abf.se\/ostergotland\/resized\/?url=https%3A%2F%2Fwww.abf.se%2Fwp-content%2Fuploads%2Fsites%2F64%2F2024%2F04%2Fglatt-folk-roll-up-scaled.jpg&#038;fit=crop&#038;w=1243&#038;h=540&#038;s=6d91c80dc5ff3ad349a0f67462ff86d9 1243w, https:\/\/www.abf.se\/ostergotland\/resized\/?url=https%3A%2F%2Fwww.abf.se%2Fwp-content%2Fuploads%2Fsites%2F64%2F2024%2F04%2Fglatt-folk-roll-up-scaled.jpg&#038;fit=crop&#038;w=1246&#038;h=540&#038;s=ca9a2048bc4323df467fc58e4ca2962e 1246w, https:\/\/www.abf.se\/ostergotland\/resized\/?url=https%3A%2F%2Fwww.abf.se%2Fwp-content%2Fuploads%2Fsites%2F64%2F2024%2F04%2Fglatt-folk-roll-up-scaled.jpg&#038;fit=crop&#038;w=1367&#038;h=540&#038;s=5fe14103b4734bede098b1a7ece700a8 1367w, https:\/\/www.abf.se\/ostergotland\/resized\/?url=https%3A%2F%2Fwww.abf.se%2Fwp-content%2Fuploads%2Fsites%2F64%2F2024%2F04%2Fglatt-folk-roll-up-scaled.jpg&#038;fit=crop&#038;w=1440&#038;h=540&#038;s=3a2ff84ab7236dac526d64863269a776 1440w, https:\/\/www.abf.se\/ostergotland\/resized\/?url=https%3A%2F%2Fwww.abf.se%2Fwp-content%2Fuploads%2Fsites%2F64%2F2024%2F04%2Fglatt-folk-roll-up-scaled.jpg&#038;fit=crop&#038;w=1494&#038;h=540&#038;s=5bb9b6adf13dc93d25351dcdfd114533 1494w, https:\/\/www.abf.se\/ostergotland\/resized\/?url=https%3A%2F%2Fwww.abf.se%2Fwp-content%2Fuploads%2Fsites%2F64%2F2024%2F04%2Fglatt-folk-roll-up-scaled.jpg&#038;fit=crop&#038;w=1742&#038;h=540&#038;s=4a532df6b4bd712ee28565d1abcf982e 1742w, https:\/\/www.abf.se\/ostergotland\/resized\/?url=https%3A%2F%2Fwww.abf.se%2Fwp-content%2Fuploads%2Fsites%2F64%2F2024%2F04%2Fglatt-folk-roll-up-scaled.jpg&#038;fit=crop&#038;w=1990&#038;h=540&#038;s=0b4affcfef3781186a75885a3ee94309 1990w, https:\/\/www.abf.se\/ostergotland\/resized\/?url=https%3A%2F%2Fwww.abf.se%2Fwp-content%2Fuploads%2Fsites%2F64%2F2024%2F04%2Fglatt-folk-roll-up-scaled.jpg&#038;fit=crop&#038;w=2238&#038;h=540&#038;s=06d1ad162851df78fc0f371e6f0d35a3 2238w, https:\/\/www.abf.se\/ostergotland\/resized\/?url=https%3A%2F%2Fwww.abf.se%2Fwp-content%2Fuploads%2Fsites%2F64%2F2024%2F04%2Fglatt-folk-roll-up-scaled.jpg&#038;fit=crop&#038;w=2486&#038;h=540&#038;s=c8b3eb783d29ef330734413a977f25f7 2486w, https:\/\/www.abf.se\/ostergotland\/resized\/?url=https%3A%2F%2Fwww.abf.se%2Fwp-content%2Fuploads%2Fsites%2F64%2F2024%2F04%2Fglatt-folk-roll-up-scaled.jpg&#038;fit=crop&#038;w=2734&#038;h=540&#038;s=281c1f45754e293ee7bf1e77b3e07e1f 2734w\" alt=\"\" height=\"540\" width=\"1440\" sizes=\"auto, \n            (max-width: 1440px) calc(100vw - 32px), 1440px\" loading=\"lazy\" fetchpriority=\"low\" aria-hidden=\"true\" role=\"presentation\" \/><\/picture>\n                <div class=\"bg-white round-corners-sm px-10 py-11 col-span-1  relative z-10 col-span-3\">\n            <h2 class=\"heading-lg mb-4\">Prenumerera p\u00e5 v\u00e5rt nyhetsbrev!<\/h2>\n            <div style=\"font-size: 1.25rem; color: black;\" class=\"body-xl wysiwyg\"><p>I nyhetsbrevet f\u00e5r du de senaste uppdateringarna om v\u00e5r verksamhet i l\u00e4net. Klicka p\u00e5 l\u00e4nken och skriv in din e-post s\u00e5 f\u00e5r du v\u00e5rt n\u00e4sta nyhetsbrev.<\/p>\n<\/div>\n                                            <a href='https:\/\/abfostergotland.us8.list-manage.com\/subscribe?u=aa5e09bc5563149e528e8790e&amp;amp;id=0d7376be7a' class=\"default-button mt-8\" target=\"_blank\">Prenumerera!<\/a>\n                    \n        <\/div>\n    <\/div>\n<\/div>\n<div class=\"my-8 container-lg acf-link-block\" data-block=\"link-block\" class=\"acf-link-block\" data-block=\"link-block\">\n    <div class=\"w-full bg-red  round-corners-lg px-4 md:px-8 py-11 md:py-16\">\n        <h2 class=\"heading-lg mb-7 text-center text-white\">\n            \n        <\/h2>\n            <ul class=\"grid grid-cols-1 gap-x-4 gap-y-3 md:grid-cols-2\">\n                                                        <li>\n                        <a\n    class=\"large-button-link\"\n    href=\"https:\/\/www.abf.se\/ostergotland\/kontakta-oss\/\"\n    target=\"\"\n>\n    <span class=\"flex-1\">Kontakta oss<\/span>\n\n    <figure\n        aria-hidden=\"true\"\n        class=\"w-5\"\n    >\n                    <svg width=\"20\" height=\"20\" viewBox=\"0 0 20 20\" fill=\"none\" class=\"SvgIconElement\">\n<path d=\"M4.16659 10L15.8333 10\" stroke=\"currentColor\"\/>\n<path d=\"M9.99992 4.1665L15.8333 9.99984L9.99992 15.8332\" stroke=\"currentColor\"\/>\n<\/svg>\n            <\/figure>\n<\/a>\n                    <\/li>\n                                                        <li>\n                        <a\n    class=\"large-button-link\"\n    href=\"https:\/\/www.abf.se\/ostergotland\/var-verksamhet\/\"\n    target=\"\"\n>\n    <span class=\"flex-1\">V\u00e5r verksamhet<\/span>\n\n    <figure\n        aria-hidden=\"true\"\n        class=\"w-5\"\n    >\n                    <svg width=\"20\" height=\"20\" viewBox=\"0 0 20 20\" fill=\"none\" class=\"SvgIconElement\">\n<path d=\"M4.16659 10L15.8333 10\" stroke=\"currentColor\"\/>\n<path d=\"M9.99992 4.1665L15.8333 9.99984L9.99992 15.8332\" stroke=\"currentColor\"\/>\n<\/svg>\n            <\/figure>\n<\/a>\n                    <\/li>\n                                                        <li>\n                        <a\n    class=\"large-button-link\"\n    href=\"https:\/\/www.abf.se\/ostergotland\/nyheter\/\"\n    target=\"\"\n>\n    <span class=\"flex-1\">Nyheter i \u00d6sterg\u00f6tland<\/span>\n\n    <figure\n        aria-hidden=\"true\"\n        class=\"w-5\"\n    >\n                    <svg width=\"20\" height=\"20\" viewBox=\"0 0 20 20\" fill=\"none\" class=\"SvgIconElement\">\n<path d=\"M4.16659 10L15.8333 10\" stroke=\"currentColor\"\/>\n<path d=\"M9.99992 4.1665L15.8333 9.99984L9.99992 15.8332\" stroke=\"currentColor\"\/>\n<\/svg>\n            <\/figure>\n<\/a>\n                    <\/li>\n                                                        <li>\n                        <a\n    class=\"large-button-link\"\n    href=\"https:\/\/www.abf.se\/ostergotland\/kurser\/\"\n    target=\"\"\n>\n    <span class=\"flex-1\">Kurser<\/span>\n\n    <figure\n        aria-hidden=\"true\"\n        class=\"w-5\"\n    >\n                    <svg width=\"20\" height=\"20\" viewBox=\"0 0 20 20\" fill=\"none\" class=\"SvgIconElement\">\n<path d=\"M4.16659 10L15.8333 10\" stroke=\"currentColor\"\/>\n<path d=\"M9.99992 4.1665L15.8333 9.99984L9.99992 15.8332\" stroke=\"currentColor\"\/>\n<\/svg>\n            <\/figure>\n<\/a>\n                    <\/li>\n                            <\/ul>\n        <\/ul>\n    <\/div>\n<\/div>","protected":false},"excerpt":{"rendered":"","protected":false},"author":29,"featured_media":0,"parent":0,"menu_order":0,"comment_status":"closed","ping_status":"closed","template":"","meta":{"_acf_changed":false,"footnotes":""},"class_list":["post-711","page","type-page","status-publish","hentry"],"acf":[],"yoast_head":"<!-- This site is optimized with the Yoast SEO plugin v27.0 - https:\/\/yoast.com\/product\/yoast-seo-wordpress\/ -->\n<title>Om ABF \u00d6sterg\u00f6tland - \u00d6sterg\u00f6tland<\/title>\n<meta name=\"robots\" content=\"index, follow, max-snippet:-1, max-image-preview:large, max-video-preview:-1\" \/>\n<link rel=\"canonical\" href=\"https:\/\/www.abf.se\/ostergotland\/om-abf-ostergotland\/\" \/>\n<meta property=\"og:locale\" content=\"sv_SE\" \/>\n<meta property=\"og:type\" content=\"article\" \/>\n<meta property=\"og:title\" content=\"Om ABF \u00d6sterg\u00f6tland - \u00d6sterg\u00f6tland\" \/>\n<meta property=\"og:url\" content=\"https:\/\/www.abf.se\/ostergotland\/om-abf-ostergotland\/\" \/>\n<meta property=\"og:site_name\" content=\"\u00d6sterg\u00f6tland\" \/>\n<meta property=\"article:modified_time\" content=\"2024-05-08T08:40:34+00:00\" \/>\n<meta property=\"og:image\" content=\"https:\/\/www.abf.se\/wp-content\/uploads\/sites\/64\/2024\/04\/Nyckeln-liggande-scaled.jpg\" \/>\n\t<meta property=\"og:image:width\" content=\"2560\" \/>\n\t<meta property=\"og:image:height\" content=\"1440\" \/>\n\t<meta property=\"og:image:type\" content=\"image\/jpeg\" \/>\n<meta name=\"twitter:card\" content=\"summary_large_image\" \/>\n<script type=\"application\/ld+json\" class=\"yoast-schema-graph\">{\"@context\":\"https:\/\/schema.org\",\"@graph\":[{\"@type\":\"WebPage\",\"@id\":\"https:\/\/www.abf.se\/ostergotland\/om-abf-ostergotland\/\",\"url\":\"https:\/\/www.abf.se\/ostergotland\/om-abf-ostergotland\/\",\"name\":\"Om ABF \u00d6sterg\u00f6tland - \u00d6sterg\u00f6tland\",\"isPartOf\":{\"@id\":\"https:\/\/www.abf.se\/ostergotland\/#website\"},\"datePublished\":\"2024-04-22T07:38:41+00:00\",\"dateModified\":\"2024-05-08T08:40:34+00:00\",\"breadcrumb\":{\"@id\":\"https:\/\/www.abf.se\/ostergotland\/om-abf-ostergotland\/#breadcrumb\"},\"inLanguage\":\"sv-SE\",\"potentialAction\":[{\"@type\":\"ReadAction\",\"target\":[\"https:\/\/www.abf.se\/ostergotland\/om-abf-ostergotland\/\"]}]},{\"@type\":\"BreadcrumbList\",\"@id\":\"https:\/\/www.abf.se\/ostergotland\/om-abf-ostergotland\/#breadcrumb\",\"itemListElement\":[{\"@type\":\"ListItem\",\"position\":1,\"name\":\"Home\",\"item\":\"https:\/\/www.abf.se\/ostergotland\/\"},{\"@type\":\"ListItem\",\"position\":2,\"name\":\"Om ABF \u00d6sterg\u00f6tland\"}]},{\"@type\":\"WebSite\",\"@id\":\"https:\/\/www.abf.se\/ostergotland\/#website\",\"url\":\"https:\/\/www.abf.se\/ostergotland\/\",\"name\":\"\u00d6sterg\u00f6tland\",\"description\":\"\",\"potentialAction\":[{\"@type\":\"SearchAction\",\"target\":{\"@type\":\"EntryPoint\",\"urlTemplate\":\"https:\/\/www.abf.se\/ostergotland\/?s={search_term_string}\"},\"query-input\":{\"@type\":\"PropertyValueSpecification\",\"valueRequired\":true,\"valueName\":\"search_term_string\"}}],\"inLanguage\":\"sv-SE\"}]}<\/script>\n<!-- \/ Yoast SEO plugin. -->","yoast_head_json":{"title":"Om ABF \u00d6sterg\u00f6tland - \u00d6sterg\u00f6tland","robots":{"index":"index","follow":"follow","max-snippet":"max-snippet:-1","max-image-preview":"max-image-preview:large","max-video-preview":"max-video-preview:-1"},"canonical":"https:\/\/www.abf.se\/ostergotland\/om-abf-ostergotland\/","og_locale":"sv_SE","og_type":"article","og_title":"Om ABF \u00d6sterg\u00f6tland - \u00d6sterg\u00f6tland","og_url":"https:\/\/www.abf.se\/ostergotland\/om-abf-ostergotland\/","og_site_name":"\u00d6sterg\u00f6tland","article_modified_time":"2024-05-08T08:40:34+00:00","og_image":[{"width":2560,"height":1440,"url":"https:\/\/www.abf.se\/wp-content\/uploads\/sites\/64\/2024\/04\/Nyckeln-liggande-scaled.jpg","type":"image\/jpeg"}],"twitter_card":"summary_large_image","schema":{"@context":"https:\/\/schema.org","@graph":[{"@type":"WebPage","@id":"https:\/\/www.abf.se\/ostergotland\/om-abf-ostergotland\/","url":"https:\/\/www.abf.se\/ostergotland\/om-abf-ostergotland\/","name":"Om ABF \u00d6sterg\u00f6tland - \u00d6sterg\u00f6tland","isPartOf":{"@id":"https:\/\/www.abf.se\/ostergotland\/#website"},"datePublished":"2024-04-22T07:38:41+00:00","dateModified":"2024-05-08T08:40:34+00:00","breadcrumb":{"@id":"https:\/\/www.abf.se\/ostergotland\/om-abf-ostergotland\/#breadcrumb"},"inLanguage":"sv-SE","potentialAction":[{"@type":"ReadAction","target":["https:\/\/www.abf.se\/ostergotland\/om-abf-ostergotland\/"]}]},{"@type":"BreadcrumbList","@id":"https:\/\/www.abf.se\/ostergotland\/om-abf-ostergotland\/#breadcrumb","itemListElement":[{"@type":"ListItem","position":1,"name":"Home","item":"https:\/\/www.abf.se\/ostergotland\/"},{"@type":"ListItem","position":2,"name":"Om ABF \u00d6sterg\u00f6tland"}]},{"@type":"WebSite","@id":"https:\/\/www.abf.se\/ostergotland\/#website","url":"https:\/\/www.abf.se\/ostergotland\/","name":"\u00d6sterg\u00f6tland","description":"","potentialAction":[{"@type":"SearchAction","target":{"@type":"EntryPoint","urlTemplate":"https:\/\/www.abf.se\/ostergotland\/?s={search_term_string}"},"query-input":{"@type":"PropertyValueSpecification","valueRequired":true,"valueName":"search_term_string"}}],"inLanguage":"sv-SE"}]}},"_links":{"self":[{"href":"https:\/\/www.abf.se\/ostergotland\/wp-json\/wp\/v2\/pages\/711","targetHints":{"allow":["GET"]}}],"collection":[{"href":"https:\/\/www.abf.se\/ostergotland\/wp-json\/wp\/v2\/pages"}],"about":[{"href":"https:\/\/www.abf.se\/ostergotland\/wp-json\/wp\/v2\/types\/page"}],"author":[{"embeddable":true,"href":"https:\/\/www.abf.se\/ostergotland\/wp-json\/wp\/v2\/users\/29"}],"replies":[{"embeddable":true,"href":"https:\/\/www.abf.se\/ostergotland\/wp-json\/wp\/v2\/comments?post=711"}],"version-history":[{"count":18,"href":"https:\/\/www.abf.se\/ostergotland\/wp-json\/wp\/v2\/pages\/711\/revisions"}],"predecessor-version":[{"id":1081,"href":"https:\/\/www.abf.se\/ostergotland\/wp-json\/wp\/v2\/pages\/711\/revisions\/1081"}],"wp:attachment":[{"href":"https:\/\/www.abf.se\/ostergotland\/wp-json\/wp\/v2\/media?parent=711"}],"curies":[{"name":"wp","href":"https:\/\/api.w.org\/{rel}","templated":true}]}}