{"id":298,"date":"2024-12-18T10:36:20","date_gmt":"2024-12-18T09:36:20","guid":{"rendered":"https:\/\/www.abf.se\/skane\/?page_id=298"},"modified":"2026-03-17T11:58:12","modified_gmt":"2026-03-17T10:58:12","slug":"abf-skanes-medlemsorganisationer","status":"publish","type":"page","link":"https:\/\/www.abf.se\/skane\/abf-skanes-medlemsorganisationer\/","title":{"rendered":"ABF Sk\u00e5nes medlemsorganisationer"},"content":{"rendered":"<div\n    class=\"acf-article-facts-block article-container  my-8 \"\n    data-block=\"article-facts-block\"\n>\n<div class=\"bg-teal-light border border-teal p-8 rounded-corners-sm\">\n<header>\n        <h2 class=\"heading-md text-teal-dark mb-3\">\n            ABF Sk\u00e5nes medlemsorganisationer\n        <\/h2>\n    <\/header>\n    <div class=\"wysiwyg\">\n        <p>Albins Folkh\u00f6gskola<br \/>\nAstma- och Allergidistrikt Syd<br \/>\nDHB S\u00f6dra<br \/>\nDHR Sk\u00e5ne L\u00e4ns Distrikt<br \/>\nDiabetesf\u00f6reningen i Sk\u00e5ne L\u00e4n<br \/>\nEpilepsif\u00f6reningen i Sk\u00e5ne<br \/>\nFBIS S\u00f6dra Regionf\u00f6reningen<br \/>\nFolkets Hus och Parker S\u00f6dra Regionen<br \/>\nHBTQ+ Socialdemokrater Sk\u00e5ne<br \/>\nHRF Distrikt Sk\u00e5ne<br \/>\nHyresg\u00e4stf\u00f6reningen Region Norra Sk\u00e5ne<br \/>\nHyresg\u00e4stf\u00f6reningen Region S\u00f6dra Sk\u00e5ne<br \/>\nILCO Sk\u00e5ne<br \/>\nKRO Sk\u00e5ne<br \/>\nLO-distriktet i Sk\u00e5ne<br \/>\nMalm\u00f6 LS av SAC-Syndikalisterna<br \/>\nMun- och Halscancerf\u00f6reningen i S\u00f6dra Sverige<br \/>\nNeuro Sk\u00e5ne<br \/>\nPRO Sk\u00e5ne<br \/>\nPsoriasisf\u00f6rbundet Sk\u00e5ne l\u00e4n<br \/>\nReumatikerdistriktet Sk\u00e5ne<br \/>\nRiksbyggens intressef\u00f6rening f\u00f6r Norra Sk\u00e5ne<br \/>\nRiksbyggens intressef\u00f6rening f\u00f6r S\u00f6dra och Mellersta Sk\u00e5ne<br \/>\nRiksf\u00f6rbundet Hj\u00e4rtLung Sk\u00e5ne l\u00e4n<br \/>\nRSMH Sk\u00e5ne<br \/>\nSAFRAN (S\u00f6dra Afrikaf\u00f6reningen i Sk\u00e5ne)<br \/>\nSKPF Distrikt Sk\u00e5ne<br \/>\nS-kvinnor Sk\u00e5ne<br \/>\nSk\u00e5nes D\u00f6vas Distriktsf\u00f6rbund<br \/>\nSocialdemokrater f\u00f6r Tro och Solidaritet i Sk\u00e5ne<br \/>\nSocialdemokraterna i Sk\u00e5ne<br \/>\nSRF Sk\u00e5ne<br \/>\nSSU Sk\u00e5ne<br \/>\nSTROKE-f\u00f6reningen Sk\u00e5ne l\u00e4n<br \/>\nSvensk-kubanska f\u00f6reningen S\u00f6dra Sverige<br \/>\nS\u00f6dra Sveriges Distrikt av SFRF (Sverigefinska Riksf\u00f6rbundet)<br \/>\nUng V\u00e4nster Sk\u00e5ne<br \/>\nUnga \u00d6rnar Sk\u00e5ne<br \/>\nVerdandi Sk\u00e5ne<br \/>\nV\u00e4nsterpartiet Sk\u00e5ne<\/p>\n\n    <\/div>\n<\/div>\n\n<\/div>\n","protected":false},"excerpt":{"rendered":"","protected":false},"author":51,"featured_media":0,"parent":0,"menu_order":0,"comment_status":"closed","ping_status":"closed","template":"","meta":{"_acf_changed":false,"footnotes":""},"class_list":["post-298","page","type-page","status-publish","hentry"],"acf":[],"yoast_head":"<!-- This site is optimized with the Yoast SEO plugin v27.0 - https:\/\/yoast.com\/product\/yoast-seo-wordpress\/ -->\n<title>ABF Sk\u00e5nes medlemsorganisationer - Distriktet Sk\u00e5ne<\/title>\n<meta name=\"robots\" content=\"index, follow, max-snippet:-1, max-image-preview:large, max-video-preview:-1\" \/>\n<link rel=\"canonical\" href=\"https:\/\/www.abf.se\/skane\/abf-skanes-medlemsorganisationer\/\" \/>\n<meta property=\"og:locale\" content=\"sv_SE\" \/>\n<meta property=\"og:type\" content=\"article\" \/>\n<meta property=\"og:title\" content=\"ABF Sk\u00e5nes medlemsorganisationer - Distriktet Sk\u00e5ne\" \/>\n<meta property=\"og:url\" content=\"https:\/\/www.abf.se\/skane\/abf-skanes-medlemsorganisationer\/\" \/>\n<meta property=\"og:site_name\" content=\"Distriktet Sk\u00e5ne\" \/>\n<meta property=\"article:modified_time\" content=\"2026-03-17T10:58:12+00:00\" \/>\n<meta property=\"og:image\" content=\"https:\/\/www.abf.se\/wp-content\/uploads\/sites\/44\/2024\/04\/Nyckeln-liggande-scaled.jpg\" \/>\n\t<meta property=\"og:image:width\" content=\"2560\" \/>\n\t<meta property=\"og:image:height\" content=\"1440\" \/>\n\t<meta property=\"og:image:type\" content=\"image\/jpeg\" \/>\n<meta name=\"twitter:card\" content=\"summary_large_image\" \/>\n<script type=\"application\/ld+json\" class=\"yoast-schema-graph\">{\"@context\":\"https:\/\/schema.org\",\"@graph\":[{\"@type\":\"WebPage\",\"@id\":\"https:\/\/www.abf.se\/skane\/abf-skanes-medlemsorganisationer\/\",\"url\":\"https:\/\/www.abf.se\/skane\/abf-skanes-medlemsorganisationer\/\",\"name\":\"ABF Sk\u00e5nes medlemsorganisationer - Distriktet Sk\u00e5ne\",\"isPartOf\":{\"@id\":\"https:\/\/www.abf.se\/skane\/#website\"},\"datePublished\":\"2024-12-18T09:36:20+00:00\",\"dateModified\":\"2026-03-17T10:58:12+00:00\",\"breadcrumb\":{\"@id\":\"https:\/\/www.abf.se\/skane\/abf-skanes-medlemsorganisationer\/#breadcrumb\"},\"inLanguage\":\"sv-SE\",\"potentialAction\":[{\"@type\":\"ReadAction\",\"target\":[\"https:\/\/www.abf.se\/skane\/abf-skanes-medlemsorganisationer\/\"]}]},{\"@type\":\"BreadcrumbList\",\"@id\":\"https:\/\/www.abf.se\/skane\/abf-skanes-medlemsorganisationer\/#breadcrumb\",\"itemListElement\":[{\"@type\":\"ListItem\",\"position\":1,\"name\":\"Home\",\"item\":\"https:\/\/www.abf.se\/skane\/\"},{\"@type\":\"ListItem\",\"position\":2,\"name\":\"ABF Sk\u00e5nes medlemsorganisationer\"}]},{\"@type\":\"WebSite\",\"@id\":\"https:\/\/www.abf.se\/skane\/#website\",\"url\":\"https:\/\/www.abf.se\/skane\/\",\"name\":\"Distriktet Sk\u00e5ne\",\"description\":\"\",\"potentialAction\":[{\"@type\":\"SearchAction\",\"target\":{\"@type\":\"EntryPoint\",\"urlTemplate\":\"https:\/\/www.abf.se\/skane\/?s={search_term_string}\"},\"query-input\":{\"@type\":\"PropertyValueSpecification\",\"valueRequired\":true,\"valueName\":\"search_term_string\"}}],\"inLanguage\":\"sv-SE\"}]}<\/script>\n<!-- \/ Yoast SEO plugin. -->","yoast_head_json":{"title":"ABF Sk\u00e5nes medlemsorganisationer - Distriktet Sk\u00e5ne","robots":{"index":"index","follow":"follow","max-snippet":"max-snippet:-1","max-image-preview":"max-image-preview:large","max-video-preview":"max-video-preview:-1"},"canonical":"https:\/\/www.abf.se\/skane\/abf-skanes-medlemsorganisationer\/","og_locale":"sv_SE","og_type":"article","og_title":"ABF Sk\u00e5nes medlemsorganisationer - Distriktet Sk\u00e5ne","og_url":"https:\/\/www.abf.se\/skane\/abf-skanes-medlemsorganisationer\/","og_site_name":"Distriktet Sk\u00e5ne","article_modified_time":"2026-03-17T10:58:12+00:00","og_image":[{"width":2560,"height":1440,"url":"https:\/\/www.abf.se\/wp-content\/uploads\/sites\/44\/2024\/04\/Nyckeln-liggande-scaled.jpg","type":"image\/jpeg"}],"twitter_card":"summary_large_image","schema":{"@context":"https:\/\/schema.org","@graph":[{"@type":"WebPage","@id":"https:\/\/www.abf.se\/skane\/abf-skanes-medlemsorganisationer\/","url":"https:\/\/www.abf.se\/skane\/abf-skanes-medlemsorganisationer\/","name":"ABF Sk\u00e5nes medlemsorganisationer - Distriktet Sk\u00e5ne","isPartOf":{"@id":"https:\/\/www.abf.se\/skane\/#website"},"datePublished":"2024-12-18T09:36:20+00:00","dateModified":"2026-03-17T10:58:12+00:00","breadcrumb":{"@id":"https:\/\/www.abf.se\/skane\/abf-skanes-medlemsorganisationer\/#breadcrumb"},"inLanguage":"sv-SE","potentialAction":[{"@type":"ReadAction","target":["https:\/\/www.abf.se\/skane\/abf-skanes-medlemsorganisationer\/"]}]},{"@type":"BreadcrumbList","@id":"https:\/\/www.abf.se\/skane\/abf-skanes-medlemsorganisationer\/#breadcrumb","itemListElement":[{"@type":"ListItem","position":1,"name":"Home","item":"https:\/\/www.abf.se\/skane\/"},{"@type":"ListItem","position":2,"name":"ABF Sk\u00e5nes medlemsorganisationer"}]},{"@type":"WebSite","@id":"https:\/\/www.abf.se\/skane\/#website","url":"https:\/\/www.abf.se\/skane\/","name":"Distriktet Sk\u00e5ne","description":"","potentialAction":[{"@type":"SearchAction","target":{"@type":"EntryPoint","urlTemplate":"https:\/\/www.abf.se\/skane\/?s={search_term_string}"},"query-input":{"@type":"PropertyValueSpecification","valueRequired":true,"valueName":"search_term_string"}}],"inLanguage":"sv-SE"}]}},"_links":{"self":[{"href":"https:\/\/www.abf.se\/skane\/wp-json\/wp\/v2\/pages\/298","targetHints":{"allow":["GET"]}}],"collection":[{"href":"https:\/\/www.abf.se\/skane\/wp-json\/wp\/v2\/pages"}],"about":[{"href":"https:\/\/www.abf.se\/skane\/wp-json\/wp\/v2\/types\/page"}],"author":[{"embeddable":true,"href":"https:\/\/www.abf.se\/skane\/wp-json\/wp\/v2\/users\/51"}],"replies":[{"embeddable":true,"href":"https:\/\/www.abf.se\/skane\/wp-json\/wp\/v2\/comments?post=298"}],"version-history":[{"count":4,"href":"https:\/\/www.abf.se\/skane\/wp-json\/wp\/v2\/pages\/298\/revisions"}],"predecessor-version":[{"id":895,"href":"https:\/\/www.abf.se\/skane\/wp-json\/wp\/v2\/pages\/298\/revisions\/895"}],"wp:attachment":[{"href":"https:\/\/www.abf.se\/skane\/wp-json\/wp\/v2\/media?parent=298"}],"curies":[{"name":"wp","href":"https:\/\/api.w.org\/{rel}","templated":true}]}}

ABF Skånes medlemsorganisationer

<div
    class="acf-article-facts-block article-container  my-8 "
    data-block="article-facts-block"
>
<div class="bg-teal-light border border-teal p-8 rounded-corners-sm">
<header>
        <h2 class="heading-md text-teal-dark mb-3">
            ABF Skånes medlemsorganisationer
        </h2>
    </header>
    <div class="wysiwyg">
        <p>Albins Folkhögskola<br />
Astma- och Allergidistrikt Syd<br />
DHB Södra<br />
DHR Skåne Läns Distrikt<br />
Diabetesföreningen i Skåne Län<br />
Epilepsiföreningen i Skåne<br />
FBIS Södra Regionföreningen<br />
Folkets Hus och Parker Södra Regionen<br />
HBTQ+ Socialdemokrater Skåne<br />
HRF Distrikt Skåne<br />
Hyresgästföreningen Region Norra Skåne<br />
Hyresgästföreningen Region Södra Skåne<br />
ILCO Skåne<br />
KRO Skåne<br />
LO-distriktet i Skåne<br />
Malmö LS av SAC-Syndikalisterna<br />
Mun- och Halscancerföreningen i Södra Sverige<br />
Neuro Skåne<br />
PRO Skåne<br />
Psoriasisförbundet Skåne län<br />
Reumatikerdistriktet Skåne<br />
Riksbyggens intresseförening för Norra Skåne<br />
Riksbyggens intresseförening för Södra och Mellersta Skåne<br />
Riksförbundet HjärtLung Skåne län<br />
RSMH Skåne<br />
SAFRAN (Södra Afrikaföreningen i Skåne)<br />
SKPF Distrikt Skåne<br />
S-kvinnor Skåne<br />
Skånes Dövas Distriktsförbund<br />
Socialdemokrater för Tro och Solidaritet i Skåne<br />
Socialdemokraterna i Skåne<br />
SRF Skåne<br />
SSU Skåne<br />
STROKE-föreningen Skåne län<br />
Svensk-kubanska föreningen Södra Sverige<br />
Södra Sveriges Distrikt av SFRF (Sverigefinska Riksförbundet)<br />
Ung Vänster Skåne<br />
Unga Örnar Skåne<br />
Verdandi Skåne<br />
Vänsterpartiet Skåne</p>

    </div>
</div>

</div>

<!-- This site is optimized with the Yoast SEO plugin v27.0 - https://yoast.com/product/yoast-seo-wordpress/ -->
<title>ABF Skånes medlemsorganisationer - Distriktet Skåne</title>
<meta name="robots" content="index, follow, max-snippet:-1, max-image-preview:large, max-video-preview:-1" />
<link rel="canonical" href="https://www.abf.se/skane/abf-skanes-medlemsorganisationer/" />
<meta property="og:locale" content="sv_SE" />
<meta property="og:type" content="article" />
<meta property="og:title" content="ABF Skånes medlemsorganisationer - Distriktet Skåne" />
<meta property="og:url" content="https://www.abf.se/skane/abf-skanes-medlemsorganisationer/" />
<meta property="og:site_name" content="Distriktet Skåne" />
<meta property="article:modified_time" content="2026-03-17T10:58:12+00:00" />
<meta property="og:image" content="https://www.abf.se/wp-content/uploads/sites/44/2024/04/Nyckeln-liggande-scaled.jpg" />
	<meta property="og:image:width" content="2560" />
	<meta property="og:image:height" content="1440" />
	<meta property="og:image:type" content="image/jpeg" />
<meta name="twitter:card" content="summary_large_image" />
<script type="application/ld+json" class="yoast-schema-graph">{"@context":"https://schema.org","@graph":[{"@type":"WebPage","@id":"https://www.abf.se/skane/abf-skanes-medlemsorganisationer/","url":"https://www.abf.se/skane/abf-skanes-medlemsorganisationer/","name":"ABF Skånes medlemsorganisationer - Distriktet Skåne","isPartOf":{"@id":"https://www.abf.se/skane/#website"},"datePublished":"2024-12-18T09:36:20+00:00","dateModified":"2026-03-17T10:58:12+00:00","breadcrumb":{"@id":"https://www.abf.se/skane/abf-skanes-medlemsorganisationer/#breadcrumb"},"inLanguage":"sv-SE","potentialAction":[{"@type":"ReadAction","target":["https://www.abf.se/skane/abf-skanes-medlemsorganisationer/"]}]},{"@type":"BreadcrumbList","@id":"https://www.abf.se/skane/abf-skanes-medlemsorganisationer/#breadcrumb","itemListElement":[{"@type":"ListItem","position":1,"name":"Home","item":"https://www.abf.se/skane/"},{"@type":"ListItem","position":2,"name":"ABF Skånes medlemsorganisationer"}]},{"@type":"WebSite","@id":"https://www.abf.se/skane/#website","url":"https://www.abf.se/skane/","name":"Distriktet Skåne","description":"","potentialAction":[{"@type":"SearchAction","target":{"@type":"EntryPoint","urlTemplate":"https://www.abf.se/skane/?s={search_term_string}"},"query-input":{"@type":"PropertyValueSpecification","valueRequired":true,"valueName":"search_term_string"}}],"inLanguage":"sv-SE"}]}</script>
<!-- / Yoast SEO plugin. -->

ABF Skånes medlemsorganisationer - Distriktet Skåne

Distriktet Skåne
