{"id":302,"date":"2024-12-18T10:41:42","date_gmt":"2024-12-18T09:41:42","guid":{"rendered":"https:\/\/www.abf.se\/skane\/?page_id=302"},"modified":"2026-03-17T11:58:30","modified_gmt":"2026-03-17T10:58:30","slug":"abf-skanes-samverkansparter","status":"publish","type":"page","link":"https:\/\/www.abf.se\/skane\/abf-skanes-samverkansparter\/","title":{"rendered":"ABF Sk\u00e5nes Samverkansparter"},"content":{"rendered":"<div\n    class=\"acf-article-facts-block article-container  my-8 \"\n    data-block=\"article-facts-block\"\n>\n<div class=\"bg-teal-light border border-teal p-8 rounded-corners-sm\">\n<header>\n        <h2 class=\"heading-md text-teal-dark mb-3\">\n            ABF Sk\u00e5nes Samverkansparter\n        <\/h2>\n    <\/header>\n    <div class=\"wysiwyg\">\n        <p>Celiakif\u00f6reningen i Sk\u00e5ne l\u00e4n<br \/>\nRiksf\u00f6rbundet Cystisk Fibros Region Syd<br \/>\nDyslexif\u00f6rbundet FMLS i Sk\u00e5ne l\u00e4n<br \/>\nEDS Sk\u00e5ne\/Blekinge Erhler-Danlos syndrom<br \/>\nFunktionsr\u00e4tt Sk\u00e5ne<br \/>\nHj\u00e4rtebarnsfonden Syd<br \/>\nMag- och Tarmf\u00f6reningen i Sk\u00e5ne<br \/>\nPersonskadef\u00f6rbundet RTP Sk\u00e5nedistrikt<br \/>\nSamer i Syd<\/p>\n\n    <\/div>\n<\/div>\n\n<\/div>\n","protected":false},"excerpt":{"rendered":"","protected":false},"author":51,"featured_media":0,"parent":0,"menu_order":0,"comment_status":"closed","ping_status":"closed","template":"","meta":{"_acf_changed":false,"footnotes":""},"class_list":["post-302","page","type-page","status-publish","hentry"],"acf":[],"yoast_head":"<!-- This site is optimized with the Yoast SEO plugin v27.0 - https:\/\/yoast.com\/product\/yoast-seo-wordpress\/ -->\n<title>ABF Sk\u00e5nes Samverkansparter - Distriktet Sk\u00e5ne<\/title>\n<meta name=\"robots\" content=\"index, follow, max-snippet:-1, max-image-preview:large, max-video-preview:-1\" \/>\n<link rel=\"canonical\" href=\"https:\/\/www.abf.se\/skane\/abf-skanes-samverkansparter\/\" \/>\n<meta property=\"og:locale\" content=\"sv_SE\" \/>\n<meta property=\"og:type\" content=\"article\" \/>\n<meta property=\"og:title\" content=\"ABF Sk\u00e5nes Samverkansparter - Distriktet Sk\u00e5ne\" \/>\n<meta property=\"og:url\" content=\"https:\/\/www.abf.se\/skane\/abf-skanes-samverkansparter\/\" \/>\n<meta property=\"og:site_name\" content=\"Distriktet Sk\u00e5ne\" \/>\n<meta property=\"article:modified_time\" content=\"2026-03-17T10:58:30+00:00\" \/>\n<meta property=\"og:image\" content=\"https:\/\/www.abf.se\/wp-content\/uploads\/sites\/44\/2024\/04\/Nyckeln-liggande-scaled.jpg\" \/>\n\t<meta property=\"og:image:width\" content=\"2560\" \/>\n\t<meta property=\"og:image:height\" content=\"1440\" \/>\n\t<meta property=\"og:image:type\" content=\"image\/jpeg\" \/>\n<meta name=\"twitter:card\" content=\"summary_large_image\" \/>\n<script type=\"application\/ld+json\" class=\"yoast-schema-graph\">{\"@context\":\"https:\/\/schema.org\",\"@graph\":[{\"@type\":\"WebPage\",\"@id\":\"https:\/\/www.abf.se\/skane\/abf-skanes-samverkansparter\/\",\"url\":\"https:\/\/www.abf.se\/skane\/abf-skanes-samverkansparter\/\",\"name\":\"ABF Sk\u00e5nes Samverkansparter - Distriktet Sk\u00e5ne\",\"isPartOf\":{\"@id\":\"https:\/\/www.abf.se\/skane\/#website\"},\"datePublished\":\"2024-12-18T09:41:42+00:00\",\"dateModified\":\"2026-03-17T10:58:30+00:00\",\"breadcrumb\":{\"@id\":\"https:\/\/www.abf.se\/skane\/abf-skanes-samverkansparter\/#breadcrumb\"},\"inLanguage\":\"sv-SE\",\"potentialAction\":[{\"@type\":\"ReadAction\",\"target\":[\"https:\/\/www.abf.se\/skane\/abf-skanes-samverkansparter\/\"]}]},{\"@type\":\"BreadcrumbList\",\"@id\":\"https:\/\/www.abf.se\/skane\/abf-skanes-samverkansparter\/#breadcrumb\",\"itemListElement\":[{\"@type\":\"ListItem\",\"position\":1,\"name\":\"Home\",\"item\":\"https:\/\/www.abf.se\/skane\/\"},{\"@type\":\"ListItem\",\"position\":2,\"name\":\"ABF Sk\u00e5nes Samverkansparter\"}]},{\"@type\":\"WebSite\",\"@id\":\"https:\/\/www.abf.se\/skane\/#website\",\"url\":\"https:\/\/www.abf.se\/skane\/\",\"name\":\"Distriktet Sk\u00e5ne\",\"description\":\"\",\"potentialAction\":[{\"@type\":\"SearchAction\",\"target\":{\"@type\":\"EntryPoint\",\"urlTemplate\":\"https:\/\/www.abf.se\/skane\/?s={search_term_string}\"},\"query-input\":{\"@type\":\"PropertyValueSpecification\",\"valueRequired\":true,\"valueName\":\"search_term_string\"}}],\"inLanguage\":\"sv-SE\"}]}<\/script>\n<!-- \/ Yoast SEO plugin. -->","yoast_head_json":{"title":"ABF Sk\u00e5nes Samverkansparter - Distriktet Sk\u00e5ne","robots":{"index":"index","follow":"follow","max-snippet":"max-snippet:-1","max-image-preview":"max-image-preview:large","max-video-preview":"max-video-preview:-1"},"canonical":"https:\/\/www.abf.se\/skane\/abf-skanes-samverkansparter\/","og_locale":"sv_SE","og_type":"article","og_title":"ABF Sk\u00e5nes Samverkansparter - Distriktet Sk\u00e5ne","og_url":"https:\/\/www.abf.se\/skane\/abf-skanes-samverkansparter\/","og_site_name":"Distriktet Sk\u00e5ne","article_modified_time":"2026-03-17T10:58:30+00:00","og_image":[{"width":2560,"height":1440,"url":"https:\/\/www.abf.se\/wp-content\/uploads\/sites\/44\/2024\/04\/Nyckeln-liggande-scaled.jpg","type":"image\/jpeg"}],"twitter_card":"summary_large_image","schema":{"@context":"https:\/\/schema.org","@graph":[{"@type":"WebPage","@id":"https:\/\/www.abf.se\/skane\/abf-skanes-samverkansparter\/","url":"https:\/\/www.abf.se\/skane\/abf-skanes-samverkansparter\/","name":"ABF Sk\u00e5nes Samverkansparter - Distriktet Sk\u00e5ne","isPartOf":{"@id":"https:\/\/www.abf.se\/skane\/#website"},"datePublished":"2024-12-18T09:41:42+00:00","dateModified":"2026-03-17T10:58:30+00:00","breadcrumb":{"@id":"https:\/\/www.abf.se\/skane\/abf-skanes-samverkansparter\/#breadcrumb"},"inLanguage":"sv-SE","potentialAction":[{"@type":"ReadAction","target":["https:\/\/www.abf.se\/skane\/abf-skanes-samverkansparter\/"]}]},{"@type":"BreadcrumbList","@id":"https:\/\/www.abf.se\/skane\/abf-skanes-samverkansparter\/#breadcrumb","itemListElement":[{"@type":"ListItem","position":1,"name":"Home","item":"https:\/\/www.abf.se\/skane\/"},{"@type":"ListItem","position":2,"name":"ABF Sk\u00e5nes Samverkansparter"}]},{"@type":"WebSite","@id":"https:\/\/www.abf.se\/skane\/#website","url":"https:\/\/www.abf.se\/skane\/","name":"Distriktet Sk\u00e5ne","description":"","potentialAction":[{"@type":"SearchAction","target":{"@type":"EntryPoint","urlTemplate":"https:\/\/www.abf.se\/skane\/?s={search_term_string}"},"query-input":{"@type":"PropertyValueSpecification","valueRequired":true,"valueName":"search_term_string"}}],"inLanguage":"sv-SE"}]}},"_links":{"self":[{"href":"https:\/\/www.abf.se\/skane\/wp-json\/wp\/v2\/pages\/302","targetHints":{"allow":["GET"]}}],"collection":[{"href":"https:\/\/www.abf.se\/skane\/wp-json\/wp\/v2\/pages"}],"about":[{"href":"https:\/\/www.abf.se\/skane\/wp-json\/wp\/v2\/types\/page"}],"author":[{"embeddable":true,"href":"https:\/\/www.abf.se\/skane\/wp-json\/wp\/v2\/users\/51"}],"replies":[{"embeddable":true,"href":"https:\/\/www.abf.se\/skane\/wp-json\/wp\/v2\/comments?post=302"}],"version-history":[{"count":5,"href":"https:\/\/www.abf.se\/skane\/wp-json\/wp\/v2\/pages\/302\/revisions"}],"predecessor-version":[{"id":896,"href":"https:\/\/www.abf.se\/skane\/wp-json\/wp\/v2\/pages\/302\/revisions\/896"}],"wp:attachment":[{"href":"https:\/\/www.abf.se\/skane\/wp-json\/wp\/v2\/media?parent=302"}],"curies":[{"name":"wp","href":"https:\/\/api.w.org\/{rel}","templated":true}]}}

ABF Skånes Samverkansparter

<div
    class="acf-article-facts-block article-container  my-8 "
    data-block="article-facts-block"
>
<div class="bg-teal-light border border-teal p-8 rounded-corners-sm">
<header>
        <h2 class="heading-md text-teal-dark mb-3">
            ABF Skånes Samverkansparter
        </h2>
    </header>
    <div class="wysiwyg">
        <p>Celiakiföreningen i Skåne län<br />
Riksförbundet Cystisk Fibros Region Syd<br />
Dyslexiförbundet FMLS i Skåne län<br />
EDS Skåne/Blekinge Erhler-Danlos syndrom<br />
Funktionsrätt Skåne<br />
Hjärtebarnsfonden Syd<br />
Mag- och Tarmföreningen i Skåne<br />
Personskadeförbundet RTP Skånedistrikt<br />
Samer i Syd</p>

    </div>
</div>

</div>

<!-- This site is optimized with the Yoast SEO plugin v27.0 - https://yoast.com/product/yoast-seo-wordpress/ -->
<title>ABF Skånes Samverkansparter - Distriktet Skåne</title>
<meta name="robots" content="index, follow, max-snippet:-1, max-image-preview:large, max-video-preview:-1" />
<link rel="canonical" href="https://www.abf.se/skane/abf-skanes-samverkansparter/" />
<meta property="og:locale" content="sv_SE" />
<meta property="og:type" content="article" />
<meta property="og:title" content="ABF Skånes Samverkansparter - Distriktet Skåne" />
<meta property="og:url" content="https://www.abf.se/skane/abf-skanes-samverkansparter/" />
<meta property="og:site_name" content="Distriktet Skåne" />
<meta property="article:modified_time" content="2026-03-17T10:58:30+00:00" />
<meta property="og:image" content="https://www.abf.se/wp-content/uploads/sites/44/2024/04/Nyckeln-liggande-scaled.jpg" />
	<meta property="og:image:width" content="2560" />
	<meta property="og:image:height" content="1440" />
	<meta property="og:image:type" content="image/jpeg" />
<meta name="twitter:card" content="summary_large_image" />
<script type="application/ld+json" class="yoast-schema-graph">{"@context":"https://schema.org","@graph":[{"@type":"WebPage","@id":"https://www.abf.se/skane/abf-skanes-samverkansparter/","url":"https://www.abf.se/skane/abf-skanes-samverkansparter/","name":"ABF Skånes Samverkansparter - Distriktet Skåne","isPartOf":{"@id":"https://www.abf.se/skane/#website"},"datePublished":"2024-12-18T09:41:42+00:00","dateModified":"2026-03-17T10:58:30+00:00","breadcrumb":{"@id":"https://www.abf.se/skane/abf-skanes-samverkansparter/#breadcrumb"},"inLanguage":"sv-SE","potentialAction":[{"@type":"ReadAction","target":["https://www.abf.se/skane/abf-skanes-samverkansparter/"]}]},{"@type":"BreadcrumbList","@id":"https://www.abf.se/skane/abf-skanes-samverkansparter/#breadcrumb","itemListElement":[{"@type":"ListItem","position":1,"name":"Home","item":"https://www.abf.se/skane/"},{"@type":"ListItem","position":2,"name":"ABF Skånes Samverkansparter"}]},{"@type":"WebSite","@id":"https://www.abf.se/skane/#website","url":"https://www.abf.se/skane/","name":"Distriktet Skåne","description":"","potentialAction":[{"@type":"SearchAction","target":{"@type":"EntryPoint","urlTemplate":"https://www.abf.se/skane/?s={search_term_string}"},"query-input":{"@type":"PropertyValueSpecification","valueRequired":true,"valueName":"search_term_string"}}],"inLanguage":"sv-SE"}]}</script>
<!-- / Yoast SEO plugin. -->

ABF Skånes Samverkansparter - Distriktet Skåne

Distriktet Skåne
