{"id":696,"date":"2025-10-17T12:10:14","date_gmt":"2025-10-17T10:10:14","guid":{"rendered":"https:\/\/www.abf.se\/skane\/?page_id=696"},"modified":"2025-11-10T13:27:34","modified_gmt":"2025-11-10T12:27:34","slug":"social-innovation-syd","status":"publish","type":"page","link":"https:\/\/www.abf.se\/skane\/social-innovation-syd\/","title":{"rendered":"Social Innovation Syd"},"content":{"rendered":"<div\n    class=\"acf-article-image-block mb-12 article-container-lg\"\n    data-block=\"article-image-block\"\n>\n<div class=\"\">\n\n        <figure>\n        \n            <picture class=\"round-corners-lg w-full\"><img decoding=\"async\" src=\"https:\/\/www.abf.se\/skane\/resized\/?url=https%3A%2F%2Fwww.abf.se%2Fwp-content%2Fuploads%2Fsites%2F44%2F2025%2F10%2FSV-Medfinansieras-av-Europeiska-unionen-LiggandeTEST.png&#038;fit=contain&#038;w=788&#038;s=75ad1a9b9cdacb8dd9ba02913d858aed\" srcset=\"https:\/\/www.abf.se\/skane\/resized\/?url=https%3A%2F%2Fwww.abf.se%2Fwp-content%2Fuploads%2Fsites%2F44%2F2025%2F10%2FSV-Medfinansieras-av-Europeiska-unionen-LiggandeTEST.png&#038;fit=contain&#038;w=375&#038;h=79&#038;s=a6a8ecef2e61cf5ce0d4e42b1a5b2c99 375w, https:\/\/www.abf.se\/skane\/resized\/?url=https%3A%2F%2Fwww.abf.se%2Fwp-content%2Fuploads%2Fsites%2F44%2F2025%2F10%2FSV-Medfinansieras-av-Europeiska-unionen-LiggandeTEST.png&#038;fit=contain&#038;w=447&#038;h=95&#038;s=2144ccdb207def1934f7193c939eac86 447w, https:\/\/www.abf.se\/skane\/resized\/?url=https%3A%2F%2Fwww.abf.se%2Fwp-content%2Fuploads%2Fsites%2F44%2F2025%2F10%2FSV-Medfinansieras-av-Europeiska-unionen-LiggandeTEST.png&#038;fit=contain&#038;w=519&#038;h=110&#038;s=2f13aa9279eaad7757db6c230ff711b4 519w, https:\/\/www.abf.se\/skane\/resized\/?url=https%3A%2F%2Fwww.abf.se%2Fwp-content%2Fuploads%2Fsites%2F44%2F2025%2F10%2FSV-Medfinansieras-av-Europeiska-unionen-LiggandeTEST.png&#038;fit=contain&#038;w=591&#038;h=126&#038;s=1037ff6010600523098643fbdc734f82 591w, https:\/\/www.abf.se\/skane\/resized\/?url=https%3A%2F%2Fwww.abf.se%2Fwp-content%2Fuploads%2Fsites%2F44%2F2025%2F10%2FSV-Medfinansieras-av-Europeiska-unionen-LiggandeTEST.png&#038;fit=contain&#038;w=663&#038;h=141&#038;s=02fd5fb20bd39575f08398a513e14a1d 663w, https:\/\/www.abf.se\/skane\/resized\/?url=https%3A%2F%2Fwww.abf.se%2Fwp-content%2Fuploads%2Fsites%2F44%2F2025%2F10%2FSV-Medfinansieras-av-Europeiska-unionen-LiggandeTEST.png&#038;fit=contain&#038;w=735&#038;h=156&#038;s=e94d7964d38465b41ea45e1c132d6d66 735w, https:\/\/www.abf.se\/skane\/resized\/?url=https%3A%2F%2Fwww.abf.se%2Fwp-content%2Fuploads%2Fsites%2F44%2F2025%2F10%2FSV-Medfinansieras-av-Europeiska-unionen-LiggandeTEST.png&#038;fit=contain&#038;w=750&#038;h=159&#038;s=d7f056605324d9393f4a7c8f0b091911 750w, https:\/\/www.abf.se\/skane\/resized\/?url=https%3A%2F%2Fwww.abf.se%2Fwp-content%2Fuploads%2Fsites%2F44%2F2025%2F10%2FSV-Medfinansieras-av-Europeiska-unionen-LiggandeTEST.png&#038;fit=contain&#038;w=788&#038;s=75ad1a9b9cdacb8dd9ba02913d858aed 788w, https:\/\/www.abf.se\/skane\/resized\/?url=https%3A%2F%2Fwww.abf.se%2Fwp-content%2Fuploads%2Fsites%2F44%2F2025%2F10%2FSV-Medfinansieras-av-Europeiska-unionen-LiggandeTEST.png&#038;fit=contain&#038;w=894&#038;h=190&#038;s=31190d28d70cb50a322702a079aa6fe6 894w, https:\/\/www.abf.se\/skane\/resized\/?url=https%3A%2F%2Fwww.abf.se%2Fwp-content%2Fuploads%2Fsites%2F44%2F2025%2F10%2FSV-Medfinansieras-av-Europeiska-unionen-LiggandeTEST.png&#038;fit=contain&#038;w=1038&#038;h=221&#038;s=6696eb2e0246a60985ee3f62bd202c35 1038w, https:\/\/www.abf.se\/skane\/resized\/?url=https%3A%2F%2Fwww.abf.se%2Fwp-content%2Fuploads%2Fsites%2F44%2F2025%2F10%2FSV-Medfinansieras-av-Europeiska-unionen-LiggandeTEST.png&#038;fit=contain&#038;w=1182&#038;h=252&#038;s=dd86d05ac189096ff9b7aaa5622189f5 1182w, https:\/\/www.abf.se\/skane\/resized\/?url=https%3A%2F%2Fwww.abf.se%2Fwp-content%2Fuploads%2Fsites%2F44%2F2025%2F10%2FSV-Medfinansieras-av-Europeiska-unionen-LiggandeTEST.png&#038;fit=contain&#038;w=1326&#038;h=282&#038;s=2416d2c2caadaa918eeceed290fc0de9 1326w, https:\/\/www.abf.se\/skane\/resized\/?url=https%3A%2F%2Fwww.abf.se%2Fwp-content%2Fuploads%2Fsites%2F44%2F2025%2F10%2FSV-Medfinansieras-av-Europeiska-unionen-LiggandeTEST.png&#038;fit=contain&#038;w=1470&#038;h=313&#038;s=34b15c55ccbad4d99857f7caed207a4b 1470w\" alt=\"\" height=\"168\" width=\"788\" sizes=\"auto, (max-width: 768px) calc(100vw - 40px), 788px\" loading=\"lazy\" fetchpriority=\"low\" class=\"round-corners-lg w-full\" \/><\/picture>\n                        <\/figure>\n        <\/div>\n\n<\/div>\n<div\n    class=\"acf-article-text-block article-container my-12\"\n    data-block=\"article-text-block\"\n>\n    <div class=\"wysiwyg\">\n        <h2><strong>ABF Sk\u00e5ne \u00e4r en del av Social Innovation Syd<\/strong><\/h2>\n<p><strong>Social Innovation Syd \u00e4r en regional plattform f\u00f6r sociala innovationer &#8211; nya l\u00f6sningar p\u00e5 samh\u00e4llsutmaningar &#8211; i Sk\u00e5ne. Vi kraftsamlar akt\u00f6rer inom en bredd av sektorer f\u00f6r att ta tillvara civilsamh\u00e4llets innovationskraft. M\u00e5let \u00e4r att skapa en mer inkluderande arbetsmarknad och ekonomisk trygghet genom nyt\u00e4nkande l\u00f6sningar och l\u00e5ngsiktiga finansieringsmodeller.<\/strong><\/p>\n<p>Sk\u00e5ne har idag Sveriges h\u00f6gsta arbetsl\u00f6shet, och m\u00e5nga grupper &#8211; s\u00e4rskilt unga, utrikes f\u00f6dda kvinnor och personer med funktionsneds\u00e4ttningar &#8211; st\u00e5r l\u00e5ngt fr\u00e5n arbetsmarknaden. M\u00e5let med plattformen \u00e4r att etablera ett starkt regionalt ekosystem f\u00f6r sociala innovationer p\u00e5 arbetsmarknadsomr\u00e5det i Sk\u00e5ne som tar till vara civilsamh\u00e4llets innovationskraft och st\u00e4rker den gemensamma kapaciteten att m\u00f6ta komplexa samh\u00e4llsutmaningar.<br \/>\nUnder tre \u00e5r kommer plattformen, genom pilotsatsningar och regionala partnerskap, att unders\u00f6ka och utveckla kunskap, metoder och st\u00f6djande strukturer som fr\u00e4mjar bland annat:<\/p>\n<p>\u25cf Samverkan och finansiering av sociala innovationer<br \/>\n\u25cf Utfall och effektm\u00e4tning av sociala innovationer<br \/>\n\u25cf Processt\u00f6d f\u00f6r mobilisering kring en samh\u00e4llsutmaning<br \/>\n\u25cf Aff\u00e4rsmodeller f\u00f6r sociala f\u00f6retag och id\u00e9buret f\u00f6retagande<\/p>\n<p>Bakom initiativet st\u00e5r Coompanion Sk\u00e5ne, N\u00c4TVERKET \u2013 Id\u00e9buren sektor Sk\u00e5ne, Medborgarskolan SYD och ABF Sk\u00e5ne, i samarbete med Region Sk\u00e5ne, L\u00e4nsstyrelsen Sk\u00e5ne, Arbetsf\u00f6rmedlingen och ett brett n\u00e4tverk av kommuner, akademi, civilsamh\u00e4lle och n\u00e4ringsliv.<\/p>\n<p>Projektet finansieras av Europeiska socialfonden (ESF) med 10 miljoner kronor.<\/p>\n<p>L\u00e4s mer h\u00e4r:<\/p>\n<blockquote class=\"wp-embedded-content\" data-secret=\"B7ze6NURus\"><p><a href=\"https:\/\/coompanion.se\/skane\/social-innovation-syd\/\">Social Innovation Syd<\/a><\/p><\/blockquote>\n<p><iframe loading=\"lazy\" class=\"wp-embedded-content\" sandbox=\"allow-scripts\" security=\"restricted\" style=\"position: absolute; visibility: hidden;\" title=\"\u201dSocial Innovation Syd\u201d &ndash; Coompanion\" src=\"https:\/\/coompanion.se\/skane\/social-innovation-syd\/embed\/#?secret=6u7BXdOmZm#?secret=B7ze6NURus\" data-secret=\"B7ze6NURus\" width=\"500\" height=\"282\" frameborder=\"0\" marginwidth=\"0\" marginheight=\"0\" scrolling=\"no\"><\/iframe><\/p>\n\n    <\/div>\n<\/div>\n","protected":false},"excerpt":{"rendered":"","protected":false},"author":51,"featured_media":0,"parent":0,"menu_order":0,"comment_status":"closed","ping_status":"closed","template":"","meta":{"_acf_changed":false,"footnotes":""},"class_list":["post-696","page","type-page","status-publish","hentry"],"acf":[],"yoast_head":"<!-- This site is optimized with the Yoast SEO plugin v27.0 - https:\/\/yoast.com\/product\/yoast-seo-wordpress\/ -->\n<title>Social Innovation Syd - Distriktet Sk\u00e5ne<\/title>\n<meta name=\"robots\" content=\"index, follow, max-snippet:-1, max-image-preview:large, max-video-preview:-1\" \/>\n<link rel=\"canonical\" href=\"https:\/\/www.abf.se\/skane\/social-innovation-syd\/\" \/>\n<meta property=\"og:locale\" content=\"sv_SE\" \/>\n<meta property=\"og:type\" content=\"article\" \/>\n<meta property=\"og:title\" content=\"Social Innovation Syd - Distriktet Sk\u00e5ne\" \/>\n<meta property=\"og:url\" content=\"https:\/\/www.abf.se\/skane\/social-innovation-syd\/\" \/>\n<meta property=\"og:site_name\" content=\"Distriktet Sk\u00e5ne\" \/>\n<meta property=\"article:modified_time\" content=\"2025-11-10T12:27:34+00:00\" \/>\n<meta property=\"og:image\" content=\"https:\/\/www.abf.se\/wp-content\/uploads\/sites\/44\/2024\/04\/Nyckeln-liggande-scaled.jpg\" \/>\n\t<meta property=\"og:image:width\" content=\"2560\" \/>\n\t<meta property=\"og:image:height\" content=\"1440\" \/>\n\t<meta property=\"og:image:type\" content=\"image\/jpeg\" \/>\n<meta name=\"twitter:card\" content=\"summary_large_image\" \/>\n<script type=\"application\/ld+json\" class=\"yoast-schema-graph\">{\"@context\":\"https:\/\/schema.org\",\"@graph\":[{\"@type\":\"WebPage\",\"@id\":\"https:\/\/www.abf.se\/skane\/social-innovation-syd\/\",\"url\":\"https:\/\/www.abf.se\/skane\/social-innovation-syd\/\",\"name\":\"Social Innovation Syd - Distriktet Sk\u00e5ne\",\"isPartOf\":{\"@id\":\"https:\/\/www.abf.se\/skane\/#website\"},\"datePublished\":\"2025-10-17T10:10:14+00:00\",\"dateModified\":\"2025-11-10T12:27:34+00:00\",\"breadcrumb\":{\"@id\":\"https:\/\/www.abf.se\/skane\/social-innovation-syd\/#breadcrumb\"},\"inLanguage\":\"sv-SE\",\"potentialAction\":[{\"@type\":\"ReadAction\",\"target\":[\"https:\/\/www.abf.se\/skane\/social-innovation-syd\/\"]}]},{\"@type\":\"BreadcrumbList\",\"@id\":\"https:\/\/www.abf.se\/skane\/social-innovation-syd\/#breadcrumb\",\"itemListElement\":[{\"@type\":\"ListItem\",\"position\":1,\"name\":\"Home\",\"item\":\"https:\/\/www.abf.se\/skane\/\"},{\"@type\":\"ListItem\",\"position\":2,\"name\":\"Social Innovation Syd\"}]},{\"@type\":\"WebSite\",\"@id\":\"https:\/\/www.abf.se\/skane\/#website\",\"url\":\"https:\/\/www.abf.se\/skane\/\",\"name\":\"Distriktet Sk\u00e5ne\",\"description\":\"\",\"potentialAction\":[{\"@type\":\"SearchAction\",\"target\":{\"@type\":\"EntryPoint\",\"urlTemplate\":\"https:\/\/www.abf.se\/skane\/?s={search_term_string}\"},\"query-input\":{\"@type\":\"PropertyValueSpecification\",\"valueRequired\":true,\"valueName\":\"search_term_string\"}}],\"inLanguage\":\"sv-SE\"}]}<\/script>\n<!-- \/ Yoast SEO plugin. -->","yoast_head_json":{"title":"Social Innovation Syd - Distriktet Sk\u00e5ne","robots":{"index":"index","follow":"follow","max-snippet":"max-snippet:-1","max-image-preview":"max-image-preview:large","max-video-preview":"max-video-preview:-1"},"canonical":"https:\/\/www.abf.se\/skane\/social-innovation-syd\/","og_locale":"sv_SE","og_type":"article","og_title":"Social Innovation Syd - Distriktet Sk\u00e5ne","og_url":"https:\/\/www.abf.se\/skane\/social-innovation-syd\/","og_site_name":"Distriktet Sk\u00e5ne","article_modified_time":"2025-11-10T12:27:34+00:00","og_image":[{"width":2560,"height":1440,"url":"https:\/\/www.abf.se\/wp-content\/uploads\/sites\/44\/2024\/04\/Nyckeln-liggande-scaled.jpg","type":"image\/jpeg"}],"twitter_card":"summary_large_image","schema":{"@context":"https:\/\/schema.org","@graph":[{"@type":"WebPage","@id":"https:\/\/www.abf.se\/skane\/social-innovation-syd\/","url":"https:\/\/www.abf.se\/skane\/social-innovation-syd\/","name":"Social Innovation Syd - Distriktet Sk\u00e5ne","isPartOf":{"@id":"https:\/\/www.abf.se\/skane\/#website"},"datePublished":"2025-10-17T10:10:14+00:00","dateModified":"2025-11-10T12:27:34+00:00","breadcrumb":{"@id":"https:\/\/www.abf.se\/skane\/social-innovation-syd\/#breadcrumb"},"inLanguage":"sv-SE","potentialAction":[{"@type":"ReadAction","target":["https:\/\/www.abf.se\/skane\/social-innovation-syd\/"]}]},{"@type":"BreadcrumbList","@id":"https:\/\/www.abf.se\/skane\/social-innovation-syd\/#breadcrumb","itemListElement":[{"@type":"ListItem","position":1,"name":"Home","item":"https:\/\/www.abf.se\/skane\/"},{"@type":"ListItem","position":2,"name":"Social Innovation Syd"}]},{"@type":"WebSite","@id":"https:\/\/www.abf.se\/skane\/#website","url":"https:\/\/www.abf.se\/skane\/","name":"Distriktet Sk\u00e5ne","description":"","potentialAction":[{"@type":"SearchAction","target":{"@type":"EntryPoint","urlTemplate":"https:\/\/www.abf.se\/skane\/?s={search_term_string}"},"query-input":{"@type":"PropertyValueSpecification","valueRequired":true,"valueName":"search_term_string"}}],"inLanguage":"sv-SE"}]}},"_links":{"self":[{"href":"https:\/\/www.abf.se\/skane\/wp-json\/wp\/v2\/pages\/696","targetHints":{"allow":["GET"]}}],"collection":[{"href":"https:\/\/www.abf.se\/skane\/wp-json\/wp\/v2\/pages"}],"about":[{"href":"https:\/\/www.abf.se\/skane\/wp-json\/wp\/v2\/types\/page"}],"author":[{"embeddable":true,"href":"https:\/\/www.abf.se\/skane\/wp-json\/wp\/v2\/users\/51"}],"replies":[{"embeddable":true,"href":"https:\/\/www.abf.se\/skane\/wp-json\/wp\/v2\/comments?post=696"}],"version-history":[{"count":16,"href":"https:\/\/www.abf.se\/skane\/wp-json\/wp\/v2\/pages\/696\/revisions"}],"predecessor-version":[{"id":723,"href":"https:\/\/www.abf.se\/skane\/wp-json\/wp\/v2\/pages\/696\/revisions\/723"}],"wp:attachment":[{"href":"https:\/\/www.abf.se\/skane\/wp-json\/wp\/v2\/media?parent=696"}],"curies":[{"name":"wp","href":"https:\/\/api.w.org\/{rel}","templated":true}]}}

<div
    class="acf-article-image-block mb-12 article-container-lg"
    data-block="article-image-block"
>
<div class="">

        <figure>
        
            <picture class="round-corners-lg w-full"><img decoding="async" src="https://www.abf.se/skane/resized/?url=https%3A%2F%2Fwww.abf.se%2Fwp-content%2Fuploads%2Fsites%2F44%2F2025%2F10%2FSV-Medfinansieras-av-Europeiska-unionen-LiggandeTEST.png&#038;fit=contain&#038;w=788&#038;s=75ad1a9b9cdacb8dd9ba02913d858aed" srcset="https://www.abf.se/skane/resized/?url=https%3A%2F%2Fwww.abf.se%2Fwp-content%2Fuploads%2Fsites%2F44%2F2025%2F10%2FSV-Medfinansieras-av-Europeiska-unionen-LiggandeTEST.png&#038;fit=contain&#038;w=375&#038;h=79&#038;s=a6a8ecef2e61cf5ce0d4e42b1a5b2c99 375w, https://www.abf.se/skane/resized/?url=https%3A%2F%2Fwww.abf.se%2Fwp-content%2Fuploads%2Fsites%2F44%2F2025%2F10%2FSV-Medfinansieras-av-Europeiska-unionen-LiggandeTEST.png&#038;fit=contain&#038;w=447&#038;h=95&#038;s=2144ccdb207def1934f7193c939eac86 447w, https://www.abf.se/skane/resized/?url=https%3A%2F%2Fwww.abf.se%2Fwp-content%2Fuploads%2Fsites%2F44%2F2025%2F10%2FSV-Medfinansieras-av-Europeiska-unionen-LiggandeTEST.png&#038;fit=contain&#038;w=519&#038;h=110&#038;s=2f13aa9279eaad7757db6c230ff711b4 519w, https://www.abf.se/skane/resized/?url=https%3A%2F%2Fwww.abf.se%2Fwp-content%2Fuploads%2Fsites%2F44%2F2025%2F10%2FSV-Medfinansieras-av-Europeiska-unionen-LiggandeTEST.png&#038;fit=contain&#038;w=591&#038;h=126&#038;s=1037ff6010600523098643fbdc734f82 591w, https://www.abf.se/skane/resized/?url=https%3A%2F%2Fwww.abf.se%2Fwp-content%2Fuploads%2Fsites%2F44%2F2025%2F10%2FSV-Medfinansieras-av-Europeiska-unionen-LiggandeTEST.png&#038;fit=contain&#038;w=663&#038;h=141&#038;s=02fd5fb20bd39575f08398a513e14a1d 663w, https://www.abf.se/skane/resized/?url=https%3A%2F%2Fwww.abf.se%2Fwp-content%2Fuploads%2Fsites%2F44%2F2025%2F10%2FSV-Medfinansieras-av-Europeiska-unionen-LiggandeTEST.png&#038;fit=contain&#038;w=735&#038;h=156&#038;s=e94d7964d38465b41ea45e1c132d6d66 735w, https://www.abf.se/skane/resized/?url=https%3A%2F%2Fwww.abf.se%2Fwp-content%2Fuploads%2Fsites%2F44%2F2025%2F10%2FSV-Medfinansieras-av-Europeiska-unionen-LiggandeTEST.png&#038;fit=contain&#038;w=750&#038;h=159&#038;s=d7f056605324d9393f4a7c8f0b091911 750w, https://www.abf.se/skane/resized/?url=https%3A%2F%2Fwww.abf.se%2Fwp-content%2Fuploads%2Fsites%2F44%2F2025%2F10%2FSV-Medfinansieras-av-Europeiska-unionen-LiggandeTEST.png&#038;fit=contain&#038;w=788&#038;s=75ad1a9b9cdacb8dd9ba02913d858aed 788w, https://www.abf.se/skane/resized/?url=https%3A%2F%2Fwww.abf.se%2Fwp-content%2Fuploads%2Fsites%2F44%2F2025%2F10%2FSV-Medfinansieras-av-Europeiska-unionen-LiggandeTEST.png&#038;fit=contain&#038;w=894&#038;h=190&#038;s=31190d28d70cb50a322702a079aa6fe6 894w, https://www.abf.se/skane/resized/?url=https%3A%2F%2Fwww.abf.se%2Fwp-content%2Fuploads%2Fsites%2F44%2F2025%2F10%2FSV-Medfinansieras-av-Europeiska-unionen-LiggandeTEST.png&#038;fit=contain&#038;w=1038&#038;h=221&#038;s=6696eb2e0246a60985ee3f62bd202c35 1038w, https://www.abf.se/skane/resized/?url=https%3A%2F%2Fwww.abf.se%2Fwp-content%2Fuploads%2Fsites%2F44%2F2025%2F10%2FSV-Medfinansieras-av-Europeiska-unionen-LiggandeTEST.png&#038;fit=contain&#038;w=1182&#038;h=252&#038;s=dd86d05ac189096ff9b7aaa5622189f5 1182w, https://www.abf.se/skane/resized/?url=https%3A%2F%2Fwww.abf.se%2Fwp-content%2Fuploads%2Fsites%2F44%2F2025%2F10%2FSV-Medfinansieras-av-Europeiska-unionen-LiggandeTEST.png&#038;fit=contain&#038;w=1326&#038;h=282&#038;s=2416d2c2caadaa918eeceed290fc0de9 1326w, https://www.abf.se/skane/resized/?url=https%3A%2F%2Fwww.abf.se%2Fwp-content%2Fuploads%2Fsites%2F44%2F2025%2F10%2FSV-Medfinansieras-av-Europeiska-unionen-LiggandeTEST.png&#038;fit=contain&#038;w=1470&#038;h=313&#038;s=34b15c55ccbad4d99857f7caed207a4b 1470w" alt="" height="168" width="788" sizes="auto, (max-width: 768px) calc(100vw - 40px), 788px" loading="lazy" fetchpriority="low" class="round-corners-lg w-full" /></picture>
                        </figure>
        </div>

</div>
<div
    class="acf-article-text-block article-container my-12"
    data-block="article-text-block"
>
    <div class="wysiwyg">
        <h2><strong>ABF Skåne är en del av Social Innovation Syd</strong></h2>
<p><strong>Social Innovation Syd är en regional plattform för sociala innovationer &#8211; nya lösningar på samhällsutmaningar &#8211; i Skåne. Vi kraftsamlar aktörer inom en bredd av sektorer för att ta tillvara civilsamhällets innovationskraft. Målet är att skapa en mer inkluderande arbetsmarknad och ekonomisk trygghet genom nytänkande lösningar och långsiktiga finansieringsmodeller.</strong></p>
<p>Skåne har idag Sveriges högsta arbetslöshet, och många grupper &#8211; särskilt unga, utrikes födda kvinnor och personer med funktionsnedsättningar &#8211; står långt från arbetsmarknaden. Målet med plattformen är att etablera ett starkt regionalt ekosystem för sociala innovationer på arbetsmarknadsområdet i Skåne som tar till vara civilsamhällets innovationskraft och stärker den gemensamma kapaciteten att möta komplexa samhällsutmaningar.<br />
Under tre år kommer plattformen, genom pilotsatsningar och regionala partnerskap, att undersöka och utveckla kunskap, metoder och stödjande strukturer som främjar bland annat:</p>
<p>● Samverkan och finansiering av sociala innovationer<br />
● Utfall och effektmätning av sociala innovationer<br />
● Processtöd för mobilisering kring en samhällsutmaning<br />
● Affärsmodeller för sociala företag och idéburet företagande</p>
<p>Bakom initiativet står Coompanion Skåne, NÄTVERKET – Idéburen sektor Skåne, Medborgarskolan SYD och ABF Skåne, i samarbete med Region Skåne, Länsstyrelsen Skåne, Arbetsförmedlingen och ett brett nätverk av kommuner, akademi, civilsamhälle och näringsliv.</p>
<p>Projektet finansieras av Europeiska socialfonden (ESF) med 10 miljoner kronor.</p>
<p>Läs mer här:</p>
<blockquote class="wp-embedded-content" data-secret="B7ze6NURus"><p><a href="https://coompanion.se/skane/social-innovation-syd/">Social Innovation Syd</a></p></blockquote>
<p><iframe loading="lazy" class="wp-embedded-content" sandbox="allow-scripts" security="restricted" style="position: absolute; visibility: hidden;" title="”Social Innovation Syd” &ndash; Coompanion" src="https://coompanion.se/skane/social-innovation-syd/embed/#?secret=6u7BXdOmZm#?secret=B7ze6NURus" data-secret="B7ze6NURus" width="500" height="282" frameborder="0" marginwidth="0" marginheight="0" scrolling="no"></iframe></p>

    </div>
</div>

<!-- This site is optimized with the Yoast SEO plugin v27.0 - https://yoast.com/product/yoast-seo-wordpress/ -->
<title>Social Innovation Syd - Distriktet Skåne</title>
<meta name="robots" content="index, follow, max-snippet:-1, max-image-preview:large, max-video-preview:-1" />
<link rel="canonical" href="https://www.abf.se/skane/social-innovation-syd/" />
<meta property="og:locale" content="sv_SE" />
<meta property="og:type" content="article" />
<meta property="og:title" content="Social Innovation Syd - Distriktet Skåne" />
<meta property="og:url" content="https://www.abf.se/skane/social-innovation-syd/" />
<meta property="og:site_name" content="Distriktet Skåne" />
<meta property="article:modified_time" content="2025-11-10T12:27:34+00:00" />
<meta property="og:image" content="https://www.abf.se/wp-content/uploads/sites/44/2024/04/Nyckeln-liggande-scaled.jpg" />
	<meta property="og:image:width" content="2560" />
	<meta property="og:image:height" content="1440" />
	<meta property="og:image:type" content="image/jpeg" />
<meta name="twitter:card" content="summary_large_image" />
<script type="application/ld+json" class="yoast-schema-graph">{"@context":"https://schema.org","@graph":[{"@type":"WebPage","@id":"https://www.abf.se/skane/social-innovation-syd/","url":"https://www.abf.se/skane/social-innovation-syd/","name":"Social Innovation Syd - Distriktet Skåne","isPartOf":{"@id":"https://www.abf.se/skane/#website"},"datePublished":"2025-10-17T10:10:14+00:00","dateModified":"2025-11-10T12:27:34+00:00","breadcrumb":{"@id":"https://www.abf.se/skane/social-innovation-syd/#breadcrumb"},"inLanguage":"sv-SE","potentialAction":[{"@type":"ReadAction","target":["https://www.abf.se/skane/social-innovation-syd/"]}]},{"@type":"BreadcrumbList","@id":"https://www.abf.se/skane/social-innovation-syd/#breadcrumb","itemListElement":[{"@type":"ListItem","position":1,"name":"Home","item":"https://www.abf.se/skane/"},{"@type":"ListItem","position":2,"name":"Social Innovation Syd"}]},{"@type":"WebSite","@id":"https://www.abf.se/skane/#website","url":"https://www.abf.se/skane/","name":"Distriktet Skåne","description":"","potentialAction":[{"@type":"SearchAction","target":{"@type":"EntryPoint","urlTemplate":"https://www.abf.se/skane/?s={search_term_string}"},"query-input":{"@type":"PropertyValueSpecification","valueRequired":true,"valueName":"search_term_string"}}],"inLanguage":"sv-SE"}]}</script>
<!-- / Yoast SEO plugin. -->

Social Innovation Syd - Distriktet Skåne

Distriktet Skåne
