{"id":981,"date":"2024-05-08T12:02:27","date_gmt":"2024-05-08T10:02:27","guid":{"rendered":"https:\/\/www.abf.se\/skaraborg\/?page_id=981"},"modified":"2026-01-12T16:04:13","modified_gmt":"2026-01-12T15:04:13","slug":"studieprogram","status":"publish","type":"page","link":"https:\/\/www.abf.se\/skaraborg\/studieprogram\/","title":{"rendered":"Studieprogram"},"content":{"rendered":"<div\n    class=\"acf-article-facts-block article-container  my-8 \"\n    data-block=\"article-facts-block\"\n>\n<div class=\"bg-teal-light border border-teal p-8 rounded-corners-sm\">\n<header>\n        <h2 class=\"heading-md text-teal-dark mb-3\">\n            Studieprogram v\u00e5ren 2026\n        <\/h2>\n    <\/header>\n    <div class=\"wysiwyg\">\n        <p data-start=\"77\" data-end=\"182\">H\u00e4r f\u00e5r du en inspirerande f\u00f6rhandstitt p\u00e5 ABF Skaraborgs studieprogram f\u00f6r v\u00e5rterminen 2026.<\/p>\n<p data-start=\"189\" data-end=\"382\">Programmet fylls p\u00e5 l\u00f6pande \u2013 fler kurser, studiecirklar och arrangemang tillkommer efter hand. H\u00e5ll utkik och anv\u00e4nd g\u00e4rna v\u00e5r s\u00f6kfunktion f\u00f6r att uppt\u00e4cka allt som \u00e4r p\u00e5 g\u00e5ng p\u00e5.<\/p>\n<p data-start=\"189\" data-end=\"382\">Du kan ladda ner studieprogrammet som PDF <a href=\"https:\/\/www.abf.se\/wp-content\/uploads\/sites\/42\/2026\/01\/ABF_VT26-6.pdf\">h\u00e4r<\/a><\/p>\n\n    <\/div>\n<\/div>\n\n<\/div>\n<div\n    class=\"acf-article-image-block mb-12 container\"\n    data-block=\"article-image-block\"\n>\n<div class=\"grid md:grid-cols-2 gap-4\">\n\n        <figure>\n        \n            <picture class=\"round-corners-lg w-full\"><img decoding=\"async\" src=\"https:\/\/www.abf.se\/skaraborg\/resized\/?url=https%3A%2F%2Fwww.abf.se%2Fwp-content%2Fuploads%2Fsites%2F42%2F2026%2F01%2FABF-varprogram-2026-sid-1-scaled.jpg&#038;fit=contain&#038;w=578&#038;s=f93f87269c10ce0bc3440ceb53b2524c\" srcset=\"https:\/\/www.abf.se\/skaraborg\/resized\/?url=https%3A%2F%2Fwww.abf.se%2Fwp-content%2Fuploads%2Fsites%2F42%2F2026%2F01%2FABF-varprogram-2026-sid-1-scaled.jpg&#038;fit=contain&#038;w=375&#038;h=530&#038;s=0db0598b871f2af7ddd68e5cdb854a3f 375w, https:\/\/www.abf.se\/skaraborg\/resized\/?url=https%3A%2F%2Fwww.abf.se%2Fwp-content%2Fuploads%2Fsites%2F42%2F2026%2F01%2FABF-varprogram-2026-sid-1-scaled.jpg&#038;fit=contain&#038;w=423&#038;h=597&#038;s=c02d96f203d8552ea9bb191bc7bfce29 423w, https:\/\/www.abf.se\/skaraborg\/resized\/?url=https%3A%2F%2Fwww.abf.se%2Fwp-content%2Fuploads%2Fsites%2F42%2F2026%2F01%2FABF-varprogram-2026-sid-1-scaled.jpg&#038;fit=contain&#038;w=471&#038;h=665&#038;s=ef0e97bffe60653269afb32d52c11c69 471w, https:\/\/www.abf.se\/skaraborg\/resized\/?url=https%3A%2F%2Fwww.abf.se%2Fwp-content%2Fuploads%2Fsites%2F42%2F2026%2F01%2FABF-varprogram-2026-sid-1-scaled.jpg&#038;fit=contain&#038;w=519&#038;h=733&#038;s=c853b530b10e7725017b11c1cd54bd59 519w, https:\/\/www.abf.se\/skaraborg\/resized\/?url=https%3A%2F%2Fwww.abf.se%2Fwp-content%2Fuploads%2Fsites%2F42%2F2026%2F01%2FABF-varprogram-2026-sid-1-scaled.jpg&#038;fit=contain&#038;w=567&#038;h=801&#038;s=dd5fb034d00c800d5748876a60b44876 567w, https:\/\/www.abf.se\/skaraborg\/resized\/?url=https%3A%2F%2Fwww.abf.se%2Fwp-content%2Fuploads%2Fsites%2F42%2F2026%2F01%2FABF-varprogram-2026-sid-1-scaled.jpg&#038;fit=contain&#038;w=578&#038;s=f93f87269c10ce0bc3440ceb53b2524c 578w, https:\/\/www.abf.se\/skaraborg\/resized\/?url=https%3A%2F%2Fwww.abf.se%2Fwp-content%2Fuploads%2Fsites%2F42%2F2026%2F01%2FABF-varprogram-2026-sid-1-scaled.jpg&#038;fit=contain&#038;w=750&#038;h=1060&#038;s=c5c0ac441f20846ec862564999a98995 750w, https:\/\/www.abf.se\/skaraborg\/resized\/?url=https%3A%2F%2Fwww.abf.se%2Fwp-content%2Fuploads%2Fsites%2F42%2F2026%2F01%2FABF-varprogram-2026-sid-1-scaled.jpg&#038;fit=contain&#038;w=846&#038;h=1195&#038;s=2421988c498027182017944cfe1f75be 846w, https:\/\/www.abf.se\/skaraborg\/resized\/?url=https%3A%2F%2Fwww.abf.se%2Fwp-content%2Fuploads%2Fsites%2F42%2F2026%2F01%2FABF-varprogram-2026-sid-1-scaled.jpg&#038;fit=contain&#038;w=942&#038;h=1331&#038;s=45dda190def63fa287763ef86f983db2 942w, https:\/\/www.abf.se\/skaraborg\/resized\/?url=https%3A%2F%2Fwww.abf.se%2Fwp-content%2Fuploads%2Fsites%2F42%2F2026%2F01%2FABF-varprogram-2026-sid-1-scaled.jpg&#038;fit=contain&#038;w=1038&#038;h=1467&#038;s=6bd01f48d45fc62e76a87556e02d71c3 1038w, https:\/\/www.abf.se\/skaraborg\/resized\/?url=https%3A%2F%2Fwww.abf.se%2Fwp-content%2Fuploads%2Fsites%2F42%2F2026%2F01%2FABF-varprogram-2026-sid-1-scaled.jpg&#038;fit=contain&#038;w=1134&#038;h=1602&#038;s=e98d3aed1e7e4a73897c3f989c7382b4 1134w\" alt=\"ABF studieprogram v&aring;ren 2026 sid 1\" height=\"817\" width=\"578\" sizes=\"auto, (max-width: 768px) calc(100vw - 40px), (min-width: 768px) and (max-width: 1156px) calc(50vw - 56px), calc((1156px \/ 2) - 16px)\" loading=\"lazy\" fetchpriority=\"low\" class=\"round-corners-lg w-full\" \/><\/picture>\n                            <figcaption class=\"my-2 body-md text-gray-text\">\n                    Sida 1\n                <\/figcaption>\n                        <\/figure>\n        <figure>\n        \n            <picture class=\"round-corners-lg w-full\"><img decoding=\"async\" src=\"https:\/\/www.abf.se\/skaraborg\/resized\/?url=https%3A%2F%2Fwww.abf.se%2Fwp-content%2Fuploads%2Fsites%2F42%2F2026%2F01%2FABF-varprogram-2026-sid-2.jpg&#038;fit=contain&#038;w=578&#038;s=3f79efa5b22f94957c95150264e45766\" srcset=\"https:\/\/www.abf.se\/skaraborg\/resized\/?url=https%3A%2F%2Fwww.abf.se%2Fwp-content%2Fuploads%2Fsites%2F42%2F2026%2F01%2FABF-varprogram-2026-sid-2.jpg&#038;fit=contain&#038;w=375&#038;h=529&#038;s=aafb92bfa1fba5aad318a1dcbd57b1a3 375w, https:\/\/www.abf.se\/skaraborg\/resized\/?url=https%3A%2F%2Fwww.abf.se%2Fwp-content%2Fuploads%2Fsites%2F42%2F2026%2F01%2FABF-varprogram-2026-sid-2.jpg&#038;fit=contain&#038;w=423&#038;h=597&#038;s=36840675a48188e9d797914d25e70922 423w, https:\/\/www.abf.se\/skaraborg\/resized\/?url=https%3A%2F%2Fwww.abf.se%2Fwp-content%2Fuploads%2Fsites%2F42%2F2026%2F01%2FABF-varprogram-2026-sid-2.jpg&#038;fit=contain&#038;w=471&#038;h=664&#038;s=93ad1ca33d144edc6ce7203c2ec6f85f 471w, https:\/\/www.abf.se\/skaraborg\/resized\/?url=https%3A%2F%2Fwww.abf.se%2Fwp-content%2Fuploads%2Fsites%2F42%2F2026%2F01%2FABF-varprogram-2026-sid-2.jpg&#038;fit=contain&#038;w=519&#038;h=732&#038;s=5890cd55faf3d4ed10ad1b2bc39ae4dc 519w, https:\/\/www.abf.se\/skaraborg\/resized\/?url=https%3A%2F%2Fwww.abf.se%2Fwp-content%2Fuploads%2Fsites%2F42%2F2026%2F01%2FABF-varprogram-2026-sid-2.jpg&#038;fit=contain&#038;w=567&#038;h=800&#038;s=ee9644b9aaf4378f64af8066271eb66e 567w, https:\/\/www.abf.se\/skaraborg\/resized\/?url=https%3A%2F%2Fwww.abf.se%2Fwp-content%2Fuploads%2Fsites%2F42%2F2026%2F01%2FABF-varprogram-2026-sid-2.jpg&#038;fit=contain&#038;w=578&#038;s=3f79efa5b22f94957c95150264e45766 578w, https:\/\/www.abf.se\/skaraborg\/resized\/?url=https%3A%2F%2Fwww.abf.se%2Fwp-content%2Fuploads%2Fsites%2F42%2F2026%2F01%2FABF-varprogram-2026-sid-2.jpg&#038;fit=contain&#038;w=750&#038;h=1058&#038;s=e60efa3786ad7414fbae06649f8c182d 750w, https:\/\/www.abf.se\/skaraborg\/resized\/?url=https%3A%2F%2Fwww.abf.se%2Fwp-content%2Fuploads%2Fsites%2F42%2F2026%2F01%2FABF-varprogram-2026-sid-2.jpg&#038;fit=contain&#038;w=846&#038;h=1194&#038;s=7c3001456d84a602580346f2e3284f50 846w, https:\/\/www.abf.se\/skaraborg\/resized\/?url=https%3A%2F%2Fwww.abf.se%2Fwp-content%2Fuploads%2Fsites%2F42%2F2026%2F01%2FABF-varprogram-2026-sid-2.jpg&#038;fit=contain&#038;w=942&#038;h=1329&#038;s=36b039c6347cb5c0aa6b53bdf9acf3ee 942w, https:\/\/www.abf.se\/skaraborg\/resized\/?url=https%3A%2F%2Fwww.abf.se%2Fwp-content%2Fuploads%2Fsites%2F42%2F2026%2F01%2FABF-varprogram-2026-sid-2.jpg&#038;fit=contain&#038;w=1038&#038;h=1465&#038;s=1422612b36a1d32e23dd45fceb5d066c 1038w, https:\/\/www.abf.se\/skaraborg\/resized\/?url=https%3A%2F%2Fwww.abf.se%2Fwp-content%2Fuploads%2Fsites%2F42%2F2026%2F01%2FABF-varprogram-2026-sid-2.jpg&#038;fit=contain&#038;w=1134&#038;h=1600&#038;s=0f67acfd63572a54a546a681dc47ccaa 1134w\" alt=\"ABF v&aring;rprogram 2026 sid 2\" height=\"816\" width=\"578\" sizes=\"auto, (max-width: 768px) calc(100vw - 40px), (min-width: 768px) and (max-width: 1156px) calc(50vw - 56px), calc((1156px \/ 2) - 16px)\" loading=\"lazy\" fetchpriority=\"low\" class=\"round-corners-lg w-full\" \/><\/picture>\n                            <figcaption class=\"my-2 body-md text-gray-text\">\n                    Sida 2\n                <\/figcaption>\n                        <\/figure>\n        <\/div>\n\n<\/div>\n<div\n    class=\"acf-article-cta-link-block article-container my-8\"\n    data-block=\"article-cta-link-block\"\n>\n<div>\n    <a class=\"inline-flex flex-row items-center gap-4 text-link underline text-red-dark\"\n        href=\"https:\/\/www.abf.se\/skaraborg\/\"\n            >\n        <span class=\"\">\n        Startsida\n        <\/span>\n        <figure aria-hidden=\"true\" class=\"rounded-full bg-red-dark w-8 h-8 p-1 text-white\">\n            <svg width=\"20\" height=\"20\" viewBox=\"0 0 20 20\" fill=\"none\" class=\"SvgIconElement\">\n<path d=\"M4.16659 10L15.8333 10\" stroke=\"currentColor\"\/>\n<path d=\"M9.99992 4.1665L15.8333 9.99984L9.99992 15.8332\" stroke=\"currentColor\"\/>\n<\/svg>\n        <\/figure>\n    <\/a>\n<\/div>\n<\/div>\n","protected":false},"excerpt":{"rendered":"","protected":false},"author":111,"featured_media":0,"parent":0,"menu_order":0,"comment_status":"closed","ping_status":"closed","template":"","meta":{"_acf_changed":false,"footnotes":""},"class_list":["post-981","page","type-page","status-publish","hentry"],"acf":[],"yoast_head":"<!-- This site is optimized with the Yoast SEO plugin v27.0 - https:\/\/yoast.com\/product\/yoast-seo-wordpress\/ -->\n<title>Studieprogram - ABF Skaraborg studief\u00f6rbund med verksamhet i Skaraborg.<\/title>\n<meta name=\"description\" content=\"ABF Skaraborgs studieprogram f\u00f6r kommande termin. H\u00e4r kan du hitta kurser, f\u00f6rel\u00e4sningar och evenemang som anordnas av ABF Skaraborg.\" \/>\n<meta name=\"robots\" content=\"index, follow, max-snippet:-1, max-image-preview:large, max-video-preview:-1\" \/>\n<link rel=\"canonical\" href=\"https:\/\/www.abf.se\/skaraborg\/studieprogram\/\" \/>\n<meta property=\"og:locale\" content=\"sv_SE\" \/>\n<meta property=\"og:type\" content=\"article\" \/>\n<meta property=\"og:title\" content=\"Studieprogram - ABF Skaraborg studief\u00f6rbund med verksamhet i Skaraborg.\" \/>\n<meta property=\"og:description\" content=\"ABF Skaraborgs studieprogram f\u00f6r kommande termin. H\u00e4r kan du hitta kurser, f\u00f6rel\u00e4sningar och evenemang som anordnas av ABF Skaraborg.\" \/>\n<meta property=\"og:url\" content=\"https:\/\/www.abf.se\/skaraborg\/studieprogram\/\" \/>\n<meta property=\"og:site_name\" content=\"Skaraborg\" \/>\n<meta property=\"article:modified_time\" content=\"2026-01-12T15:04:13+00:00\" \/>\n<meta property=\"og:image\" content=\"https:\/\/www.abf.se\/wp-content\/uploads\/sites\/42\/2024\/04\/Nyckeln-liggande-scaled.jpg\" \/>\n\t<meta property=\"og:image:width\" content=\"2560\" \/>\n\t<meta property=\"og:image:height\" content=\"1440\" \/>\n\t<meta property=\"og:image:type\" content=\"image\/jpeg\" \/>\n<meta name=\"twitter:card\" content=\"summary_large_image\" \/>\n<script type=\"application\/ld+json\" class=\"yoast-schema-graph\">{\"@context\":\"https:\/\/schema.org\",\"@graph\":[{\"@type\":\"WebPage\",\"@id\":\"https:\/\/www.abf.se\/skaraborg\/studieprogram\/\",\"url\":\"https:\/\/www.abf.se\/skaraborg\/studieprogram\/\",\"name\":\"Studieprogram - ABF Skaraborg studief\u00f6rbund med verksamhet i Skaraborg.\",\"isPartOf\":{\"@id\":\"https:\/\/www.abf.se\/skaraborg\/#website\"},\"datePublished\":\"2024-05-08T10:02:27+00:00\",\"dateModified\":\"2026-01-12T15:04:13+00:00\",\"description\":\"ABF Skaraborgs studieprogram f\u00f6r kommande termin. H\u00e4r kan du hitta kurser, f\u00f6rel\u00e4sningar och evenemang som anordnas av ABF Skaraborg.\",\"breadcrumb\":{\"@id\":\"https:\/\/www.abf.se\/skaraborg\/studieprogram\/#breadcrumb\"},\"inLanguage\":\"sv-SE\",\"potentialAction\":[{\"@type\":\"ReadAction\",\"target\":[\"https:\/\/www.abf.se\/skaraborg\/studieprogram\/\"]}]},{\"@type\":\"BreadcrumbList\",\"@id\":\"https:\/\/www.abf.se\/skaraborg\/studieprogram\/#breadcrumb\",\"itemListElement\":[{\"@type\":\"ListItem\",\"position\":1,\"name\":\"Home\",\"item\":\"https:\/\/www.abf.se\/skaraborg\/\"},{\"@type\":\"ListItem\",\"position\":2,\"name\":\"Studieprogram\"}]},{\"@type\":\"WebSite\",\"@id\":\"https:\/\/www.abf.se\/skaraborg\/#website\",\"url\":\"https:\/\/www.abf.se\/skaraborg\/\",\"name\":\"Skaraborg\",\"description\":\"\",\"potentialAction\":[{\"@type\":\"SearchAction\",\"target\":{\"@type\":\"EntryPoint\",\"urlTemplate\":\"https:\/\/www.abf.se\/skaraborg\/?s={search_term_string}\"},\"query-input\":{\"@type\":\"PropertyValueSpecification\",\"valueRequired\":true,\"valueName\":\"search_term_string\"}}],\"inLanguage\":\"sv-SE\"}]}<\/script>\n<!-- \/ Yoast SEO plugin. -->","yoast_head_json":{"title":"Studieprogram - ABF Skaraborg studief\u00f6rbund med verksamhet i Skaraborg.","description":"ABF Skaraborgs studieprogram f\u00f6r kommande termin. H\u00e4r kan du hitta kurser, f\u00f6rel\u00e4sningar och evenemang som anordnas av ABF Skaraborg.","robots":{"index":"index","follow":"follow","max-snippet":"max-snippet:-1","max-image-preview":"max-image-preview:large","max-video-preview":"max-video-preview:-1"},"canonical":"https:\/\/www.abf.se\/skaraborg\/studieprogram\/","og_locale":"sv_SE","og_type":"article","og_title":"Studieprogram - ABF Skaraborg studief\u00f6rbund med verksamhet i Skaraborg.","og_description":"ABF Skaraborgs studieprogram f\u00f6r kommande termin. H\u00e4r kan du hitta kurser, f\u00f6rel\u00e4sningar och evenemang som anordnas av ABF Skaraborg.","og_url":"https:\/\/www.abf.se\/skaraborg\/studieprogram\/","og_site_name":"Skaraborg","article_modified_time":"2026-01-12T15:04:13+00:00","og_image":[{"width":2560,"height":1440,"url":"https:\/\/www.abf.se\/wp-content\/uploads\/sites\/42\/2024\/04\/Nyckeln-liggande-scaled.jpg","type":"image\/jpeg"}],"twitter_card":"summary_large_image","schema":{"@context":"https:\/\/schema.org","@graph":[{"@type":"WebPage","@id":"https:\/\/www.abf.se\/skaraborg\/studieprogram\/","url":"https:\/\/www.abf.se\/skaraborg\/studieprogram\/","name":"Studieprogram - ABF Skaraborg studief\u00f6rbund med verksamhet i Skaraborg.","isPartOf":{"@id":"https:\/\/www.abf.se\/skaraborg\/#website"},"datePublished":"2024-05-08T10:02:27+00:00","dateModified":"2026-01-12T15:04:13+00:00","description":"ABF Skaraborgs studieprogram f\u00f6r kommande termin. H\u00e4r kan du hitta kurser, f\u00f6rel\u00e4sningar och evenemang som anordnas av ABF Skaraborg.","breadcrumb":{"@id":"https:\/\/www.abf.se\/skaraborg\/studieprogram\/#breadcrumb"},"inLanguage":"sv-SE","potentialAction":[{"@type":"ReadAction","target":["https:\/\/www.abf.se\/skaraborg\/studieprogram\/"]}]},{"@type":"BreadcrumbList","@id":"https:\/\/www.abf.se\/skaraborg\/studieprogram\/#breadcrumb","itemListElement":[{"@type":"ListItem","position":1,"name":"Home","item":"https:\/\/www.abf.se\/skaraborg\/"},{"@type":"ListItem","position":2,"name":"Studieprogram"}]},{"@type":"WebSite","@id":"https:\/\/www.abf.se\/skaraborg\/#website","url":"https:\/\/www.abf.se\/skaraborg\/","name":"Skaraborg","description":"","potentialAction":[{"@type":"SearchAction","target":{"@type":"EntryPoint","urlTemplate":"https:\/\/www.abf.se\/skaraborg\/?s={search_term_string}"},"query-input":{"@type":"PropertyValueSpecification","valueRequired":true,"valueName":"search_term_string"}}],"inLanguage":"sv-SE"}]}},"_links":{"self":[{"href":"https:\/\/www.abf.se\/skaraborg\/wp-json\/wp\/v2\/pages\/981","targetHints":{"allow":["GET"]}}],"collection":[{"href":"https:\/\/www.abf.se\/skaraborg\/wp-json\/wp\/v2\/pages"}],"about":[{"href":"https:\/\/www.abf.se\/skaraborg\/wp-json\/wp\/v2\/types\/page"}],"author":[{"embeddable":true,"href":"https:\/\/www.abf.se\/skaraborg\/wp-json\/wp\/v2\/users\/111"}],"replies":[{"embeddable":true,"href":"https:\/\/www.abf.se\/skaraborg\/wp-json\/wp\/v2\/comments?post=981"}],"version-history":[{"count":38,"href":"https:\/\/www.abf.se\/skaraborg\/wp-json\/wp\/v2\/pages\/981\/revisions"}],"predecessor-version":[{"id":2433,"href":"https:\/\/www.abf.se\/skaraborg\/wp-json\/wp\/v2\/pages\/981\/revisions\/2433"}],"wp:attachment":[{"href":"https:\/\/www.abf.se\/skaraborg\/wp-json\/wp\/v2\/media?parent=981"}],"curies":[{"name":"wp","href":"https:\/\/api.w.org\/{rel}","templated":true}]}}