{"id":108,"date":"2024-05-03T08:18:44","date_gmt":"2024-05-03T06:18:44","guid":{"rendered":"https:\/\/www.abf.se\/skelleftea\/?page_id=108"},"modified":"2024-10-22T10:45:12","modified_gmt":"2024-10-22T08:45:12","slug":"bostadsorganisationer","status":"publish","type":"page","link":"https:\/\/www.abf.se\/skelleftea\/verksamhet\/bostadsorganisationer\/","title":{"rendered":"Bostadsorganisationer"},"content":{"rendered":"<div\n    class=\"acf-hero-block container-lg no-padding mb-12 js-geolocation\"\n    data-block=\"hero-block\"\n    data-index=\"0\"\n>\n    <div class=\"h-[548px]  relative rounded-[32px] overflow-hidden flex bg-gray-light\">\n        <div class=\"relative z-10 mt-auto h-auto w-full md:h-full\">\n            <div class=\"flex w-full h-full flex-col flex-wrap justify-end w-full md:w-7\/12 lg:w-1\/2 md:justify-center\">\n                <div class=\"flex flex-col gap-3 md:gap-[18px] md:transparent pt-16 pb-36 md:py-8 px-4 w-full md:max-w-[620px] mx-auto px-8\">\n\n                    <h1 class=\"hero-heading hero-heading--red-text\"><span>Verksamhet med Bostadsorganisationer<\/span><\/h1>\n\n                    \n                                    <\/div>\n            <\/div>\n        <\/div>\n\n                    <picture class=\"as-background-image mix-blend-multiply bg-black\/40\"><img decoding=\"async\" src=\"https:\/\/www.abf.se\/skelleftea\/resized\/?url=https%3A%2F%2Fwww.abf.se%2Fwp-content%2Fuploads%2Fsites%2F43%2F2024%2F05%2Fhouse-7497001_1920.png&#038;fit=crop&#038;w=1440&#038;s=0a1a27f7eadc4ba2fea961e80406e0d7\" srcset=\"https:\/\/www.abf.se\/skelleftea\/resized\/?url=https%3A%2F%2Fwww.abf.se%2Fwp-content%2Fuploads%2Fsites%2F43%2F2024%2F05%2Fhouse-7497001_1920.png&#038;fit=crop&#038;w=375&#038;h=540&#038;s=0cb35998683ad185ce502138e4ded3b8 375w, https:\/\/www.abf.se\/skelleftea\/resized\/?url=https%3A%2F%2Fwww.abf.se%2Fwp-content%2Fuploads%2Fsites%2F43%2F2024%2F05%2Fhouse-7497001_1920.png&#038;fit=crop&#038;w=447&#038;h=540&#038;s=772d18cae8dd0c5060107cb477d400e8 447w, https:\/\/www.abf.se\/skelleftea\/resized\/?url=https%3A%2F%2Fwww.abf.se%2Fwp-content%2Fuploads%2Fsites%2F43%2F2024%2F05%2Fhouse-7497001_1920.png&#038;fit=crop&#038;w=519&#038;h=540&#038;s=292c1156b80531ea760071ada2bf5103 519w, https:\/\/www.abf.se\/skelleftea\/resized\/?url=https%3A%2F%2Fwww.abf.se%2Fwp-content%2Fuploads%2Fsites%2F43%2F2024%2F05%2Fhouse-7497001_1920.png&#038;fit=crop&#038;w=591&#038;h=540&#038;s=0b413c724bb9acda968212e5ffb45f1f 591w, https:\/\/www.abf.se\/skelleftea\/resized\/?url=https%3A%2F%2Fwww.abf.se%2Fwp-content%2Fuploads%2Fsites%2F43%2F2024%2F05%2Fhouse-7497001_1920.png&#038;fit=crop&#038;w=663&#038;h=540&#038;s=69b2a61bfcfafd8c3a0b7fcfc9ebe808 663w, https:\/\/www.abf.se\/skelleftea\/resized\/?url=https%3A%2F%2Fwww.abf.se%2Fwp-content%2Fuploads%2Fsites%2F43%2F2024%2F05%2Fhouse-7497001_1920.png&#038;fit=crop&#038;w=750&#038;h=540&#038;s=70f1499a915244be2d568a580a6f9c7c 750w, https:\/\/www.abf.se\/skelleftea\/resized\/?url=https%3A%2F%2Fwww.abf.se%2Fwp-content%2Fuploads%2Fsites%2F43%2F2024%2F05%2Fhouse-7497001_1920.png&#038;fit=crop&#038;w=894&#038;h=540&#038;s=ac28296e30c8476c20caecd4ef979017 894w, https:\/\/www.abf.se\/skelleftea\/resized\/?url=https%3A%2F%2Fwww.abf.se%2Fwp-content%2Fuploads%2Fsites%2F43%2F2024%2F05%2Fhouse-7497001_1920.png&#038;fit=crop&#038;w=1038&#038;h=540&#038;s=8f59f3f3e10d1367fae652c47847c419 1038w, https:\/\/www.abf.se\/skelleftea\/resized\/?url=https%3A%2F%2Fwww.abf.se%2Fwp-content%2Fuploads%2Fsites%2F43%2F2024%2F05%2Fhouse-7497001_1920.png&#038;fit=crop&#038;w=1182&#038;h=540&#038;s=3ea934919193cd73b9dbe24723ee6293 1182w, https:\/\/www.abf.se\/skelleftea\/resized\/?url=https%3A%2F%2Fwww.abf.se%2Fwp-content%2Fuploads%2Fsites%2F43%2F2024%2F05%2Fhouse-7497001_1920.png&#038;fit=crop&#038;w=1326&#038;h=540&#038;s=4152ecd1d559f5c8fd163be4bbcea7c2 1326w, https:\/\/www.abf.se\/skelleftea\/resized\/?url=https%3A%2F%2Fwww.abf.se%2Fwp-content%2Fuploads%2Fsites%2F43%2F2024%2F05%2Fhouse-7497001_1920.png&#038;fit=crop&#038;w=1440&#038;h=540&#038;s=f526678d2a74fc7e2959ab5910770d2a 1440w\" alt=\"\" height=\"540\" width=\"1440\" sizes=\"(max-width: 1440px) calc(100vw - 32px), 1440px\" loading=\"eager\" fetchpriority=\"high\" aria-hidden=\"true\" role=\"presentation\" \/><\/picture>\n        \n\n            <\/div>\n\n    <\/div>\n\n<div\n    class=\"acf-article-text-block article-container my-12\"\n    data-block=\"article-text-block\"\n>\n    <div class=\"wysiwyg\">\n        <p><strong>F\u00f6ljande bostadsorganisationer \u00e4r medlemmar i ABF:<\/strong><\/p>\n<p>HSB<br \/>\nHyresg\u00e4stf\u00f6reningen Riksf\u00f6rbundet<br \/>\nRiksbyggen<\/p>\n<p>Vi vill vara med och st\u00e4rka v\u00e5ra lokala f\u00f6reningar genom att erbjuda studiecirklar, styrelseutveckling samt \u00e4ven vara medlemmarna och styrelsens bollplank. Det kan vara hantverk, studiecirklar, hj\u00e4lpa till att planera kulturprogram eller f\u00f6rel\u00e4sningsserier samt vara behj\u00e4lplig med studiematerial.<\/p>\n<p>ABF har ett stort kontaktn\u00e4t inom f\u00f6reningsv\u00e4rlden. Vi kan vara en m\u00f6tesplats d\u00e4r ni knyter kontakter med andra f\u00f6reningar som ni kan samarbeta med. Man blir starkare om man \u00e4r fler att samverka kring gemensamma fr\u00e5gor, t ex n\u00e5got man vill driva fram eller en studiesatsning man vill g\u00f6ra.<\/p>\n<p>Vi p\u00e5 ABF vill ge utrymme f\u00f6r v\u00e5ra f\u00f6reningar inom olika bostadsorganisationer att v\u00e4xa i sin f\u00f6rening och vi vill d\u00e4rf\u00f6r tillhandah\u00e5lla verktyg och resurser f\u00f6r att g\u00f6ra detta m\u00f6jligt. Vi \u00e4r g\u00e4rna bollplank till styrelse samt medlemmar i f\u00f6reningarna. M\u00e5nga fria grupper i bostadsorganisationerna tr\u00e4ffas d\u00e4r medlemmarna tex sj\u00e4lv anordnar bokcirklar eller grupper som odlar i deras eget bostadsomr\u00e5de.<\/p>\n<p><strong>Har du funderingar \u00e4r du v\u00e4lkommen att h\u00f6ra av dig till:<\/strong><br \/>\nUlrika Olofsson<br \/>\n<a href=\"mailto:ulrika.olofsson@abf.se\">ulrika.olofsson@abf.se<\/a><br \/>\n073-069 36 16<\/p>\n\n    <\/div>\n<\/div>\n","protected":false},"excerpt":{"rendered":"","protected":false},"author":41,"featured_media":0,"parent":51,"menu_order":0,"comment_status":"closed","ping_status":"closed","template":"","meta":{"_acf_changed":false,"footnotes":""},"class_list":["post-108","page","type-page","status-publish","hentry"],"acf":[],"yoast_head":"<!-- This site is optimized with the Yoast SEO plugin v27.0 - https:\/\/yoast.com\/product\/yoast-seo-wordpress\/ -->\n<title>Bostadsorganisationer - Skellefte\u00e5<\/title>\n<meta name=\"robots\" content=\"index, follow, max-snippet:-1, max-image-preview:large, max-video-preview:-1\" \/>\n<link rel=\"canonical\" href=\"https:\/\/www.abf.se\/skelleftea\/verksamhet\/bostadsorganisationer\/\" \/>\n<meta property=\"og:locale\" content=\"sv_SE\" \/>\n<meta property=\"og:type\" content=\"article\" \/>\n<meta property=\"og:title\" content=\"Bostadsorganisationer - Skellefte\u00e5\" \/>\n<meta property=\"og:url\" content=\"https:\/\/www.abf.se\/skelleftea\/verksamhet\/bostadsorganisationer\/\" \/>\n<meta property=\"og:site_name\" content=\"Skellefte\u00e5\" \/>\n<meta property=\"article:modified_time\" content=\"2024-10-22T08:45:12+00:00\" \/>\n<meta property=\"og:image\" content=\"https:\/\/www.abf.se\/wp-content\/uploads\/sites\/43\/2024\/04\/Nyckeln-liggande-scaled.jpg\" \/>\n\t<meta property=\"og:image:width\" content=\"2560\" \/>\n\t<meta property=\"og:image:height\" content=\"1440\" \/>\n\t<meta property=\"og:image:type\" content=\"image\/jpeg\" \/>\n<meta name=\"twitter:card\" content=\"summary_large_image\" \/>\n<script type=\"application\/ld+json\" class=\"yoast-schema-graph\">{\"@context\":\"https:\/\/schema.org\",\"@graph\":[{\"@type\":\"WebPage\",\"@id\":\"https:\/\/www.abf.se\/skelleftea\/verksamhet\/bostadsorganisationer\/\",\"url\":\"https:\/\/www.abf.se\/skelleftea\/verksamhet\/bostadsorganisationer\/\",\"name\":\"Bostadsorganisationer - Skellefte\u00e5\",\"isPartOf\":{\"@id\":\"https:\/\/www.abf.se\/skelleftea\/#website\"},\"datePublished\":\"2024-05-03T06:18:44+00:00\",\"dateModified\":\"2024-10-22T08:45:12+00:00\",\"breadcrumb\":{\"@id\":\"https:\/\/www.abf.se\/skelleftea\/verksamhet\/bostadsorganisationer\/#breadcrumb\"},\"inLanguage\":\"sv-SE\",\"potentialAction\":[{\"@type\":\"ReadAction\",\"target\":[\"https:\/\/www.abf.se\/skelleftea\/verksamhet\/bostadsorganisationer\/\"]}]},{\"@type\":\"BreadcrumbList\",\"@id\":\"https:\/\/www.abf.se\/skelleftea\/verksamhet\/bostadsorganisationer\/#breadcrumb\",\"itemListElement\":[{\"@type\":\"ListItem\",\"position\":1,\"name\":\"Home\",\"item\":\"https:\/\/www.abf.se\/skelleftea\/\"},{\"@type\":\"ListItem\",\"position\":2,\"name\":\"V\u00e5ra verksamheter\",\"item\":\"https:\/\/www.abf.se\/skelleftea\/verksamhet\/\"},{\"@type\":\"ListItem\",\"position\":3,\"name\":\"Bostadsorganisationer\"}]},{\"@type\":\"WebSite\",\"@id\":\"https:\/\/www.abf.se\/skelleftea\/#website\",\"url\":\"https:\/\/www.abf.se\/skelleftea\/\",\"name\":\"Skellefte\u00e5\",\"description\":\"\",\"potentialAction\":[{\"@type\":\"SearchAction\",\"target\":{\"@type\":\"EntryPoint\",\"urlTemplate\":\"https:\/\/www.abf.se\/skelleftea\/?s={search_term_string}\"},\"query-input\":{\"@type\":\"PropertyValueSpecification\",\"valueRequired\":true,\"valueName\":\"search_term_string\"}}],\"inLanguage\":\"sv-SE\"}]}<\/script>\n<!-- \/ Yoast SEO plugin. -->","yoast_head_json":{"title":"Bostadsorganisationer - Skellefte\u00e5","robots":{"index":"index","follow":"follow","max-snippet":"max-snippet:-1","max-image-preview":"max-image-preview:large","max-video-preview":"max-video-preview:-1"},"canonical":"https:\/\/www.abf.se\/skelleftea\/verksamhet\/bostadsorganisationer\/","og_locale":"sv_SE","og_type":"article","og_title":"Bostadsorganisationer - Skellefte\u00e5","og_url":"https:\/\/www.abf.se\/skelleftea\/verksamhet\/bostadsorganisationer\/","og_site_name":"Skellefte\u00e5","article_modified_time":"2024-10-22T08:45:12+00:00","og_image":[{"width":2560,"height":1440,"url":"https:\/\/www.abf.se\/wp-content\/uploads\/sites\/43\/2024\/04\/Nyckeln-liggande-scaled.jpg","type":"image\/jpeg"}],"twitter_card":"summary_large_image","schema":{"@context":"https:\/\/schema.org","@graph":[{"@type":"WebPage","@id":"https:\/\/www.abf.se\/skelleftea\/verksamhet\/bostadsorganisationer\/","url":"https:\/\/www.abf.se\/skelleftea\/verksamhet\/bostadsorganisationer\/","name":"Bostadsorganisationer - Skellefte\u00e5","isPartOf":{"@id":"https:\/\/www.abf.se\/skelleftea\/#website"},"datePublished":"2024-05-03T06:18:44+00:00","dateModified":"2024-10-22T08:45:12+00:00","breadcrumb":{"@id":"https:\/\/www.abf.se\/skelleftea\/verksamhet\/bostadsorganisationer\/#breadcrumb"},"inLanguage":"sv-SE","potentialAction":[{"@type":"ReadAction","target":["https:\/\/www.abf.se\/skelleftea\/verksamhet\/bostadsorganisationer\/"]}]},{"@type":"BreadcrumbList","@id":"https:\/\/www.abf.se\/skelleftea\/verksamhet\/bostadsorganisationer\/#breadcrumb","itemListElement":[{"@type":"ListItem","position":1,"name":"Home","item":"https:\/\/www.abf.se\/skelleftea\/"},{"@type":"ListItem","position":2,"name":"V\u00e5ra verksamheter","item":"https:\/\/www.abf.se\/skelleftea\/verksamhet\/"},{"@type":"ListItem","position":3,"name":"Bostadsorganisationer"}]},{"@type":"WebSite","@id":"https:\/\/www.abf.se\/skelleftea\/#website","url":"https:\/\/www.abf.se\/skelleftea\/","name":"Skellefte\u00e5","description":"","potentialAction":[{"@type":"SearchAction","target":{"@type":"EntryPoint","urlTemplate":"https:\/\/www.abf.se\/skelleftea\/?s={search_term_string}"},"query-input":{"@type":"PropertyValueSpecification","valueRequired":true,"valueName":"search_term_string"}}],"inLanguage":"sv-SE"}]}},"_links":{"self":[{"href":"https:\/\/www.abf.se\/skelleftea\/wp-json\/wp\/v2\/pages\/108","targetHints":{"allow":["GET"]}}],"collection":[{"href":"https:\/\/www.abf.se\/skelleftea\/wp-json\/wp\/v2\/pages"}],"about":[{"href":"https:\/\/www.abf.se\/skelleftea\/wp-json\/wp\/v2\/types\/page"}],"author":[{"embeddable":true,"href":"https:\/\/www.abf.se\/skelleftea\/wp-json\/wp\/v2\/users\/41"}],"replies":[{"embeddable":true,"href":"https:\/\/www.abf.se\/skelleftea\/wp-json\/wp\/v2\/comments?post=108"}],"version-history":[{"count":5,"href":"https:\/\/www.abf.se\/skelleftea\/wp-json\/wp\/v2\/pages\/108\/revisions"}],"predecessor-version":[{"id":137,"href":"https:\/\/www.abf.se\/skelleftea\/wp-json\/wp\/v2\/pages\/108\/revisions\/137"}],"up":[{"embeddable":true,"href":"https:\/\/www.abf.se\/skelleftea\/wp-json\/wp\/v2\/pages\/51"}],"wp:attachment":[{"href":"https:\/\/www.abf.se\/skelleftea\/wp-json\/wp\/v2\/media?parent=108"}],"curies":[{"name":"wp","href":"https:\/\/api.w.org\/{rel}","templated":true}]}}