{"id":592,"date":"2025-05-21T11:04:33","date_gmt":"2025-05-21T09:04:33","guid":{"rendered":"https:\/\/www.abf.se\/skelleftea\/?page_id=592"},"modified":"2025-05-21T11:09:10","modified_gmt":"2025-05-21T09:09:10","slug":"faq-sammanslagningen-abf-skelleftea-abf-umearegionen","status":"publish","type":"page","link":"https:\/\/www.abf.se\/skelleftea\/faq-sammanslagningen-abf-skelleftea-abf-umearegionen\/","title":{"rendered":"FAQ Sammanslagningen av ABF Skellefte\u00e5 och ABF Ume\u00e5regionen"},"content":{"rendered":"<div\n    class=\"acf-hero-block container-lg no-padding mb-12 js-geolocation\"\n    data-block=\"hero-block\"\n    data-index=\"0\"\n>\n    <div class=\"h-[548px]  relative rounded-[32px] overflow-hidden flex bg-gray-light\">\n        <div class=\"relative z-10 mt-auto h-auto w-full md:h-full\">\n            <div class=\"flex w-full h-full flex-col flex-wrap justify-end w-full md:w-7\/12 lg:w-1\/2 md:justify-center\">\n                <div class=\"flex flex-col gap-3 md:gap-[18px] md:transparent pt-16 pb-36 md:py-8 px-4 w-full md:max-w-[620px] mx-auto px-8\">\n\n                    <h1 class=\"hero-heading hero-heading--red-text\"><span>FAQ<\/span><\/h1>\n\n                                            <p class=\"mt-4 max-w-[48ch] text-white\">\n                            Sammanslagningen av<br \/>\r\nABF Skellefte\u00e5 och ABF Ume\u00e5regionen\n                        <\/p>\n                    \n                                    <\/div>\n            <\/div>\n        <\/div>\n\n                    <picture class=\"as-background-image mix-blend-multiply bg-black\/40\"><img decoding=\"async\" src=\"https:\/\/www.abf.se\/skelleftea\/resized\/?url=https%3A%2F%2Fwww.abf.se%2Fwp-content%2Fuploads%2Fsites%2F43%2F2025%2F05%2FFAQ-sammanslagning-ABF-Skelleftea-Umea-1.png&#038;fit=crop&#038;w=1440&#038;s=ee5ae11e61359eb53da002270023f0c7\" srcset=\"https:\/\/www.abf.se\/skelleftea\/resized\/?url=https%3A%2F%2Fwww.abf.se%2Fwp-content%2Fuploads%2Fsites%2F43%2F2025%2F05%2FFAQ-sammanslagning-ABF-Skelleftea-Umea-1.png&#038;fit=crop&#038;w=375&#038;h=540&#038;s=994dd4e9f4139b9ac72202b5ffafdbda 375w, https:\/\/www.abf.se\/skelleftea\/resized\/?url=https%3A%2F%2Fwww.abf.se%2Fwp-content%2Fuploads%2Fsites%2F43%2F2025%2F05%2FFAQ-sammanslagning-ABF-Skelleftea-Umea-1.png&#038;fit=crop&#038;w=447&#038;h=540&#038;s=23c3ebd977973aed7cbb8020f6115909 447w, https:\/\/www.abf.se\/skelleftea\/resized\/?url=https%3A%2F%2Fwww.abf.se%2Fwp-content%2Fuploads%2Fsites%2F43%2F2025%2F05%2FFAQ-sammanslagning-ABF-Skelleftea-Umea-1.png&#038;fit=crop&#038;w=519&#038;h=540&#038;s=8e5996e525f623b87769603c38d9084e 519w, https:\/\/www.abf.se\/skelleftea\/resized\/?url=https%3A%2F%2Fwww.abf.se%2Fwp-content%2Fuploads%2Fsites%2F43%2F2025%2F05%2FFAQ-sammanslagning-ABF-Skelleftea-Umea-1.png&#038;fit=crop&#038;w=591&#038;h=540&#038;s=a6bc133ca02543cab18108be27076e21 591w, https:\/\/www.abf.se\/skelleftea\/resized\/?url=https%3A%2F%2Fwww.abf.se%2Fwp-content%2Fuploads%2Fsites%2F43%2F2025%2F05%2FFAQ-sammanslagning-ABF-Skelleftea-Umea-1.png&#038;fit=crop&#038;w=663&#038;h=540&#038;s=2023185cb3c02e42e9e93f7bd8031e1e 663w, https:\/\/www.abf.se\/skelleftea\/resized\/?url=https%3A%2F%2Fwww.abf.se%2Fwp-content%2Fuploads%2Fsites%2F43%2F2025%2F05%2FFAQ-sammanslagning-ABF-Skelleftea-Umea-1.png&#038;fit=crop&#038;w=750&#038;h=540&#038;s=0d90fd989e1502627e33fd9931835d72 750w, https:\/\/www.abf.se\/skelleftea\/resized\/?url=https%3A%2F%2Fwww.abf.se%2Fwp-content%2Fuploads%2Fsites%2F43%2F2025%2F05%2FFAQ-sammanslagning-ABF-Skelleftea-Umea-1.png&#038;fit=crop&#038;w=894&#038;h=540&#038;s=10cb2d4cb48756dd9e7f523acc84e493 894w, https:\/\/www.abf.se\/skelleftea\/resized\/?url=https%3A%2F%2Fwww.abf.se%2Fwp-content%2Fuploads%2Fsites%2F43%2F2025%2F05%2FFAQ-sammanslagning-ABF-Skelleftea-Umea-1.png&#038;fit=crop&#038;w=1038&#038;h=540&#038;s=4466807e8c8cee4c25a4ab1ddbfc21f3 1038w, https:\/\/www.abf.se\/skelleftea\/resized\/?url=https%3A%2F%2Fwww.abf.se%2Fwp-content%2Fuploads%2Fsites%2F43%2F2025%2F05%2FFAQ-sammanslagning-ABF-Skelleftea-Umea-1.png&#038;fit=crop&#038;w=1182&#038;h=540&#038;s=59245f7dba25521ee7cc5ebd3cda140a 1182w, https:\/\/www.abf.se\/skelleftea\/resized\/?url=https%3A%2F%2Fwww.abf.se%2Fwp-content%2Fuploads%2Fsites%2F43%2F2025%2F05%2FFAQ-sammanslagning-ABF-Skelleftea-Umea-1.png&#038;fit=crop&#038;w=1326&#038;h=540&#038;s=ed4335b67802c8b65ea8d55cfd4e2408 1326w, https:\/\/www.abf.se\/skelleftea\/resized\/?url=https%3A%2F%2Fwww.abf.se%2Fwp-content%2Fuploads%2Fsites%2F43%2F2025%2F05%2FFAQ-sammanslagning-ABF-Skelleftea-Umea-1.png&#038;fit=crop&#038;w=1440&#038;h=540&#038;s=c46a10b33ef43cf702e246350226bd51 1440w\" alt=\"\" height=\"540\" width=\"1440\" sizes=\"(max-width: 1440px) calc(100vw - 32px), 1440px\" loading=\"eager\" fetchpriority=\"high\" aria-hidden=\"true\" role=\"presentation\" \/><\/picture>\n        \n\n            <\/div>\n\n    <\/div>\n\n<div\n    class=\"acf-article-text-block article-container my-12\"\n    data-block=\"article-text-block\"\n>\n    <div class=\"wysiwyg\">\n        <h2><strong>Sammanslagning av ABF Skellefte\u00e5 och ABF Ume\u00e5regionen<\/strong><\/h2>\n<h3>Just nu p\u00e5g\u00e5r en process f\u00f6r att sl\u00e5 samman ABF Skellefte\u00e5 och ABF Ume\u00e5regionen.<\/h3>\n<p>Vi f\u00f6rst\u00e5r att detta v\u00e4cker fr\u00e5gor hos v\u00e5ra medlemsorganisationer och andra som \u00e4r aktiva inom ABF och vi har d\u00e4rf\u00f6r sammanst\u00e4llt svar p\u00e5 n\u00e5gra vanliga fr\u00e5gor.<\/p>\n\n    <\/div>\n<\/div>\n<ul\n    class=\"acf-article-accordion-block accordion-group grid gap-4 my-12 article-container--wide\"\n    data-block=\"article-accordion-block \"\n    data-ui-accordion-group\n>\n\n            <li class=\"accordion\" data-ui-accordion data-ui-accordion-open=\"false\">\n        <h3>\n        <button data-ui-accordion-button class=\"accordion-toggle font-bold\" aria-expanded=\"false\" aria-controls=\"row-varforanserstyrelsernaforabfskellefteaochabfumearegionenattavdelningarnaborslasihop?-0\" id=\"varforanserstyrelsernaforabfskellefteaochabfumearegionenattavdelningarnaborslasihop?-0\">\n            Varf\u00f6r anser styrelserna f\u00f6r ABF Skellefte\u00e5 och ABF Ume\u00e5regionen att avdelningarna b\u00f6r sl\u00e5s ihop?\n            \n            <figure class=\"w-4.5 h-4.5\" aria-hidden=\"true\">\n            <svg width=\"20\" height=\"20\" viewBox=\"0 0 20 20\" fill=\"none\"\nclass=\"SvgIconElement\">\n<path d=\"M15.8333 7.16667L9.99992 13L4.16659 7.16667\" stroke=\"currentColor\"\/>\n<\/svg>\n            <\/figure>\n        <\/button>\n        \n                <\/h3>\n        <div class=\"accordion-content\">\n            <div id=\"row-varforanserstyrelsernaforabfskellefteaochabfumearegionenattavdelningarnaborslasihop?-0\" role=\"region\" class=\"accordion-content-wrap\" aria-labelledby=\"varforanserstyrelsernaforabfskellefteaochabfumearegionenattavdelningarnaborslasihop?-0\">\n                                            <div class=\"wysiwyg\">\n                    <p>F\u00f6r att kunna m\u00f6ta Tid\u00f6regeringens kraftiga neddragningar av st\u00f6den till folkbildningen och f\u00f6r att kunna m\u00f6ta Folkbildningsr\u00e5dets sk\u00e4rpta krav f\u00e5r mindre ABF-avdelningar, likt de i V\u00e4sterbotten, sv\u00e5rt att klara sig p\u00e5 egen hand. Tillsammans finns d\u00e4remot goda m\u00f6jligheter att klara den omst\u00e4llning som kr\u00e4vs.<\/p>\n<p>M\u00f6jligheterna ges bland annat av att de b\u00e4gge avledningarnas styrelser och personal sl\u00e5s ihop vilket inneb\u00e4r att vi samlar erfarenheter fr\u00e5n stora delar av l\u00e4net och olika delar av arbetarr\u00f6relsen och civilsamh\u00e4llet under ett tak.<\/p>\n<p>Vi tror ocks\u00e5 att en ny avdelning kommer att ha b\u00e4ttre m\u00f6jlighet att bibeh\u00e5lla den verksamhet som finns utanf\u00f6r st\u00e4derna efter kusten. Med samlade resurser kan vi forts\u00e4tta prioritera lokal n\u00e4rvaro och att ocks\u00e5 i forts\u00e4ttningen verka f\u00f6r att vara f\u00f6reningarnas f\u00f6rening.<\/p>\n<p>Tillsammans st\u00e5r vi starkare inf\u00f6r framtiden.<\/p>\n\n                <\/div>\n                                        <\/div>\n        <\/div>\n    <\/li>\n            <li class=\"accordion\" data-ui-accordion data-ui-accordion-open=\"false\">\n        <h3>\n        <button data-ui-accordion-button class=\"accordion-toggle font-bold\" aria-expanded=\"false\" aria-controls=\"row-hurgynnasabfskellefteaavensammanslagning?-1\" id=\"hurgynnasabfskellefteaavensammanslagning?-1\">\n            Hur gynnas ABF Skellefte\u00e5 av en sammanslagning?\n            \n            <figure class=\"w-4.5 h-4.5\" aria-hidden=\"true\">\n            <svg width=\"20\" height=\"20\" viewBox=\"0 0 20 20\" fill=\"none\"\nclass=\"SvgIconElement\">\n<path d=\"M15.8333 7.16667L9.99992 13L4.16659 7.16667\" stroke=\"currentColor\"\/>\n<\/svg>\n            <\/figure>\n        <\/button>\n        \n                <\/h3>\n        <div class=\"accordion-content\">\n            <div id=\"row-hurgynnasabfskellefteaavensammanslagning?-1\" role=\"region\" class=\"accordion-content-wrap\" aria-labelledby=\"hurgynnasabfskellefteaavensammanslagning?-1\">\n                                            <div class=\"wysiwyg\">\n                    <p>Genom sammanslagningen kommer kompetenser och erfarenheter att spridas \u00f6ver de inblandade kommunerna. Fr\u00e5n ABF Ume\u00e5regionen kommer den nya sammanslagna avdelningen bland annat kunna ta del av en l\u00e5ng tradition och stor kompetens inom kultur. Inte minst m\u00e4rks detta genom Ume\u00e5 Konstskola d\u00e4r utbildning av h\u00f6g kvalitet erbjuds konstn\u00e4rer.<\/p>\n<p>Avdelningen har ocks\u00e5 stor vana vid att arbeta \u00f6ver flera kommuner och har genom \u00e5ren byggt upp en l\u00e5ng erfarenhet av arbete med ideella krafter f\u00f6r att m\u00f6jligg\u00f6ra ett kulturutbud p\u00e5 mindre orter. Som en kontrast till detta har avdelningen ocks\u00e5 sedan l\u00e4nge ett integrationsfr\u00e4mjande arbete p\u00e5 Ersboda och genom detta har avdelningen goda erfarenheter av att organisera ideella \u00e4ven i staden.<\/p>\n\n                <\/div>\n                                        <\/div>\n        <\/div>\n    <\/li>\n            <li class=\"accordion\" data-ui-accordion data-ui-accordion-open=\"false\">\n        <h3>\n        <button data-ui-accordion-button class=\"accordion-toggle font-bold\" aria-expanded=\"false\" aria-controls=\"row-hurgynnasabfumearegionenavensammanslagning?-2\" id=\"hurgynnasabfumearegionenavensammanslagning?-2\">\n            Hur gynnas ABF Ume\u00e5regionen av en sammanslagning?\n            \n            <figure class=\"w-4.5 h-4.5\" aria-hidden=\"true\">\n            <svg width=\"20\" height=\"20\" viewBox=\"0 0 20 20\" fill=\"none\"\nclass=\"SvgIconElement\">\n<path d=\"M15.8333 7.16667L9.99992 13L4.16659 7.16667\" stroke=\"currentColor\"\/>\n<\/svg>\n            <\/figure>\n        <\/button>\n        \n                <\/h3>\n        <div class=\"accordion-content\">\n            <div id=\"row-hurgynnasabfumearegionenavensammanslagning?-2\" role=\"region\" class=\"accordion-content-wrap\" aria-labelledby=\"hurgynnasabfumearegionenavensammanslagning?-2\">\n                                            <div class=\"wysiwyg\">\n                    <p>Fr\u00e5n ABF Skellefte\u00e5 kommer den nya sammanslagna avdelningen bland annat kunna ta del av ett m\u00e5ng\u00e5rigt samarbete med Kulturf\u00f6reningen Mullberget som \u00e4r en av landets mest etablerade musikf\u00f6reningar samt ocks\u00e5 driver Sveriges st\u00f6rsta gratisfestival Tr\u00e4stockfestivalen.<\/p>\n<p>En av de verksamheter ABF Skellefte\u00e5 \u00e4r mest stolta \u00f6ver \u00e4r den omfattande asyl- och integrationsverksamhet som bedrivs p\u00e5 flera orter i kommunen. H\u00e4r f\u00e5r m\u00e5nga m\u00e4nniskor ett sammanhang och en v\u00e4g in i det svenska samh\u00e4llet och ett gott liv.<\/p>\n<p>Avdelningen driver bolaget IQ som \u00e4r en stark resurs f\u00f6r kultur med bland annat uthyrning av allt som kr\u00e4vs f\u00f6r att genomf\u00f6ra stora kulturarrangemang. Sedan m\u00e5nga \u00e5r har avdelningen ocks\u00e5 ett n\u00e4ra samarbete med Medlefors Folkh\u00f6gskola, V\u00e4sterbottens enda arbetarr\u00f6relse\u00e4gda folkh\u00f6gskola, d\u00e4r man samverkar kring flera verksamheter.<\/p>\n\n                <\/div>\n                                        <\/div>\n        <\/div>\n    <\/li>\n            <li class=\"accordion\" data-ui-accordion data-ui-accordion-open=\"false\">\n        <h3>\n        <button data-ui-accordion-button class=\"accordion-toggle font-bold\" aria-expanded=\"false\" aria-controls=\"row-vadhandermeddekontorsomfinnsidag?-3\" id=\"vadhandermeddekontorsomfinnsidag?-3\">\n            Vad h\u00e4nder med de kontor som finns idag?\n            \n            <figure class=\"w-4.5 h-4.5\" aria-hidden=\"true\">\n            <svg width=\"20\" height=\"20\" viewBox=\"0 0 20 20\" fill=\"none\"\nclass=\"SvgIconElement\">\n<path d=\"M15.8333 7.16667L9.99992 13L4.16659 7.16667\" stroke=\"currentColor\"\/>\n<\/svg>\n            <\/figure>\n        <\/button>\n        \n                <\/h3>\n        <div class=\"accordion-content\">\n            <div id=\"row-vadhandermeddekontorsomfinnsidag?-3\" role=\"region\" class=\"accordion-content-wrap\" aria-labelledby=\"vadhandermeddekontorsomfinnsidag?-3\">\n                                            <div class=\"wysiwyg\">\n                    <p>De kontor och verksamhetslokaler som idag drivs av ABF Skellefte\u00e5 och ABF Ume\u00e5regionen kommer fortsatt finnas kvar. Interimsstyrelsen prioriterar att s\u00e4kra lokal n\u00e4rvaro och det ska \u00e4ven fortsatt finnas personal i samtliga kommuner i n\u00e5gon form.<\/p>\n\n                <\/div>\n                                        <\/div>\n        <\/div>\n    <\/li>\n            <li class=\"accordion\" data-ui-accordion data-ui-accordion-open=\"false\">\n        <h3>\n        <button data-ui-accordion-button class=\"accordion-toggle font-bold\" aria-expanded=\"false\" aria-controls=\"row-vadhandermedmin\/varkontaktperson?-4\" id=\"vadhandermedmin\/varkontaktperson?-4\">\n            Vad h\u00e4nder med min\/v\u00e5r kontaktperson?\n            \n            <figure class=\"w-4.5 h-4.5\" aria-hidden=\"true\">\n            <svg width=\"20\" height=\"20\" viewBox=\"0 0 20 20\" fill=\"none\"\nclass=\"SvgIconElement\">\n<path d=\"M15.8333 7.16667L9.99992 13L4.16659 7.16667\" stroke=\"currentColor\"\/>\n<\/svg>\n            <\/figure>\n        <\/button>\n        \n                <\/h3>\n        <div class=\"accordion-content\">\n            <div id=\"row-vadhandermedmin\/varkontaktperson?-4\" role=\"region\" class=\"accordion-content-wrap\" aria-labelledby=\"vadhandermedmin\/varkontaktperson?-4\">\n                                            <div class=\"wysiwyg\">\n                    <p>Tills annat meddelats har ni kvar samma kontaktperson som ni har idag.<\/p>\n\n                <\/div>\n                                        <\/div>\n        <\/div>\n    <\/li>\n            <li class=\"accordion\" data-ui-accordion data-ui-accordion-open=\"false\">\n        <h3>\n        <button data-ui-accordion-button class=\"accordion-toggle font-bold\" aria-expanded=\"false\" aria-controls=\"row-vadhandermedvartmedlemskapiabf?-5\" id=\"vadhandermedvartmedlemskapiabf?-5\">\n            Vad h\u00e4nder med v\u00e5rt medlemskap i ABF?\n            \n            <figure class=\"w-4.5 h-4.5\" aria-hidden=\"true\">\n            <svg width=\"20\" height=\"20\" viewBox=\"0 0 20 20\" fill=\"none\"\nclass=\"SvgIconElement\">\n<path d=\"M15.8333 7.16667L9.99992 13L4.16659 7.16667\" stroke=\"currentColor\"\/>\n<\/svg>\n            <\/figure>\n        <\/button>\n        \n                <\/h3>\n        <div class=\"accordion-content\">\n            <div id=\"row-vadhandermedvartmedlemskapiabf?-5\" role=\"region\" class=\"accordion-content-wrap\" aria-labelledby=\"vadhandermedvartmedlemskapiabf?-5\">\n                                            <div class=\"wysiwyg\">\n                    <p>Medlemskapet f\u00f6ljer inte med in i den nya organisationen per automatik. Av den anledningen kommer alla nuvarande medlemsorganisationer i b\u00e5da avdelningarna att kontaktas med erbjudande om medlemskap i den nya avdelningen.<\/p>\n\n                <\/div>\n                                        <\/div>\n        <\/div>\n    <\/li>\n            <li class=\"accordion\" data-ui-accordion data-ui-accordion-open=\"false\">\n        <h3>\n        <button data-ui-accordion-button class=\"accordion-toggle font-bold\" aria-expanded=\"false\" aria-controls=\"row-vadhandermedvartsamverkansavtal?-6\" id=\"vadhandermedvartsamverkansavtal?-6\">\n            Vad h\u00e4nder med v\u00e5rt samverkansavtal?\n            \n            <figure class=\"w-4.5 h-4.5\" aria-hidden=\"true\">\n            <svg width=\"20\" height=\"20\" viewBox=\"0 0 20 20\" fill=\"none\"\nclass=\"SvgIconElement\">\n<path d=\"M15.8333 7.16667L9.99992 13L4.16659 7.16667\" stroke=\"currentColor\"\/>\n<\/svg>\n            <\/figure>\n        <\/button>\n        \n                <\/h3>\n        <div class=\"accordion-content\">\n            <div id=\"row-vadhandermedvartsamverkansavtal?-6\" role=\"region\" class=\"accordion-content-wrap\" aria-labelledby=\"vadhandermedvartsamverkansavtal?-6\">\n                                            <div class=\"wysiwyg\">\n                    <p>Eftersom medlemskap inte f\u00f6ljer med in i nya organisationen kommer alla samverkansavtal att beh\u00f6va f\u00f6rnyas. Vi vill sj\u00e4lvklart ha kvar alla samarbeten som finns idag. Vi kommer att hitta l\u00f6sningar f\u00f6r alla f\u00f6reningar som vill f\u00f6lja med oss in i den nya organisationen.<\/p>\n\n                <\/div>\n                                        <\/div>\n        <\/div>\n    <\/li>\n            <li class=\"accordion\" data-ui-accordion data-ui-accordion-open=\"false\">\n        <h3>\n        <button data-ui-accordion-button class=\"accordion-toggle font-bold\" aria-expanded=\"false\" aria-controls=\"row-vadhandermedpersonalenpaavdelningarna?-7\" id=\"vadhandermedpersonalenpaavdelningarna?-7\">\n            Vad h\u00e4nder med personalen p\u00e5 avdelningarna?\n            \n            <figure class=\"w-4.5 h-4.5\" aria-hidden=\"true\">\n            <svg width=\"20\" height=\"20\" viewBox=\"0 0 20 20\" fill=\"none\"\nclass=\"SvgIconElement\">\n<path d=\"M15.8333 7.16667L9.99992 13L4.16659 7.16667\" stroke=\"currentColor\"\/>\n<\/svg>\n            <\/figure>\n        <\/button>\n        \n                <\/h3>\n        <div class=\"accordion-content\">\n            <div id=\"row-vadhandermedpersonalenpaavdelningarna?-7\" role=\"region\" class=\"accordion-content-wrap\" aria-labelledby=\"vadhandermedpersonalenpaavdelningarna?-7\">\n                                            <div class=\"wysiwyg\">\n                    <p>All personal erbjuds att f\u00f6lja med in i den nya organisationen med samma anst\u00e4llningsvillkor som idag.<\/p>\n\n                <\/div>\n                                        <\/div>\n        <\/div>\n    <\/li>\n            <li class=\"accordion\" data-ui-accordion data-ui-accordion-open=\"false\">\n        <h3>\n        <button data-ui-accordion-button class=\"accordion-toggle font-bold\" aria-expanded=\"false\" aria-controls=\"row-vadskadennyaavdelningenheta?-8\" id=\"vadskadennyaavdelningenheta?-8\">\n            Vad ska den nya avdelningen heta?\n            \n            <figure class=\"w-4.5 h-4.5\" aria-hidden=\"true\">\n            <svg width=\"20\" height=\"20\" viewBox=\"0 0 20 20\" fill=\"none\"\nclass=\"SvgIconElement\">\n<path d=\"M15.8333 7.16667L9.99992 13L4.16659 7.16667\" stroke=\"currentColor\"\/>\n<\/svg>\n            <\/figure>\n        <\/button>\n        \n                <\/h3>\n        <div class=\"accordion-content\">\n            <div id=\"row-vadskadennyaavdelningenheta?-8\" role=\"region\" class=\"accordion-content-wrap\" aria-labelledby=\"vadskadennyaavdelningenheta?-8\">\n                                            <div class=\"wysiwyg\">\n                    <p>F\u00f6rslaget fr\u00e5n interimsstyrelsen \u00e4r att den nya avdelningen kommer att heta ABF \u00d6stra V\u00e4sterbotten.<\/p>\n\n                <\/div>\n                                        <\/div>\n        <\/div>\n    <\/li>\n    <\/ul>\n<div\n    class=\"acf-article-text-block article-container my-12\"\n    data-block=\"article-text-block\"\n>\n    <div class=\"wysiwyg\">\n        <p>Har du ytterligare fr\u00e5gor om sammanslagningen \u00e4r du v\u00e4lkommen att kontakta din ABF-avdelning eller till:<br \/>\nDistriktsombudsman ABF V\u00e4sterbotten<br \/>\n<strong>Joakim Lindquist<\/strong><br \/>\n<a href=\"mailto:joakim.lindquist@abf.se\">joakim.lindquist@abf.se<\/a><br \/>\n072-535 46 82<\/p>\n\n    <\/div>\n<\/div>\n","protected":false},"excerpt":{"rendered":"","protected":false},"author":128,"featured_media":0,"parent":0,"menu_order":0,"comment_status":"closed","ping_status":"closed","template":"","meta":{"_acf_changed":false,"footnotes":""},"class_list":["post-592","page","type-page","status-publish","hentry"],"acf":[],"yoast_head":"<!-- This site is optimized with the Yoast SEO plugin v27.0 - https:\/\/yoast.com\/product\/yoast-seo-wordpress\/ -->\n<title>FAQ Sammanslagningen av ABF Skellefte\u00e5 och ABF Ume\u00e5regionen - Skellefte\u00e5<\/title>\n<meta name=\"robots\" content=\"index, follow, max-snippet:-1, max-image-preview:large, max-video-preview:-1\" \/>\n<link rel=\"canonical\" href=\"https:\/\/www.abf.se\/skelleftea\/faq-sammanslagningen-abf-skelleftea-abf-umearegionen\/\" \/>\n<meta property=\"og:locale\" content=\"sv_SE\" \/>\n<meta property=\"og:type\" content=\"article\" \/>\n<meta property=\"og:title\" content=\"FAQ Sammanslagningen av ABF Skellefte\u00e5 och ABF Ume\u00e5regionen - Skellefte\u00e5\" \/>\n<meta property=\"og:url\" content=\"https:\/\/www.abf.se\/skelleftea\/faq-sammanslagningen-abf-skelleftea-abf-umearegionen\/\" \/>\n<meta property=\"og:site_name\" content=\"Skellefte\u00e5\" \/>\n<meta property=\"article:modified_time\" content=\"2025-05-21T09:09:10+00:00\" \/>\n<meta property=\"og:image\" content=\"https:\/\/www.abf.se\/wp-content\/uploads\/sites\/43\/2024\/04\/Nyckeln-liggande-scaled.jpg\" \/>\n\t<meta property=\"og:image:width\" content=\"2560\" \/>\n\t<meta property=\"og:image:height\" content=\"1440\" \/>\n\t<meta property=\"og:image:type\" content=\"image\/jpeg\" \/>\n<meta name=\"twitter:card\" content=\"summary_large_image\" \/>\n<script type=\"application\/ld+json\" class=\"yoast-schema-graph\">{\"@context\":\"https:\/\/schema.org\",\"@graph\":[{\"@type\":\"WebPage\",\"@id\":\"https:\/\/www.abf.se\/skelleftea\/faq-sammanslagningen-abf-skelleftea-abf-umearegionen\/\",\"url\":\"https:\/\/www.abf.se\/skelleftea\/faq-sammanslagningen-abf-skelleftea-abf-umearegionen\/\",\"name\":\"FAQ Sammanslagningen av ABF Skellefte\u00e5 och ABF Ume\u00e5regionen - Skellefte\u00e5\",\"isPartOf\":{\"@id\":\"https:\/\/www.abf.se\/skelleftea\/#website\"},\"datePublished\":\"2025-05-21T09:04:33+00:00\",\"dateModified\":\"2025-05-21T09:09:10+00:00\",\"breadcrumb\":{\"@id\":\"https:\/\/www.abf.se\/skelleftea\/faq-sammanslagningen-abf-skelleftea-abf-umearegionen\/#breadcrumb\"},\"inLanguage\":\"sv-SE\",\"potentialAction\":[{\"@type\":\"ReadAction\",\"target\":[\"https:\/\/www.abf.se\/skelleftea\/faq-sammanslagningen-abf-skelleftea-abf-umearegionen\/\"]}]},{\"@type\":\"BreadcrumbList\",\"@id\":\"https:\/\/www.abf.se\/skelleftea\/faq-sammanslagningen-abf-skelleftea-abf-umearegionen\/#breadcrumb\",\"itemListElement\":[{\"@type\":\"ListItem\",\"position\":1,\"name\":\"Home\",\"item\":\"https:\/\/www.abf.se\/skelleftea\/\"},{\"@type\":\"ListItem\",\"position\":2,\"name\":\"FAQ Sammanslagningen av ABF Skellefte\u00e5 och ABF Ume\u00e5regionen\"}]},{\"@type\":\"WebSite\",\"@id\":\"https:\/\/www.abf.se\/skelleftea\/#website\",\"url\":\"https:\/\/www.abf.se\/skelleftea\/\",\"name\":\"Skellefte\u00e5\",\"description\":\"\",\"potentialAction\":[{\"@type\":\"SearchAction\",\"target\":{\"@type\":\"EntryPoint\",\"urlTemplate\":\"https:\/\/www.abf.se\/skelleftea\/?s={search_term_string}\"},\"query-input\":{\"@type\":\"PropertyValueSpecification\",\"valueRequired\":true,\"valueName\":\"search_term_string\"}}],\"inLanguage\":\"sv-SE\"}]}<\/script>\n<!-- \/ Yoast SEO plugin. -->","yoast_head_json":{"title":"FAQ Sammanslagningen av ABF Skellefte\u00e5 och ABF Ume\u00e5regionen - Skellefte\u00e5","robots":{"index":"index","follow":"follow","max-snippet":"max-snippet:-1","max-image-preview":"max-image-preview:large","max-video-preview":"max-video-preview:-1"},"canonical":"https:\/\/www.abf.se\/skelleftea\/faq-sammanslagningen-abf-skelleftea-abf-umearegionen\/","og_locale":"sv_SE","og_type":"article","og_title":"FAQ Sammanslagningen av ABF Skellefte\u00e5 och ABF Ume\u00e5regionen - Skellefte\u00e5","og_url":"https:\/\/www.abf.se\/skelleftea\/faq-sammanslagningen-abf-skelleftea-abf-umearegionen\/","og_site_name":"Skellefte\u00e5","article_modified_time":"2025-05-21T09:09:10+00:00","og_image":[{"width":2560,"height":1440,"url":"https:\/\/www.abf.se\/wp-content\/uploads\/sites\/43\/2024\/04\/Nyckeln-liggande-scaled.jpg","type":"image\/jpeg"}],"twitter_card":"summary_large_image","schema":{"@context":"https:\/\/schema.org","@graph":[{"@type":"WebPage","@id":"https:\/\/www.abf.se\/skelleftea\/faq-sammanslagningen-abf-skelleftea-abf-umearegionen\/","url":"https:\/\/www.abf.se\/skelleftea\/faq-sammanslagningen-abf-skelleftea-abf-umearegionen\/","name":"FAQ Sammanslagningen av ABF Skellefte\u00e5 och ABF Ume\u00e5regionen - Skellefte\u00e5","isPartOf":{"@id":"https:\/\/www.abf.se\/skelleftea\/#website"},"datePublished":"2025-05-21T09:04:33+00:00","dateModified":"2025-05-21T09:09:10+00:00","breadcrumb":{"@id":"https:\/\/www.abf.se\/skelleftea\/faq-sammanslagningen-abf-skelleftea-abf-umearegionen\/#breadcrumb"},"inLanguage":"sv-SE","potentialAction":[{"@type":"ReadAction","target":["https:\/\/www.abf.se\/skelleftea\/faq-sammanslagningen-abf-skelleftea-abf-umearegionen\/"]}]},{"@type":"BreadcrumbList","@id":"https:\/\/www.abf.se\/skelleftea\/faq-sammanslagningen-abf-skelleftea-abf-umearegionen\/#breadcrumb","itemListElement":[{"@type":"ListItem","position":1,"name":"Home","item":"https:\/\/www.abf.se\/skelleftea\/"},{"@type":"ListItem","position":2,"name":"FAQ Sammanslagningen av ABF Skellefte\u00e5 och ABF Ume\u00e5regionen"}]},{"@type":"WebSite","@id":"https:\/\/www.abf.se\/skelleftea\/#website","url":"https:\/\/www.abf.se\/skelleftea\/","name":"Skellefte\u00e5","description":"","potentialAction":[{"@type":"SearchAction","target":{"@type":"EntryPoint","urlTemplate":"https:\/\/www.abf.se\/skelleftea\/?s={search_term_string}"},"query-input":{"@type":"PropertyValueSpecification","valueRequired":true,"valueName":"search_term_string"}}],"inLanguage":"sv-SE"}]}},"_links":{"self":[{"href":"https:\/\/www.abf.se\/skelleftea\/wp-json\/wp\/v2\/pages\/592","targetHints":{"allow":["GET"]}}],"collection":[{"href":"https:\/\/www.abf.se\/skelleftea\/wp-json\/wp\/v2\/pages"}],"about":[{"href":"https:\/\/www.abf.se\/skelleftea\/wp-json\/wp\/v2\/types\/page"}],"author":[{"embeddable":true,"href":"https:\/\/www.abf.se\/skelleftea\/wp-json\/wp\/v2\/users\/128"}],"replies":[{"embeddable":true,"href":"https:\/\/www.abf.se\/skelleftea\/wp-json\/wp\/v2\/comments?post=592"}],"version-history":[{"count":16,"href":"https:\/\/www.abf.se\/skelleftea\/wp-json\/wp\/v2\/pages\/592\/revisions"}],"predecessor-version":[{"id":611,"href":"https:\/\/www.abf.se\/skelleftea\/wp-json\/wp\/v2\/pages\/592\/revisions\/611"}],"wp:attachment":[{"href":"https:\/\/www.abf.se\/skelleftea\/wp-json\/wp\/v2\/media?parent=592"}],"curies":[{"name":"wp","href":"https:\/\/api.w.org\/{rel}","templated":true}]}}