{"id":2568,"date":"2024-12-16T07:52:24","date_gmt":"2024-12-16T06:52:24","guid":{"rendered":"https:\/\/www.abf.se\/sodertalje-nykvarn\/?page_id=2568"},"modified":"2026-03-04T08:50:04","modified_gmt":"2026-03-04T07:50:04","slug":"tradgard","status":"publish","type":"page","link":"https:\/\/www.abf.se\/sodertalje-nykvarn\/tradgard\/","title":{"rendered":"Tr\u00e4dg\u00e5rd"},"content":{"rendered":"<div\n    class=\"acf-hero-block container-lg no-padding mb-12 js-geolocation\"\n    data-block=\"hero-block\"\n    data-index=\"0\"\n>\n    <div class=\"h-[548px]  relative rounded-[32px] overflow-hidden flex bg-gray-light\">\n        <div class=\"relative z-10 mt-auto h-auto w-full md:h-full\">\n            <div class=\"flex w-full h-full flex-col flex-wrap justify-end w-full md:w-7\/12 lg:w-1\/2 md:justify-center\">\n                <div class=\"flex flex-col gap-3 md:gap-[18px] md:transparent pt-16 pb-36 md:py-8 px-4 w-full md:max-w-[620px] mx-auto px-8\">\n\n                    <h1 class=\"hero-heading hero-heading--red-text\"><span>Tr\u00e4dg\u00e5rd Odling V\u00e4xter<\/span><\/h1>\n\n                    \n                                    <\/div>\n            <\/div>\n        <\/div>\n\n                    <picture class=\"as-background-image mix-blend-multiply bg-black\/40\"><img decoding=\"async\" src=\"https:\/\/www.abf.se\/sodertalje-nykvarn\/resized\/?url=https%3A%2F%2Fwww.abf.se%2Fwp-content%2Fuploads%2Fsites%2F48%2F2024%2F12%2FTradgard-scaled.jpg&#038;fit=crop&#038;w=1440&#038;s=3fee48b1e297a35067744e207cb95040\" srcset=\"https:\/\/www.abf.se\/sodertalje-nykvarn\/resized\/?url=https%3A%2F%2Fwww.abf.se%2Fwp-content%2Fuploads%2Fsites%2F48%2F2024%2F12%2FTradgard-scaled.jpg&#038;fit=crop&#038;w=375&#038;h=540&#038;s=b4e0bbf01021114409bb8c7951b62a3d 375w, https:\/\/www.abf.se\/sodertalje-nykvarn\/resized\/?url=https%3A%2F%2Fwww.abf.se%2Fwp-content%2Fuploads%2Fsites%2F48%2F2024%2F12%2FTradgard-scaled.jpg&#038;fit=crop&#038;w=447&#038;h=540&#038;s=6322e02eb97383d1c75a14a11f4dc3be 447w, https:\/\/www.abf.se\/sodertalje-nykvarn\/resized\/?url=https%3A%2F%2Fwww.abf.se%2Fwp-content%2Fuploads%2Fsites%2F48%2F2024%2F12%2FTradgard-scaled.jpg&#038;fit=crop&#038;w=519&#038;h=540&#038;s=cd6072ca31080f904b7e21ed553aadda 519w, https:\/\/www.abf.se\/sodertalje-nykvarn\/resized\/?url=https%3A%2F%2Fwww.abf.se%2Fwp-content%2Fuploads%2Fsites%2F48%2F2024%2F12%2FTradgard-scaled.jpg&#038;fit=crop&#038;w=591&#038;h=540&#038;s=b2522be6d902263093ccdb5193f31486 591w, https:\/\/www.abf.se\/sodertalje-nykvarn\/resized\/?url=https%3A%2F%2Fwww.abf.se%2Fwp-content%2Fuploads%2Fsites%2F48%2F2024%2F12%2FTradgard-scaled.jpg&#038;fit=crop&#038;w=663&#038;h=540&#038;s=da4e78edc81c31817040a9c6acac6279 663w, https:\/\/www.abf.se\/sodertalje-nykvarn\/resized\/?url=https%3A%2F%2Fwww.abf.se%2Fwp-content%2Fuploads%2Fsites%2F48%2F2024%2F12%2FTradgard-scaled.jpg&#038;fit=crop&#038;w=750&#038;h=540&#038;s=6d059149d96d5270e18315eb0d382346 750w, https:\/\/www.abf.se\/sodertalje-nykvarn\/resized\/?url=https%3A%2F%2Fwww.abf.se%2Fwp-content%2Fuploads%2Fsites%2F48%2F2024%2F12%2FTradgard-scaled.jpg&#038;fit=crop&#038;w=894&#038;h=540&#038;s=35ce93002a256cd70c72b5fc080a2627 894w, https:\/\/www.abf.se\/sodertalje-nykvarn\/resized\/?url=https%3A%2F%2Fwww.abf.se%2Fwp-content%2Fuploads%2Fsites%2F48%2F2024%2F12%2FTradgard-scaled.jpg&#038;fit=crop&#038;w=1038&#038;h=540&#038;s=121357a164fcd28ba360f82d93bb543f 1038w, https:\/\/www.abf.se\/sodertalje-nykvarn\/resized\/?url=https%3A%2F%2Fwww.abf.se%2Fwp-content%2Fuploads%2Fsites%2F48%2F2024%2F12%2FTradgard-scaled.jpg&#038;fit=crop&#038;w=1182&#038;h=540&#038;s=1c57366f5cd620919dd84705faa1379a 1182w, https:\/\/www.abf.se\/sodertalje-nykvarn\/resized\/?url=https%3A%2F%2Fwww.abf.se%2Fwp-content%2Fuploads%2Fsites%2F48%2F2024%2F12%2FTradgard-scaled.jpg&#038;fit=crop&#038;w=1326&#038;h=540&#038;s=2ea4fa8ea2d8422eacb648a89b265da6 1326w, https:\/\/www.abf.se\/sodertalje-nykvarn\/resized\/?url=https%3A%2F%2Fwww.abf.se%2Fwp-content%2Fuploads%2Fsites%2F48%2F2024%2F12%2FTradgard-scaled.jpg&#038;fit=crop&#038;w=1440&#038;h=540&#038;s=e7703923f6a9e5669099f0d127061957 1440w\" alt=\"\" height=\"540\" width=\"1440\" sizes=\"(max-width: 1440px) calc(100vw - 32px), 1440px\" loading=\"eager\" fetchpriority=\"high\" aria-hidden=\"true\" role=\"presentation\" \/><\/picture>\n        \n\n            <\/div>\n\n    <\/div>\n\n<div\n    class=\"acf-section-breaker-text my-8 container-lg\"\n    data-block=\"section-breaker-text\"\n>\n    <div class=\"round-corners-lg overflow-hidden pt-36 pb-8 px-5 md:p-16 relative grid grid-cols-1 md:grid-cols-2 lg:grid-cols-5 grid-flow-col-dense\">\n\n            <picture class=\"as-background-image\"><img decoding=\"async\" src=\"https:\/\/www.abf.se\/sodertalje-nykvarn\/resized\/?url=https%3A%2F%2Fwww.abf.se%2Fwp-content%2Fuploads%2Fsites%2F48%2F2025%2F11%2FBild-Elda-i-kontiki-vt-26-scaled.jpg&#038;fit=crop&#038;w=1440&#038;s=45468554c01d8a7b00f96e3606a71aa9\" srcset=\"https:\/\/www.abf.se\/sodertalje-nykvarn\/resized\/?url=https%3A%2F%2Fwww.abf.se%2Fwp-content%2Fuploads%2Fsites%2F48%2F2025%2F11%2FBild-Elda-i-kontiki-vt-26-scaled.jpg&#038;fit=crop&#038;w=375&#038;h=540&#038;s=9277c62ecdbb7bb38d301b105cf44788 375w, https:\/\/www.abf.se\/sodertalje-nykvarn\/resized\/?url=https%3A%2F%2Fwww.abf.se%2Fwp-content%2Fuploads%2Fsites%2F48%2F2025%2F11%2FBild-Elda-i-kontiki-vt-26-scaled.jpg&#038;fit=crop&#038;w=499&#038;h=540&#038;s=660bdbb34c0942337bdd6fd43af40deb 499w, https:\/\/www.abf.se\/sodertalje-nykvarn\/resized\/?url=https%3A%2F%2Fwww.abf.se%2Fwp-content%2Fuploads%2Fsites%2F48%2F2025%2F11%2FBild-Elda-i-kontiki-vt-26-scaled.jpg&#038;fit=crop&#038;w=623&#038;h=540&#038;s=692028c1af3662b01174b7a0fa0b15a4 623w, https:\/\/www.abf.se\/sodertalje-nykvarn\/resized\/?url=https%3A%2F%2Fwww.abf.se%2Fwp-content%2Fuploads%2Fsites%2F48%2F2025%2F11%2FBild-Elda-i-kontiki-vt-26-scaled.jpg&#038;fit=crop&#038;w=747&#038;h=540&#038;s=3527c286fb62e02035eb70511696f2d3 747w, https:\/\/www.abf.se\/sodertalje-nykvarn\/resized\/?url=https%3A%2F%2Fwww.abf.se%2Fwp-content%2Fuploads%2Fsites%2F48%2F2025%2F11%2FBild-Elda-i-kontiki-vt-26-scaled.jpg&#038;fit=crop&#038;w=750&#038;h=540&#038;s=98a8cd1aff0c6cd148542ceaf1dffe7e 750w, https:\/\/www.abf.se\/sodertalje-nykvarn\/resized\/?url=https%3A%2F%2Fwww.abf.se%2Fwp-content%2Fuploads%2Fsites%2F48%2F2025%2F11%2FBild-Elda-i-kontiki-vt-26-scaled.jpg&#038;fit=crop&#038;w=871&#038;h=540&#038;s=5877009dfe03d3db5031c555fca2e661 871w, https:\/\/www.abf.se\/sodertalje-nykvarn\/resized\/?url=https%3A%2F%2Fwww.abf.se%2Fwp-content%2Fuploads%2Fsites%2F48%2F2025%2F11%2FBild-Elda-i-kontiki-vt-26-scaled.jpg&#038;fit=crop&#038;w=995&#038;h=540&#038;s=47512de4746085d46e4158ae11e7647a 995w, https:\/\/www.abf.se\/sodertalje-nykvarn\/resized\/?url=https%3A%2F%2Fwww.abf.se%2Fwp-content%2Fuploads%2Fsites%2F48%2F2025%2F11%2FBild-Elda-i-kontiki-vt-26-scaled.jpg&#038;fit=crop&#038;w=998&#038;h=540&#038;s=9af93c142d5f3d03c63dfb76c64cf6aa 998w, https:\/\/www.abf.se\/sodertalje-nykvarn\/resized\/?url=https%3A%2F%2Fwww.abf.se%2Fwp-content%2Fuploads%2Fsites%2F48%2F2025%2F11%2FBild-Elda-i-kontiki-vt-26-scaled.jpg&#038;fit=crop&#038;w=1119&#038;h=540&#038;s=016fc8a826d285fa897bc08aa22dcccd 1119w, https:\/\/www.abf.se\/sodertalje-nykvarn\/resized\/?url=https%3A%2F%2Fwww.abf.se%2Fwp-content%2Fuploads%2Fsites%2F48%2F2025%2F11%2FBild-Elda-i-kontiki-vt-26-scaled.jpg&#038;fit=crop&#038;w=1243&#038;h=540&#038;s=ba8d20f4d314c6f6541b499241b91a91 1243w, https:\/\/www.abf.se\/sodertalje-nykvarn\/resized\/?url=https%3A%2F%2Fwww.abf.se%2Fwp-content%2Fuploads%2Fsites%2F48%2F2025%2F11%2FBild-Elda-i-kontiki-vt-26-scaled.jpg&#038;fit=crop&#038;w=1246&#038;h=540&#038;s=b7bb5c710a4638792dc6acf4419a423f 1246w, https:\/\/www.abf.se\/sodertalje-nykvarn\/resized\/?url=https%3A%2F%2Fwww.abf.se%2Fwp-content%2Fuploads%2Fsites%2F48%2F2025%2F11%2FBild-Elda-i-kontiki-vt-26-scaled.jpg&#038;fit=crop&#038;w=1367&#038;h=540&#038;s=494911d23ba4f0f454586d853a58dc43 1367w, https:\/\/www.abf.se\/sodertalje-nykvarn\/resized\/?url=https%3A%2F%2Fwww.abf.se%2Fwp-content%2Fuploads%2Fsites%2F48%2F2025%2F11%2FBild-Elda-i-kontiki-vt-26-scaled.jpg&#038;fit=crop&#038;w=1440&#038;h=540&#038;s=41d337f5c1129c054d6b9df4b98f4160 1440w, https:\/\/www.abf.se\/sodertalje-nykvarn\/resized\/?url=https%3A%2F%2Fwww.abf.se%2Fwp-content%2Fuploads%2Fsites%2F48%2F2025%2F11%2FBild-Elda-i-kontiki-vt-26-scaled.jpg&#038;fit=crop&#038;w=1494&#038;h=540&#038;s=376233019b107eb87be163c1056be3e8 1494w, https:\/\/www.abf.se\/sodertalje-nykvarn\/resized\/?url=https%3A%2F%2Fwww.abf.se%2Fwp-content%2Fuploads%2Fsites%2F48%2F2025%2F11%2FBild-Elda-i-kontiki-vt-26-scaled.jpg&#038;fit=crop&#038;w=1742&#038;h=540&#038;s=1466fca6586ff4563a62a895e34844e9 1742w, https:\/\/www.abf.se\/sodertalje-nykvarn\/resized\/?url=https%3A%2F%2Fwww.abf.se%2Fwp-content%2Fuploads%2Fsites%2F48%2F2025%2F11%2FBild-Elda-i-kontiki-vt-26-scaled.jpg&#038;fit=crop&#038;w=1990&#038;h=540&#038;s=4658efa745ba80aec165d59c295c693c 1990w, https:\/\/www.abf.se\/sodertalje-nykvarn\/resized\/?url=https%3A%2F%2Fwww.abf.se%2Fwp-content%2Fuploads%2Fsites%2F48%2F2025%2F11%2FBild-Elda-i-kontiki-vt-26-scaled.jpg&#038;fit=crop&#038;w=2238&#038;h=540&#038;s=e8ec4c8c1ec7f65ba9276fb524b08171 2238w, https:\/\/www.abf.se\/sodertalje-nykvarn\/resized\/?url=https%3A%2F%2Fwww.abf.se%2Fwp-content%2Fuploads%2Fsites%2F48%2F2025%2F11%2FBild-Elda-i-kontiki-vt-26-scaled.jpg&#038;fit=crop&#038;w=2486&#038;h=540&#038;s=c27fe61aeaf412f09889b605ee2b080b 2486w, https:\/\/www.abf.se\/sodertalje-nykvarn\/resized\/?url=https%3A%2F%2Fwww.abf.se%2Fwp-content%2Fuploads%2Fsites%2F48%2F2025%2F11%2FBild-Elda-i-kontiki-vt-26-scaled.jpg&#038;fit=crop&#038;w=2734&#038;h=540&#038;s=3fb09a66e933dcaf011f5d957ea02dd4 2734w\" alt=\"\" height=\"540\" width=\"1440\" sizes=\"auto, \n            (max-width: 1440px) calc(100vw - 32px), 1440px\" loading=\"lazy\" fetchpriority=\"low\" aria-hidden=\"true\" role=\"presentation\" \/><\/picture>\n                <div class=\"bg-white round-corners-sm px-10 py-11 col-span-1  relative z-10 col-start-4 col-end-[-1]\">\n            <h2 class=\"heading-lg mb-4\">Biokolframst\u00e4llning med Kon-Tiki<\/h2>\n            <div style=\"font-size: 1.25rem; color: black;\" class=\"body-xl wysiwyg\"><p>Start 18 april, 1 tr\u00e4ff!<\/p>\n<\/div>\n                                            <a href='https:\/\/www.abf.se\/sodertalje-nykvarn\/biokolframstallning-4\/' class=\"default-button mt-8\" target=\"\">L\u00e4s mer!<\/a>\n                    \n        <\/div>\n    <\/div>\n<\/div>\n","protected":false},"excerpt":{"rendered":"","protected":false},"author":50,"featured_media":0,"parent":0,"menu_order":0,"comment_status":"closed","ping_status":"closed","template":"","meta":{"_acf_changed":false,"footnotes":""},"class_list":["post-2568","page","type-page","status-publish","hentry"],"acf":[],"yoast_head":"<!-- This site is optimized with the Yoast SEO plugin v27.0 - https:\/\/yoast.com\/product\/yoast-seo-wordpress\/ -->\n<title>Tr\u00e4dg\u00e5rd - S\u00f6dert\u00e4lje-Nykvarn<\/title>\n<meta name=\"robots\" content=\"index, follow, max-snippet:-1, max-image-preview:large, max-video-preview:-1\" \/>\n<link rel=\"canonical\" href=\"https:\/\/www.abf.se\/sodertalje-nykvarn\/tradgard\/\" \/>\n<meta property=\"og:locale\" content=\"sv_SE\" \/>\n<meta property=\"og:type\" content=\"article\" \/>\n<meta property=\"og:title\" content=\"Tr\u00e4dg\u00e5rd - S\u00f6dert\u00e4lje-Nykvarn\" \/>\n<meta property=\"og:url\" content=\"https:\/\/www.abf.se\/sodertalje-nykvarn\/tradgard\/\" \/>\n<meta property=\"og:site_name\" content=\"S\u00f6dert\u00e4lje-Nykvarn\" \/>\n<meta property=\"article:modified_time\" content=\"2026-03-04T07:50:04+00:00\" \/>\n<meta property=\"og:image\" content=\"https:\/\/www.abf.se\/wp-content\/uploads\/sites\/48\/2024\/04\/Nyckeln-liggande-scaled.jpg\" \/>\n\t<meta property=\"og:image:width\" content=\"2560\" \/>\n\t<meta property=\"og:image:height\" content=\"1440\" \/>\n\t<meta property=\"og:image:type\" content=\"image\/jpeg\" \/>\n<meta name=\"twitter:card\" content=\"summary_large_image\" \/>\n<script type=\"application\/ld+json\" class=\"yoast-schema-graph\">{\"@context\":\"https:\/\/schema.org\",\"@graph\":[{\"@type\":\"WebPage\",\"@id\":\"https:\/\/www.abf.se\/sodertalje-nykvarn\/tradgard\/\",\"url\":\"https:\/\/www.abf.se\/sodertalje-nykvarn\/tradgard\/\",\"name\":\"Tr\u00e4dg\u00e5rd - S\u00f6dert\u00e4lje-Nykvarn\",\"isPartOf\":{\"@id\":\"https:\/\/www.abf.se\/sodertalje-nykvarn\/#website\"},\"datePublished\":\"2024-12-16T06:52:24+00:00\",\"dateModified\":\"2026-03-04T07:50:04+00:00\",\"breadcrumb\":{\"@id\":\"https:\/\/www.abf.se\/sodertalje-nykvarn\/tradgard\/#breadcrumb\"},\"inLanguage\":\"sv-SE\",\"potentialAction\":[{\"@type\":\"ReadAction\",\"target\":[\"https:\/\/www.abf.se\/sodertalje-nykvarn\/tradgard\/\"]}]},{\"@type\":\"BreadcrumbList\",\"@id\":\"https:\/\/www.abf.se\/sodertalje-nykvarn\/tradgard\/#breadcrumb\",\"itemListElement\":[{\"@type\":\"ListItem\",\"position\":1,\"name\":\"Home\",\"item\":\"https:\/\/www.abf.se\/sodertalje-nykvarn\/\"},{\"@type\":\"ListItem\",\"position\":2,\"name\":\"Tr\u00e4dg\u00e5rd\"}]},{\"@type\":\"WebSite\",\"@id\":\"https:\/\/www.abf.se\/sodertalje-nykvarn\/#website\",\"url\":\"https:\/\/www.abf.se\/sodertalje-nykvarn\/\",\"name\":\"S\u00f6dert\u00e4lje-Nykvarn\",\"description\":\"\",\"potentialAction\":[{\"@type\":\"SearchAction\",\"target\":{\"@type\":\"EntryPoint\",\"urlTemplate\":\"https:\/\/www.abf.se\/sodertalje-nykvarn\/?s={search_term_string}\"},\"query-input\":{\"@type\":\"PropertyValueSpecification\",\"valueRequired\":true,\"valueName\":\"search_term_string\"}}],\"inLanguage\":\"sv-SE\"}]}<\/script>\n<!-- \/ Yoast SEO plugin. -->","yoast_head_json":{"title":"Tr\u00e4dg\u00e5rd - S\u00f6dert\u00e4lje-Nykvarn","robots":{"index":"index","follow":"follow","max-snippet":"max-snippet:-1","max-image-preview":"max-image-preview:large","max-video-preview":"max-video-preview:-1"},"canonical":"https:\/\/www.abf.se\/sodertalje-nykvarn\/tradgard\/","og_locale":"sv_SE","og_type":"article","og_title":"Tr\u00e4dg\u00e5rd - S\u00f6dert\u00e4lje-Nykvarn","og_url":"https:\/\/www.abf.se\/sodertalje-nykvarn\/tradgard\/","og_site_name":"S\u00f6dert\u00e4lje-Nykvarn","article_modified_time":"2026-03-04T07:50:04+00:00","og_image":[{"width":2560,"height":1440,"url":"https:\/\/www.abf.se\/wp-content\/uploads\/sites\/48\/2024\/04\/Nyckeln-liggande-scaled.jpg","type":"image\/jpeg"}],"twitter_card":"summary_large_image","schema":{"@context":"https:\/\/schema.org","@graph":[{"@type":"WebPage","@id":"https:\/\/www.abf.se\/sodertalje-nykvarn\/tradgard\/","url":"https:\/\/www.abf.se\/sodertalje-nykvarn\/tradgard\/","name":"Tr\u00e4dg\u00e5rd - S\u00f6dert\u00e4lje-Nykvarn","isPartOf":{"@id":"https:\/\/www.abf.se\/sodertalje-nykvarn\/#website"},"datePublished":"2024-12-16T06:52:24+00:00","dateModified":"2026-03-04T07:50:04+00:00","breadcrumb":{"@id":"https:\/\/www.abf.se\/sodertalje-nykvarn\/tradgard\/#breadcrumb"},"inLanguage":"sv-SE","potentialAction":[{"@type":"ReadAction","target":["https:\/\/www.abf.se\/sodertalje-nykvarn\/tradgard\/"]}]},{"@type":"BreadcrumbList","@id":"https:\/\/www.abf.se\/sodertalje-nykvarn\/tradgard\/#breadcrumb","itemListElement":[{"@type":"ListItem","position":1,"name":"Home","item":"https:\/\/www.abf.se\/sodertalje-nykvarn\/"},{"@type":"ListItem","position":2,"name":"Tr\u00e4dg\u00e5rd"}]},{"@type":"WebSite","@id":"https:\/\/www.abf.se\/sodertalje-nykvarn\/#website","url":"https:\/\/www.abf.se\/sodertalje-nykvarn\/","name":"S\u00f6dert\u00e4lje-Nykvarn","description":"","potentialAction":[{"@type":"SearchAction","target":{"@type":"EntryPoint","urlTemplate":"https:\/\/www.abf.se\/sodertalje-nykvarn\/?s={search_term_string}"},"query-input":{"@type":"PropertyValueSpecification","valueRequired":true,"valueName":"search_term_string"}}],"inLanguage":"sv-SE"}]}},"_links":{"self":[{"href":"https:\/\/www.abf.se\/sodertalje-nykvarn\/wp-json\/wp\/v2\/pages\/2568","targetHints":{"allow":["GET"]}}],"collection":[{"href":"https:\/\/www.abf.se\/sodertalje-nykvarn\/wp-json\/wp\/v2\/pages"}],"about":[{"href":"https:\/\/www.abf.se\/sodertalje-nykvarn\/wp-json\/wp\/v2\/types\/page"}],"author":[{"embeddable":true,"href":"https:\/\/www.abf.se\/sodertalje-nykvarn\/wp-json\/wp\/v2\/users\/50"}],"replies":[{"embeddable":true,"href":"https:\/\/www.abf.se\/sodertalje-nykvarn\/wp-json\/wp\/v2\/comments?post=2568"}],"version-history":[{"count":29,"href":"https:\/\/www.abf.se\/sodertalje-nykvarn\/wp-json\/wp\/v2\/pages\/2568\/revisions"}],"predecessor-version":[{"id":5205,"href":"https:\/\/www.abf.se\/sodertalje-nykvarn\/wp-json\/wp\/v2\/pages\/2568\/revisions\/5205"}],"wp:attachment":[{"href":"https:\/\/www.abf.se\/sodertalje-nykvarn\/wp-json\/wp\/v2\/media?parent=2568"}],"curies":[{"name":"wp","href":"https:\/\/api.w.org\/{rel}","templated":true}]}}