{"id":7,"date":"2024-02-27T09:02:36","date_gmt":"2024-02-27T09:02:36","guid":{"rendered":"https:\/\/www.abf.se\/sodertalje-nykvarn\/?page_id=7"},"modified":"2026-02-06T11:48:07","modified_gmt":"2026-02-06T10:48:07","slug":"kontakt","status":"publish","type":"page","link":"https:\/\/www.abf.se\/sodertalje-nykvarn\/administration__trashed\/kontakt\/","title":{"rendered":"Kontakt och \u00f6ppettider"},"content":{"rendered":"<div\n    class=\"acf-article-text-block article-container my-12\"\n    data-block=\"article-text-block\"\n>\n    <div class=\"wysiwyg\">\n        <p><strong>V\u00e4xelnummer: 08 554 424 30<\/strong><\/p>\n<p>ABF S\u00f6dert\u00e4lje-Nykvarn<br \/>\n<strong>Bes\u00f6kadress:<br \/>\n<\/strong>Nedre Torek\u00e4llgatan 7, 151 72 S\u00f6dert\u00e4lje<br \/>\nE-post: info.sodertalje-nykvarn@abf.se<\/p>\n<p><strong>JAM Dansstudio<br \/>\nBes\u00f6kadress:<br \/>\n<\/strong>Lovisinsgatan 3, 151 73, S\u00f6dert\u00e4lje<br \/>\nE-post: kontakt@jamdansstudio.se<br \/>\n073-373 55 18<\/p>\n<p><strong>V\u00e5ra \u00f6ppettider<br \/>\n<\/strong>M\u00e5ndag 09.00-17.00<br \/>\nTisdag 09.00-17.00<br \/>\nOnsdag 10.30-17.00<br \/>\nTorsdag 09.00-17.00<br \/>\nFredag 09.00-15.00<br \/>\nLunchst\u00e4ngt m\u00e5n-tor 12.00-12.45<br \/>\nV\u00e4xeln st\u00e4nger 16.00 m\u00e5ndag-torsdag<\/p>\n<p><strong>Sommartider Maj-Augusti<br \/>\n<\/strong>M\u00e5ndag 09.00-16.15<br \/>\nTisdag 09.00-16.15<br \/>\nOnsdag 10.30-16.15<br \/>\nTorsdag 09.00-16.15<br \/>\nFredag 09.00-14.00<br \/>\nLunchst\u00e4ngt m\u00e5n-tor 12.00-12.45<br \/>\nV\u00e4xeln st\u00e4nger 16.00 m\u00e5ndag-torsdag<\/p>\n<p><strong>Personal:<\/strong><\/p>\n<p><strong>Susanne S\u00f6derling<\/strong><br \/>\nOmbudsman<br \/>\n08-554 424 34<br \/>\nsusanne.soderling@abf.se<\/p>\n<p><strong>Paula Westerlund-Pettersson<\/strong><br \/>\nController<br \/>\n08-554 424 42<br \/>\npaula.westerlund-pettersson@abf.se<\/p>\n<p><strong>Maria Lundin<\/strong><br \/>\nReception admistrat\u00f6r \/ JAM dansstudio<br \/>\n08-554 424 30<br \/>\nmaria.lundin@abf.se<\/p>\n<p><strong>Farid Abdallah<\/strong><br \/>\nVerksamhetsutvecklare kultur\/ IT\/ Administration<br \/>\n08-554 424 32<br \/>\nFarid.abdallah@abf.se<\/p>\n<p><strong>Ulla-Karin Gripenstam<\/strong><br \/>\nAdministration PRO, funktionsvariation, musikgrupper och fria grupper<br \/>\n08-554 424 31<br \/>\nulla-karin.gripenstam@abf.se<\/p>\n<p><strong>Mikael Norstedt<\/strong><br \/>\nVerksamhetsutvecklare fackliga, politiska, fria grupper och Spinnrocken.<br \/>\n070-887 73 65<br \/>\nmikael.norstedt@abf.se<\/p>\n<p><strong>Rania Nehm\u00e9<\/strong><br \/>\nVerksamhetsutvecklare\/Administration interkulturella organisationer<br \/>\n08-554 424 47<br \/>\nrania.nehme@abf.se<\/p>\n<p><strong>Dima Ibrahim<br \/>\n<\/strong>Verksamhetsutvecklare\/Administration interkulturella organisationer<br \/>\n08-554\u00a0424 33<br \/>\ndima.di.ibrahim@abf.se<\/p>\n<p><strong>Arvid Rask<\/strong><br \/>\nVerksamhetsutvecklare musik och kulturf\u00f6reningar<br \/>\ntj\u00e4nstledig<br \/>\narvid.rask@abf.se<\/p>\n<p><strong>Joakim Lindberg<\/strong><br \/>\nVerksamhetsutvecklare musik och kulturf\u00f6reningar<br \/>\n08-554 424 38<br \/>\njoakim.lindberg@abf.se<\/p>\n<p><strong>Daniel Reid<br \/>\n<\/strong>Verksamhetsutvecklare musik och kulturf\u00f6reningar<br \/>\n08-554 424 40<br \/>\ndaniel.reid@abf.se<\/p>\n<p><strong>Jaana Rundberg<\/strong><br \/>\nVerksamhetsutvecklare JAM dansstudio<br \/>\n08-554 424 46<br \/>\nJaana.rundberg@abf.se<\/p>\n<p><strong>Kateryna Golod<\/strong><br \/>\nProjektanst\u00e4lld Ukrainska kulturf\u00f6reningen<br \/>\n070-034 17 68<br \/>\nkateryna.golod@abf.se<\/p>\n<p><strong>Emil Sohn<\/strong><br \/>\nVaktm\u00e4stare<br \/>\n070-740 69 00<br \/>\nEmil.sohn@abf.se<\/p>\n\n    <\/div>\n<\/div>\n","protected":false},"excerpt":{"rendered":"","protected":false},"author":54,"featured_media":0,"parent":114,"menu_order":0,"comment_status":"closed","ping_status":"closed","template":"","meta":{"_acf_changed":false,"footnotes":""},"class_list":["post-7","page","type-page","status-publish","hentry"],"acf":[],"yoast_head":"<!-- This site is optimized with the Yoast SEO plugin v27.0 - https:\/\/yoast.com\/product\/yoast-seo-wordpress\/ -->\n<title>Kontakt och \u00f6ppettider - S\u00f6dert\u00e4lje-Nykvarn<\/title>\n<meta name=\"robots\" content=\"index, follow, max-snippet:-1, max-image-preview:large, max-video-preview:-1\" \/>\n<link rel=\"canonical\" href=\"https:\/\/www.abf.se\/sodertalje-nykvarn\/administration__trashed\/kontakt\/\" \/>\n<meta property=\"og:locale\" content=\"sv_SE\" \/>\n<meta property=\"og:type\" content=\"article\" \/>\n<meta property=\"og:title\" content=\"Kontakt och \u00f6ppettider - S\u00f6dert\u00e4lje-Nykvarn\" \/>\n<meta property=\"og:url\" content=\"https:\/\/www.abf.se\/sodertalje-nykvarn\/administration__trashed\/kontakt\/\" \/>\n<meta property=\"og:site_name\" content=\"S\u00f6dert\u00e4lje-Nykvarn\" \/>\n<meta property=\"article:modified_time\" content=\"2026-02-06T10:48:07+00:00\" \/>\n<meta property=\"og:image\" content=\"https:\/\/www.abf.se\/wp-content\/uploads\/sites\/48\/2024\/04\/Nyckeln-liggande-scaled.jpg\" \/>\n\t<meta property=\"og:image:width\" content=\"2560\" \/>\n\t<meta property=\"og:image:height\" content=\"1440\" \/>\n\t<meta property=\"og:image:type\" content=\"image\/jpeg\" \/>\n<meta name=\"twitter:card\" content=\"summary_large_image\" \/>\n<script type=\"application\/ld+json\" class=\"yoast-schema-graph\">{\"@context\":\"https:\/\/schema.org\",\"@graph\":[{\"@type\":\"WebPage\",\"@id\":\"https:\/\/www.abf.se\/sodertalje-nykvarn\/administration__trashed\/kontakt\/\",\"url\":\"https:\/\/www.abf.se\/sodertalje-nykvarn\/administration__trashed\/kontakt\/\",\"name\":\"Kontakt och \u00f6ppettider - S\u00f6dert\u00e4lje-Nykvarn\",\"isPartOf\":{\"@id\":\"https:\/\/www.abf.se\/sodertalje-nykvarn\/#website\"},\"datePublished\":\"2024-02-27T09:02:36+00:00\",\"dateModified\":\"2026-02-06T10:48:07+00:00\",\"breadcrumb\":{\"@id\":\"https:\/\/www.abf.se\/sodertalje-nykvarn\/administration__trashed\/kontakt\/#breadcrumb\"},\"inLanguage\":\"sv-SE\",\"potentialAction\":[{\"@type\":\"ReadAction\",\"target\":[\"https:\/\/www.abf.se\/sodertalje-nykvarn\/administration__trashed\/kontakt\/\"]}]},{\"@type\":\"BreadcrumbList\",\"@id\":\"https:\/\/www.abf.se\/sodertalje-nykvarn\/administration__trashed\/kontakt\/#breadcrumb\",\"itemListElement\":[{\"@type\":\"ListItem\",\"position\":1,\"name\":\"Home\",\"item\":\"https:\/\/www.abf.se\/sodertalje-nykvarn\/\"},{\"@type\":\"ListItem\",\"position\":2,\"name\":\"Administration\",\"item\":\"https:\/\/www.abf.se\/sodertalje-nykvarn\/?page_id=114\"},{\"@type\":\"ListItem\",\"position\":3,\"name\":\"Kontakt och \u00f6ppettider\"}]},{\"@type\":\"WebSite\",\"@id\":\"https:\/\/www.abf.se\/sodertalje-nykvarn\/#website\",\"url\":\"https:\/\/www.abf.se\/sodertalje-nykvarn\/\",\"name\":\"S\u00f6dert\u00e4lje-Nykvarn\",\"description\":\"\",\"potentialAction\":[{\"@type\":\"SearchAction\",\"target\":{\"@type\":\"EntryPoint\",\"urlTemplate\":\"https:\/\/www.abf.se\/sodertalje-nykvarn\/?s={search_term_string}\"},\"query-input\":{\"@type\":\"PropertyValueSpecification\",\"valueRequired\":true,\"valueName\":\"search_term_string\"}}],\"inLanguage\":\"sv-SE\"}]}<\/script>\n<!-- \/ Yoast SEO plugin. -->","yoast_head_json":{"title":"Kontakt och \u00f6ppettider - S\u00f6dert\u00e4lje-Nykvarn","robots":{"index":"index","follow":"follow","max-snippet":"max-snippet:-1","max-image-preview":"max-image-preview:large","max-video-preview":"max-video-preview:-1"},"canonical":"https:\/\/www.abf.se\/sodertalje-nykvarn\/administration__trashed\/kontakt\/","og_locale":"sv_SE","og_type":"article","og_title":"Kontakt och \u00f6ppettider - S\u00f6dert\u00e4lje-Nykvarn","og_url":"https:\/\/www.abf.se\/sodertalje-nykvarn\/administration__trashed\/kontakt\/","og_site_name":"S\u00f6dert\u00e4lje-Nykvarn","article_modified_time":"2026-02-06T10:48:07+00:00","og_image":[{"width":2560,"height":1440,"url":"https:\/\/www.abf.se\/wp-content\/uploads\/sites\/48\/2024\/04\/Nyckeln-liggande-scaled.jpg","type":"image\/jpeg"}],"twitter_card":"summary_large_image","schema":{"@context":"https:\/\/schema.org","@graph":[{"@type":"WebPage","@id":"https:\/\/www.abf.se\/sodertalje-nykvarn\/administration__trashed\/kontakt\/","url":"https:\/\/www.abf.se\/sodertalje-nykvarn\/administration__trashed\/kontakt\/","name":"Kontakt och \u00f6ppettider - S\u00f6dert\u00e4lje-Nykvarn","isPartOf":{"@id":"https:\/\/www.abf.se\/sodertalje-nykvarn\/#website"},"datePublished":"2024-02-27T09:02:36+00:00","dateModified":"2026-02-06T10:48:07+00:00","breadcrumb":{"@id":"https:\/\/www.abf.se\/sodertalje-nykvarn\/administration__trashed\/kontakt\/#breadcrumb"},"inLanguage":"sv-SE","potentialAction":[{"@type":"ReadAction","target":["https:\/\/www.abf.se\/sodertalje-nykvarn\/administration__trashed\/kontakt\/"]}]},{"@type":"BreadcrumbList","@id":"https:\/\/www.abf.se\/sodertalje-nykvarn\/administration__trashed\/kontakt\/#breadcrumb","itemListElement":[{"@type":"ListItem","position":1,"name":"Home","item":"https:\/\/www.abf.se\/sodertalje-nykvarn\/"},{"@type":"ListItem","position":2,"name":"Administration","item":"https:\/\/www.abf.se\/sodertalje-nykvarn\/?page_id=114"},{"@type":"ListItem","position":3,"name":"Kontakt och \u00f6ppettider"}]},{"@type":"WebSite","@id":"https:\/\/www.abf.se\/sodertalje-nykvarn\/#website","url":"https:\/\/www.abf.se\/sodertalje-nykvarn\/","name":"S\u00f6dert\u00e4lje-Nykvarn","description":"","potentialAction":[{"@type":"SearchAction","target":{"@type":"EntryPoint","urlTemplate":"https:\/\/www.abf.se\/sodertalje-nykvarn\/?s={search_term_string}"},"query-input":{"@type":"PropertyValueSpecification","valueRequired":true,"valueName":"search_term_string"}}],"inLanguage":"sv-SE"}]}},"_links":{"self":[{"href":"https:\/\/www.abf.se\/sodertalje-nykvarn\/wp-json\/wp\/v2\/pages\/7","targetHints":{"allow":["GET"]}}],"collection":[{"href":"https:\/\/www.abf.se\/sodertalje-nykvarn\/wp-json\/wp\/v2\/pages"}],"about":[{"href":"https:\/\/www.abf.se\/sodertalje-nykvarn\/wp-json\/wp\/v2\/types\/page"}],"author":[{"embeddable":true,"href":"https:\/\/www.abf.se\/sodertalje-nykvarn\/wp-json\/wp\/v2\/users\/54"}],"replies":[{"embeddable":true,"href":"https:\/\/www.abf.se\/sodertalje-nykvarn\/wp-json\/wp\/v2\/comments?post=7"}],"version-history":[{"count":61,"href":"https:\/\/www.abf.se\/sodertalje-nykvarn\/wp-json\/wp\/v2\/pages\/7\/revisions"}],"predecessor-version":[{"id":4967,"href":"https:\/\/www.abf.se\/sodertalje-nykvarn\/wp-json\/wp\/v2\/pages\/7\/revisions\/4967"}],"up":[{"embeddable":true,"href":"https:\/\/www.abf.se\/sodertalje-nykvarn\/wp-json\/wp\/v2\/pages\/114"}],"wp:attachment":[{"href":"https:\/\/www.abf.se\/sodertalje-nykvarn\/wp-json\/wp\/v2\/media?parent=7"}],"curies":[{"name":"wp","href":"https:\/\/api.w.org\/{rel}","templated":true}]}}

Kontakt och öppettider

<div
    class="acf-article-text-block article-container my-12"
    data-block="article-text-block"
>
    <div class="wysiwyg">
        <p><strong>Växelnummer: 08 554 424 30</strong></p>
<p>ABF Södertälje-Nykvarn<br />
<strong>Besökadress:<br />
</strong>Nedre Torekällgatan 7, 151 72 Södertälje<br />
E-post: info.sodertalje-nykvarn@abf.se</p>
<p><strong>JAM Dansstudio<br />
Besökadress:<br />
</strong>Lovisinsgatan 3, 151 73, Södertälje<br />
E-post: kontakt@jamdansstudio.se<br />
073-373 55 18</p>
<p><strong>Våra öppettider<br />
</strong>Måndag 09.00-17.00<br />
Tisdag 09.00-17.00<br />
Onsdag 10.30-17.00<br />
Torsdag 09.00-17.00<br />
Fredag 09.00-15.00<br />
Lunchstängt mån-tor 12.00-12.45<br />
Växeln stänger 16.00 måndag-torsdag</p>
<p><strong>Sommartider Maj-Augusti<br />
</strong>Måndag 09.00-16.15<br />
Tisdag 09.00-16.15<br />
Onsdag 10.30-16.15<br />
Torsdag 09.00-16.15<br />
Fredag 09.00-14.00<br />
Lunchstängt mån-tor 12.00-12.45<br />
Växeln stänger 16.00 måndag-torsdag</p>
<p><strong>Personal:</strong></p>
<p><strong>Susanne Söderling</strong><br />
Ombudsman<br />
08-554 424 34<br />
susanne.soderling@abf.se</p>
<p><strong>Paula Westerlund-Pettersson</strong><br />
Controller<br />
08-554 424 42<br />
paula.westerlund-pettersson@abf.se</p>
<p><strong>Maria Lundin</strong><br />
Reception admistratör / JAM dansstudio<br />
08-554 424 30<br />
maria.lundin@abf.se</p>
<p><strong>Farid Abdallah</strong><br />
Verksamhetsutvecklare kultur/ IT/ Administration<br />
08-554 424 32<br />
Farid.abdallah@abf.se</p>
<p><strong>Ulla-Karin Gripenstam</strong><br />
Administration PRO, funktionsvariation, musikgrupper och fria grupper<br />
08-554 424 31<br />
ulla-karin.gripenstam@abf.se</p>
<p><strong>Mikael Norstedt</strong><br />
Verksamhetsutvecklare fackliga, politiska, fria grupper och Spinnrocken.<br />
070-887 73 65<br />
mikael.norstedt@abf.se</p>
<p><strong>Rania Nehmé</strong><br />
Verksamhetsutvecklare/Administration interkulturella organisationer<br />
08-554 424 47<br />
rania.nehme@abf.se</p>
<p><strong>Dima Ibrahim<br />
</strong>Verksamhetsutvecklare/Administration interkulturella organisationer<br />
08-554 424 33<br />
dima.di.ibrahim@abf.se</p>
<p><strong>Arvid Rask</strong><br />
Verksamhetsutvecklare musik och kulturföreningar<br />
tjänstledig<br />
arvid.rask@abf.se</p>
<p><strong>Joakim Lindberg</strong><br />
Verksamhetsutvecklare musik och kulturföreningar<br />
08-554 424 38<br />
joakim.lindberg@abf.se</p>
<p><strong>Daniel Reid<br />
</strong>Verksamhetsutvecklare musik och kulturföreningar<br />
08-554 424 40<br />
daniel.reid@abf.se</p>
<p><strong>Jaana Rundberg</strong><br />
Verksamhetsutvecklare JAM dansstudio<br />
08-554 424 46<br />
Jaana.rundberg@abf.se</p>
<p><strong>Kateryna Golod</strong><br />
Projektanställd Ukrainska kulturföreningen<br />
070-034 17 68<br />
kateryna.golod@abf.se</p>
<p><strong>Emil Sohn</strong><br />
Vaktmästare<br />
070-740 69 00<br />
Emil.sohn@abf.se</p>

    </div>
</div>

<!-- This site is optimized with the Yoast SEO plugin v27.0 - https://yoast.com/product/yoast-seo-wordpress/ -->
<title>Kontakt och öppettider - Södertälje-Nykvarn</title>
<meta name="robots" content="index, follow, max-snippet:-1, max-image-preview:large, max-video-preview:-1" />
<link rel="canonical" href="https://www.abf.se/sodertalje-nykvarn/administration__trashed/kontakt/" />
<meta property="og:locale" content="sv_SE" />
<meta property="og:type" content="article" />
<meta property="og:title" content="Kontakt och öppettider - Södertälje-Nykvarn" />
<meta property="og:url" content="https://www.abf.se/sodertalje-nykvarn/administration__trashed/kontakt/" />
<meta property="og:site_name" content="Södertälje-Nykvarn" />
<meta property="article:modified_time" content="2026-02-06T10:48:07+00:00" />
<meta property="og:image" content="https://www.abf.se/wp-content/uploads/sites/48/2024/04/Nyckeln-liggande-scaled.jpg" />
	<meta property="og:image:width" content="2560" />
	<meta property="og:image:height" content="1440" />
	<meta property="og:image:type" content="image/jpeg" />
<meta name="twitter:card" content="summary_large_image" />
<script type="application/ld+json" class="yoast-schema-graph">{"@context":"https://schema.org","@graph":[{"@type":"WebPage","@id":"https://www.abf.se/sodertalje-nykvarn/administration__trashed/kontakt/","url":"https://www.abf.se/sodertalje-nykvarn/administration__trashed/kontakt/","name":"Kontakt och öppettider - Södertälje-Nykvarn","isPartOf":{"@id":"https://www.abf.se/sodertalje-nykvarn/#website"},"datePublished":"2024-02-27T09:02:36+00:00","dateModified":"2026-02-06T10:48:07+00:00","breadcrumb":{"@id":"https://www.abf.se/sodertalje-nykvarn/administration__trashed/kontakt/#breadcrumb"},"inLanguage":"sv-SE","potentialAction":[{"@type":"ReadAction","target":["https://www.abf.se/sodertalje-nykvarn/administration__trashed/kontakt/"]}]},{"@type":"BreadcrumbList","@id":"https://www.abf.se/sodertalje-nykvarn/administration__trashed/kontakt/#breadcrumb","itemListElement":[{"@type":"ListItem","position":1,"name":"Home","item":"https://www.abf.se/sodertalje-nykvarn/"},{"@type":"ListItem","position":2,"name":"Administration","item":"https://www.abf.se/sodertalje-nykvarn/?page_id=114"},{"@type":"ListItem","position":3,"name":"Kontakt och öppettider"}]},{"@type":"WebSite","@id":"https://www.abf.se/sodertalje-nykvarn/#website","url":"https://www.abf.se/sodertalje-nykvarn/","name":"Södertälje-Nykvarn","description":"","potentialAction":[{"@type":"SearchAction","target":{"@type":"EntryPoint","urlTemplate":"https://www.abf.se/sodertalje-nykvarn/?s={search_term_string}"},"query-input":{"@type":"PropertyValueSpecification","valueRequired":true,"valueName":"search_term_string"}}],"inLanguage":"sv-SE"}]}</script>
<!-- / Yoast SEO plugin. -->

Kontakt och öppettider - Södertälje-Nykvarn

Södertälje-Nykvarn
