{"id":290,"date":"2024-03-11T15:57:29","date_gmt":"2024-03-11T14:57:29","guid":{"rendered":"https:\/\/www.abf.se\/sodertorn\/?page_id=290"},"modified":"2025-03-12T11:00:49","modified_gmt":"2025-03-12T10:00:49","slug":"medlems-och-samarbetsorganisationer","status":"publish","type":"page","link":"https:\/\/www.abf.se\/sodertorn\/foreningar-och-grupper\/samarbete-med-abf-sodertorn\/medlems-och-samarbetsorganisationer\/","title":{"rendered":"V\u00e5ra medlems- och samarbetsorganisationer"},"content":{"rendered":"<div\n    class=\"acf-hero-block container-lg no-padding mb-12 js-geolocation\"\n    data-block=\"hero-block\"\n    data-index=\"0\"\n>\n    <div class=\"h-[548px]  relative rounded-[32px] overflow-hidden flex bg-gray-light\">\n        <div class=\"relative z-10 mt-auto h-auto w-full md:h-full\">\n            <div class=\"flex w-full h-full flex-col flex-wrap justify-end w-full md:w-7\/12 lg:w-1\/2 md:justify-center\">\n                <div class=\"flex flex-col gap-3 md:gap-[18px] md:transparent pt-16 pb-36 md:py-8 px-4 w-full md:max-w-[620px] mx-auto px-8\">\n\n                    <h1 class=\"hero-heading\"><span>ABF S\u00f6dert\u00f6rns medlems- och samarbetsorganisationer<\/span><\/h1>\n\n                    \n                                    <\/div>\n            <\/div>\n        <\/div>\n\n                    <picture class=\"as-background-image mix-blend-multiply bg-black\/40\"><img decoding=\"async\" src=\"https:\/\/www.abf.se\/sodertorn\/resized\/?url=https%3A%2F%2Fwww.abf.se%2Fwp-content%2Fuploads%2F2024%2F04%2Fman-med-rullstoll-meeting-foto-Istock-scaled.jpg&#038;fit=crop&#038;w=1440&#038;s=9dd35b705864f16937418fd3de9ae555\" srcset=\"https:\/\/www.abf.se\/sodertorn\/resized\/?url=https%3A%2F%2Fwww.abf.se%2Fwp-content%2Fuploads%2F2024%2F04%2Fman-med-rullstoll-meeting-foto-Istock-scaled.jpg&#038;fit=crop&#038;w=375&#038;h=540&#038;s=dcf652ea0676e004bae54e4498d6dd3d 375w, https:\/\/www.abf.se\/sodertorn\/resized\/?url=https%3A%2F%2Fwww.abf.se%2Fwp-content%2Fuploads%2F2024%2F04%2Fman-med-rullstoll-meeting-foto-Istock-scaled.jpg&#038;fit=crop&#038;w=447&#038;h=540&#038;s=a0df324779d34fe44e4acb11805d2b66 447w, https:\/\/www.abf.se\/sodertorn\/resized\/?url=https%3A%2F%2Fwww.abf.se%2Fwp-content%2Fuploads%2F2024%2F04%2Fman-med-rullstoll-meeting-foto-Istock-scaled.jpg&#038;fit=crop&#038;w=519&#038;h=540&#038;s=d054bf60f4b013d7186791deb55f9a3e 519w, https:\/\/www.abf.se\/sodertorn\/resized\/?url=https%3A%2F%2Fwww.abf.se%2Fwp-content%2Fuploads%2F2024%2F04%2Fman-med-rullstoll-meeting-foto-Istock-scaled.jpg&#038;fit=crop&#038;w=591&#038;h=540&#038;s=8a0e8483320556d87db36d69c607c46b 591w, https:\/\/www.abf.se\/sodertorn\/resized\/?url=https%3A%2F%2Fwww.abf.se%2Fwp-content%2Fuploads%2F2024%2F04%2Fman-med-rullstoll-meeting-foto-Istock-scaled.jpg&#038;fit=crop&#038;w=663&#038;h=540&#038;s=6997eba4859a12c0ed46ea7f93f941fb 663w, https:\/\/www.abf.se\/sodertorn\/resized\/?url=https%3A%2F%2Fwww.abf.se%2Fwp-content%2Fuploads%2F2024%2F04%2Fman-med-rullstoll-meeting-foto-Istock-scaled.jpg&#038;fit=crop&#038;w=750&#038;h=540&#038;s=9e6412a6cd380eb2623274f413301dae 750w, https:\/\/www.abf.se\/sodertorn\/resized\/?url=https%3A%2F%2Fwww.abf.se%2Fwp-content%2Fuploads%2F2024%2F04%2Fman-med-rullstoll-meeting-foto-Istock-scaled.jpg&#038;fit=crop&#038;w=894&#038;h=540&#038;s=bf5a32c770d56b40d62b31f2c2a1bcc7 894w, https:\/\/www.abf.se\/sodertorn\/resized\/?url=https%3A%2F%2Fwww.abf.se%2Fwp-content%2Fuploads%2F2024%2F04%2Fman-med-rullstoll-meeting-foto-Istock-scaled.jpg&#038;fit=crop&#038;w=1038&#038;h=540&#038;s=05b5d5ed745b5ddeb5b3af268a597f54 1038w, https:\/\/www.abf.se\/sodertorn\/resized\/?url=https%3A%2F%2Fwww.abf.se%2Fwp-content%2Fuploads%2F2024%2F04%2Fman-med-rullstoll-meeting-foto-Istock-scaled.jpg&#038;fit=crop&#038;w=1182&#038;h=540&#038;s=3de668be0974a23b475aad641d9b576d 1182w, https:\/\/www.abf.se\/sodertorn\/resized\/?url=https%3A%2F%2Fwww.abf.se%2Fwp-content%2Fuploads%2F2024%2F04%2Fman-med-rullstoll-meeting-foto-Istock-scaled.jpg&#038;fit=crop&#038;w=1326&#038;h=540&#038;s=a91c9a35bc580cc9c8054b8fc8583089 1326w, https:\/\/www.abf.se\/sodertorn\/resized\/?url=https%3A%2F%2Fwww.abf.se%2Fwp-content%2Fuploads%2F2024%2F04%2Fman-med-rullstoll-meeting-foto-Istock-scaled.jpg&#038;fit=crop&#038;w=1440&#038;h=540&#038;s=f36184c550ae2d3850ac50ca4a838574 1440w\" alt=\"\" height=\"540\" width=\"1440\" sizes=\"(max-width: 1440px) calc(100vw - 32px), 1440px\" loading=\"eager\" fetchpriority=\"high\" aria-hidden=\"true\" role=\"presentation\" \/><\/picture>\n        \n\n                    <figure class=\"absolute bottom-0  md:w-1\/2 transform right-0 translate-x-10 md:translate-x-32\">\n                <img decoding=\"async\"\n                    alt=\"\"\n                    aria-hidden=\"true\"\n                    class=\"h-auto w-full\"\n                    role=\"presentation\"\n                    src=\"\/assets\/images\/two_circles_bottom.svg\"\n                >\n            <\/figure>\n            <\/div>\n\n    <\/div>\n\n<div\n    class=\"acf-plain-heading-block container my-16\"\n    data-block=\"plain-heading-block\"\n>\n    <div class=\"max-w-[658px] mx-auto\">\n                            <p class=\"mt-8 body-xl text-black\">\n                F\u00f6ljande organisationer \u00e4r lokala medlemmar i ABF S\u00f6dert\u00f6rn och samarbetar med oss kring sin studie- och kulturverksamhet.\n            <\/p>\n            <\/div>\n<\/div>\n<div\n    class=\"acf-plain-heading-block container my-16\"\n    data-block=\"plain-heading-block\"\n>\n    <div class=\"max-w-[658px] mx-auto\">\n                <h1 class=\"hero-heading\"><span>Medlemsorganisationer<\/span><\/h1>\n                    <\/div>\n<\/div>\n<div\n    class=\"acf-article-text-block article-container my-12\"\n    data-block=\"article-text-block\"\n>\n    <div class=\"wysiwyg\">\n        <ul>\n<li><a title=\"ABF-k\u00f6ren Babords Halsar i Nyn\u00e4shamn\" href=\"https:\/\/www.babordshalsar.se\/\" target=\"_blank\" rel=\"noopener\">Babords Halsar Nyn\u00e4shamn<\/a><\/li>\n<li><a href=\"https:\/\/www.byggnads.se\/regioner\/stockholm-gotland\/Kontakt\/\" target=\"_blank\" rel=\"noopener\">Byggnads Stockholm-Gotland<\/a><\/li>\n<li><a title=\"DHR Nyn\u00e4shamn-Haninge\" href=\"https:\/\/dhr.se\/nynashamn-haninge\/\" target=\"_blank\" rel=\"noopener\">DHR Nyn\u00e4shamn-Haninge<\/a><\/li>\n<li><a title=\"Folkets Hus i Nyn\u00e4shamn\" href=\"https:\/\/folketshusnynashamn.se\/\" target=\"_blank\" rel=\"noopener\">Folkets Hus i Nyn\u00e4shamn<\/a><\/li>\n<li><a href=\"https:\/\/handels.se\/stockholm\" target=\"_blank\" rel=\"noopener\">Handels avd. 20<\/a><\/li>\n<li>Handels klubb 800 i Nyn\u00e4shamn (undergrupp till Handels avd. 20)<\/li>\n<li><a href=\"http:\/\/www.haningekoren.se\/\" target=\"_blank\" rel=\"noopener\">Haningek\u00f6ren<\/a><\/li>\n<li><a href=\"https:\/\/www.hjart-lung.se\/haninge-tyreso\/\" target=\"_blank\" rel=\"noopener\">Hj\u00e4rt- och Lungsjukas f\u00f6rening i Haninge-Tyres\u00f6<\/a><\/li>\n<li><a href=\"https:\/\/hrf.se\/lokalt\/#haninge\" target=\"_blank\" rel=\"noopener\">H\u00f6rselskadades Riksf\u00f6rbund Haninge-Tyres\u00f6<\/a><\/li>\n<li><a href=\"https:\/\/www.hyresgastforeningen.se\/aktuellt\/nyheter\/00\/03\/region-stockholm-i-haninge\/\" target=\"_blank\" rel=\"noopener\">Hyresg\u00e4stf\u00f6reningen i Haninge<\/a><\/li>\n<li><a title=\"Hyresg\u00e4stf\u00f6reningen Nyn\u00e4shamn\" href=\"https:\/\/hgfnynas.se\/\" target=\"_blank\" rel=\"noopener\">Hyresg\u00e4stf\u00f6reningen i Nyn\u00e4shamn<\/a><\/li>\n<li><a title=\"Hyresg\u00e4stf\u00f6reningen i Tyres\u00f6\" href=\"https:\/\/www.hyresgastforeningen.se\/regioner\/stockholm\/foreningar\/tyreso\/\" target=\"_blank\" rel=\"noopener\">Hyresg\u00e4stf\u00f6reningen i Tyres\u00f6<\/a><\/li>\n<li><a href=\"https:\/\/www.kommunal.se\/sektion\/sydost\" target=\"_blank\" rel=\"noopener\">Kommunal sektion Sydost<br \/>\n<\/a><\/li>\n<li><a href=\"https:\/\/www.kommunal.se\/avdelning\/stockholms-lan\" target=\"_blank\" rel=\"noopener\">Kommunal Stockholms l\u00e4n<br \/>\n<\/a><\/li>\n<li><a href=\"https:\/\/www.kfstockholm.se\/\" target=\"_blank\" rel=\"noopener\">Konsumentf\u00f6reningen i Stockholm<br \/>\n<\/a><\/li>\n<li><a title=\"Kulturf\u00f6reningen Nuova Arte\" href=\"https:\/\/nuovaarte.se\/\" target=\"_blank\" rel=\"noopener\">Kulturf\u00f6reningen Nuova Arte<\/a><a href=\"https:\/\/www.malareforbundet.se\/avdelningar\/avdelning-1\/sektioner\/\" target=\"_blank\" rel=\"noopener\"><br \/>\n<\/a><\/li>\n<li><a title=\"NEURO S\u00f6dert\u00f6rn\" href=\"https:\/\/neuro.se\/sodertorn\" target=\"_blank\" rel=\"noopener\">NEURO S\u00f6dert\u00f6rn<\/a><\/li>\n<li>Nyn\u00e4shamns Finska F\u00f6rening<\/li>\n<li><a title=\"Nyn\u00e4shamns Sl\u00e4ktforskarf\u00f6rening\" href=\"https:\/\/nynasgenealoger.se\/\" target=\"_blank\" rel=\"noopener\">Nyn\u00e4shamns Sl\u00e4ktforskarf\u00f6rening<\/a><\/li>\n<li><a href=\"http:\/\/www.pro.se\/Distrikt\/Stockholms-lan\/Samorganisationer\/PRO-Haninge-Samorganisation\/Foreningar\/Dalaro\/\" target=\"_blank\" rel=\"noopener\">PRO Dalar\u00f6<br \/>\n<\/a><\/li>\n<li><a href=\"http:\/\/www.pro.se\/Distrikt\/Stockholms-lan\/Samorganisationer\/PRO-Haninge-Samorganisation\/Foreningar\/handen\/\" target=\"_blank\" rel=\"noopener\">PRO Handen<\/a><\/li>\n<li><a href=\"https:\/\/pro.se\/distrikt\/distriktstockholmslan\/samorganisationer\/samorganisationnynashamn\/foreningar\/nynashamn.4.31d021f716ff6d19167c08fc.html\" target=\"_blank\" rel=\"noopener\">PRO Nyn\u00e4shamn<\/a><\/li>\n<li><a href=\"https:\/\/pro.se\/distrikt\/distrikt-stockholms-lan\/samorganisationer\/samorganisation-tyreso\/foreningar\/tyreso.html\" target=\"_blank\" rel=\"noopener\">PRO Tyres\u00f6<br \/>\n<\/a><\/li>\n<li><a href=\"http:\/\/www.pro.se\/Distrikt\/Stockholms-lan\/Samorganisationer\/PRO-Haninge-Samorganisation\/Foreningar\/Vasterhaninge\/\" target=\"_blank\" rel=\"noopener\">PRO V\u00e4sterhaninge<br \/>\n<\/a><\/li>\n<li><a title=\"PRO \u00d6smo\" href=\"https:\/\/pro.se\/distrikt\/distrikt-stockholms-lan\/samorganisationer\/samorganisation-nynashamn\/foreningar\/osmo.html\" target=\"_blank\" rel=\"noopener\">PRO \u00d6smo<\/a><a href=\"http:\/\/www.pro.se\/Distrikt\/Stockholms-lan\/Samorganisationer\/PRO-Haninge-Samorganisation\/Foreningar\/Vasterhaninge\/\" target=\"_blank\" rel=\"noopener\"><br \/>\n<\/a><\/li>\n<li><a href=\"https:\/\/ht.reumatiker.se\/\" target=\"_blank\" rel=\"noopener\">Reumatikerf\u00f6reningen Haninge-Tyres\u00f6<br \/>\n<\/a><\/li>\n<li>Riksbyggen Nyn\u00e4shamnshus 4<a href=\"https:\/\/ht.reumatiker.se\/\" target=\"_blank\" rel=\"noopener\"><br \/>\n<\/a><\/li>\n<li><a title=\"RSMH Gl\u00e4ntan i Tyres\u00f6\" href=\"http:\/\/www.rsmhstockholm.se\/Lan_Tyreso.html\" target=\"_blank\" rel=\"noopener\">RSMH Gl\u00e4ntan\u00a0(Tyres\u00f6)<\/a><\/li>\n<li><a href=\"http:\/\/www.rsmhstockholm.se\/Lan_havsbandet.html\" target=\"_blank\" rel=\"noopener\">RSMH Havsbandet (Haninge)<br \/>\n<\/a><\/li>\n<li>S-f\u00f6reningen Seniorklubben Nyn\u00e4shamn<\/li>\n<li>S-f\u00f6reningen Sorunda<\/li>\n<li>S-f\u00f6reningen \u00d6smo<\/li>\n<li>S-kvinnor i Nyn\u00e4shamn<\/li>\n<li><a href=\"http:\/\/socialdemokraternahaninge.se\/\" target=\"_blank\" rel=\"noopener\">Socialdemokraterna i\u00a0Haninge<\/a> (inkl. f\u00f6reningar som S-kvinnor)<\/li>\n<li><a title=\"Socialdemokraterna i Nyn\u00e4shamn\" href=\"https:\/\/socialdemokraternanynashamn.se\/\" target=\"_blank\" rel=\"noopener\">Socialdemokraterna i Nyn\u00e4shamn<\/a><\/li>\n<li><a title=\"Socialdemokraterna Tyres\u00f6\" href=\"https:\/\/socialdemokraternatyreso.se\/\" target=\"_blank\" rel=\"noopener\">Socialdemokraterna i Tyres\u00f6<\/a>\u00a0(inkl. f\u00f6reningar som S-kvinnor)<\/li>\n<li><a title=\"Socialdemokraterna i Nyn\u00e4shamn\" href=\"https:\/\/socialdemokraternanynashamn.se\/\" target=\"_blank\" rel=\"noopener\">Solidaritet \u2013 Socialdemokraterna i Nyn\u00e4shamn<\/a><\/li>\n<li><a title=\"Synskadades Riksf\u00f6rbund Stockholm-Gotland\" href=\"http:\/\/www.srfstockholmgotland.se\/\" target=\"_blank\" rel=\"noopener\">Synskadades Riksf\u00f6rbund Stockholm-Gotland<\/a><\/li>\n<li><a href=\"https:\/\/www.ssu.se\/klubb\/ssu-haninge\/\" target=\"_blank\" rel=\"noopener\">SSU Haninge<br \/>\n<\/a><\/li>\n<li><a title=\"SSU Tyres\u00f6\" href=\"https:\/\/socialdemokraternatyreso.se\/sidoorganisationer\/\" target=\"_blank\" rel=\"noopener\">SSU Tyres\u00f6<\/a><\/li>\n<li><a title=\"Tyres\u00f6 Teaterf\u00f6rening\" href=\"http:\/\/www.tyresoteater.se\/\" target=\"_blank\" rel=\"noopener\">Tyres\u00f6 Teaterf\u00f6rening<\/a><\/li>\n<li><a href=\"http:\/\/stockholm.ungaornar.se\/avdelningar\/avdelningar\/soedertoern\" target=\"_blank\" rel=\"noopener\">Unga \u00d6rnar S\u00f6dert\u00f6rn<br \/>\n<\/a><\/li>\n<li><a title=\"Ung V\u00e4nster Storstockholm\" href=\"http:\/\/storstockholm.ungvanster.se\/\" target=\"_blank\" rel=\"noopener\">Ung V\u00e4nster Stockholmsdistriktet<\/a><\/li>\n<li><a href=\"http:\/\/haninge.vansterpartiet.se\/\" target=\"_blank\" rel=\"noopener\">V\u00e4nsterpartiet i Haninge<br \/>\n<\/a><\/li>\n<li><a title=\"V\u00e4nsterpartiet Nyn\u00e4shamn\" href=\"https:\/\/nynashamn.vansterpartiet.se\/\" target=\"_blank\" rel=\"noopener\">V\u00e4nsterpartiet i Nyn\u00e4shamn<\/a><\/li>\n<li><a title=\"V\u00e4nsterpartiet i Tyres\u00f6\" href=\"https:\/\/tyreso.vansterpartiet.se\/\" target=\"_blank\" rel=\"noopener\">V\u00e4nsterpartiet i Tyres\u00f6<\/a><\/li>\n<li><a href=\"http:\/\/www.fredrikabremer.net\/\" target=\"_blank\" rel=\"noopener\">\u00c5rstas\u00e4llskapet f\u00f6r Fredrika Bremer-studier<\/a><\/li>\n<\/ul>\n\n    <\/div>\n<\/div>\n<div\n    class=\"acf-plain-heading-block container my-16\"\n    data-block=\"plain-heading-block\"\n>\n    <div class=\"max-w-[658px] mx-auto\">\n                <h1 class=\"hero-heading\"><span>F\u00f6reningar med samarbetsavtal<\/span><\/h1>\n                    <\/div>\n<\/div>\n<div\n    class=\"acf-article-text-block article-container my-12\"\n    data-block=\"article-text-block\"\n>\n    <div class=\"wysiwyg\">\n        <ul>\n<li><a href=\"https:\/\/www.aktiespararna.se\/lokalavdelningar\/haningenynashamntyreso\" target=\"_blank\" rel=\"noopener\">Aktiespararna i Haninge\/Nyn\u00e4shamn\/Tyres\u00f6<\/a><\/li>\n<li>F\u00f6reningen Brandbergsfestivalen<\/li>\n<li><a title=\"F\u00f6reningen Konstpoolen i Nyn\u00e4shamn\" href=\"https:\/\/konstpoolen.se\/\" target=\"_blank\" rel=\"noopener\">F\u00f6reningen Konstpoolen Nyn\u00e4shamn<\/a><\/li>\n<li><a href=\"http:\/\/haningejazz.se\/\" target=\"_blank\" rel=\"noopener\">Haninge Jazzklubb<br \/>\n<\/a><\/li>\n<li><a href=\"http:\/\/haningekvinnojour.se\/\" target=\"_blank\" rel=\"noopener\">Haninge Kvinnojour<br \/>\n<\/a><\/li>\n<li>Haninge Pension\u00e4rsf\u00f6rening REIPAS<\/li>\n<li><a href=\"http:\/\/haninge.riksteatern.se\/\" target=\"_blank\" rel=\"noopener\">Haninge Riksteaterf\u00f6rening<br \/>\n<\/a><\/li>\n<li><a title=\"Hantverksg\u00e5rdens v\u00e4nner \u2013 vi som v\u00e4ver\" href=\"https:\/\/visomvaver.se\/\" target=\"_blank\" rel=\"noopener\">Hantverksg\u00e5rdens v\u00e4nner<\/a><\/li>\n<li>Hyresg\u00e4stf\u00f6reningen i Brandbergen<\/li>\n<li><a title=\"F\u00f6reningen JIN Jazz i Nyn\u00e4shamn\" href=\"http:\/\/www.jinjazz.se\/\" target=\"_blank\" rel=\"noopener\">JIN Jazz i Nyn\u00e4shamn<\/a><a href=\"http:\/\/haninge.riksteatern.se\/\" target=\"_blank\" rel=\"noopener\"><br \/>\n<\/a><\/li>\n<li><a href=\"http:\/\/www.ormteatern.se\/\" target=\"_blank\" rel=\"noopener\">Kulturf\u00f6reningen Ormen<\/a><\/li>\n<li><a href=\"https:\/\/www.rojteatern.nu\/\" target=\"_blank\" rel=\"noopener\">Kulturf\u00f6reningen RoJ<\/a><\/li>\n<li><a title=\"Nyn\u00e4shamns Konstf\u00f6rening \u2013 l\u00e4nk till Facebook\" href=\"https:\/\/www.facebook.com\/people\/Nyn%C3%A4shamns-konstf%C3%B6rening\/100064917811369\/\" target=\"_blank\" rel=\"noopener\">Nyn\u00e4shamns Konstf\u00f6rening<\/a><\/li>\n<li><a href=\"https:\/\/www.raddabarnen.se\/medlem-och-volontar\/lokalforening\/ost\/stockholms-lan\/haninge\/\" target=\"_blank\" rel=\"noopener\">R\u00e4dda Barnen Haninge-Nyn\u00e4shamn<\/a><\/li>\n<li><a href=\"http:\/\/tongangarna.se\/\" target=\"_blank\" rel=\"noopener\">Tong\u00e5ngarna<br \/>\n<\/a><\/li>\n<li><a title=\"TUFF \u2013 Tyres\u00f6 Utlands- och Fredsf\u00f6rening\" href=\"https:\/\/tuff.nu\/\" target=\"_blank\" rel=\"noopener\">TUFF \u2013 Tyres\u00f6 Utlands- och Fredsf\u00f6rening<\/a><\/li>\n<li><a title=\"Tyres\u00f6 Jazz &amp; Blues Club\" href=\"http:\/\/www.tyresojazzclub.com\/\" target=\"_blank\" rel=\"noopener\">Tyres\u00f6 Jazz &amp; Blues Club<\/a><\/li>\n<li><a title=\"Tyres\u00f6k\u00f6ren\" href=\"https:\/\/www.tyresokoren.se\/\" target=\"_blank\" rel=\"noopener\">Tyres\u00f6k\u00f6ren<\/a><\/li>\n<\/ul>\n\n    <\/div>\n<\/div>\n","protected":false},"excerpt":{"rendered":"","protected":false},"author":59,"featured_media":0,"parent":256,"menu_order":0,"comment_status":"closed","ping_status":"closed","template":"","meta":{"_acf_changed":false,"footnotes":""},"class_list":["post-290","page","type-page","status-publish","hentry"],"acf":[],"yoast_head":"<!-- This site is optimized with the Yoast SEO plugin v27.0 - https:\/\/yoast.com\/product\/yoast-seo-wordpress\/ -->\n<title>V\u00e5ra medlems- och samarbetsorganisationer - S\u00f6dert\u00f6rn<\/title>\n<meta name=\"robots\" content=\"index, follow, max-snippet:-1, max-image-preview:large, max-video-preview:-1\" \/>\n<link rel=\"canonical\" href=\"https:\/\/www.abf.se\/sodertorn\/foreningar-och-grupper\/samarbete-med-abf-sodertorn\/medlems-och-samarbetsorganisationer\/\" \/>\n<meta property=\"og:locale\" content=\"sv_SE\" \/>\n<meta property=\"og:type\" content=\"article\" \/>\n<meta property=\"og:title\" content=\"V\u00e5ra medlems- och samarbetsorganisationer - S\u00f6dert\u00f6rn\" \/>\n<meta property=\"og:url\" content=\"https:\/\/www.abf.se\/sodertorn\/foreningar-och-grupper\/samarbete-med-abf-sodertorn\/medlems-och-samarbetsorganisationer\/\" \/>\n<meta property=\"og:site_name\" content=\"S\u00f6dert\u00f6rn\" \/>\n<meta property=\"article:modified_time\" content=\"2025-03-12T10:00:49+00:00\" \/>\n<meta property=\"og:image\" content=\"https:\/\/www.abf.se\/wp-content\/uploads\/sites\/49\/2024\/04\/Nyckeln-liggande-scaled.jpg\" \/>\n\t<meta property=\"og:image:width\" content=\"2560\" \/>\n\t<meta property=\"og:image:height\" content=\"1440\" \/>\n\t<meta property=\"og:image:type\" content=\"image\/jpeg\" \/>\n<meta name=\"twitter:card\" content=\"summary_large_image\" \/>\n<script type=\"application\/ld+json\" class=\"yoast-schema-graph\">{\"@context\":\"https:\/\/schema.org\",\"@graph\":[{\"@type\":\"WebPage\",\"@id\":\"https:\/\/www.abf.se\/sodertorn\/foreningar-och-grupper\/samarbete-med-abf-sodertorn\/medlems-och-samarbetsorganisationer\/\",\"url\":\"https:\/\/www.abf.se\/sodertorn\/foreningar-och-grupper\/samarbete-med-abf-sodertorn\/medlems-och-samarbetsorganisationer\/\",\"name\":\"V\u00e5ra medlems- och samarbetsorganisationer - S\u00f6dert\u00f6rn\",\"isPartOf\":{\"@id\":\"https:\/\/www.abf.se\/sodertorn\/#website\"},\"datePublished\":\"2024-03-11T14:57:29+00:00\",\"dateModified\":\"2025-03-12T10:00:49+00:00\",\"breadcrumb\":{\"@id\":\"https:\/\/www.abf.se\/sodertorn\/foreningar-och-grupper\/samarbete-med-abf-sodertorn\/medlems-och-samarbetsorganisationer\/#breadcrumb\"},\"inLanguage\":\"sv-SE\",\"potentialAction\":[{\"@type\":\"ReadAction\",\"target\":[\"https:\/\/www.abf.se\/sodertorn\/foreningar-och-grupper\/samarbete-med-abf-sodertorn\/medlems-och-samarbetsorganisationer\/\"]}]},{\"@type\":\"BreadcrumbList\",\"@id\":\"https:\/\/www.abf.se\/sodertorn\/foreningar-och-grupper\/samarbete-med-abf-sodertorn\/medlems-och-samarbetsorganisationer\/#breadcrumb\",\"itemListElement\":[{\"@type\":\"ListItem\",\"position\":1,\"name\":\"Home\",\"item\":\"https:\/\/www.abf.se\/sodertorn\/\"},{\"@type\":\"ListItem\",\"position\":2,\"name\":\"F\u00f6r f\u00f6reningar och grupper\",\"item\":\"https:\/\/www.abf.se\/sodertorn\/foreningar-och-grupper\/\"},{\"@type\":\"ListItem\",\"position\":3,\"name\":\"Samarbeta med ABF S\u00f6dert\u00f6rn\",\"item\":\"https:\/\/www.abf.se\/sodertorn\/foreningar-och-grupper\/samarbete-med-abf-sodertorn\/\"},{\"@type\":\"ListItem\",\"position\":4,\"name\":\"V\u00e5ra medlems- och samarbetsorganisationer\"}]},{\"@type\":\"WebSite\",\"@id\":\"https:\/\/www.abf.se\/sodertorn\/#website\",\"url\":\"https:\/\/www.abf.se\/sodertorn\/\",\"name\":\"S\u00f6dert\u00f6rn\",\"description\":\"\",\"potentialAction\":[{\"@type\":\"SearchAction\",\"target\":{\"@type\":\"EntryPoint\",\"urlTemplate\":\"https:\/\/www.abf.se\/sodertorn\/?s={search_term_string}\"},\"query-input\":{\"@type\":\"PropertyValueSpecification\",\"valueRequired\":true,\"valueName\":\"search_term_string\"}}],\"inLanguage\":\"sv-SE\"}]}<\/script>\n<!-- \/ Yoast SEO plugin. -->","yoast_head_json":{"title":"V\u00e5ra medlems- och samarbetsorganisationer - S\u00f6dert\u00f6rn","robots":{"index":"index","follow":"follow","max-snippet":"max-snippet:-1","max-image-preview":"max-image-preview:large","max-video-preview":"max-video-preview:-1"},"canonical":"https:\/\/www.abf.se\/sodertorn\/foreningar-och-grupper\/samarbete-med-abf-sodertorn\/medlems-och-samarbetsorganisationer\/","og_locale":"sv_SE","og_type":"article","og_title":"V\u00e5ra medlems- och samarbetsorganisationer - S\u00f6dert\u00f6rn","og_url":"https:\/\/www.abf.se\/sodertorn\/foreningar-och-grupper\/samarbete-med-abf-sodertorn\/medlems-och-samarbetsorganisationer\/","og_site_name":"S\u00f6dert\u00f6rn","article_modified_time":"2025-03-12T10:00:49+00:00","og_image":[{"width":2560,"height":1440,"url":"https:\/\/www.abf.se\/wp-content\/uploads\/sites\/49\/2024\/04\/Nyckeln-liggande-scaled.jpg","type":"image\/jpeg"}],"twitter_card":"summary_large_image","schema":{"@context":"https:\/\/schema.org","@graph":[{"@type":"WebPage","@id":"https:\/\/www.abf.se\/sodertorn\/foreningar-och-grupper\/samarbete-med-abf-sodertorn\/medlems-och-samarbetsorganisationer\/","url":"https:\/\/www.abf.se\/sodertorn\/foreningar-och-grupper\/samarbete-med-abf-sodertorn\/medlems-och-samarbetsorganisationer\/","name":"V\u00e5ra medlems- och samarbetsorganisationer - S\u00f6dert\u00f6rn","isPartOf":{"@id":"https:\/\/www.abf.se\/sodertorn\/#website"},"datePublished":"2024-03-11T14:57:29+00:00","dateModified":"2025-03-12T10:00:49+00:00","breadcrumb":{"@id":"https:\/\/www.abf.se\/sodertorn\/foreningar-och-grupper\/samarbete-med-abf-sodertorn\/medlems-och-samarbetsorganisationer\/#breadcrumb"},"inLanguage":"sv-SE","potentialAction":[{"@type":"ReadAction","target":["https:\/\/www.abf.se\/sodertorn\/foreningar-och-grupper\/samarbete-med-abf-sodertorn\/medlems-och-samarbetsorganisationer\/"]}]},{"@type":"BreadcrumbList","@id":"https:\/\/www.abf.se\/sodertorn\/foreningar-och-grupper\/samarbete-med-abf-sodertorn\/medlems-och-samarbetsorganisationer\/#breadcrumb","itemListElement":[{"@type":"ListItem","position":1,"name":"Home","item":"https:\/\/www.abf.se\/sodertorn\/"},{"@type":"ListItem","position":2,"name":"F\u00f6r f\u00f6reningar och grupper","item":"https:\/\/www.abf.se\/sodertorn\/foreningar-och-grupper\/"},{"@type":"ListItem","position":3,"name":"Samarbeta med ABF S\u00f6dert\u00f6rn","item":"https:\/\/www.abf.se\/sodertorn\/foreningar-och-grupper\/samarbete-med-abf-sodertorn\/"},{"@type":"ListItem","position":4,"name":"V\u00e5ra medlems- och samarbetsorganisationer"}]},{"@type":"WebSite","@id":"https:\/\/www.abf.se\/sodertorn\/#website","url":"https:\/\/www.abf.se\/sodertorn\/","name":"S\u00f6dert\u00f6rn","description":"","potentialAction":[{"@type":"SearchAction","target":{"@type":"EntryPoint","urlTemplate":"https:\/\/www.abf.se\/sodertorn\/?s={search_term_string}"},"query-input":{"@type":"PropertyValueSpecification","valueRequired":true,"valueName":"search_term_string"}}],"inLanguage":"sv-SE"}]}},"_links":{"self":[{"href":"https:\/\/www.abf.se\/sodertorn\/wp-json\/wp\/v2\/pages\/290","targetHints":{"allow":["GET"]}}],"collection":[{"href":"https:\/\/www.abf.se\/sodertorn\/wp-json\/wp\/v2\/pages"}],"about":[{"href":"https:\/\/www.abf.se\/sodertorn\/wp-json\/wp\/v2\/types\/page"}],"author":[{"embeddable":true,"href":"https:\/\/www.abf.se\/sodertorn\/wp-json\/wp\/v2\/users\/59"}],"replies":[{"embeddable":true,"href":"https:\/\/www.abf.se\/sodertorn\/wp-json\/wp\/v2\/comments?post=290"}],"version-history":[{"count":24,"href":"https:\/\/www.abf.se\/sodertorn\/wp-json\/wp\/v2\/pages\/290\/revisions"}],"predecessor-version":[{"id":1860,"href":"https:\/\/www.abf.se\/sodertorn\/wp-json\/wp\/v2\/pages\/290\/revisions\/1860"}],"up":[{"embeddable":true,"href":"https:\/\/www.abf.se\/sodertorn\/wp-json\/wp\/v2\/pages\/256"}],"wp:attachment":[{"href":"https:\/\/www.abf.se\/sodertorn\/wp-json\/wp\/v2\/media?parent=290"}],"curies":[{"name":"wp","href":"https:\/\/api.w.org\/{rel}","templated":true}]}}