{"id":399,"date":"2024-04-04T16:20:28","date_gmt":"2024-04-04T14:20:28","guid":{"rendered":"https:\/\/www.abf.se\/sodertorn\/?page_id=399"},"modified":"2026-04-28T09:29:30","modified_gmt":"2026-04-28T07:29:30","slug":"boka-vara-lokaler","status":"publish","type":"page","link":"https:\/\/www.abf.se\/sodertorn\/boka-vara-lokaler\/","title":{"rendered":"Boka v\u00e5ra lokaler"},"content":{"rendered":"<div\n    class=\"acf-hero-block container-lg no-padding mb-12 js-geolocation\"\n    data-block=\"hero-block\"\n    data-index=\"0\"\n>\n    <div class=\"h-[548px]  relative rounded-[32px] overflow-hidden flex bg-gray-light\">\n        <div class=\"relative z-10 mt-auto h-auto w-full md:h-full\">\n            <div class=\"flex w-full h-full flex-col flex-wrap justify-end w-full md:w-7\/12 lg:w-1\/2 md:justify-center\">\n                <div class=\"flex flex-col gap-3 md:gap-[18px] md:transparent pt-16 pb-36 md:py-8 px-4 w-full md:max-w-[620px] mx-auto px-8\">\n\n                    <h1 class=\"hero-heading\"><span>Boka v\u00e5ra lokaler<\/span><\/h1>\n\n                    \n                                    <\/div>\n            <\/div>\n        <\/div>\n\n        \n\n                    <figure class=\"absolute bottom-0  md:w-1\/2 transform right-0 translate-x-10 md:translate-x-32\">\n                <img decoding=\"async\"\n                    alt=\"\"\n                    aria-hidden=\"true\"\n                    class=\"h-auto w-full\"\n                    role=\"presentation\"\n                    src=\"\/assets\/images\/two_circles_bottom.svg\"\n                >\n            <\/figure>\n            <\/div>\n\n    <\/div>\n\n<div\n    class=\"acf-plain-heading-block container my-16\"\n    data-block=\"plain-heading-block\"\n>\n    <div class=\"max-w-[658px] mx-auto\">\n                            <p class=\"mt-8 body-xl text-black\">\n                ABF S\u00f6dert\u00f6rns lokaler i Haninge, Tyres\u00f6 och Nyn\u00e4shamn kan bokas av f\u00f6reningar och grupper och passar perfekt f\u00f6r studiecirklar, m\u00f6ten och mindre kulturarrangemang. H\u00e4r kan du l\u00e4sa mer om vad vi erbjuder i respektive kommun.\n            <\/p>\n            <\/div>\n<\/div>\n<div\n    class=\"acf-text-image-block container my-12 md:my-15\"\n    data-block=\"text-image-block\"\n>\n    <div\n    class=\"flex flex-col items-center md:flex-row gap-8 md:gap-0 justify-between\">\n                        <div class=\"w-full md:w-1\/2 md:order-2\">\n            <picture><img decoding=\"async\" src=\"https:\/\/www.abf.se\/sodertorn\/resized\/?url=https%3A%2F%2Fwww.abf.se%2Fwp-content%2Fuploads%2Fsites%2F49%2F2024%2F10%2FPoseidon_exterior_682x601.jpg&#038;fit=crop&#038;w=578&#038;s=52613f9f41916732f04f1cfa8c4ab969\" srcset=\"https:\/\/www.abf.se\/sodertorn\/resized\/?url=https%3A%2F%2Fwww.abf.se%2Fwp-content%2Fuploads%2Fsites%2F49%2F2024%2F10%2FPoseidon_exterior_682x601.jpg&#038;fit=crop&#038;w=144&#038;h=126&#038;s=47639469831638492286f1690aa4d4b7 144w, https:\/\/www.abf.se\/sodertorn\/resized\/?url=https%3A%2F%2Fwww.abf.se%2Fwp-content%2Fuploads%2Fsites%2F49%2F2024%2F10%2FPoseidon_exterior_682x601.jpg&#038;fit=crop&#038;w=240&#038;h=211&#038;s=412b25ad2b082a1893a8a0c49556cc97 240w, https:\/\/www.abf.se\/sodertorn\/resized\/?url=https%3A%2F%2Fwww.abf.se%2Fwp-content%2Fuploads%2Fsites%2F49%2F2024%2F10%2FPoseidon_exterior_682x601.jpg&#038;fit=crop&#038;w=288&#038;h=253&#038;s=77e9b7757051bae78d9bc2104e72c475 288w, https:\/\/www.abf.se\/sodertorn\/resized\/?url=https%3A%2F%2Fwww.abf.se%2Fwp-content%2Fuploads%2Fsites%2F49%2F2024%2F10%2FPoseidon_exterior_682x601.jpg&#038;fit=crop&#038;w=336&#038;h=295&#038;s=3ff701af27490a8cd9c32220953dd60a 336w, https:\/\/www.abf.se\/sodertorn\/resized\/?url=https%3A%2F%2Fwww.abf.se%2Fwp-content%2Fuploads%2Fsites%2F49%2F2024%2F10%2FPoseidon_exterior_682x601.jpg&#038;fit=crop&#038;w=432&#038;h=380&#038;s=b816984ac058741b3c140ddbc6744558 432w, https:\/\/www.abf.se\/sodertorn\/resized\/?url=https%3A%2F%2Fwww.abf.se%2Fwp-content%2Fuploads%2Fsites%2F49%2F2024%2F10%2FPoseidon_exterior_682x601.jpg&#038;fit=crop&#038;w=480&#038;h=422&#038;s=a07ce7f51092aac84d68038f258e2893 480w, https:\/\/www.abf.se\/sodertorn\/resized\/?url=https%3A%2F%2Fwww.abf.se%2Fwp-content%2Fuploads%2Fsites%2F49%2F2024%2F10%2FPoseidon_exterior_682x601.jpg&#038;fit=crop&#038;w=528&#038;h=464&#038;s=a801d2c0806477e7888b41cdf5b57bbd 528w, https:\/\/www.abf.se\/sodertorn\/resized\/?url=https%3A%2F%2Fwww.abf.se%2Fwp-content%2Fuploads%2Fsites%2F49%2F2024%2F10%2FPoseidon_exterior_682x601.jpg&#038;fit=crop&#038;w=578&#038;h=509&#038;s=ba057c5b88589f2dc466bd599c1128f1 578w, https:\/\/www.abf.se\/sodertorn\/resized\/?url=https%3A%2F%2Fwww.abf.se%2Fwp-content%2Fuploads%2Fsites%2F49%2F2024%2F10%2FPoseidon_exterior_682x601.jpg&#038;fit=crop&#038;w=672&#038;h=591&#038;s=d50825118a276b9a0da90ed56d364237 672w, https:\/\/www.abf.se\/sodertorn\/resized\/?url=https%3A%2F%2Fwww.abf.se%2Fwp-content%2Fuploads%2Fsites%2F49%2F2024%2F10%2FPoseidon_exterior_682x601.jpg&#038;fit=crop&#038;w=864&#038;h=760&#038;s=bb14d3955f1670cb44ad3557429d00ce 864w, https:\/\/www.abf.se\/sodertorn\/resized\/?url=https%3A%2F%2Fwww.abf.se%2Fwp-content%2Fuploads%2Fsites%2F49%2F2024%2F10%2FPoseidon_exterior_682x601.jpg&#038;fit=crop&#038;w=1056&#038;h=929&#038;s=d6950f8819a15dc57075e1b13079649c 1056w\" alt=\"ABF S&ouml;dert&ouml;rns huvudexpedition och verksamhetslokaler p&aring; Poseidons torg &auml;r inhysta i en trev&aring;nings kontorsbyggnad i r&ouml;tt tegel och vita f&ouml;nster.\" height=\"509\" width=\"578\" sizes=\"auto, (max-width: 768px) 100vw,\n                (max-width: 1280px) 50vw, 578px\" loading=\"lazy\" fetchpriority=\"low\" \/><\/picture>\n\n        <\/div>\n        \n        <div class=\"w-full md:w-1\/2 md:order-1\">\n        <div class=\"mx-auto md:max-w-[368px]\">\n            <h2 class=\"heading-lg\">Haninge \u2013 Poseidons torg<\/h2>\n            <div class=\"mb-6 mt-4 wysiwyg\">\n                <p>ABFs lokaler ligger p\u00e5 Poseidons torg 4 i Handen, i anslutning till Haninge Centrum och med goda kommunikationer med pendelt\u00e5g och buss. H\u00e4r finns moderna, tillg\u00e4nglighetsanpassade rum f\u00f6r studiecirklar, utbildningar, f\u00f6reningsm\u00f6ten och mindre kulturprogram.<\/p>\n\n            <\/div>\n                                            <a href='https:\/\/www.abf.se\/sodertorn\/boka-vara-lokaler\/vara-lokaler-haninge\/' class=\"default-button\" target=\"\">Lokaler i Haninge<\/a>\n                    <\/div>\n        <\/div>\n    <\/div>\n<\/div><div\n    class=\"acf-text-image-block container my-12 md:my-15\"\n    data-block=\"text-image-block\"\n>\n    <div\n    class=\"flex flex-col items-center md:flex-row gap-8 md:gap-0 justify-between\">\n                        <div class=\"w-full md:w-1\/2 md:order-1\">\n            <picture><img decoding=\"async\" src=\"https:\/\/www.abf.se\/sodertorn\/resized\/?url=https%3A%2F%2Fwww.abf.se%2Fwp-content%2Fuploads%2Fsites%2F49%2F2024%2F10%2FHVG_bild-till-hemsidan_682x601.png&#038;fit=crop&#038;w=578&#038;s=a5f71ddcb05d47dbce33c0c0a164af60\" srcset=\"https:\/\/www.abf.se\/sodertorn\/resized\/?url=https%3A%2F%2Fwww.abf.se%2Fwp-content%2Fuploads%2Fsites%2F49%2F2024%2F10%2FHVG_bild-till-hemsidan_682x601.png&#038;fit=crop&#038;w=144&#038;h=126&#038;s=9980ed503bce6bc5e1b688107af617db 144w, https:\/\/www.abf.se\/sodertorn\/resized\/?url=https%3A%2F%2Fwww.abf.se%2Fwp-content%2Fuploads%2Fsites%2F49%2F2024%2F10%2FHVG_bild-till-hemsidan_682x601.png&#038;fit=crop&#038;w=240&#038;h=211&#038;s=201d1c6bff47c3541c04d2886d5d897d 240w, https:\/\/www.abf.se\/sodertorn\/resized\/?url=https%3A%2F%2Fwww.abf.se%2Fwp-content%2Fuploads%2Fsites%2F49%2F2024%2F10%2FHVG_bild-till-hemsidan_682x601.png&#038;fit=crop&#038;w=288&#038;h=253&#038;s=2545f30ff46b1732c2846bc6a0364a36 288w, https:\/\/www.abf.se\/sodertorn\/resized\/?url=https%3A%2F%2Fwww.abf.se%2Fwp-content%2Fuploads%2Fsites%2F49%2F2024%2F10%2FHVG_bild-till-hemsidan_682x601.png&#038;fit=crop&#038;w=336&#038;h=295&#038;s=1170d99646c2141d55ee90f3936a8eca 336w, https:\/\/www.abf.se\/sodertorn\/resized\/?url=https%3A%2F%2Fwww.abf.se%2Fwp-content%2Fuploads%2Fsites%2F49%2F2024%2F10%2FHVG_bild-till-hemsidan_682x601.png&#038;fit=crop&#038;w=432&#038;h=380&#038;s=f7591afa691b11b2982bee8c2bfff3c2 432w, https:\/\/www.abf.se\/sodertorn\/resized\/?url=https%3A%2F%2Fwww.abf.se%2Fwp-content%2Fuploads%2Fsites%2F49%2F2024%2F10%2FHVG_bild-till-hemsidan_682x601.png&#038;fit=crop&#038;w=480&#038;h=422&#038;s=7c2e8f6d7eb374a083ffb510d9dd53c1 480w, https:\/\/www.abf.se\/sodertorn\/resized\/?url=https%3A%2F%2Fwww.abf.se%2Fwp-content%2Fuploads%2Fsites%2F49%2F2024%2F10%2FHVG_bild-till-hemsidan_682x601.png&#038;fit=crop&#038;w=528&#038;h=464&#038;s=8c81526c03c958b7ef6358623fa9864f 528w, https:\/\/www.abf.se\/sodertorn\/resized\/?url=https%3A%2F%2Fwww.abf.se%2Fwp-content%2Fuploads%2Fsites%2F49%2F2024%2F10%2FHVG_bild-till-hemsidan_682x601.png&#038;fit=crop&#038;w=578&#038;h=509&#038;s=03c44c7887050d7cc7ad55306a70ac69 578w, https:\/\/www.abf.se\/sodertorn\/resized\/?url=https%3A%2F%2Fwww.abf.se%2Fwp-content%2Fuploads%2Fsites%2F49%2F2024%2F10%2FHVG_bild-till-hemsidan_682x601.png&#038;fit=crop&#038;w=672&#038;h=591&#038;s=3a5593bfdf47a4fb7e8b4f30e00a43c6 672w, https:\/\/www.abf.se\/sodertorn\/resized\/?url=https%3A%2F%2Fwww.abf.se%2Fwp-content%2Fuploads%2Fsites%2F49%2F2024%2F10%2FHVG_bild-till-hemsidan_682x601.png&#038;fit=crop&#038;w=864&#038;h=760&#038;s=67deeca74af632e5953f00b16a22617a 864w, https:\/\/www.abf.se\/sodertorn\/resized\/?url=https%3A%2F%2Fwww.abf.se%2Fwp-content%2Fuploads%2Fsites%2F49%2F2024%2F10%2FHVG_bild-till-hemsidan_682x601.png&#038;fit=crop&#038;w=1056&#038;h=929&#038;s=81972c40d30f1aea475c1502412349b1 1056w\" alt=\"Gaveln p&aring; det gulputsade trev&aring;ningshus p&aring; Bollmorav&auml;gen 95, d&auml;r ABF Hantverksg&aring;rden har sin entr&eacute;, en trappa ner.\" height=\"509\" width=\"578\" sizes=\"auto, (max-width: 768px) 100vw,\n                (max-width: 1280px) 50vw, 578px\" loading=\"lazy\" fetchpriority=\"low\" \/><\/picture>\n\n        <\/div>\n        \n        <div class=\"w-full md:w-1\/2 md:order-2\">\n        <div class=\"mx-auto md:max-w-[368px]\">\n            <h2 class=\"heading-lg\">Tyres\u00f6 \u2013 Hantverksg\u00e5rden<\/h2>\n            <div class=\"mb-6 mt-4 wysiwyg\">\n                <p>I Hantverksg\u00e5rden, ett stenkast fr\u00e5n Tyres\u00f6 Centrum, finns lokaler f\u00f6r konst, keramik och hantverk samt v\u00e5r lokalexpedition. Fr\u00e5n och med maj 2026 erbjuder vi tre nya bokningsbara salar f\u00f6r studiecirklar, m\u00f6ten och arrangemang av medlemsorganisationer, samarbetspartners och andra grupper.<\/p>\n\n            <\/div>\n                                            <a href='https:\/\/www.abf.se\/sodertorn\/boka-vara-lokaler\/vara-lokaler-tyreso\/' class=\"default-button\" target=\"\">Lokaler i Tyres\u00f6<\/a>\n                    <\/div>\n        <\/div>\n    <\/div>\n<\/div><div\n    class=\"acf-text-image-block container my-12 md:my-15\"\n    data-block=\"text-image-block\"\n>\n    <div\n    class=\"flex flex-col items-center md:flex-row gap-8 md:gap-0 justify-between\">\n                        <div class=\"w-full md:w-1\/2 md:order-2\">\n            <picture><img decoding=\"async\" src=\"https:\/\/www.abf.se\/sodertorn\/resized\/?url=https%3A%2F%2Fwww.abf.se%2Fwp-content%2Fuploads%2Fsites%2F49%2F2024%2F10%2Fkorridor_studielokaler-KP-scaled.jpg&#038;fit=crop&#038;w=578&#038;s=f8b495255b6d267e77a0b9bb96864dda\" srcset=\"https:\/\/www.abf.se\/sodertorn\/resized\/?url=https%3A%2F%2Fwww.abf.se%2Fwp-content%2Fuploads%2Fsites%2F49%2F2024%2F10%2Fkorridor_studielokaler-KP-scaled.jpg&#038;fit=crop&#038;w=144&#038;h=126&#038;s=b4570f6bcbc1fb682db4d3e75774c667 144w, https:\/\/www.abf.se\/sodertorn\/resized\/?url=https%3A%2F%2Fwww.abf.se%2Fwp-content%2Fuploads%2Fsites%2F49%2F2024%2F10%2Fkorridor_studielokaler-KP-scaled.jpg&#038;fit=crop&#038;w=240&#038;h=211&#038;s=dffc9d2b862529b1e6f68e2c92803dd8 240w, https:\/\/www.abf.se\/sodertorn\/resized\/?url=https%3A%2F%2Fwww.abf.se%2Fwp-content%2Fuploads%2Fsites%2F49%2F2024%2F10%2Fkorridor_studielokaler-KP-scaled.jpg&#038;fit=crop&#038;w=288&#038;h=253&#038;s=a4a20d446e42adacee73ce6e8fdfd660 288w, https:\/\/www.abf.se\/sodertorn\/resized\/?url=https%3A%2F%2Fwww.abf.se%2Fwp-content%2Fuploads%2Fsites%2F49%2F2024%2F10%2Fkorridor_studielokaler-KP-scaled.jpg&#038;fit=crop&#038;w=336&#038;h=295&#038;s=b00024b883f33439efb7137862dc121b 336w, https:\/\/www.abf.se\/sodertorn\/resized\/?url=https%3A%2F%2Fwww.abf.se%2Fwp-content%2Fuploads%2Fsites%2F49%2F2024%2F10%2Fkorridor_studielokaler-KP-scaled.jpg&#038;fit=crop&#038;w=432&#038;h=380&#038;s=e2eebbd0a4bef3a64eadc76f4a3148da 432w, https:\/\/www.abf.se\/sodertorn\/resized\/?url=https%3A%2F%2Fwww.abf.se%2Fwp-content%2Fuploads%2Fsites%2F49%2F2024%2F10%2Fkorridor_studielokaler-KP-scaled.jpg&#038;fit=crop&#038;w=480&#038;h=422&#038;s=f96905e8512e7181d1cd378fc079c0fe 480w, https:\/\/www.abf.se\/sodertorn\/resized\/?url=https%3A%2F%2Fwww.abf.se%2Fwp-content%2Fuploads%2Fsites%2F49%2F2024%2F10%2Fkorridor_studielokaler-KP-scaled.jpg&#038;fit=crop&#038;w=528&#038;h=464&#038;s=51f77efde85d691b1708ed6bc96485eb 528w, https:\/\/www.abf.se\/sodertorn\/resized\/?url=https%3A%2F%2Fwww.abf.se%2Fwp-content%2Fuploads%2Fsites%2F49%2F2024%2F10%2Fkorridor_studielokaler-KP-scaled.jpg&#038;fit=crop&#038;w=578&#038;h=509&#038;s=9df23a47eb64fc2cf9ef2aa780ce0a9f 578w, https:\/\/www.abf.se\/sodertorn\/resized\/?url=https%3A%2F%2Fwww.abf.se%2Fwp-content%2Fuploads%2Fsites%2F49%2F2024%2F10%2Fkorridor_studielokaler-KP-scaled.jpg&#038;fit=crop&#038;w=672&#038;h=591&#038;s=0713788d784f80a928f0ecdb4fe97af1 672w, https:\/\/www.abf.se\/sodertorn\/resized\/?url=https%3A%2F%2Fwww.abf.se%2Fwp-content%2Fuploads%2Fsites%2F49%2F2024%2F10%2Fkorridor_studielokaler-KP-scaled.jpg&#038;fit=crop&#038;w=864&#038;h=760&#038;s=739023a75386b7df25cafeb7530310b2 864w, https:\/\/www.abf.se\/sodertorn\/resized\/?url=https%3A%2F%2Fwww.abf.se%2Fwp-content%2Fuploads%2Fsites%2F49%2F2024%2F10%2Fkorridor_studielokaler-KP-scaled.jpg&#038;fit=crop&#038;w=1056&#038;h=929&#038;s=b1c0e9d0f6dd951dee9d58365b1884ca 1056w\" alt=\"V&auml;lkomnande korridor i ABF S&ouml;dert&ouml;rns studielokaler p&aring; Konstpoolen i Nyn&auml;shamn. Gr&ouml;na v&auml;xter och en b&auml;nk st&aring;r l&auml;ngs v&auml;nstra v&auml;ggen. Rakt fram i slutet av korridoren syns en d&ouml;rr in till ett st&ouml;rre studierum. L&auml;ngs h&ouml;gra v&auml;ggen syns d&ouml;rrar in till tv&aring; andra salar, samt en anslagstavla med affischer &ouml;ver kommande kurser och evenemang, och ett vitt sideboard under tavlan.\" height=\"509\" width=\"578\" sizes=\"auto, (max-width: 768px) 100vw,\n                (max-width: 1280px) 50vw, 578px\" loading=\"lazy\" fetchpriority=\"low\" \/><\/picture>\n\n        <\/div>\n        \n        <div class=\"w-full md:w-1\/2 md:order-1\">\n        <div class=\"mx-auto md:max-w-[368px]\">\n            <h2 class=\"heading-lg\">Nyn\u00e4shamn \u2013 Konstpoolen<\/h2>\n            <div class=\"mb-6 mt-4 wysiwyg\">\n                <p>I Nyn\u00e4shamn bedriver vi verksamhet i trevliga lokaler p\u00e5 Konstpoolen, i klassiska Nostalgimuseet Mopedums tidigare lokaler. H\u00e4r finns rum i olika storlekar f\u00f6r studiecirklar, workshops, utbildningar, m\u00f6ten och f\u00f6rel\u00e4sningar, samt en musikdel med replokaler och studio.<\/p>\n\n            <\/div>\n                                            <a href='https:\/\/www.abf.se\/sodertorn\/boka-vara-lokaler\/vara-lokaler-nynashamn\/' class=\"default-button\" target=\"\">Lokaler i Nyn\u00e4shamn<\/a>\n                    <\/div>\n        <\/div>\n    <\/div>\n<\/div><div\n    class=\"acf-article-text-block article-container my-12\"\n    data-block=\"article-text-block\"\n>\n    <div class=\"wysiwyg\">\n        <h2>Bokningsinformation<\/h2>\n<p data-start=\"279\" data-end=\"562\">V\u00e5ra lokaler bokas i f\u00f6rsta hand av medlemsorganisationer, f\u00f6reningar och grupper med samarbetsavtal. I m\u00e5n av tillg\u00e4nglighet tar vi \u00e4ven emot externa bokningar. Arrangemanget ska f\u00f6lja ABFs v\u00e4rderingar och id\u00e9program, och det ska framg\u00e5 att det sker i samarbete med ABF S\u00f6dert\u00f6rn.<\/p>\n<p data-start=\"564\" data-end=\"722\"><strong>P\u00e5 respektive kommunsida ovan hittar du mer information om lokalerna, utrustning och\u00a0 tillg\u00e4nglighet, samt formul\u00e4r f\u00f6r att g\u00f6ra en bokningsf\u00f6rfr\u00e5gan.<\/strong><\/p>\n<h3 data-start=\"1175\" data-end=\"1308\">Vill du hellre kontakta oss direkt?<\/h3>\n<p data-start=\"1175\" data-end=\"1308\">Skicka ett mejl via <a class=\"decorated-link cursor-pointer\" href=\"mailto:lokalbokning.sodertorn@abf.se\" rel=\"noopener\" data-start=\"1219\" data-end=\"1248\">lokalbokning.sodertorn@abf.se<\/a> eller ring <strong data-start=\"1262\" data-end=\"1279\">08-556 520 30<\/strong>. Ange datum, tid, typ av aktivitet, antal deltagare och vilken lokal\/kommun det g\u00e4ller. Pris l\u00e4mnas p\u00e5 f\u00f6rfr\u00e5gan.<\/p>\n\n    <\/div>\n<\/div>\n","protected":false},"excerpt":{"rendered":"","protected":false},"author":59,"featured_media":0,"parent":0,"menu_order":0,"comment_status":"closed","ping_status":"closed","template":"","meta":{"_acf_changed":false,"footnotes":""},"class_list":["post-399","page","type-page","status-publish","hentry"],"acf":[],"yoast_head":"<!-- This site is optimized with the Yoast SEO plugin v27.0 - https:\/\/yoast.com\/product\/yoast-seo-wordpress\/ -->\n<title>Hyr lokaler f\u00f6r m\u00f6ten, studier &amp; kultur | ABF S\u00f6dert\u00f6rn<\/title>\n<meta name=\"description\" content=\"Moderna och tillg\u00e4ngliga rum f\u00f6r m\u00f6ten, kurser och kultur i Haninge, Tyres\u00f6 &amp; Nyn\u00e4shamn. Boka enkelt hos ABF S\u00f6dert\u00f6rn!\" \/>\n<meta name=\"robots\" content=\"index, follow, max-snippet:-1, max-image-preview:large, max-video-preview:-1\" \/>\n<link rel=\"canonical\" href=\"https:\/\/www.abf.se\/sodertorn\/boka-vara-lokaler\/\" \/>\n<meta property=\"og:locale\" content=\"sv_SE\" \/>\n<meta property=\"og:type\" content=\"article\" \/>\n<meta property=\"og:title\" content=\"Hyr lokaler f\u00f6r m\u00f6ten, studier &amp; kultur | ABF S\u00f6dert\u00f6rn\" \/>\n<meta property=\"og:description\" content=\"Moderna och tillg\u00e4ngliga rum f\u00f6r m\u00f6ten, kurser och kultur i Haninge, Tyres\u00f6 &amp; Nyn\u00e4shamn. Boka enkelt hos ABF S\u00f6dert\u00f6rn!\" \/>\n<meta property=\"og:url\" content=\"https:\/\/www.abf.se\/sodertorn\/boka-vara-lokaler\/\" \/>\n<meta property=\"og:site_name\" content=\"S\u00f6dert\u00f6rn\" \/>\n<meta property=\"article:modified_time\" content=\"2026-04-28T07:29:30+00:00\" \/>\n<meta property=\"og:image\" content=\"https:\/\/www.abf.se\/wp-content\/uploads\/sites\/49\/2024\/04\/Nyckeln-liggande-scaled.jpg\" \/>\n\t<meta property=\"og:image:width\" content=\"2560\" \/>\n\t<meta property=\"og:image:height\" content=\"1440\" \/>\n\t<meta property=\"og:image:type\" content=\"image\/jpeg\" \/>\n<meta name=\"twitter:card\" content=\"summary_large_image\" \/>\n<script type=\"application\/ld+json\" class=\"yoast-schema-graph\">{\"@context\":\"https:\/\/schema.org\",\"@graph\":[{\"@type\":\"WebPage\",\"@id\":\"https:\/\/www.abf.se\/sodertorn\/boka-vara-lokaler\/\",\"url\":\"https:\/\/www.abf.se\/sodertorn\/boka-vara-lokaler\/\",\"name\":\"Hyr lokaler f\u00f6r m\u00f6ten, studier & kultur | ABF S\u00f6dert\u00f6rn\",\"isPartOf\":{\"@id\":\"https:\/\/www.abf.se\/sodertorn\/#website\"},\"datePublished\":\"2024-04-04T14:20:28+00:00\",\"dateModified\":\"2026-04-28T07:29:30+00:00\",\"description\":\"Moderna och tillg\u00e4ngliga rum f\u00f6r m\u00f6ten, kurser och kultur i Haninge, Tyres\u00f6 & Nyn\u00e4shamn. Boka enkelt hos ABF S\u00f6dert\u00f6rn!\",\"breadcrumb\":{\"@id\":\"https:\/\/www.abf.se\/sodertorn\/boka-vara-lokaler\/#breadcrumb\"},\"inLanguage\":\"sv-SE\",\"potentialAction\":[{\"@type\":\"ReadAction\",\"target\":[\"https:\/\/www.abf.se\/sodertorn\/boka-vara-lokaler\/\"]}]},{\"@type\":\"BreadcrumbList\",\"@id\":\"https:\/\/www.abf.se\/sodertorn\/boka-vara-lokaler\/#breadcrumb\",\"itemListElement\":[{\"@type\":\"ListItem\",\"position\":1,\"name\":\"Home\",\"item\":\"https:\/\/www.abf.se\/sodertorn\/\"},{\"@type\":\"ListItem\",\"position\":2,\"name\":\"Boka v\u00e5ra lokaler\"}]},{\"@type\":\"WebSite\",\"@id\":\"https:\/\/www.abf.se\/sodertorn\/#website\",\"url\":\"https:\/\/www.abf.se\/sodertorn\/\",\"name\":\"S\u00f6dert\u00f6rn\",\"description\":\"\",\"potentialAction\":[{\"@type\":\"SearchAction\",\"target\":{\"@type\":\"EntryPoint\",\"urlTemplate\":\"https:\/\/www.abf.se\/sodertorn\/?s={search_term_string}\"},\"query-input\":{\"@type\":\"PropertyValueSpecification\",\"valueRequired\":true,\"valueName\":\"search_term_string\"}}],\"inLanguage\":\"sv-SE\"}]}<\/script>\n<!-- \/ Yoast SEO plugin. -->","yoast_head_json":{"title":"Hyr lokaler f\u00f6r m\u00f6ten, studier & kultur | ABF S\u00f6dert\u00f6rn","description":"Moderna och tillg\u00e4ngliga rum f\u00f6r m\u00f6ten, kurser och kultur i Haninge, Tyres\u00f6 & Nyn\u00e4shamn. Boka enkelt hos ABF S\u00f6dert\u00f6rn!","robots":{"index":"index","follow":"follow","max-snippet":"max-snippet:-1","max-image-preview":"max-image-preview:large","max-video-preview":"max-video-preview:-1"},"canonical":"https:\/\/www.abf.se\/sodertorn\/boka-vara-lokaler\/","og_locale":"sv_SE","og_type":"article","og_title":"Hyr lokaler f\u00f6r m\u00f6ten, studier & kultur | ABF S\u00f6dert\u00f6rn","og_description":"Moderna och tillg\u00e4ngliga rum f\u00f6r m\u00f6ten, kurser och kultur i Haninge, Tyres\u00f6 & Nyn\u00e4shamn. Boka enkelt hos ABF S\u00f6dert\u00f6rn!","og_url":"https:\/\/www.abf.se\/sodertorn\/boka-vara-lokaler\/","og_site_name":"S\u00f6dert\u00f6rn","article_modified_time":"2026-04-28T07:29:30+00:00","og_image":[{"width":2560,"height":1440,"url":"https:\/\/www.abf.se\/wp-content\/uploads\/sites\/49\/2024\/04\/Nyckeln-liggande-scaled.jpg","type":"image\/jpeg"}],"twitter_card":"summary_large_image","schema":{"@context":"https:\/\/schema.org","@graph":[{"@type":"WebPage","@id":"https:\/\/www.abf.se\/sodertorn\/boka-vara-lokaler\/","url":"https:\/\/www.abf.se\/sodertorn\/boka-vara-lokaler\/","name":"Hyr lokaler f\u00f6r m\u00f6ten, studier & kultur | ABF S\u00f6dert\u00f6rn","isPartOf":{"@id":"https:\/\/www.abf.se\/sodertorn\/#website"},"datePublished":"2024-04-04T14:20:28+00:00","dateModified":"2026-04-28T07:29:30+00:00","description":"Moderna och tillg\u00e4ngliga rum f\u00f6r m\u00f6ten, kurser och kultur i Haninge, Tyres\u00f6 & Nyn\u00e4shamn. Boka enkelt hos ABF S\u00f6dert\u00f6rn!","breadcrumb":{"@id":"https:\/\/www.abf.se\/sodertorn\/boka-vara-lokaler\/#breadcrumb"},"inLanguage":"sv-SE","potentialAction":[{"@type":"ReadAction","target":["https:\/\/www.abf.se\/sodertorn\/boka-vara-lokaler\/"]}]},{"@type":"BreadcrumbList","@id":"https:\/\/www.abf.se\/sodertorn\/boka-vara-lokaler\/#breadcrumb","itemListElement":[{"@type":"ListItem","position":1,"name":"Home","item":"https:\/\/www.abf.se\/sodertorn\/"},{"@type":"ListItem","position":2,"name":"Boka v\u00e5ra lokaler"}]},{"@type":"WebSite","@id":"https:\/\/www.abf.se\/sodertorn\/#website","url":"https:\/\/www.abf.se\/sodertorn\/","name":"S\u00f6dert\u00f6rn","description":"","potentialAction":[{"@type":"SearchAction","target":{"@type":"EntryPoint","urlTemplate":"https:\/\/www.abf.se\/sodertorn\/?s={search_term_string}"},"query-input":{"@type":"PropertyValueSpecification","valueRequired":true,"valueName":"search_term_string"}}],"inLanguage":"sv-SE"}]}},"_links":{"self":[{"href":"https:\/\/www.abf.se\/sodertorn\/wp-json\/wp\/v2\/pages\/399","targetHints":{"allow":["GET"]}}],"collection":[{"href":"https:\/\/www.abf.se\/sodertorn\/wp-json\/wp\/v2\/pages"}],"about":[{"href":"https:\/\/www.abf.se\/sodertorn\/wp-json\/wp\/v2\/types\/page"}],"author":[{"embeddable":true,"href":"https:\/\/www.abf.se\/sodertorn\/wp-json\/wp\/v2\/users\/59"}],"replies":[{"embeddable":true,"href":"https:\/\/www.abf.se\/sodertorn\/wp-json\/wp\/v2\/comments?post=399"}],"version-history":[{"count":88,"href":"https:\/\/www.abf.se\/sodertorn\/wp-json\/wp\/v2\/pages\/399\/revisions"}],"predecessor-version":[{"id":3206,"href":"https:\/\/www.abf.se\/sodertorn\/wp-json\/wp\/v2\/pages\/399\/revisions\/3206"}],"wp:attachment":[{"href":"https:\/\/www.abf.se\/sodertorn\/wp-json\/wp\/v2\/media?parent=399"}],"curies":[{"name":"wp","href":"https:\/\/api.w.org\/{rel}","templated":true}]}}