{"id":674,"date":"2024-04-11T17:15:44","date_gmt":"2024-04-11T15:15:44","guid":{"rendered":"https:\/\/www.abf.se\/sodertorn\/?page_id=674"},"modified":"2026-02-26T15:30:51","modified_gmt":"2026-02-26T14:30:51","slug":"skriva-en-arbetsplan","status":"publish","type":"page","link":"https:\/\/www.abf.se\/sodertorn\/for-cirkelledare\/resurser-for-cirkelledare\/skriva-en-arbetsplan\/","title":{"rendered":"Skriva en arbetsplan"},"content":{"rendered":"<div\n    class=\"acf-hero-block container-lg no-padding mb-12 js-geolocation\"\n    data-block=\"hero-block\"\n    data-index=\"0\"\n>\n    <div class=\"h-[548px]  relative rounded-[32px] overflow-hidden flex bg-gray-light\">\n        <div class=\"relative z-10 mt-auto h-auto w-full md:h-full\">\n            <div class=\"flex w-full h-full flex-col flex-wrap justify-end w-full md:w-7\/12 lg:w-1\/2 md:justify-center\">\n                <div class=\"flex flex-col gap-3 md:gap-[18px] md:transparent pt-16 pb-36 md:py-8 px-4 w-full md:max-w-[620px] mx-auto px-8\">\n\n                    <h1 class=\"hero-heading\"><span>Skriva en arbetsplan<\/span><\/h1>\n\n                    \n                                    <\/div>\n            <\/div>\n        <\/div>\n\n        \n\n                    <figure class=\"absolute bottom-0  md:w-1\/2 transform right-0 translate-x-10 md:translate-x-32\">\n                <img decoding=\"async\"\n                    alt=\"\"\n                    aria-hidden=\"true\"\n                    class=\"h-auto w-full\"\n                    role=\"presentation\"\n                    src=\"\/assets\/images\/two_circles_bottom.svg\"\n                >\n            <\/figure>\n            <\/div>\n\n    <\/div>\n\n<div\n    class=\"acf-plain-heading-block container my-16\"\n    data-block=\"plain-heading-block\"\n>\n    <div class=\"max-w-[658px] mx-auto\">\n                            <p class=\"mt-8 body-xl text-black\">\n                Vid starten av varje studiecirkel eller annan folkbildningsverksamhet formulerar du och dina deltagare tillsammans en arbetsplan f\u00f6r era studier under den kommande terminen. D\u00e4r beskriver ni cirkelns m\u00e5l och arbetss\u00e4tt.\n            <\/p>\n            <\/div>\n<\/div>\n<div\n    class=\"acf-article-facts-block article-container  my-8 \"\n    data-block=\"article-facts-block\"\n>\n<div class=\"bg-teal-light border border-teal p-8 rounded-corners-sm\">\n<header>\n        <h2 class=\"heading-md text-teal-dark mb-3\">\n            \n        <\/h2>\n    <\/header>\n    <div class=\"wysiwyg\">\n        <p>Det \u00e4r viktigt att ber\u00e4tta vad ni planerar att l\u00e4ra er och hur ni ska l\u00e4ra er det. Arbetsplanen \u00e4r ett s\u00e4tt f\u00f6r er som grupp att s\u00e4tta upp ett m\u00e5l och hitta ett bra arbetss\u00e4tt som alla \u00e4r \u00f6verens om. Arbetsplanen kan sedan uppdateras under cirkelns g\u00e5ng.<\/p>\n\n    <\/div>\n<\/div>\n\n<\/div>\n<div\n    class=\"acf-article-text-block article-container my-12\"\n    data-block=\"article-text-block\"\n>\n    <div class=\"wysiwyg\">\n        <h2>S\u00e5 h\u00e4r skapar du en arbetsplan<\/h2>\n<h3>Via ABFs e-tj\u00e4nst<\/h3>\n<p>F\u00f6r att skriva en arbetsplan anv\u00e4nder ni mallen som finns i\u00a0den digitala n\u00e4rvarolistan som du som cirkelledare har tillg\u00e5ng till via <a href=\"https:\/\/arretjanst.abf.se\/\" target=\"_blank\" rel=\"noopener\">ABFs e-tj\u00e4nst f\u00f6r n\u00e4rvarorapportering<\/a>.<\/p>\n\n    <\/div>\n<\/div>\n<div\n    class=\"acf-article-cta-link-block article-container my-8\"\n    data-block=\"article-cta-link-block\"\n>\n<div>\n    <a class=\"inline-flex flex-row items-center gap-4 text-link underline text-red-dark\"\n        href=\"https:\/\/www.abf.se\/wp-content\/uploads\/sites\/49\/2024\/04\/lathund_digitala-arbetsplaner-i-arretjanst.abf_.se-1.pdf\"\n                target=\"_blank\"\n            >\n        <span class=\"\">\n        Manual: Digitala arbetsplaner via ABFs e-tj\u00e4nst (PDF)\n        <\/span>\n        <figure aria-hidden=\"true\" class=\"rounded-full bg-red-dark w-8 h-8 p-1 text-white\">\n            <svg width=\"20\" height=\"20\" viewBox=\"0 0 20 20\" fill=\"none\" class=\"SvgIconElement\">\n<path d=\"M4.16659 10L15.8333 10\" stroke=\"currentColor\"\/>\n<path d=\"M9.99992 4.1665L15.8333 9.99984L9.99992 15.8332\" stroke=\"currentColor\"\/>\n<\/svg>\n        <\/figure>\n    <\/a>\n<\/div>\n<\/div>\n<div\n    class=\"acf-article-text-block article-container my-12\"\n    data-block=\"article-text-block\"\n>\n    <div class=\"wysiwyg\">\n        <h3>Via pdf-formul\u00e4r<\/h3>\n<p>Du kan \u00e4ven ladda ner arbetsplanen via pdf-formul\u00e4r, fylla i och mejla in till din kontaktperson p\u00e5 ABF S\u00f6dert\u00f6rn.<\/p>\n\n    <\/div>\n<\/div>\n<div\n    class=\"acf-article-cta-link-block article-container my-8\"\n    data-block=\"article-cta-link-block\"\n>\n<div>\n    <a class=\"inline-flex flex-row items-center gap-4 text-link underline text-red-dark\"\n        href=\"https:\/\/www.abf.se\/wp-content\/uploads\/sites\/49\/2026\/01\/3.-Arbetsplan_allman_2026.pdf\"\n                target=\"_blank\"\n            >\n        <span class=\"\">\n        Arbetsplan \u2013 allm\u00e4n (pdf)\n        <\/span>\n        <figure aria-hidden=\"true\" class=\"rounded-full bg-red-dark w-8 h-8 p-1 text-white\">\n            <svg width=\"20\" height=\"20\" viewBox=\"0 0 20 20\" fill=\"none\" class=\"SvgIconElement\">\n<path d=\"M4.16659 10L15.8333 10\" stroke=\"currentColor\"\/>\n<path d=\"M9.99992 4.1665L15.8333 9.99984L9.99992 15.8332\" stroke=\"currentColor\"\/>\n<\/svg>\n        <\/figure>\n    <\/a>\n<\/div>\n<\/div>\n<div\n    class=\"acf-article-cta-link-block article-container my-8\"\n    data-block=\"article-cta-link-block\"\n>\n<div>\n    <a class=\"inline-flex flex-row items-center gap-4 text-link underline text-red-dark\"\n        href=\"https:\/\/www.abf.se\/wp-content\/uploads\/sites\/49\/2024\/11\/4.-Arbetsplan_musik_2024.pdf\"\n                target=\"_blank\"\n            >\n        <span class=\"\">\n        Arbetsplan \u2013 f\u00f6r musikgrupper (pdf)\n        <\/span>\n        <figure aria-hidden=\"true\" class=\"rounded-full bg-red-dark w-8 h-8 p-1 text-white\">\n            <svg width=\"20\" height=\"20\" viewBox=\"0 0 20 20\" fill=\"none\" class=\"SvgIconElement\">\n<path d=\"M4.16659 10L15.8333 10\" stroke=\"currentColor\"\/>\n<path d=\"M9.99992 4.1665L15.8333 9.99984L9.99992 15.8332\" stroke=\"currentColor\"\/>\n<\/svg>\n        <\/figure>\n    <\/a>\n<\/div>\n<\/div>\n","protected":false},"excerpt":{"rendered":"","protected":false},"author":59,"featured_media":0,"parent":684,"menu_order":0,"comment_status":"closed","ping_status":"closed","template":"","meta":{"_acf_changed":false,"footnotes":""},"class_list":["post-674","page","type-page","status-publish","hentry"],"acf":[],"yoast_head":"<!-- This site is optimized with the Yoast SEO plugin v27.0 - https:\/\/yoast.com\/product\/yoast-seo-wordpress\/ -->\n<title>Skriva en arbetsplan - S\u00f6dert\u00f6rn<\/title>\n<meta name=\"robots\" content=\"index, follow, max-snippet:-1, max-image-preview:large, max-video-preview:-1\" \/>\n<link rel=\"canonical\" href=\"https:\/\/www.abf.se\/sodertorn\/for-cirkelledare\/resurser-for-cirkelledare\/skriva-en-arbetsplan\/\" \/>\n<meta property=\"og:locale\" content=\"sv_SE\" \/>\n<meta property=\"og:type\" content=\"article\" \/>\n<meta property=\"og:title\" content=\"Skriva en arbetsplan - S\u00f6dert\u00f6rn\" \/>\n<meta property=\"og:url\" content=\"https:\/\/www.abf.se\/sodertorn\/for-cirkelledare\/resurser-for-cirkelledare\/skriva-en-arbetsplan\/\" \/>\n<meta property=\"og:site_name\" content=\"S\u00f6dert\u00f6rn\" \/>\n<meta property=\"article:modified_time\" content=\"2026-02-26T14:30:51+00:00\" \/>\n<meta property=\"og:image\" content=\"https:\/\/www.abf.se\/wp-content\/uploads\/sites\/49\/2024\/04\/Nyckeln-liggande-scaled.jpg\" \/>\n\t<meta property=\"og:image:width\" content=\"2560\" \/>\n\t<meta property=\"og:image:height\" content=\"1440\" \/>\n\t<meta property=\"og:image:type\" content=\"image\/jpeg\" \/>\n<meta name=\"twitter:card\" content=\"summary_large_image\" \/>\n<script type=\"application\/ld+json\" class=\"yoast-schema-graph\">{\"@context\":\"https:\/\/schema.org\",\"@graph\":[{\"@type\":\"WebPage\",\"@id\":\"https:\/\/www.abf.se\/sodertorn\/for-cirkelledare\/resurser-for-cirkelledare\/skriva-en-arbetsplan\/\",\"url\":\"https:\/\/www.abf.se\/sodertorn\/for-cirkelledare\/resurser-for-cirkelledare\/skriva-en-arbetsplan\/\",\"name\":\"Skriva en arbetsplan - S\u00f6dert\u00f6rn\",\"isPartOf\":{\"@id\":\"https:\/\/www.abf.se\/sodertorn\/#website\"},\"datePublished\":\"2024-04-11T15:15:44+00:00\",\"dateModified\":\"2026-02-26T14:30:51+00:00\",\"breadcrumb\":{\"@id\":\"https:\/\/www.abf.se\/sodertorn\/for-cirkelledare\/resurser-for-cirkelledare\/skriva-en-arbetsplan\/#breadcrumb\"},\"inLanguage\":\"sv-SE\",\"potentialAction\":[{\"@type\":\"ReadAction\",\"target\":[\"https:\/\/www.abf.se\/sodertorn\/for-cirkelledare\/resurser-for-cirkelledare\/skriva-en-arbetsplan\/\"]}]},{\"@type\":\"BreadcrumbList\",\"@id\":\"https:\/\/www.abf.se\/sodertorn\/for-cirkelledare\/resurser-for-cirkelledare\/skriva-en-arbetsplan\/#breadcrumb\",\"itemListElement\":[{\"@type\":\"ListItem\",\"position\":1,\"name\":\"Home\",\"item\":\"https:\/\/www.abf.se\/sodertorn\/\"},{\"@type\":\"ListItem\",\"position\":2,\"name\":\"F\u00f6r cirkelledare\",\"item\":\"https:\/\/www.abf.se\/sodertorn\/for-cirkelledare\/\"},{\"@type\":\"ListItem\",\"position\":3,\"name\":\"Resurser f\u00f6r cirkelledare\",\"item\":\"https:\/\/www.abf.se\/sodertorn\/for-cirkelledare\/resurser-for-cirkelledare\/\"},{\"@type\":\"ListItem\",\"position\":4,\"name\":\"Skriva en arbetsplan\"}]},{\"@type\":\"WebSite\",\"@id\":\"https:\/\/www.abf.se\/sodertorn\/#website\",\"url\":\"https:\/\/www.abf.se\/sodertorn\/\",\"name\":\"S\u00f6dert\u00f6rn\",\"description\":\"\",\"potentialAction\":[{\"@type\":\"SearchAction\",\"target\":{\"@type\":\"EntryPoint\",\"urlTemplate\":\"https:\/\/www.abf.se\/sodertorn\/?s={search_term_string}\"},\"query-input\":{\"@type\":\"PropertyValueSpecification\",\"valueRequired\":true,\"valueName\":\"search_term_string\"}}],\"inLanguage\":\"sv-SE\"}]}<\/script>\n<!-- \/ Yoast SEO plugin. -->","yoast_head_json":{"title":"Skriva en arbetsplan - S\u00f6dert\u00f6rn","robots":{"index":"index","follow":"follow","max-snippet":"max-snippet:-1","max-image-preview":"max-image-preview:large","max-video-preview":"max-video-preview:-1"},"canonical":"https:\/\/www.abf.se\/sodertorn\/for-cirkelledare\/resurser-for-cirkelledare\/skriva-en-arbetsplan\/","og_locale":"sv_SE","og_type":"article","og_title":"Skriva en arbetsplan - S\u00f6dert\u00f6rn","og_url":"https:\/\/www.abf.se\/sodertorn\/for-cirkelledare\/resurser-for-cirkelledare\/skriva-en-arbetsplan\/","og_site_name":"S\u00f6dert\u00f6rn","article_modified_time":"2026-02-26T14:30:51+00:00","og_image":[{"width":2560,"height":1440,"url":"https:\/\/www.abf.se\/wp-content\/uploads\/sites\/49\/2024\/04\/Nyckeln-liggande-scaled.jpg","type":"image\/jpeg"}],"twitter_card":"summary_large_image","schema":{"@context":"https:\/\/schema.org","@graph":[{"@type":"WebPage","@id":"https:\/\/www.abf.se\/sodertorn\/for-cirkelledare\/resurser-for-cirkelledare\/skriva-en-arbetsplan\/","url":"https:\/\/www.abf.se\/sodertorn\/for-cirkelledare\/resurser-for-cirkelledare\/skriva-en-arbetsplan\/","name":"Skriva en arbetsplan - S\u00f6dert\u00f6rn","isPartOf":{"@id":"https:\/\/www.abf.se\/sodertorn\/#website"},"datePublished":"2024-04-11T15:15:44+00:00","dateModified":"2026-02-26T14:30:51+00:00","breadcrumb":{"@id":"https:\/\/www.abf.se\/sodertorn\/for-cirkelledare\/resurser-for-cirkelledare\/skriva-en-arbetsplan\/#breadcrumb"},"inLanguage":"sv-SE","potentialAction":[{"@type":"ReadAction","target":["https:\/\/www.abf.se\/sodertorn\/for-cirkelledare\/resurser-for-cirkelledare\/skriva-en-arbetsplan\/"]}]},{"@type":"BreadcrumbList","@id":"https:\/\/www.abf.se\/sodertorn\/for-cirkelledare\/resurser-for-cirkelledare\/skriva-en-arbetsplan\/#breadcrumb","itemListElement":[{"@type":"ListItem","position":1,"name":"Home","item":"https:\/\/www.abf.se\/sodertorn\/"},{"@type":"ListItem","position":2,"name":"F\u00f6r cirkelledare","item":"https:\/\/www.abf.se\/sodertorn\/for-cirkelledare\/"},{"@type":"ListItem","position":3,"name":"Resurser f\u00f6r cirkelledare","item":"https:\/\/www.abf.se\/sodertorn\/for-cirkelledare\/resurser-for-cirkelledare\/"},{"@type":"ListItem","position":4,"name":"Skriva en arbetsplan"}]},{"@type":"WebSite","@id":"https:\/\/www.abf.se\/sodertorn\/#website","url":"https:\/\/www.abf.se\/sodertorn\/","name":"S\u00f6dert\u00f6rn","description":"","potentialAction":[{"@type":"SearchAction","target":{"@type":"EntryPoint","urlTemplate":"https:\/\/www.abf.se\/sodertorn\/?s={search_term_string}"},"query-input":{"@type":"PropertyValueSpecification","valueRequired":true,"valueName":"search_term_string"}}],"inLanguage":"sv-SE"}]}},"_links":{"self":[{"href":"https:\/\/www.abf.se\/sodertorn\/wp-json\/wp\/v2\/pages\/674","targetHints":{"allow":["GET"]}}],"collection":[{"href":"https:\/\/www.abf.se\/sodertorn\/wp-json\/wp\/v2\/pages"}],"about":[{"href":"https:\/\/www.abf.se\/sodertorn\/wp-json\/wp\/v2\/types\/page"}],"author":[{"embeddable":true,"href":"https:\/\/www.abf.se\/sodertorn\/wp-json\/wp\/v2\/users\/59"}],"replies":[{"embeddable":true,"href":"https:\/\/www.abf.se\/sodertorn\/wp-json\/wp\/v2\/comments?post=674"}],"version-history":[{"count":22,"href":"https:\/\/www.abf.se\/sodertorn\/wp-json\/wp\/v2\/pages\/674\/revisions"}],"predecessor-version":[{"id":3110,"href":"https:\/\/www.abf.se\/sodertorn\/wp-json\/wp\/v2\/pages\/674\/revisions\/3110"}],"up":[{"embeddable":true,"href":"https:\/\/www.abf.se\/sodertorn\/wp-json\/wp\/v2\/pages\/684"}],"wp:attachment":[{"href":"https:\/\/www.abf.se\/sodertorn\/wp-json\/wp\/v2\/media?parent=674"}],"curies":[{"name":"wp","href":"https:\/\/api.w.org\/{rel}","templated":true}]}}

<div
    class="acf-hero-block container-lg no-padding mb-12 js-geolocation"
    data-block="hero-block"
    data-index="0"
>
    <div class="h-[548px]  relative rounded-[32px] overflow-hidden flex bg-gray-light">
        <div class="relative z-10 mt-auto h-auto w-full md:h-full">
            <div class="flex w-full h-full flex-col flex-wrap justify-end w-full md:w-7/12 lg:w-1/2 md:justify-center">
                <div class="flex flex-col gap-3 md:gap-[18px] md:transparent pt-16 pb-36 md:py-8 px-4 w-full md:max-w-[620px] mx-auto px-8">

                    <h1 class="hero-heading"><span>Skriva en arbetsplan</span></h1>

                    
                                    </div>
            </div>
        </div>

        

                    <figure class="absolute bottom-0  md:w-1/2 transform right-0 translate-x-10 md:translate-x-32">
                <img decoding="async"
                    alt=""
                    aria-hidden="true"
                    class="h-auto w-full"
                    role="presentation"
                    src="/assets/images/two_circles_bottom.svg"
                >
            </figure>
            </div>

    </div>

<div
    class="acf-plain-heading-block container my-16"
    data-block="plain-heading-block"
>
    <div class="max-w-[658px] mx-auto">
                            <p class="mt-8 body-xl text-black">
                Vid starten av varje studiecirkel eller annan folkbildningsverksamhet formulerar du och dina deltagare tillsammans en arbetsplan för era studier under den kommande terminen. Där beskriver ni cirkelns mål och arbetssätt.
            </p>
            </div>
</div>
<div
    class="acf-article-facts-block article-container  my-8 "
    data-block="article-facts-block"
>
<div class="bg-teal-light border border-teal p-8 rounded-corners-sm">
<header>
        <h2 class="heading-md text-teal-dark mb-3">
            
        </h2>
    </header>
    <div class="wysiwyg">
        <p>Det är viktigt att berätta vad ni planerar att lära er och hur ni ska lära er det. Arbetsplanen är ett sätt för er som grupp att sätta upp ett mål och hitta ett bra arbetssätt som alla är överens om. Arbetsplanen kan sedan uppdateras under cirkelns gång.</p>

    </div>
</div>

</div>
<div
    class="acf-article-text-block article-container my-12"
    data-block="article-text-block"
>
    <div class="wysiwyg">
        <h2>Så här skapar du en arbetsplan</h2>
<h3>Via ABFs e-tjänst</h3>
<p>För att skriva en arbetsplan använder ni mallen som finns i den digitala närvarolistan som du som cirkelledare har tillgång till via <a href="https://arretjanst.abf.se/" target="_blank" rel="noopener">ABFs e-tjänst för närvarorapportering</a>.</p>

    </div>
</div>
<div
    class="acf-article-cta-link-block article-container my-8"
    data-block="article-cta-link-block"
>
<div>
    <a class="inline-flex flex-row items-center gap-4 text-link underline text-red-dark"
        href="https://www.abf.se/wp-content/uploads/sites/49/2024/04/lathund_digitala-arbetsplaner-i-arretjanst.abf_.se-1.pdf"
                target="_blank"
            >
        <span class="">
        Manual: Digitala arbetsplaner via ABFs e-tjänst (PDF)
        </span>
        <figure aria-hidden="true" class="rounded-full bg-red-dark w-8 h-8 p-1 text-white">
            <svg width="20" height="20" viewBox="0 0 20 20" fill="none" class="SvgIconElement">
<path d="M4.16659 10L15.8333 10" stroke="currentColor"/>
<path d="M9.99992 4.1665L15.8333 9.99984L9.99992 15.8332" stroke="currentColor"/>
</svg>
        </figure>
    </a>
</div>
</div>
<div
    class="acf-article-text-block article-container my-12"
    data-block="article-text-block"
>
    <div class="wysiwyg">
        <h3>Via pdf-formulär</h3>
<p>Du kan även ladda ner arbetsplanen via pdf-formulär, fylla i och mejla in till din kontaktperson på ABF Södertörn.</p>

    </div>
</div>
<div
    class="acf-article-cta-link-block article-container my-8"
    data-block="article-cta-link-block"
>
<div>
    <a class="inline-flex flex-row items-center gap-4 text-link underline text-red-dark"
        href="https://www.abf.se/wp-content/uploads/sites/49/2026/01/3.-Arbetsplan_allman_2026.pdf"
                target="_blank"
            >
        <span class="">
        Arbetsplan – allmän (pdf)
        </span>
        <figure aria-hidden="true" class="rounded-full bg-red-dark w-8 h-8 p-1 text-white">
            <svg width="20" height="20" viewBox="0 0 20 20" fill="none" class="SvgIconElement">
<path d="M4.16659 10L15.8333 10" stroke="currentColor"/>
<path d="M9.99992 4.1665L15.8333 9.99984L9.99992 15.8332" stroke="currentColor"/>
</svg>
        </figure>
    </a>
</div>
</div>
<div
    class="acf-article-cta-link-block article-container my-8"
    data-block="article-cta-link-block"
>
<div>
    <a class="inline-flex flex-row items-center gap-4 text-link underline text-red-dark"
        href="https://www.abf.se/wp-content/uploads/sites/49/2024/11/4.-Arbetsplan_musik_2024.pdf"
                target="_blank"
            >
        <span class="">
        Arbetsplan – för musikgrupper (pdf)
        </span>
        <figure aria-hidden="true" class="rounded-full bg-red-dark w-8 h-8 p-1 text-white">
            <svg width="20" height="20" viewBox="0 0 20 20" fill="none" class="SvgIconElement">
<path d="M4.16659 10L15.8333 10" stroke="currentColor"/>
<path d="M9.99992 4.1665L15.8333 9.99984L9.99992 15.8332" stroke="currentColor"/>
</svg>
        </figure>
    </a>
</div>
</div>

<!-- This site is optimized with the Yoast SEO plugin v27.0 - https://yoast.com/product/yoast-seo-wordpress/ -->
<title>Skriva en arbetsplan - Södertörn</title>
<meta name="robots" content="index, follow, max-snippet:-1, max-image-preview:large, max-video-preview:-1" />
<link rel="canonical" href="https://www.abf.se/sodertorn/for-cirkelledare/resurser-for-cirkelledare/skriva-en-arbetsplan/" />
<meta property="og:locale" content="sv_SE" />
<meta property="og:type" content="article" />
<meta property="og:title" content="Skriva en arbetsplan - Södertörn" />
<meta property="og:url" content="https://www.abf.se/sodertorn/for-cirkelledare/resurser-for-cirkelledare/skriva-en-arbetsplan/" />
<meta property="og:site_name" content="Södertörn" />
<meta property="article:modified_time" content="2026-02-26T14:30:51+00:00" />
<meta property="og:image" content="https://www.abf.se/wp-content/uploads/sites/49/2024/04/Nyckeln-liggande-scaled.jpg" />
	<meta property="og:image:width" content="2560" />
	<meta property="og:image:height" content="1440" />
	<meta property="og:image:type" content="image/jpeg" />
<meta name="twitter:card" content="summary_large_image" />
<script type="application/ld+json" class="yoast-schema-graph">{"@context":"https://schema.org","@graph":[{"@type":"WebPage","@id":"https://www.abf.se/sodertorn/for-cirkelledare/resurser-for-cirkelledare/skriva-en-arbetsplan/","url":"https://www.abf.se/sodertorn/for-cirkelledare/resurser-for-cirkelledare/skriva-en-arbetsplan/","name":"Skriva en arbetsplan - Södertörn","isPartOf":{"@id":"https://www.abf.se/sodertorn/#website"},"datePublished":"2024-04-11T15:15:44+00:00","dateModified":"2026-02-26T14:30:51+00:00","breadcrumb":{"@id":"https://www.abf.se/sodertorn/for-cirkelledare/resurser-for-cirkelledare/skriva-en-arbetsplan/#breadcrumb"},"inLanguage":"sv-SE","potentialAction":[{"@type":"ReadAction","target":["https://www.abf.se/sodertorn/for-cirkelledare/resurser-for-cirkelledare/skriva-en-arbetsplan/"]}]},{"@type":"BreadcrumbList","@id":"https://www.abf.se/sodertorn/for-cirkelledare/resurser-for-cirkelledare/skriva-en-arbetsplan/#breadcrumb","itemListElement":[{"@type":"ListItem","position":1,"name":"Home","item":"https://www.abf.se/sodertorn/"},{"@type":"ListItem","position":2,"name":"För cirkelledare","item":"https://www.abf.se/sodertorn/for-cirkelledare/"},{"@type":"ListItem","position":3,"name":"Resurser för cirkelledare","item":"https://www.abf.se/sodertorn/for-cirkelledare/resurser-for-cirkelledare/"},{"@type":"ListItem","position":4,"name":"Skriva en arbetsplan"}]},{"@type":"WebSite","@id":"https://www.abf.se/sodertorn/#website","url":"https://www.abf.se/sodertorn/","name":"Södertörn","description":"","potentialAction":[{"@type":"SearchAction","target":{"@type":"EntryPoint","urlTemplate":"https://www.abf.se/sodertorn/?s={search_term_string}"},"query-input":{"@type":"PropertyValueSpecification","valueRequired":true,"valueName":"search_term_string"}}],"inLanguage":"sv-SE"}]}</script>
<!-- / Yoast SEO plugin. -->

Skriva en arbetsplan - Södertörn

Södertörn

För cirkelledare

Resurser för cirkelledare
