{"id":193,"date":"2024-04-22T13:46:20","date_gmt":"2024-04-22T11:46:20","guid":{"rendered":"https:\/\/www.abf.se\/sodra-smaland\/?page_id=193"},"modified":"2025-12-01T03:29:25","modified_gmt":"2025-12-01T02:29:25","slug":"foreningar","status":"publish","type":"page","link":"https:\/\/www.abf.se\/sodra-smaland-kalmar\/foreningar\/","title":{"rendered":"F\u00f6reningsverksamhet"},"content":{"rendered":"<div\n    class=\"acf-hero-block container-lg no-padding mb-12 js-geolocation\"\n    data-block=\"hero-block\"\n    data-index=\"0\"\n>\n    <div class=\"h-[548px]  relative rounded-[32px] overflow-hidden flex bg-gray-light\">\n        <div class=\"relative z-10 mt-auto h-auto w-full md:h-full\">\n            <div class=\"flex w-full h-full flex-col flex-wrap justify-end w-full md:w-7\/12 lg:w-1\/2 md:justify-center\">\n                <div class=\"flex flex-col gap-3 md:gap-[18px] md:transparent pt-16 pb-36 md:py-8 px-4 w-full md:max-w-[620px] mx-auto px-8\">\n\n                    <h1 class=\"hero-heading hero-heading--red-text\"><span>F\u00f6reningsverksamhet<\/span><\/h1>\n\n                                            <p class=\"mt-4 max-w-[48ch] text-white\">\n                            F\u00f6reningsverksamheten \u00e4r mycket viktig f\u00f6r ABF. V\u00e5r svenska demokrati har i stor utstr\u00e4ckning formats av ett aktivt och starkt f\u00f6reningsliv.\n                        <\/p>\n                    \n                                    <\/div>\n            <\/div>\n        <\/div>\n\n                    <picture class=\"as-background-image mix-blend-multiply bg-black\/40\"><img decoding=\"async\" src=\"https:\/\/www.abf.se\/sodra-smaland-kalmar\/resized\/?url=https%3A%2F%2Fwww.abf.se%2Fwp-content%2Fuploads%2F2023%2F11%2FKreativitet-liggande_IMGP.jpg&#038;fit=crop&#038;w=1440&#038;s=8305f3a8f83aae27d765e51fd1213eef\" srcset=\"https:\/\/www.abf.se\/sodra-smaland-kalmar\/resized\/?url=https%3A%2F%2Fwww.abf.se%2Fwp-content%2Fuploads%2F2023%2F11%2FKreativitet-liggande_IMGP.jpg&#038;fit=crop&#038;w=375&#038;h=540&#038;s=bc1501d0d85851e7fcba9334ca3d5f2d 375w, https:\/\/www.abf.se\/sodra-smaland-kalmar\/resized\/?url=https%3A%2F%2Fwww.abf.se%2Fwp-content%2Fuploads%2F2023%2F11%2FKreativitet-liggande_IMGP.jpg&#038;fit=crop&#038;w=447&#038;h=540&#038;s=06433099a5d74dcdb37dec30a7061d81 447w, https:\/\/www.abf.se\/sodra-smaland-kalmar\/resized\/?url=https%3A%2F%2Fwww.abf.se%2Fwp-content%2Fuploads%2F2023%2F11%2FKreativitet-liggande_IMGP.jpg&#038;fit=crop&#038;w=519&#038;h=540&#038;s=e26ec6568431106617ec42f51972498e 519w, https:\/\/www.abf.se\/sodra-smaland-kalmar\/resized\/?url=https%3A%2F%2Fwww.abf.se%2Fwp-content%2Fuploads%2F2023%2F11%2FKreativitet-liggande_IMGP.jpg&#038;fit=crop&#038;w=591&#038;h=540&#038;s=67905d8e6887da85e9ecc38a39ad0cc5 591w, https:\/\/www.abf.se\/sodra-smaland-kalmar\/resized\/?url=https%3A%2F%2Fwww.abf.se%2Fwp-content%2Fuploads%2F2023%2F11%2FKreativitet-liggande_IMGP.jpg&#038;fit=crop&#038;w=663&#038;h=540&#038;s=ccf4a6e8c27a1cb0d7667fe132d2d886 663w, https:\/\/www.abf.se\/sodra-smaland-kalmar\/resized\/?url=https%3A%2F%2Fwww.abf.se%2Fwp-content%2Fuploads%2F2023%2F11%2FKreativitet-liggande_IMGP.jpg&#038;fit=crop&#038;w=750&#038;h=540&#038;s=d44428e9eaccea48c7d0a07b8fc04bda 750w, https:\/\/www.abf.se\/sodra-smaland-kalmar\/resized\/?url=https%3A%2F%2Fwww.abf.se%2Fwp-content%2Fuploads%2F2023%2F11%2FKreativitet-liggande_IMGP.jpg&#038;fit=crop&#038;w=894&#038;h=540&#038;s=8f55165d7b671e1113a748678855bd46 894w, https:\/\/www.abf.se\/sodra-smaland-kalmar\/resized\/?url=https%3A%2F%2Fwww.abf.se%2Fwp-content%2Fuploads%2F2023%2F11%2FKreativitet-liggande_IMGP.jpg&#038;fit=crop&#038;w=1038&#038;h=540&#038;s=224bf539788db9cb6fd277eaf6925046 1038w, https:\/\/www.abf.se\/sodra-smaland-kalmar\/resized\/?url=https%3A%2F%2Fwww.abf.se%2Fwp-content%2Fuploads%2F2023%2F11%2FKreativitet-liggande_IMGP.jpg&#038;fit=crop&#038;w=1182&#038;h=540&#038;s=575555a97d5b455a9721a1eac8019c39 1182w, https:\/\/www.abf.se\/sodra-smaland-kalmar\/resized\/?url=https%3A%2F%2Fwww.abf.se%2Fwp-content%2Fuploads%2F2023%2F11%2FKreativitet-liggande_IMGP.jpg&#038;fit=crop&#038;w=1326&#038;h=540&#038;s=c49185cc4b36c97832832e3c08f7a165 1326w, https:\/\/www.abf.se\/sodra-smaland-kalmar\/resized\/?url=https%3A%2F%2Fwww.abf.se%2Fwp-content%2Fuploads%2F2023%2F11%2FKreativitet-liggande_IMGP.jpg&#038;fit=crop&#038;w=1440&#038;h=540&#038;s=f4c0d4a6d6790019a60b4d0dda0dea6f 1440w\" alt=\"\" height=\"540\" width=\"1440\" sizes=\"(max-width: 1440px) calc(100vw - 32px), 1440px\" loading=\"eager\" fetchpriority=\"high\" aria-hidden=\"true\" role=\"presentation\" \/><\/picture>\n        \n\n            <\/div>\n\n    <\/div>\n\n<div\n    class=\"acf-article-text-block article-container my-12\"\n    data-block=\"article-text-block\"\n>\n    <div class=\"wysiwyg\">\n        <h2><strong>Det h\u00e4r kan ABF g\u00f6ra f\u00f6r er<\/strong><\/h2>\n<h3>Pedagogisk resurs<\/h3>\n<ul>\n<li>hj\u00e4lper till med studieverksamhetens uppl\u00e4gg hos f\u00f6reningarna<\/li>\n<li>tar fram studiematerial<\/li>\n<li>erbjuder cirkelledarutbildning<\/li>\n<li>teknisk support f\u00f6r att st\u00f6dja och utbilda<\/li>\n<li>st\u00e4rka kunskap i \u00e4mnen<\/li>\n<\/ul>\n<h3>Administrativ resurs<\/h3>\n<ul>\n<li>arbetsgivaransvar<\/li>\n<li>hj\u00e4lpa till med marknadsf\u00f6ring<\/li>\n<li>skapa affischer<\/li>\n<li>skicka kallelser<\/li>\n<li>best\u00e4llning av material<\/li>\n<li>boka lokaler och f\u00f6rel\u00e4sare<\/li>\n<\/ul>\n<h3>Praktisk resurs<\/h3>\n<ul>\n<li>fria lokaler till f\u00f6reningarna<\/li>\n<li>bemanning vid olika event och arrangemang<\/li>\n<li>personlig kontakt<\/li>\n<li>ans\u00f6kningar till fonder, projekt<\/li>\n<li>kopiering<\/li>\n<li>utl\u00e5ning av teknik, t\u00e4lt och dyl<\/li>\n<\/ul>\n\n    <\/div>\n<\/div>\n<div class=\"my-8 container-lg acf-link-block\" data-block=\"link-block\" class=\"acf-link-block\" data-block=\"link-block\">\n    <div class=\"w-full bg-red  round-corners-lg px-4 md:px-8 py-11 md:py-16\">\n        <h2 class=\"heading-lg mb-7 text-center text-white\">\n            L\u00e4r k\u00e4nna ABF S\u00f6dra Sm\u00e5land-Kalmar\n        <\/h2>\n            <ul class=\"grid grid-cols-1 gap-x-4 gap-y-3 md:grid-cols-2\">\n                                                        <li>\n                        <a\n    class=\"large-button-link\"\n    href=\"https:\/\/www.abf.se\/wp-content\/uploads\/sites\/50\/2024\/04\/Valkommen-till-ABFSSM_vers3_hogupplost.pdf\"\n    target=\"_blank\"\n>\n    <span class=\"flex-1\">Introduktion till ABF S\u00f6dra Sm\u00e5land<\/span>\n\n    <figure\n        aria-hidden=\"true\"\n        class=\"w-5\"\n    >\n                    <svg width=\"20\" height=\"20\" viewBox=\"0 0 20 20\" fill=\"none\" class=\"SvgIconElement\">\n<path d=\"M4.16659 10L15.8333 10\" stroke=\"currentColor\"\/>\n<path d=\"M9.99992 4.1665L15.8333 9.99984L9.99992 15.8332\" stroke=\"currentColor\"\/>\n<\/svg>\n            <\/figure>\n<\/a>\n                    <\/li>\n                                                        <li>\n                        <a\n    class=\"large-button-link\"\n    href=\"https:\/\/www.abf.se\/wp-content\/uploads\/sites\/50\/2025\/06\/ABF-Kulturkatalog-2025.pdf\"\n    target=\"_blank\"\n>\n    <span class=\"flex-1\">Kulturkatalogen 2025<\/span>\n\n    <figure\n        aria-hidden=\"true\"\n        class=\"w-5\"\n    >\n                    <svg width=\"20\" height=\"20\" viewBox=\"0 0 20 20\" fill=\"none\" class=\"SvgIconElement\">\n<path d=\"M4.16659 10L15.8333 10\" stroke=\"currentColor\"\/>\n<path d=\"M9.99992 4.1665L15.8333 9.99984L9.99992 15.8332\" stroke=\"currentColor\"\/>\n<\/svg>\n            <\/figure>\n<\/a>\n                    <\/li>\n                                                        <li>\n                        <a\n    class=\"large-button-link\"\n    href=\"https:\/\/www.abf.se\/wp-content\/uploads\/sites\/50\/2024\/12\/Forenings-och-funktionsutbildningar-2025-Komprimerad.pdf\"\n    target=\"_blank\"\n>\n    <span class=\"flex-1\">F\u00f6rening och funktionsutbildningar 2025<\/span>\n\n    <figure\n        aria-hidden=\"true\"\n        class=\"w-5\"\n    >\n                    <svg width=\"20\" height=\"20\" viewBox=\"0 0 20 20\" fill=\"none\" class=\"SvgIconElement\">\n<path d=\"M4.16659 10L15.8333 10\" stroke=\"currentColor\"\/>\n<path d=\"M9.99992 4.1665L15.8333 9.99984L9.99992 15.8332\" stroke=\"currentColor\"\/>\n<\/svg>\n            <\/figure>\n<\/a>\n                    <\/li>\n                                                        <li>\n                        <a\n    class=\"large-button-link\"\n    href=\"https:\/\/www.abf.se\/sodra-smaland\/material-och-blanketter\/\"\n    target=\"\"\n>\n    <span class=\"flex-1\">Ta del av material och mallar<\/span>\n\n    <figure\n        aria-hidden=\"true\"\n        class=\"w-5\"\n    >\n                    <svg width=\"20\" height=\"20\" viewBox=\"0 0 20 20\" fill=\"none\" class=\"SvgIconElement\">\n<path d=\"M4.16659 10L15.8333 10\" stroke=\"currentColor\"\/>\n<path d=\"M9.99992 4.1665L15.8333 9.99984L9.99992 15.8332\" stroke=\"currentColor\"\/>\n<\/svg>\n            <\/figure>\n<\/a>\n                    <\/li>\n                            <\/ul>\n        <\/ul>\n    <\/div>\n<\/div><div\n    class=\"acf-section-breaker-text my-8 container-lg\"\n    data-block=\"section-breaker-text\"\n>\n    <div class=\"round-corners-lg overflow-hidden pt-36 pb-8 px-5 md:p-16 relative grid grid-cols-1 md:grid-cols-2 lg:grid-cols-5 grid-flow-col-dense\">\n\n            <picture class=\"as-background-image\"><img decoding=\"async\" src=\"https:\/\/www.abf.se\/sodra-smaland-kalmar\/resized\/?url=https%3A%2F%2Fwww.abf.se%2Fwp-content%2Fuploads%2F2023%2F11%2FFrom-fly-2-finance-liggande_IMGP.jpg&#038;fit=crop&#038;w=1440&#038;s=8e7cd14a66765d0287e562185d0894d9\" srcset=\"https:\/\/www.abf.se\/sodra-smaland-kalmar\/resized\/?url=https%3A%2F%2Fwww.abf.se%2Fwp-content%2Fuploads%2F2023%2F11%2FFrom-fly-2-finance-liggande_IMGP.jpg&#038;fit=crop&#038;w=375&#038;h=540&#038;s=21f2a03c907cfbf938275e6cf4b488d8 375w, https:\/\/www.abf.se\/sodra-smaland-kalmar\/resized\/?url=https%3A%2F%2Fwww.abf.se%2Fwp-content%2Fuploads%2F2023%2F11%2FFrom-fly-2-finance-liggande_IMGP.jpg&#038;fit=crop&#038;w=499&#038;h=540&#038;s=c9e017ac438f375b4986eb7507656155 499w, https:\/\/www.abf.se\/sodra-smaland-kalmar\/resized\/?url=https%3A%2F%2Fwww.abf.se%2Fwp-content%2Fuploads%2F2023%2F11%2FFrom-fly-2-finance-liggande_IMGP.jpg&#038;fit=crop&#038;w=623&#038;h=540&#038;s=7d666749c7c9c5851762e0549fd3c068 623w, https:\/\/www.abf.se\/sodra-smaland-kalmar\/resized\/?url=https%3A%2F%2Fwww.abf.se%2Fwp-content%2Fuploads%2F2023%2F11%2FFrom-fly-2-finance-liggande_IMGP.jpg&#038;fit=crop&#038;w=747&#038;h=540&#038;s=cb8ccdbeee45e1e3dd0d84e9a1a54614 747w, https:\/\/www.abf.se\/sodra-smaland-kalmar\/resized\/?url=https%3A%2F%2Fwww.abf.se%2Fwp-content%2Fuploads%2F2023%2F11%2FFrom-fly-2-finance-liggande_IMGP.jpg&#038;fit=crop&#038;w=750&#038;h=540&#038;s=9824682eea32e37954177fda007d36bb 750w, https:\/\/www.abf.se\/sodra-smaland-kalmar\/resized\/?url=https%3A%2F%2Fwww.abf.se%2Fwp-content%2Fuploads%2F2023%2F11%2FFrom-fly-2-finance-liggande_IMGP.jpg&#038;fit=crop&#038;w=871&#038;h=540&#038;s=e5d6409f650406b92a0a5207d444b402 871w, https:\/\/www.abf.se\/sodra-smaland-kalmar\/resized\/?url=https%3A%2F%2Fwww.abf.se%2Fwp-content%2Fuploads%2F2023%2F11%2FFrom-fly-2-finance-liggande_IMGP.jpg&#038;fit=crop&#038;w=995&#038;h=540&#038;s=a19b33df82a59c1a75173718b183a016 995w, https:\/\/www.abf.se\/sodra-smaland-kalmar\/resized\/?url=https%3A%2F%2Fwww.abf.se%2Fwp-content%2Fuploads%2F2023%2F11%2FFrom-fly-2-finance-liggande_IMGP.jpg&#038;fit=crop&#038;w=998&#038;h=540&#038;s=92882ad36d7e5eb5e37a035db8aa1a8b 998w, https:\/\/www.abf.se\/sodra-smaland-kalmar\/resized\/?url=https%3A%2F%2Fwww.abf.se%2Fwp-content%2Fuploads%2F2023%2F11%2FFrom-fly-2-finance-liggande_IMGP.jpg&#038;fit=crop&#038;w=1119&#038;h=540&#038;s=827c58c87a5bafbf87ed1da0cd6c46a3 1119w, https:\/\/www.abf.se\/sodra-smaland-kalmar\/resized\/?url=https%3A%2F%2Fwww.abf.se%2Fwp-content%2Fuploads%2F2023%2F11%2FFrom-fly-2-finance-liggande_IMGP.jpg&#038;fit=crop&#038;w=1243&#038;h=540&#038;s=2b46b7b70eeb3009961f307e09b85385 1243w, https:\/\/www.abf.se\/sodra-smaland-kalmar\/resized\/?url=https%3A%2F%2Fwww.abf.se%2Fwp-content%2Fuploads%2F2023%2F11%2FFrom-fly-2-finance-liggande_IMGP.jpg&#038;fit=crop&#038;w=1246&#038;h=540&#038;s=237a2aa8b72dc136d14b672f062e5c59 1246w, https:\/\/www.abf.se\/sodra-smaland-kalmar\/resized\/?url=https%3A%2F%2Fwww.abf.se%2Fwp-content%2Fuploads%2F2023%2F11%2FFrom-fly-2-finance-liggande_IMGP.jpg&#038;fit=crop&#038;w=1367&#038;h=540&#038;s=a6e6b349392a1fabf14ed5c3dfebd5a0 1367w, https:\/\/www.abf.se\/sodra-smaland-kalmar\/resized\/?url=https%3A%2F%2Fwww.abf.se%2Fwp-content%2Fuploads%2F2023%2F11%2FFrom-fly-2-finance-liggande_IMGP.jpg&#038;fit=crop&#038;w=1440&#038;h=540&#038;s=b4b85dd1fef7da7a79cb877248046df7 1440w, https:\/\/www.abf.se\/sodra-smaland-kalmar\/resized\/?url=https%3A%2F%2Fwww.abf.se%2Fwp-content%2Fuploads%2F2023%2F11%2FFrom-fly-2-finance-liggande_IMGP.jpg&#038;fit=crop&#038;w=1494&#038;h=540&#038;s=c4e61ceb6dd4d2cfd8d9b29620a897ac 1494w, https:\/\/www.abf.se\/sodra-smaland-kalmar\/resized\/?url=https%3A%2F%2Fwww.abf.se%2Fwp-content%2Fuploads%2F2023%2F11%2FFrom-fly-2-finance-liggande_IMGP.jpg&#038;fit=crop&#038;w=1742&#038;h=540&#038;s=aee7011c8ba9d12437e5c1cf45ca975c 1742w, https:\/\/www.abf.se\/sodra-smaland-kalmar\/resized\/?url=https%3A%2F%2Fwww.abf.se%2Fwp-content%2Fuploads%2F2023%2F11%2FFrom-fly-2-finance-liggande_IMGP.jpg&#038;fit=crop&#038;w=1990&#038;h=540&#038;s=26707373f64ee494dd986ae670ac42b5 1990w, https:\/\/www.abf.se\/sodra-smaland-kalmar\/resized\/?url=https%3A%2F%2Fwww.abf.se%2Fwp-content%2Fuploads%2F2023%2F11%2FFrom-fly-2-finance-liggande_IMGP.jpg&#038;fit=crop&#038;w=2238&#038;h=540&#038;s=08ff145f6374f72652550c5cf06d4094 2238w, https:\/\/www.abf.se\/sodra-smaland-kalmar\/resized\/?url=https%3A%2F%2Fwww.abf.se%2Fwp-content%2Fuploads%2F2023%2F11%2FFrom-fly-2-finance-liggande_IMGP.jpg&#038;fit=crop&#038;w=2486&#038;h=540&#038;s=48fb11c2ff114fa83e9234169394f48e 2486w, https:\/\/www.abf.se\/sodra-smaland-kalmar\/resized\/?url=https%3A%2F%2Fwww.abf.se%2Fwp-content%2Fuploads%2F2023%2F11%2FFrom-fly-2-finance-liggande_IMGP.jpg&#038;fit=crop&#038;w=2734&#038;h=540&#038;s=63e01fc64c529dab76deb15f307e0503 2734w\" alt=\"\" height=\"540\" width=\"1440\" sizes=\"auto, \n            (max-width: 1440px) calc(100vw - 32px), 1440px\" loading=\"lazy\" fetchpriority=\"low\" aria-hidden=\"true\" role=\"presentation\" \/><\/picture>\n                <div class=\"bg-white round-corners-sm px-10 py-11 col-span-1  relative z-10 col-start-4 col-end-[-1]\">\n            <h2 class=\"heading-lg mb-4\">T\u00e4nk p\u00e5 det h\u00e4r&#8230;<\/h2>\n            <div style=\"font-size: 1.25rem; color: black;\" class=\"body-xl wysiwyg\"><p>V\u00e5ra olika verksamhetsformer<\/p>\n<\/div>\n                    \n        <\/div>\n    <\/div>\n<\/div>\n<div\n    class=\"acf-article-facts-block article-container  my-8 \"\n    data-block=\"article-facts-block\"\n>\n<div class=\"bg-teal-light border border-teal p-8 rounded-corners-sm\">\n<header>\n        <h2 class=\"heading-md text-teal-dark mb-3\">\n            Studiecirkel\n        <\/h2>\n    <\/header>\n    <div class=\"wysiwyg\">\n        <p>Minst 3 deltagare<\/p>\n<p>Minst tre sammankomster<\/p>\n<p>Minst 9 studietimmar<\/p>\n<p>Max 4 studietimmar per sammankomst<\/p>\n<p>Ex. studiecirklar<\/p>\n\n    <\/div>\n<\/div>\n\n<\/div>\n<div\n    class=\"acf-article-facts-block article-container  my-8 \"\n    data-block=\"article-facts-block\"\n>\n<div class=\"bg-teal-light border border-teal p-8 rounded-corners-sm\">\n<header>\n        <h2 class=\"heading-md text-teal-dark mb-3\">\n            Annan folkbildningsverksamhet\n        <\/h2>\n    <\/header>\n    <div class=\"wysiwyg\">\n        <p>Minst tre deltagare men kan vara fler \u00e4n 20<\/p>\n<p>Minst en sammankomst<\/p>\n<p>Minst en studietimma<\/p>\n<p>Kan vara l\u00e4ngre \u00e4n fyra studietimmar per sammankomst<\/p>\n<p>Ex. workshop, utbildningar<\/p>\n<p>&nbsp;<\/p>\n\n    <\/div>\n<\/div>\n\n<\/div>\n<div\n    class=\"acf-article-facts-block article-container  my-8 \"\n    data-block=\"article-facts-block\"\n>\n<div class=\"bg-teal-light border border-teal p-8 rounded-corners-sm\">\n<header>\n        <h2 class=\"heading-md text-teal-dark mb-3\">\n            Kulturprogram\n        <\/h2>\n    <\/header>\n    <div class=\"wysiwyg\">\n        <p>Minst fem deltagare<\/p>\n<p>Minst 30 minuter<\/p>\n<p>Minst en sammankomst<\/p>\n<p>Ex, musikunderh\u00e5llning, f\u00f6rel\u00e4sning<\/p>\n<p>&nbsp;<\/p>\n\n    <\/div>\n<\/div>\n\n<\/div>\n","protected":false},"excerpt":{"rendered":"","protected":false},"author":53,"featured_media":0,"parent":0,"menu_order":0,"comment_status":"closed","ping_status":"closed","template":"","meta":{"_acf_changed":false,"footnotes":""},"class_list":["post-193","page","type-page","status-publish","hentry"],"acf":[],"yoast_head":"<!-- This site is optimized with the Yoast SEO plugin v27.0 - https:\/\/yoast.com\/product\/yoast-seo-wordpress\/ -->\n<title>F\u00f6reningsverksamhet - S\u00f6dra Sm\u00e5land Kalmar<\/title>\n<meta name=\"robots\" content=\"index, follow, max-snippet:-1, max-image-preview:large, max-video-preview:-1\" \/>\n<link rel=\"canonical\" href=\"https:\/\/www.abf.se\/sodra-smaland-kalmar\/foreningar\/\" \/>\n<meta property=\"og:locale\" content=\"sv_SE\" \/>\n<meta property=\"og:type\" content=\"article\" \/>\n<meta property=\"og:title\" content=\"F\u00f6reningsverksamhet - S\u00f6dra Sm\u00e5land Kalmar\" \/>\n<meta property=\"og:url\" content=\"https:\/\/www.abf.se\/sodra-smaland-kalmar\/foreningar\/\" \/>\n<meta property=\"og:site_name\" content=\"S\u00f6dra Sm\u00e5land Kalmar\" \/>\n<meta property=\"article:modified_time\" content=\"2025-12-01T02:29:25+00:00\" \/>\n<meta name=\"twitter:card\" content=\"summary_large_image\" \/>\n<script type=\"application\/ld+json\" class=\"yoast-schema-graph\">{\"@context\":\"https:\/\/schema.org\",\"@graph\":[{\"@type\":\"WebPage\",\"@id\":\"https:\/\/www.abf.se\/sodra-smaland-kalmar\/foreningar\/\",\"url\":\"https:\/\/www.abf.se\/sodra-smaland-kalmar\/foreningar\/\",\"name\":\"F\u00f6reningsverksamhet - S\u00f6dra Sm\u00e5land Kalmar\",\"isPartOf\":{\"@id\":\"https:\/\/www.abf.se\/sodra-smaland-kalmar\/#website\"},\"datePublished\":\"2024-04-22T11:46:20+00:00\",\"dateModified\":\"2025-12-01T02:29:25+00:00\",\"breadcrumb\":{\"@id\":\"https:\/\/www.abf.se\/sodra-smaland-kalmar\/foreningar\/#breadcrumb\"},\"inLanguage\":\"sv-SE\",\"potentialAction\":[{\"@type\":\"ReadAction\",\"target\":[\"https:\/\/www.abf.se\/sodra-smaland-kalmar\/foreningar\/\"]}]},{\"@type\":\"BreadcrumbList\",\"@id\":\"https:\/\/www.abf.se\/sodra-smaland-kalmar\/foreningar\/#breadcrumb\",\"itemListElement\":[{\"@type\":\"ListItem\",\"position\":1,\"name\":\"Home\",\"item\":\"https:\/\/www.abf.se\/sodra-smaland-kalmar\/\"},{\"@type\":\"ListItem\",\"position\":2,\"name\":\"F\u00f6reningsverksamhet\"}]},{\"@type\":\"WebSite\",\"@id\":\"https:\/\/www.abf.se\/sodra-smaland-kalmar\/#website\",\"url\":\"https:\/\/www.abf.se\/sodra-smaland-kalmar\/\",\"name\":\"S\u00f6dra Sm\u00e5land Kalmar\",\"description\":\"\",\"potentialAction\":[{\"@type\":\"SearchAction\",\"target\":{\"@type\":\"EntryPoint\",\"urlTemplate\":\"https:\/\/www.abf.se\/sodra-smaland-kalmar\/?s={search_term_string}\"},\"query-input\":{\"@type\":\"PropertyValueSpecification\",\"valueRequired\":true,\"valueName\":\"search_term_string\"}}],\"inLanguage\":\"sv-SE\"}]}<\/script>\n<!-- \/ Yoast SEO plugin. -->","yoast_head_json":{"title":"F\u00f6reningsverksamhet - S\u00f6dra Sm\u00e5land Kalmar","robots":{"index":"index","follow":"follow","max-snippet":"max-snippet:-1","max-image-preview":"max-image-preview:large","max-video-preview":"max-video-preview:-1"},"canonical":"https:\/\/www.abf.se\/sodra-smaland-kalmar\/foreningar\/","og_locale":"sv_SE","og_type":"article","og_title":"F\u00f6reningsverksamhet - S\u00f6dra Sm\u00e5land Kalmar","og_url":"https:\/\/www.abf.se\/sodra-smaland-kalmar\/foreningar\/","og_site_name":"S\u00f6dra Sm\u00e5land Kalmar","article_modified_time":"2025-12-01T02:29:25+00:00","twitter_card":"summary_large_image","schema":{"@context":"https:\/\/schema.org","@graph":[{"@type":"WebPage","@id":"https:\/\/www.abf.se\/sodra-smaland-kalmar\/foreningar\/","url":"https:\/\/www.abf.se\/sodra-smaland-kalmar\/foreningar\/","name":"F\u00f6reningsverksamhet - S\u00f6dra Sm\u00e5land Kalmar","isPartOf":{"@id":"https:\/\/www.abf.se\/sodra-smaland-kalmar\/#website"},"datePublished":"2024-04-22T11:46:20+00:00","dateModified":"2025-12-01T02:29:25+00:00","breadcrumb":{"@id":"https:\/\/www.abf.se\/sodra-smaland-kalmar\/foreningar\/#breadcrumb"},"inLanguage":"sv-SE","potentialAction":[{"@type":"ReadAction","target":["https:\/\/www.abf.se\/sodra-smaland-kalmar\/foreningar\/"]}]},{"@type":"BreadcrumbList","@id":"https:\/\/www.abf.se\/sodra-smaland-kalmar\/foreningar\/#breadcrumb","itemListElement":[{"@type":"ListItem","position":1,"name":"Home","item":"https:\/\/www.abf.se\/sodra-smaland-kalmar\/"},{"@type":"ListItem","position":2,"name":"F\u00f6reningsverksamhet"}]},{"@type":"WebSite","@id":"https:\/\/www.abf.se\/sodra-smaland-kalmar\/#website","url":"https:\/\/www.abf.se\/sodra-smaland-kalmar\/","name":"S\u00f6dra Sm\u00e5land Kalmar","description":"","potentialAction":[{"@type":"SearchAction","target":{"@type":"EntryPoint","urlTemplate":"https:\/\/www.abf.se\/sodra-smaland-kalmar\/?s={search_term_string}"},"query-input":{"@type":"PropertyValueSpecification","valueRequired":true,"valueName":"search_term_string"}}],"inLanguage":"sv-SE"}]}},"_links":{"self":[{"href":"https:\/\/www.abf.se\/sodra-smaland-kalmar\/wp-json\/wp\/v2\/pages\/193","targetHints":{"allow":["GET"]}}],"collection":[{"href":"https:\/\/www.abf.se\/sodra-smaland-kalmar\/wp-json\/wp\/v2\/pages"}],"about":[{"href":"https:\/\/www.abf.se\/sodra-smaland-kalmar\/wp-json\/wp\/v2\/types\/page"}],"author":[{"embeddable":true,"href":"https:\/\/www.abf.se\/sodra-smaland-kalmar\/wp-json\/wp\/v2\/users\/53"}],"replies":[{"embeddable":true,"href":"https:\/\/www.abf.se\/sodra-smaland-kalmar\/wp-json\/wp\/v2\/comments?post=193"}],"version-history":[{"count":16,"href":"https:\/\/www.abf.se\/sodra-smaland-kalmar\/wp-json\/wp\/v2\/pages\/193\/revisions"}],"predecessor-version":[{"id":475,"href":"https:\/\/www.abf.se\/sodra-smaland-kalmar\/wp-json\/wp\/v2\/pages\/193\/revisions\/475"}],"wp:attachment":[{"href":"https:\/\/www.abf.se\/sodra-smaland-kalmar\/wp-json\/wp\/v2\/media?parent=193"}],"curies":[{"name":"wp","href":"https:\/\/api.w.org\/{rel}","templated":true}]}}