{"id":1193,"date":"2026-01-27T11:49:09","date_gmt":"2026-01-27T10:49:09","guid":{"rendered":"https:\/\/www.abf.se\/sormland\/?page_id=1193"},"modified":"2026-02-05T09:36:43","modified_gmt":"2026-02-05T08:36:43","slug":"aktuella-projekt","status":"publish","type":"page","link":"https:\/\/www.abf.se\/sormland\/aktuella-projekt\/","title":{"rendered":"Aktuella projekt"},"content":{"rendered":"<div\n    class=\"acf-plain-heading-block container my-16\"\n    data-block=\"plain-heading-block\"\n>\n    <div class=\"max-w-[658px] mx-auto\">\n                <h1 class=\"hero-heading\"><span>Aktuella projekt &#8211; 2025\/2026<\/span><\/h1>\n                    <\/div>\n<\/div>\n<div\n    class=\"acf-section-breaker-text my-8 container-lg\"\n    data-block=\"section-breaker-text\"\n>\n    <div class=\"round-corners-lg overflow-hidden pt-36 pb-8 px-5 md:p-16 relative grid grid-cols-1 md:grid-cols-2 lg:grid-cols-5 grid-flow-col-dense\">\n\n            <picture class=\"as-background-image\"><img decoding=\"async\" src=\"https:\/\/www.abf.se\/sormland\/resized\/?url=https%3A%2F%2Fwww.abf.se%2Fwp-content%2Fuploads%2Fsites%2F52%2F2026%2F01%2FiStock-Studiecirkel-scaled.jpg&#038;fit=crop&#038;w=1440&#038;s=d15318571d9240276101db41e91c48e6\" srcset=\"https:\/\/www.abf.se\/sormland\/resized\/?url=https%3A%2F%2Fwww.abf.se%2Fwp-content%2Fuploads%2Fsites%2F52%2F2026%2F01%2FiStock-Studiecirkel-scaled.jpg&#038;fit=crop&#038;w=375&#038;h=540&#038;s=6cbccbde0b44ecf08350af0cb88a0b5b 375w, https:\/\/www.abf.se\/sormland\/resized\/?url=https%3A%2F%2Fwww.abf.se%2Fwp-content%2Fuploads%2Fsites%2F52%2F2026%2F01%2FiStock-Studiecirkel-scaled.jpg&#038;fit=crop&#038;w=499&#038;h=540&#038;s=3eb6a5a027a8b4f98fff5f38e7fa563c 499w, https:\/\/www.abf.se\/sormland\/resized\/?url=https%3A%2F%2Fwww.abf.se%2Fwp-content%2Fuploads%2Fsites%2F52%2F2026%2F01%2FiStock-Studiecirkel-scaled.jpg&#038;fit=crop&#038;w=623&#038;h=540&#038;s=c84cc0f421c820d4fc73f8d928142c97 623w, https:\/\/www.abf.se\/sormland\/resized\/?url=https%3A%2F%2Fwww.abf.se%2Fwp-content%2Fuploads%2Fsites%2F52%2F2026%2F01%2FiStock-Studiecirkel-scaled.jpg&#038;fit=crop&#038;w=747&#038;h=540&#038;s=e0d44208687ee600499b3932a5094985 747w, https:\/\/www.abf.se\/sormland\/resized\/?url=https%3A%2F%2Fwww.abf.se%2Fwp-content%2Fuploads%2Fsites%2F52%2F2026%2F01%2FiStock-Studiecirkel-scaled.jpg&#038;fit=crop&#038;w=750&#038;h=540&#038;s=d7da995cdd4cefc2ab4696834ed205e1 750w, https:\/\/www.abf.se\/sormland\/resized\/?url=https%3A%2F%2Fwww.abf.se%2Fwp-content%2Fuploads%2Fsites%2F52%2F2026%2F01%2FiStock-Studiecirkel-scaled.jpg&#038;fit=crop&#038;w=871&#038;h=540&#038;s=77b0a769f7538fe4232f0b73c7b3506b 871w, https:\/\/www.abf.se\/sormland\/resized\/?url=https%3A%2F%2Fwww.abf.se%2Fwp-content%2Fuploads%2Fsites%2F52%2F2026%2F01%2FiStock-Studiecirkel-scaled.jpg&#038;fit=crop&#038;w=995&#038;h=540&#038;s=67f1d4fab08934d91ea5c6799ee527f8 995w, https:\/\/www.abf.se\/sormland\/resized\/?url=https%3A%2F%2Fwww.abf.se%2Fwp-content%2Fuploads%2Fsites%2F52%2F2026%2F01%2FiStock-Studiecirkel-scaled.jpg&#038;fit=crop&#038;w=998&#038;h=540&#038;s=e644f4de27f2677f96efbb239f96f299 998w, https:\/\/www.abf.se\/sormland\/resized\/?url=https%3A%2F%2Fwww.abf.se%2Fwp-content%2Fuploads%2Fsites%2F52%2F2026%2F01%2FiStock-Studiecirkel-scaled.jpg&#038;fit=crop&#038;w=1119&#038;h=540&#038;s=ead964e2dc54bd9eae0f2761072d2499 1119w, https:\/\/www.abf.se\/sormland\/resized\/?url=https%3A%2F%2Fwww.abf.se%2Fwp-content%2Fuploads%2Fsites%2F52%2F2026%2F01%2FiStock-Studiecirkel-scaled.jpg&#038;fit=crop&#038;w=1243&#038;h=540&#038;s=77b4e76dd9a9d339000aecf9856f98d1 1243w, https:\/\/www.abf.se\/sormland\/resized\/?url=https%3A%2F%2Fwww.abf.se%2Fwp-content%2Fuploads%2Fsites%2F52%2F2026%2F01%2FiStock-Studiecirkel-scaled.jpg&#038;fit=crop&#038;w=1246&#038;h=540&#038;s=786980ea37586bb4841baa41c3f113b4 1246w, https:\/\/www.abf.se\/sormland\/resized\/?url=https%3A%2F%2Fwww.abf.se%2Fwp-content%2Fuploads%2Fsites%2F52%2F2026%2F01%2FiStock-Studiecirkel-scaled.jpg&#038;fit=crop&#038;w=1367&#038;h=540&#038;s=3cc4333d359e5043a135c20a59bbec8a 1367w, https:\/\/www.abf.se\/sormland\/resized\/?url=https%3A%2F%2Fwww.abf.se%2Fwp-content%2Fuploads%2Fsites%2F52%2F2026%2F01%2FiStock-Studiecirkel-scaled.jpg&#038;fit=crop&#038;w=1440&#038;h=540&#038;s=f9e62bc13212bcf5dd7aa332e7fa2029 1440w, https:\/\/www.abf.se\/sormland\/resized\/?url=https%3A%2F%2Fwww.abf.se%2Fwp-content%2Fuploads%2Fsites%2F52%2F2026%2F01%2FiStock-Studiecirkel-scaled.jpg&#038;fit=crop&#038;w=1494&#038;h=540&#038;s=3b6c3b292348d03c7df5a77cdcd410c8 1494w, https:\/\/www.abf.se\/sormland\/resized\/?url=https%3A%2F%2Fwww.abf.se%2Fwp-content%2Fuploads%2Fsites%2F52%2F2026%2F01%2FiStock-Studiecirkel-scaled.jpg&#038;fit=crop&#038;w=1742&#038;h=540&#038;s=49d7d80a0f16a2abe8019594dc9645f3 1742w, https:\/\/www.abf.se\/sormland\/resized\/?url=https%3A%2F%2Fwww.abf.se%2Fwp-content%2Fuploads%2Fsites%2F52%2F2026%2F01%2FiStock-Studiecirkel-scaled.jpg&#038;fit=crop&#038;w=1990&#038;h=540&#038;s=f3232fd70ee8f0d23f1acd04ff704f0b 1990w, https:\/\/www.abf.se\/sormland\/resized\/?url=https%3A%2F%2Fwww.abf.se%2Fwp-content%2Fuploads%2Fsites%2F52%2F2026%2F01%2FiStock-Studiecirkel-scaled.jpg&#038;fit=crop&#038;w=2238&#038;h=540&#038;s=7632ab9438f109a4d820b969057ee8f2 2238w, https:\/\/www.abf.se\/sormland\/resized\/?url=https%3A%2F%2Fwww.abf.se%2Fwp-content%2Fuploads%2Fsites%2F52%2F2026%2F01%2FiStock-Studiecirkel-scaled.jpg&#038;fit=crop&#038;w=2486&#038;h=540&#038;s=021961f1ccd93fc2c92538b77ccaba90 2486w, https:\/\/www.abf.se\/sormland\/resized\/?url=https%3A%2F%2Fwww.abf.se%2Fwp-content%2Fuploads%2Fsites%2F52%2F2026%2F01%2FiStock-Studiecirkel-scaled.jpg&#038;fit=crop&#038;w=2734&#038;h=540&#038;s=9cd62f24c3f167e0747192517dc5e32a 2734w\" alt=\"\" height=\"540\" width=\"1440\" sizes=\"auto, \n            (max-width: 1440px) calc(100vw - 32px), 1440px\" loading=\"lazy\" fetchpriority=\"low\" aria-hidden=\"true\" role=\"presentation\" \/><\/picture>\n                <div class=\"bg-white round-corners-sm px-10 py-11 col-span-1  relative z-10 col-start-4 col-end-[-1]\">\n            <h2 class=\"heading-lg mb-4\">V\u00e5ra p\u00e5g\u00e5ende projekt<\/h2>\n            <div style=\"font-size: 1.25rem; color: black;\" class=\"body-xl wysiwyg\"><p>H\u00e4r kan du l\u00e4sa om de projekt som \u00e4r aktuella hos oss p\u00e5 ABF S\u00f6rmland just nu.<\/p>\n<\/div>\n                    \n        <\/div>\n    <\/div>\n<\/div>\n<div\n    class=\"acf-article-text-block article-container my-12\"\n    data-block=\"article-text-block\"\n>\n    <div class=\"wysiwyg\">\n        <h2><b><span data-contrast=\"none\">Projekt som ABF drev under h\u00f6sten 2025<\/span><\/b><\/h2>\n<p><b><\/b><span data-ccp-props=\"{&quot;134233117&quot;:false,&quot;134233118&quot;:false,&quot;134245418&quot;:true,&quot;134245529&quot;:true,&quot;335551550&quot;:0,&quot;335551620&quot;:0,&quot;335559738&quot;:299,&quot;335559739&quot;:299}\"><br \/>\n<\/span><span style=\"font-size: 16px\" data-contrast=\"auto\">Under h\u00f6sten 2025 drev ABF flera samh\u00e4llsviktiga projekt runt om i S\u00f6rmland \u2013 med fokus p\u00e5 gemenskap, delaktighet, kultur och livsl\u00e5ngt l\u00e4rande. Tillsammans med statliga myndigheter, kommuner och lokala akt\u00f6rer skapade vi m\u00f6tesplatser som gjorde verklig skillnad i m\u00e4nniskors vardag.<\/span><span style=\"font-size: 16px\" data-ccp-props=\"{&quot;134233117&quot;:false,&quot;134233118&quot;:false,&quot;335551550&quot;:0,&quot;335551620&quot;:0,&quot;335559738&quot;:240,&quot;335559739&quot;:240}\">\u00a0<\/span><\/p>\n<p>&nbsp;<\/p>\n<p><b><span data-contrast=\"none\">Motverka ofrivillig ensamhet bland \u00e4ldre<\/span><\/b><span data-ccp-props=\"{&quot;134233117&quot;:false,&quot;134233118&quot;:false,&quot;134245418&quot;:true,&quot;134245529&quot;:true,&quot;335551550&quot;:0,&quot;335551620&quot;:0,&quot;335559738&quot;:281,&quot;335559739&quot;:281}\"><br \/>\n<\/span><i><span data-contrast=\"auto\">Med st\u00f6d av Socialstyrelsen<\/span><\/i><br \/>\n<span data-contrast=\"auto\">Ett projekt med hj\u00e4rtat i gemenskap. Genom sociala aktiviteter och lokala m\u00f6tesplatser arbetade vi f\u00f6r att bryta ofrivillig ensamhet bland \u00e4ldre och s\u00e4nka tr\u00f6sklarna till samh\u00e4llets gemensamma ytor. Projektet genomf\u00f6rdes i\u00a0<\/span><b><span data-contrast=\"auto\">Eskilstuna, Str\u00e4ngn\u00e4s, Nyk\u00f6ping och Katrineholm<\/span><\/b><span data-contrast=\"auto\">.<\/span><span data-ccp-props=\"{&quot;134233117&quot;:false,&quot;134233118&quot;:false,&quot;335551550&quot;:0,&quot;335551620&quot;:0,&quot;335559738&quot;:240,&quot;335559739&quot;:240}\">\u00a0<\/span><\/p>\n<p>&nbsp;<\/p>\n<p><b><span data-contrast=\"none\">Motverka ofrivillig ensamhet och st\u00e4rka digital kompetens<\/span><\/b><span data-ccp-props=\"{&quot;134233117&quot;:false,&quot;134233118&quot;:false,&quot;134245418&quot;:true,&quot;134245529&quot;:true,&quot;335551550&quot;:0,&quot;335551620&quot;:0,&quot;335559738&quot;:281,&quot;335559739&quot;:281}\"><br \/>\n<\/span><i><span data-contrast=\"auto\">Med st\u00f6d av Folkh\u00e4lsomyndigheten<\/span><\/i><br \/>\n<span data-contrast=\"auto\">Ett omfattande l\u00e4ns\u00f6vergripande projekt som kombinerade social gemenskap med \u00f6kad digital delaktighet. I\u00a0<\/span><b><span data-contrast=\"auto\">fem s\u00f6rml\u00e4ndska kommuner<\/span><\/b><span data-contrast=\"auto\">\u00a0n\u00e5dde projektet cirka\u00a0<\/span><b><span data-contrast=\"auto\">440 deltagare<\/span><\/b><span data-contrast=\"auto\">, som fick b\u00e5de nya sociala kontakter och st\u00e4rkt f\u00f6rm\u00e5ga att navigera i ett alltmer digitalt samh\u00e4lle.<\/span><span data-ccp-props=\"{&quot;134233117&quot;:false,&quot;134233118&quot;:false,&quot;335551550&quot;:0,&quot;335551620&quot;:0,&quot;335559738&quot;:240,&quot;335559739&quot;:240}\">\u00a0<\/span><\/p>\n<p>&nbsp;<\/p>\n<p><b><span data-contrast=\"none\">TIA-projektet i Flen<\/span><\/b><span data-ccp-props=\"{&quot;134233117&quot;:false,&quot;134233118&quot;:false,&quot;134245418&quot;:true,&quot;134245529&quot;:true,&quot;335551550&quot;:0,&quot;335551620&quot;:0,&quot;335559738&quot;:281,&quot;335559739&quot;:281}\"><br \/>\n<\/span><i><span data-contrast=\"auto\">Med st\u00f6d av L\u00e4nsstyrelsen<\/span><\/i><br \/>\n<span data-contrast=\"auto\">Ett integrations- och spr\u00e5kprojekt f\u00f6r asyls\u00f6kande, d\u00e4r spr\u00e5ktr\u00e4ning kombinerades med samh\u00e4llskunskap och m\u00f6ten \u00f6ver kulturella gr\u00e4nser. Projektet skapade tryggare v\u00e4gar in i det svenska samh\u00e4llet och lade grunden f\u00f6r framtida delaktighet.<\/span><span data-ccp-props=\"{&quot;134233117&quot;:false,&quot;134233118&quot;:false,&quot;335551550&quot;:0,&quot;335551620&quot;:0,&quot;335559738&quot;:240,&quot;335559739&quot;:240}\">\u00a0<\/span><\/p>\n<p>&nbsp;<\/p>\n<p><b><span data-contrast=\"none\">L\u00e4sa, t\u00e4nka, samtala<\/span><\/b><span data-ccp-props=\"{&quot;134233117&quot;:false,&quot;134233118&quot;:false,&quot;134245418&quot;:true,&quot;134245529&quot;:true,&quot;335551550&quot;:0,&quot;335551620&quot;:0,&quot;335559738&quot;:281,&quot;335559739&quot;:281}\"><br \/>\n<\/span><i><span data-contrast=\"auto\">I samarbete med Kulturr\u00e5det<\/span><\/i><br \/>\n<span data-contrast=\"auto\">Ett l\u00e4sfr\u00e4mjande projekt med fokus p\u00e5 grupper som s\u00e4llan eller aldrig l\u00e4ser. Genom samtal, reflektion och gemensam l\u00e4sning har projektet v\u00e4ckt nyfikenhet och st\u00e4rkt det demokratiska samtalet i flera kommuner i S\u00f6rmland.\u00a0<\/span><b><span data-contrast=\"auto\">Projektet p\u00e5g\u00e5r fortfarande.<\/span><\/b><span data-ccp-props=\"{&quot;134233117&quot;:false,&quot;134233118&quot;:false,&quot;335551550&quot;:0,&quot;335551620&quot;:0,&quot;335559738&quot;:240,&quot;335559739&quot;:240}\">\u00a0<\/span><\/p>\n<p>&nbsp;<\/p>\n<p><b><span data-contrast=\"none\">TAMAM \u2013 kultur som f\u00f6r\u00e4ndringskraft<\/span><\/b><span data-ccp-props=\"{&quot;134233117&quot;:false,&quot;134233118&quot;:false,&quot;134245418&quot;:true,&quot;134245529&quot;:true,&quot;335551550&quot;:0,&quot;335551620&quot;:0,&quot;335559738&quot;:281,&quot;335559739&quot;:281}\"><br \/>\n<\/span><span data-contrast=\"auto\">Ett projekt f\u00f6r ungdomar p\u00e5 glid i\u00a0<\/span><b><span data-contrast=\"auto\">Nyk\u00f6ping<\/span><\/b><span data-contrast=\"auto\">, d\u00e4r kultur och kreativt uttryck st\u00e5r i centrum. Genom musik, samtal och skapande fick deltagarna nya verktyg f\u00f6r att hitta riktning, sammanhang och framtidstro.<\/span><span data-ccp-props=\"{&quot;134233117&quot;:false,&quot;134233118&quot;:false,&quot;335551550&quot;:0,&quot;335551620&quot;:0,&quot;335559738&quot;:240,&quot;335559739&quot;:240}\"><br \/>\n<a href=\"https:\/\/www.tamamnykoping.se\/\" target=\"_blank\" rel=\"noopener\">L\u00e4s mer om projektet p\u00e5 Tamams egna hemsida h\u00e4r&#8230;<\/a><\/span><\/p>\n<p>&nbsp;<\/p>\n<p><b><span data-contrast=\"none\">Musikkv\u00e4llar i parken<\/span><\/b><span data-ccp-props=\"{&quot;134233117&quot;:false,&quot;134233118&quot;:false,&quot;134245418&quot;:true,&quot;134245529&quot;:true,&quot;335551550&quot;:0,&quot;335551620&quot;:0,&quot;335559738&quot;:281,&quot;335559739&quot;:281}\"><br \/>\n<\/span><i><span data-contrast=\"auto\">Katrineholm \u2013 med st\u00f6d av bland andra S\u00f6rmlands Sparbank och Katrineholms kommun<\/span><\/i><br \/>\n<span data-contrast=\"auto\">En uppskattad och \u00e5terkommande konsertserie som f\u00f6rvandlar stadsparken till en levande m\u00f6tesplats under sommaren. Musik, gemenskap och kultur \u2013 \u00f6ppet och tillg\u00e4ngligt f\u00f6r alla.<\/span><span data-ccp-props=\"{&quot;134233117&quot;:false,&quot;134233118&quot;:false,&quot;335551550&quot;:0,&quot;335551620&quot;:0,&quot;335559738&quot;:240,&quot;335559739&quot;:240}\">\u00a0<\/span><\/p>\n<p>&nbsp;<\/p>\n<p><b><span data-contrast=\"none\">Ung keramik<\/span><\/b><span data-ccp-props=\"{&quot;134233117&quot;:false,&quot;134233118&quot;:false,&quot;134245418&quot;:true,&quot;134245529&quot;:true,&quot;335551550&quot;:0,&quot;335551620&quot;:0,&quot;335559738&quot;:281,&quot;335559739&quot;:281}\"><br \/>\n<\/span><i><span data-contrast=\"auto\">Katrineholm \u2013 med st\u00f6d av S\u00f6rmlands Sparbank<\/span><\/i><br \/>\n<span data-contrast=\"auto\">Keramikkurser f\u00f6r ungdomar d\u00e4r kreativt skapande kombineras med gemenskap, hantverk och sj\u00e4lvk\u00e4nsla. Ett projekt som ger b\u00e5de praktiska f\u00e4rdigheter och nya sociala sammanhang.<\/span><span data-ccp-props=\"{&quot;134233117&quot;:false,&quot;134233118&quot;:false,&quot;335551550&quot;:0,&quot;335551620&quot;:0,&quot;335559738&quot;:240,&quot;335559739&quot;:240}\">\u00a0<\/span><\/p>\n<p>&nbsp;<\/p>\n<p><b><span data-contrast=\"none\">Teater i Folkets Park<\/span><\/b><span data-ccp-props=\"{&quot;134233117&quot;:false,&quot;134233118&quot;:false,&quot;134245418&quot;:true,&quot;134245529&quot;:true,&quot;335551550&quot;:0,&quot;335551620&quot;:0,&quot;335559738&quot;:281,&quot;335559739&quot;:281}\"><br \/>\n<\/span><i><span data-contrast=\"auto\">Ving\u00e5ker \u2013 med st\u00f6d av S\u00f6rmlands Sparbank<\/span><\/i><br \/>\n<span data-contrast=\"auto\">En teaterf\u00f6rest\u00e4llning f\u00f6r b\u00e5de barn och vuxna som samlade generationer kring kulturupplevelser i det offentliga rummet.<\/span><span data-ccp-props=\"{&quot;134233117&quot;:false,&quot;134233118&quot;:false,&quot;335551550&quot;:0,&quot;335551620&quot;:0,&quot;335559738&quot;:240,&quot;335559739&quot;:240}\">\u00a0<\/span><\/p>\n<p><span data-ccp-props=\"{&quot;134233117&quot;:false,&quot;134233118&quot;:false,&quot;335551550&quot;:0,&quot;335551620&quot;:0,&quot;335559738&quot;:0,&quot;335559739&quot;:0}\">\u00a0<\/span><\/p>\n<p><b><span data-contrast=\"none\">Projekt som forts\u00e4tter under 2026<\/span><\/b><span data-ccp-props=\"{&quot;134233117&quot;:false,&quot;134233118&quot;:false,&quot;134245418&quot;:true,&quot;134245529&quot;:true,&quot;335551550&quot;:0,&quot;335551620&quot;:0,&quot;335559738&quot;:299,&quot;335559739&quot;:299}\">\u00a0<\/span><\/p>\n<p><span data-contrast=\"auto\">ABF:s arbete forts\u00e4tter med samma engagemang och framtidstro \u00e4ven under 2026:<\/span><span data-ccp-props=\"{&quot;134233117&quot;:false,&quot;134233118&quot;:false,&quot;335551550&quot;:0,&quot;335551620&quot;:0,&quot;335559738&quot;:240,&quot;335559739&quot;:240}\">\u00a0<\/span><\/p>\n<ul>\n<li data-leveltext=\"\uf0b7\" data-font=\"Symbol\" data-listid=\"1\" data-list-defn-props=\"{&quot;335552541&quot;:1,&quot;335559683&quot;:0,&quot;335559684&quot;:-2,&quot;335559685&quot;:720,&quot;335559991&quot;:360,&quot;469769226&quot;:&quot;Symbol&quot;,&quot;469769242&quot;:[8226],&quot;469777803&quot;:&quot;left&quot;,&quot;469777804&quot;:&quot;\uf0b7&quot;,&quot;469777815&quot;:&quot;hybridMultilevel&quot;}\" data-aria-posinset=\"1\" data-aria-level=\"1\"><b><span data-contrast=\"auto\">L\u00e4sa, t\u00e4nka, samtala<\/span><\/b><span data-contrast=\"auto\">\u00a0\u2013 forts\u00e4tter i flera kommuner i S\u00f6rmland<\/span><span data-ccp-props=\"{&quot;134233117&quot;:false,&quot;134233118&quot;:false,&quot;335551550&quot;:0,&quot;335551620&quot;:0,&quot;335559738&quot;:240,&quot;335559739&quot;:240}\">\u00a0<\/span><\/li>\n<\/ul>\n<ul>\n<li data-leveltext=\"\uf0b7\" data-font=\"Symbol\" data-listid=\"1\" data-list-defn-props=\"{&quot;335552541&quot;:1,&quot;335559683&quot;:0,&quot;335559684&quot;:-2,&quot;335559685&quot;:720,&quot;335559991&quot;:360,&quot;469769226&quot;:&quot;Symbol&quot;,&quot;469769242&quot;:[8226],&quot;469777803&quot;:&quot;left&quot;,&quot;469777804&quot;:&quot;\uf0b7&quot;,&quot;469777815&quot;:&quot;hybridMultilevel&quot;}\" data-aria-posinset=\"2\" data-aria-level=\"1\"><b><span data-contrast=\"auto\">TAMAM<\/span><\/b><span data-contrast=\"auto\">\u00a0\u2013 fortsatt arbete med unga i Nyk\u00f6ping<\/span><span data-ccp-props=\"{&quot;134233117&quot;:false,&quot;134233118&quot;:false,&quot;335551550&quot;:0,&quot;335551620&quot;:0,&quot;335559738&quot;:240,&quot;335559739&quot;:240}\">\u00a0<\/span><\/li>\n<\/ul>\n<ul>\n<li data-leveltext=\"\uf0b7\" data-font=\"Symbol\" data-listid=\"1\" data-list-defn-props=\"{&quot;335552541&quot;:1,&quot;335559683&quot;:0,&quot;335559684&quot;:-2,&quot;335559685&quot;:720,&quot;335559991&quot;:360,&quot;469769226&quot;:&quot;Symbol&quot;,&quot;469769242&quot;:[8226],&quot;469777803&quot;:&quot;left&quot;,&quot;469777804&quot;:&quot;\uf0b7&quot;,&quot;469777815&quot;:&quot;hybridMultilevel&quot;}\" data-aria-posinset=\"3\" data-aria-level=\"1\"><b><span data-contrast=\"auto\">Nytt TIA-projekt i Flen<\/span><\/b><span data-contrast=\"auto\">\u00a0\u2013 integrations- och spr\u00e5kst\u00f6d f\u00f6r asyls\u00f6kande<\/span><span data-ccp-props=\"{&quot;134233117&quot;:false,&quot;134233118&quot;:false,&quot;335551550&quot;:0,&quot;335551620&quot;:0,&quot;335559738&quot;:240,&quot;335559739&quot;:240}\">\u00a0<\/span><\/li>\n<\/ul>\n<ul>\n<li data-leveltext=\"\uf0b7\" data-font=\"Symbol\" data-listid=\"1\" data-list-defn-props=\"{&quot;335552541&quot;:1,&quot;335559683&quot;:0,&quot;335559684&quot;:-2,&quot;335559685&quot;:720,&quot;335559991&quot;:360,&quot;469769226&quot;:&quot;Symbol&quot;,&quot;469769242&quot;:[8226],&quot;469777803&quot;:&quot;left&quot;,&quot;469777804&quot;:&quot;\uf0b7&quot;,&quot;469777815&quot;:&quot;hybridMultilevel&quot;}\" data-aria-posinset=\"4\" data-aria-level=\"1\"><b><span data-contrast=\"auto\">Musikkv\u00e4llar i parken<\/span><\/b><span data-contrast=\"auto\">\u00a0\u2013 sommarunderh\u00e5llning f\u00f6r inv\u00e5nare i Katrineholm och Ving\u00e5ker<\/span><span data-ccp-props=\"{&quot;134233117&quot;:false,&quot;134233118&quot;:false,&quot;335551550&quot;:0,&quot;335551620&quot;:0,&quot;335559738&quot;:240,&quot;335559739&quot;:240}\">\u00a0<\/span><\/li>\n<li data-leveltext=\"\uf0b7\" data-font=\"Symbol\" data-listid=\"1\" data-list-defn-props=\"{&quot;335552541&quot;:1,&quot;335559683&quot;:0,&quot;335559684&quot;:-2,&quot;335559685&quot;:720,&quot;335559991&quot;:360,&quot;469769226&quot;:&quot;Symbol&quot;,&quot;469769242&quot;:[8226],&quot;469777803&quot;:&quot;left&quot;,&quot;469777804&quot;:&quot;\uf0b7&quot;,&quot;469777815&quot;:&quot;hybridMultilevel&quot;}\" data-aria-posinset=\"5\" data-aria-level=\"1\"><b><span data-contrast=\"auto\">Ung keramik<\/span><\/b><span data-contrast=\"auto\">\u00a0\u2013 f\u00f6r ungdomar i Katrineholm, Ving\u00e5ker och Flen, med fokus p\u00e5 kreativt skapande och nya sociala kontakter<\/span><span data-ccp-props=\"{&quot;134233117&quot;:false,&quot;134233118&quot;:false,&quot;335551550&quot;:0,&quot;335551620&quot;:0,&quot;335559738&quot;:240,&quot;335559739&quot;:240}\">\u00a0<\/span><\/li>\n<\/ul>\n<p>Kontakta oss om du vill veta mer om n\u00e5got av projekten.<br \/>\n<a href=\"https:\/\/www.abf.se\/sormland\/kontakt\/\">Klicka h\u00e4r f\u00f6r att komma till v\u00e5r kontaktsida&#8230;<\/a><\/p>\n\n    <\/div>\n<\/div>\n<blockquote\n    class=\"acf-article-quote-block quote-container article-container\"\n    data-block=\"article-quote-block\"\n>\n\n    <div\n        class=\"quote-content\"\n    >\n    \n    <div class=\"quote-text-container\">\n        <div class=\"quote-text-subgrid\">\n        <p class=\"quote-text\">\n            &#8221;Tillsammans bygger vi starkare gemenskaper, \u00f6kar delaktigheten och skapar kultur som ber\u00f6r \u2013 i hela S\u00f6rmland.\u00a0&#8221;\n        <\/p>\n                <\/div>\n    <\/div>\n\n    <\/div>\n\n<\/blockquote>\n\n","protected":false},"excerpt":{"rendered":"","protected":false},"author":112,"featured_media":0,"parent":0,"menu_order":0,"comment_status":"closed","ping_status":"closed","template":"","meta":{"_acf_changed":false,"footnotes":""},"class_list":["post-1193","page","type-page","status-publish","hentry"],"acf":[],"yoast_head":"<!-- This site is optimized with the Yoast SEO plugin v27.0 - https:\/\/yoast.com\/product\/yoast-seo-wordpress\/ -->\n<title>Aktuella projekt - S\u00f6rmland<\/title>\n<meta name=\"robots\" content=\"index, follow, max-snippet:-1, max-image-preview:large, max-video-preview:-1\" \/>\n<link rel=\"canonical\" href=\"https:\/\/www.abf.se\/sormland\/aktuella-projekt\/\" \/>\n<meta property=\"og:locale\" content=\"sv_SE\" \/>\n<meta property=\"og:type\" content=\"article\" \/>\n<meta property=\"og:title\" content=\"Aktuella projekt - S\u00f6rmland\" \/>\n<meta property=\"og:url\" content=\"https:\/\/www.abf.se\/sormland\/aktuella-projekt\/\" \/>\n<meta property=\"og:site_name\" content=\"S\u00f6rmland\" \/>\n<meta property=\"article:modified_time\" content=\"2026-02-05T08:36:43+00:00\" \/>\n<meta property=\"og:image\" content=\"https:\/\/www.abf.se\/wp-content\/uploads\/sites\/52\/2024\/04\/Nyckeln-liggande-scaled.jpg\" \/>\n\t<meta property=\"og:image:width\" content=\"2560\" \/>\n\t<meta property=\"og:image:height\" content=\"1440\" \/>\n\t<meta property=\"og:image:type\" content=\"image\/jpeg\" \/>\n<meta name=\"twitter:card\" content=\"summary_large_image\" \/>\n<script type=\"application\/ld+json\" class=\"yoast-schema-graph\">{\"@context\":\"https:\/\/schema.org\",\"@graph\":[{\"@type\":\"WebPage\",\"@id\":\"https:\/\/www.abf.se\/sormland\/aktuella-projekt\/\",\"url\":\"https:\/\/www.abf.se\/sormland\/aktuella-projekt\/\",\"name\":\"Aktuella projekt - S\u00f6rmland\",\"isPartOf\":{\"@id\":\"https:\/\/www.abf.se\/sormland\/#website\"},\"datePublished\":\"2026-01-27T10:49:09+00:00\",\"dateModified\":\"2026-02-05T08:36:43+00:00\",\"breadcrumb\":{\"@id\":\"https:\/\/www.abf.se\/sormland\/aktuella-projekt\/#breadcrumb\"},\"inLanguage\":\"sv-SE\",\"potentialAction\":[{\"@type\":\"ReadAction\",\"target\":[\"https:\/\/www.abf.se\/sormland\/aktuella-projekt\/\"]}]},{\"@type\":\"BreadcrumbList\",\"@id\":\"https:\/\/www.abf.se\/sormland\/aktuella-projekt\/#breadcrumb\",\"itemListElement\":[{\"@type\":\"ListItem\",\"position\":1,\"name\":\"Home\",\"item\":\"https:\/\/www.abf.se\/sormland\/\"},{\"@type\":\"ListItem\",\"position\":2,\"name\":\"Aktuella projekt\"}]},{\"@type\":\"WebSite\",\"@id\":\"https:\/\/www.abf.se\/sormland\/#website\",\"url\":\"https:\/\/www.abf.se\/sormland\/\",\"name\":\"S\u00f6rmland\",\"description\":\"\",\"potentialAction\":[{\"@type\":\"SearchAction\",\"target\":{\"@type\":\"EntryPoint\",\"urlTemplate\":\"https:\/\/www.abf.se\/sormland\/?s={search_term_string}\"},\"query-input\":{\"@type\":\"PropertyValueSpecification\",\"valueRequired\":true,\"valueName\":\"search_term_string\"}}],\"inLanguage\":\"sv-SE\"}]}<\/script>\n<!-- \/ Yoast SEO plugin. -->","yoast_head_json":{"title":"Aktuella projekt - S\u00f6rmland","robots":{"index":"index","follow":"follow","max-snippet":"max-snippet:-1","max-image-preview":"max-image-preview:large","max-video-preview":"max-video-preview:-1"},"canonical":"https:\/\/www.abf.se\/sormland\/aktuella-projekt\/","og_locale":"sv_SE","og_type":"article","og_title":"Aktuella projekt - S\u00f6rmland","og_url":"https:\/\/www.abf.se\/sormland\/aktuella-projekt\/","og_site_name":"S\u00f6rmland","article_modified_time":"2026-02-05T08:36:43+00:00","og_image":[{"width":2560,"height":1440,"url":"https:\/\/www.abf.se\/wp-content\/uploads\/sites\/52\/2024\/04\/Nyckeln-liggande-scaled.jpg","type":"image\/jpeg"}],"twitter_card":"summary_large_image","schema":{"@context":"https:\/\/schema.org","@graph":[{"@type":"WebPage","@id":"https:\/\/www.abf.se\/sormland\/aktuella-projekt\/","url":"https:\/\/www.abf.se\/sormland\/aktuella-projekt\/","name":"Aktuella projekt - S\u00f6rmland","isPartOf":{"@id":"https:\/\/www.abf.se\/sormland\/#website"},"datePublished":"2026-01-27T10:49:09+00:00","dateModified":"2026-02-05T08:36:43+00:00","breadcrumb":{"@id":"https:\/\/www.abf.se\/sormland\/aktuella-projekt\/#breadcrumb"},"inLanguage":"sv-SE","potentialAction":[{"@type":"ReadAction","target":["https:\/\/www.abf.se\/sormland\/aktuella-projekt\/"]}]},{"@type":"BreadcrumbList","@id":"https:\/\/www.abf.se\/sormland\/aktuella-projekt\/#breadcrumb","itemListElement":[{"@type":"ListItem","position":1,"name":"Home","item":"https:\/\/www.abf.se\/sormland\/"},{"@type":"ListItem","position":2,"name":"Aktuella projekt"}]},{"@type":"WebSite","@id":"https:\/\/www.abf.se\/sormland\/#website","url":"https:\/\/www.abf.se\/sormland\/","name":"S\u00f6rmland","description":"","potentialAction":[{"@type":"SearchAction","target":{"@type":"EntryPoint","urlTemplate":"https:\/\/www.abf.se\/sormland\/?s={search_term_string}"},"query-input":{"@type":"PropertyValueSpecification","valueRequired":true,"valueName":"search_term_string"}}],"inLanguage":"sv-SE"}]}},"_links":{"self":[{"href":"https:\/\/www.abf.se\/sormland\/wp-json\/wp\/v2\/pages\/1193","targetHints":{"allow":["GET"]}}],"collection":[{"href":"https:\/\/www.abf.se\/sormland\/wp-json\/wp\/v2\/pages"}],"about":[{"href":"https:\/\/www.abf.se\/sormland\/wp-json\/wp\/v2\/types\/page"}],"author":[{"embeddable":true,"href":"https:\/\/www.abf.se\/sormland\/wp-json\/wp\/v2\/users\/112"}],"replies":[{"embeddable":true,"href":"https:\/\/www.abf.se\/sormland\/wp-json\/wp\/v2\/comments?post=1193"}],"version-history":[{"count":13,"href":"https:\/\/www.abf.se\/sormland\/wp-json\/wp\/v2\/pages\/1193\/revisions"}],"predecessor-version":[{"id":1218,"href":"https:\/\/www.abf.se\/sormland\/wp-json\/wp\/v2\/pages\/1193\/revisions\/1218"}],"wp:attachment":[{"href":"https:\/\/www.abf.se\/sormland\/wp-json\/wp\/v2\/media?parent=1193"}],"curies":[{"name":"wp","href":"https:\/\/api.w.org\/{rel}","templated":true}]}}