{"id":310,"date":"2024-04-02T12:25:32","date_gmt":"2024-04-02T10:25:32","guid":{"rendered":"https:\/\/www.abf.se\/sormland\/?page_id=310"},"modified":"2024-04-11T08:55:47","modified_gmt":"2024-04-11T06:55:47","slug":"lokaler","status":"publish","type":"page","link":"https:\/\/www.abf.se\/sormland\/lokaler\/","title":{"rendered":"Lokaler"},"content":{"rendered":"<div\n    class=\"acf-hero-block container-lg no-padding mb-12 js-geolocation\"\n    data-block=\"hero-block\"\n    data-index=\"0\"\n>\n    <div class=\"h-[548px]  relative rounded-[32px] overflow-hidden flex bg-gray-light\">\n        <div class=\"relative z-10 mt-auto h-auto w-full md:h-full\">\n            <div class=\"flex w-full h-full flex-col flex-wrap justify-end w-full md:w-7\/12 lg:w-1\/2 md:justify-center\">\n                <div class=\"flex flex-col gap-3 md:gap-[18px] md:transparent pt-16 pb-36 md:py-8 px-4 w-full md:max-w-[620px] mx-auto px-8\">\n\n                    <h1 class=\"hero-heading hero-heading--red-text\"><span>Hyr eller l\u00e5na lokaler hos ABF S\u00f6rmland<\/span><\/h1>\n\n                    \n                                    <\/div>\n            <\/div>\n        <\/div>\n\n                    <picture class=\"as-background-image mix-blend-multiply bg-black\/40\"><img decoding=\"async\" src=\"https:\/\/www.abf.se\/sormland\/resized\/?url=https%3A%2F%2Fwww.abf.se%2Fwp-content%2Fuploads%2Fsites%2F52%2F2024%2F04%2FLokaler-collage.jpg&#038;fit=crop&#038;w=1440&#038;s=0458bee564b74582a75165c7a0d754f5\" srcset=\"https:\/\/www.abf.se\/sormland\/resized\/?url=https%3A%2F%2Fwww.abf.se%2Fwp-content%2Fuploads%2Fsites%2F52%2F2024%2F04%2FLokaler-collage.jpg&#038;fit=crop&#038;w=375&#038;h=540&#038;s=dfffb717ffd51a91ef90221a32420be2 375w, https:\/\/www.abf.se\/sormland\/resized\/?url=https%3A%2F%2Fwww.abf.se%2Fwp-content%2Fuploads%2Fsites%2F52%2F2024%2F04%2FLokaler-collage.jpg&#038;fit=crop&#038;w=447&#038;h=540&#038;s=add0970eb7324c38213112d2f3b90186 447w, https:\/\/www.abf.se\/sormland\/resized\/?url=https%3A%2F%2Fwww.abf.se%2Fwp-content%2Fuploads%2Fsites%2F52%2F2024%2F04%2FLokaler-collage.jpg&#038;fit=crop&#038;w=519&#038;h=540&#038;s=d6f1fea93500d16e24f7487aeddf8ead 519w, https:\/\/www.abf.se\/sormland\/resized\/?url=https%3A%2F%2Fwww.abf.se%2Fwp-content%2Fuploads%2Fsites%2F52%2F2024%2F04%2FLokaler-collage.jpg&#038;fit=crop&#038;w=591&#038;h=540&#038;s=bc84f287bba141a4dc90badfd4d7fb62 591w, https:\/\/www.abf.se\/sormland\/resized\/?url=https%3A%2F%2Fwww.abf.se%2Fwp-content%2Fuploads%2Fsites%2F52%2F2024%2F04%2FLokaler-collage.jpg&#038;fit=crop&#038;w=663&#038;h=540&#038;s=8a6a69cf4ce5aad5c698db34d8cbda14 663w, https:\/\/www.abf.se\/sormland\/resized\/?url=https%3A%2F%2Fwww.abf.se%2Fwp-content%2Fuploads%2Fsites%2F52%2F2024%2F04%2FLokaler-collage.jpg&#038;fit=crop&#038;w=750&#038;h=540&#038;s=407ce374bdf47c0e122cc9364a761c48 750w, https:\/\/www.abf.se\/sormland\/resized\/?url=https%3A%2F%2Fwww.abf.se%2Fwp-content%2Fuploads%2Fsites%2F52%2F2024%2F04%2FLokaler-collage.jpg&#038;fit=crop&#038;w=894&#038;h=540&#038;s=030a1d86521a19944efc0b5a64d599af 894w, https:\/\/www.abf.se\/sormland\/resized\/?url=https%3A%2F%2Fwww.abf.se%2Fwp-content%2Fuploads%2Fsites%2F52%2F2024%2F04%2FLokaler-collage.jpg&#038;fit=crop&#038;w=1038&#038;h=540&#038;s=07198b87b7d7ff49f6134e1cda3e15d4 1038w, https:\/\/www.abf.se\/sormland\/resized\/?url=https%3A%2F%2Fwww.abf.se%2Fwp-content%2Fuploads%2Fsites%2F52%2F2024%2F04%2FLokaler-collage.jpg&#038;fit=crop&#038;w=1182&#038;h=540&#038;s=adf2a32a736af752bda2b5a3ae81f891 1182w, https:\/\/www.abf.se\/sormland\/resized\/?url=https%3A%2F%2Fwww.abf.se%2Fwp-content%2Fuploads%2Fsites%2F52%2F2024%2F04%2FLokaler-collage.jpg&#038;fit=crop&#038;w=1326&#038;h=540&#038;s=37cab2db27c5229f0aa14d516ebb181a 1326w, https:\/\/www.abf.se\/sormland\/resized\/?url=https%3A%2F%2Fwww.abf.se%2Fwp-content%2Fuploads%2Fsites%2F52%2F2024%2F04%2FLokaler-collage.jpg&#038;fit=crop&#038;w=1440&#038;h=540&#038;s=26108c7f11482df5a8ffac52500cd9a0 1440w\" alt=\"\" height=\"540\" width=\"1440\" sizes=\"(max-width: 1440px) calc(100vw - 32px), 1440px\" loading=\"eager\" fetchpriority=\"high\" aria-hidden=\"true\" role=\"presentation\" \/><\/picture>\n        \n\n            <\/div>\n\n    <\/div>\n\n<div\n    class=\"acf-article-text-block article-container my-12\"\n    data-block=\"article-text-block\"\n>\n    <div class=\"wysiwyg\">\n        <h3>Beh\u00f6ver du lokal f\u00f6r konferens, studieverksamhet eller skapande?<\/h3>\n<p>Vi har fem kontor i l\u00e4net med m\u00f6jlighet att erbjuda olika lokaler anpassade f\u00f6r cirklar, utbildningar och f\u00f6rel\u00e4sningar. Vi ser \u00f6ver vilken lokal som passar er b\u00e4st utifr\u00e5n era behov. Givetvis l\u00e5nar ni lokal kostnadsfritt av oss under den tiden ni bedriver er verksamhet.<\/p>\n<p>Givetvis g\u00e5r det ocks\u00e5 att hyra v\u00e5ra lokaler f\u00f6r konferenser, f\u00f6rel\u00e4sningar, m\u00f6ten, workshops med mera. H\u00f6r av dig till oss f\u00f6r aktuell prislista s\u00e5 hj\u00e4lper vi dig att g\u00f6ra ert n\u00e4sta evenemang eller projekt till verklighet.<\/p>\n<p>&nbsp;<\/p>\n<p><strong>Eskilstuna<\/strong> &#8211; Kungsgatan 14<br \/>\nH\u00e4r finns speciellt utrustade lokaler anpassade f\u00f6r matlagning-, musik- och s\u00f6mnadsverksamhet. I Munktellarenan har vi lokaler f\u00f6r dans-, bokbinderi-, keramikverksamhet och konst\/hantverk.<br \/>\n<a href=\"https:\/\/www.abf.se\/sormland\/abf-eskilstuna\/\">Kontakt &#8211; Eskilstuna<\/a><\/p>\n<p><strong>Katrineholm<\/strong> &#8211; Videv\u00e4gen 9<br \/>\nStudierum f\u00f6r olika verksamheter, bland annat m\u00e5lning och digitala cirklar. L\u00e5nedatorer finns p\u00e5 plats.<br \/>\n<a href=\"https:\/\/www.abf.se\/sormland\/abf-katrineholm\/\">Kontakt &#8211; Katrineholm<\/a><\/p>\n<p><strong>Ving\u00e5ker<\/strong> &#8211; Apoteksgatan 6<br \/>\nH\u00e4r har vi en mindre lokal f\u00f6r cirklar men m\u00f6jlighet finns att boka ett st\u00f6rre rum f\u00f6r kurser och f\u00f6rel\u00e4sningar. L\u00e5nedatorer finns p\u00e5 plats.<br \/>\n<a href=\"https:\/\/www.abf.se\/sormland\/abf-katrineholm\/\">Kontakt &#8211; Ving\u00e5ker<\/a><\/p>\n<p><strong>Nyk\u00f6ping<\/strong> &#8211; \u00d6stra Kvarngatan 8<br \/>\nStudierum f\u00f6r olika verksamheter, bland annat m\u00e5lnings-, s\u00f6mnads-, musik\/filmverksamhet och digitala cirklar. L\u00e5nedatorer finns p\u00e5 plats.<br \/>\n<a href=\"https:\/\/www.abf.se\/sormland\/abf-nykoping\/\">Kontakt &#8211; Nyk\u00f6ping<\/a><\/p>\n<p><strong>Str\u00e4ngn\u00e4s<\/strong> &#8211; K\u00e4llgatan 1<br \/>\nLokaler i olika storlekar som g\u00e5r att anpassa efter olika verksamheter. L\u00e5nedatorer finns p\u00e5 plats.<br \/>\n<a href=\"https:\/\/www.abf.se\/sormland\/abf-strangnas\/\">Kontakt &#8211; Str\u00e4ngn\u00e4s<\/a><\/p>\n\n    <\/div>\n<\/div>\n<div\n    class=\"acf-article-image-block mb-12 article-container-lg\"\n    data-block=\"article-image-block\"\n>\n<div class=\"\">\n\n        <figure>\n        \n            <picture class=\"round-corners-lg w-full\"><img decoding=\"async\" src=\"https:\/\/www.abf.se\/sormland\/resized\/?url=https%3A%2F%2Fwww.abf.se%2Fwp-content%2Fuploads%2Fsites%2F52%2F2024%2F04%2FSamlingssalen-Eskilstuna-788-px.jpg&#038;fit=contain&#038;w=788&#038;s=02a49f647fb9af9e2d585e9b55484733\" srcset=\"https:\/\/www.abf.se\/sormland\/resized\/?url=https%3A%2F%2Fwww.abf.se%2Fwp-content%2Fuploads%2Fsites%2F52%2F2024%2F04%2FSamlingssalen-Eskilstuna-788-px.jpg&#038;fit=contain&#038;w=375&#038;h=233&#038;s=05d82df0c9a71098824fd14848ffcf3e 375w, https:\/\/www.abf.se\/sormland\/resized\/?url=https%3A%2F%2Fwww.abf.se%2Fwp-content%2Fuploads%2Fsites%2F52%2F2024%2F04%2FSamlingssalen-Eskilstuna-788-px.jpg&#038;fit=contain&#038;w=447&#038;h=277&#038;s=39fd0290f3f60ef61e0b432fac7789c8 447w, https:\/\/www.abf.se\/sormland\/resized\/?url=https%3A%2F%2Fwww.abf.se%2Fwp-content%2Fuploads%2Fsites%2F52%2F2024%2F04%2FSamlingssalen-Eskilstuna-788-px.jpg&#038;fit=contain&#038;w=519&#038;h=322&#038;s=fbf90bf7e84b15786f8c2aeb6bfb611b 519w, https:\/\/www.abf.se\/sormland\/resized\/?url=https%3A%2F%2Fwww.abf.se%2Fwp-content%2Fuploads%2Fsites%2F52%2F2024%2F04%2FSamlingssalen-Eskilstuna-788-px.jpg&#038;fit=contain&#038;w=591&#038;h=367&#038;s=652dfc350976853575dbd10fc180d076 591w, https:\/\/www.abf.se\/sormland\/resized\/?url=https%3A%2F%2Fwww.abf.se%2Fwp-content%2Fuploads%2Fsites%2F52%2F2024%2F04%2FSamlingssalen-Eskilstuna-788-px.jpg&#038;fit=contain&#038;w=663&#038;h=412&#038;s=04429d319d02f116cf9d8c00696fc85a 663w, https:\/\/www.abf.se\/sormland\/resized\/?url=https%3A%2F%2Fwww.abf.se%2Fwp-content%2Fuploads%2Fsites%2F52%2F2024%2F04%2FSamlingssalen-Eskilstuna-788-px.jpg&#038;fit=contain&#038;w=735&#038;h=457&#038;s=f449ccbd547133447004b8dee124aa25 735w, https:\/\/www.abf.se\/sormland\/resized\/?url=https%3A%2F%2Fwww.abf.se%2Fwp-content%2Fuploads%2Fsites%2F52%2F2024%2F04%2FSamlingssalen-Eskilstuna-788-px.jpg&#038;fit=contain&#038;w=750&#038;h=466&#038;s=02b26ec35ce1cb1fff60e0c3401b6f1e 750w, https:\/\/www.abf.se\/sormland\/resized\/?url=https%3A%2F%2Fwww.abf.se%2Fwp-content%2Fuploads%2Fsites%2F52%2F2024%2F04%2FSamlingssalen-Eskilstuna-788-px.jpg&#038;fit=contain&#038;w=788&#038;s=02a49f647fb9af9e2d585e9b55484733 788w, https:\/\/www.abf.se\/sormland\/resized\/?url=https%3A%2F%2Fwww.abf.se%2Fwp-content%2Fuploads%2Fsites%2F52%2F2024%2F04%2FSamlingssalen-Eskilstuna-788-px.jpg&#038;fit=contain&#038;w=894&#038;h=555&#038;s=d96f61de04cd5bfaa90504b8a36883e5 894w, https:\/\/www.abf.se\/sormland\/resized\/?url=https%3A%2F%2Fwww.abf.se%2Fwp-content%2Fuploads%2Fsites%2F52%2F2024%2F04%2FSamlingssalen-Eskilstuna-788-px.jpg&#038;fit=contain&#038;w=1038&#038;h=645&#038;s=5695898161a93558f97c441fa6497355 1038w, https:\/\/www.abf.se\/sormland\/resized\/?url=https%3A%2F%2Fwww.abf.se%2Fwp-content%2Fuploads%2Fsites%2F52%2F2024%2F04%2FSamlingssalen-Eskilstuna-788-px.jpg&#038;fit=contain&#038;w=1182&#038;h=735&#038;s=c568365bc6db7cabf03e90cf6ac3fdbc 1182w, https:\/\/www.abf.se\/sormland\/resized\/?url=https%3A%2F%2Fwww.abf.se%2Fwp-content%2Fuploads%2Fsites%2F52%2F2024%2F04%2FSamlingssalen-Eskilstuna-788-px.jpg&#038;fit=contain&#038;w=1326&#038;h=824&#038;s=b3e6148512a1410c07d60092d6cd167f 1326w, https:\/\/www.abf.se\/sormland\/resized\/?url=https%3A%2F%2Fwww.abf.se%2Fwp-content%2Fuploads%2Fsites%2F52%2F2024%2F04%2FSamlingssalen-Eskilstuna-788-px.jpg&#038;fit=contain&#038;w=1470&#038;h=914&#038;s=62316992ea2a5d26efd6e0ab2ae54238 1470w\" alt=\"\" height=\"490\" width=\"788\" sizes=\"auto, (max-width: 768px) calc(100vw - 40px), 788px\" loading=\"lazy\" fetchpriority=\"low\" class=\"round-corners-lg w-full\" \/><\/picture>\n                            <figcaption class=\"my-2 body-md text-gray-text\">\n                    V\u00e5r samlingssal i Eskilstuna rymmer upp till 80 personer med biosittning. I lokalen finns liten scen, projektor, scenbelysning och ljudsystem med mikrofoner samt en flygel.\n                <\/figcaption>\n                        <\/figure>\n        <\/div>\n\n<\/div>\n","protected":false},"excerpt":{"rendered":"","protected":false},"author":112,"featured_media":0,"parent":0,"menu_order":0,"comment_status":"closed","ping_status":"closed","template":"","meta":{"_acf_changed":false,"footnotes":""},"class_list":["post-310","page","type-page","status-publish","hentry"],"acf":[],"yoast_head":"<!-- This site is optimized with the Yoast SEO plugin v27.0 - https:\/\/yoast.com\/product\/yoast-seo-wordpress\/ -->\n<title>Lokaler - S\u00f6rmland<\/title>\n<meta name=\"robots\" content=\"index, follow, max-snippet:-1, max-image-preview:large, max-video-preview:-1\" \/>\n<link rel=\"canonical\" href=\"https:\/\/www.abf.se\/sormland\/lokaler\/\" \/>\n<meta property=\"og:locale\" content=\"sv_SE\" \/>\n<meta property=\"og:type\" content=\"article\" \/>\n<meta property=\"og:title\" content=\"Lokaler - S\u00f6rmland\" \/>\n<meta property=\"og:url\" content=\"https:\/\/www.abf.se\/sormland\/lokaler\/\" \/>\n<meta property=\"og:site_name\" content=\"S\u00f6rmland\" \/>\n<meta property=\"article:modified_time\" content=\"2024-04-11T06:55:47+00:00\" \/>\n<meta property=\"og:image\" content=\"https:\/\/www.abf.se\/wp-content\/uploads\/sites\/52\/2024\/04\/Nyckeln-liggande-scaled.jpg\" \/>\n\t<meta property=\"og:image:width\" content=\"2560\" \/>\n\t<meta property=\"og:image:height\" content=\"1440\" \/>\n\t<meta property=\"og:image:type\" content=\"image\/jpeg\" \/>\n<meta name=\"twitter:card\" content=\"summary_large_image\" \/>\n<script type=\"application\/ld+json\" class=\"yoast-schema-graph\">{\"@context\":\"https:\/\/schema.org\",\"@graph\":[{\"@type\":\"WebPage\",\"@id\":\"https:\/\/www.abf.se\/sormland\/lokaler\/\",\"url\":\"https:\/\/www.abf.se\/sormland\/lokaler\/\",\"name\":\"Lokaler - S\u00f6rmland\",\"isPartOf\":{\"@id\":\"https:\/\/www.abf.se\/sormland\/#website\"},\"datePublished\":\"2024-04-02T10:25:32+00:00\",\"dateModified\":\"2024-04-11T06:55:47+00:00\",\"breadcrumb\":{\"@id\":\"https:\/\/www.abf.se\/sormland\/lokaler\/#breadcrumb\"},\"inLanguage\":\"sv-SE\",\"potentialAction\":[{\"@type\":\"ReadAction\",\"target\":[\"https:\/\/www.abf.se\/sormland\/lokaler\/\"]}]},{\"@type\":\"BreadcrumbList\",\"@id\":\"https:\/\/www.abf.se\/sormland\/lokaler\/#breadcrumb\",\"itemListElement\":[{\"@type\":\"ListItem\",\"position\":1,\"name\":\"Home\",\"item\":\"https:\/\/www.abf.se\/sormland\/\"},{\"@type\":\"ListItem\",\"position\":2,\"name\":\"Lokaler\"}]},{\"@type\":\"WebSite\",\"@id\":\"https:\/\/www.abf.se\/sormland\/#website\",\"url\":\"https:\/\/www.abf.se\/sormland\/\",\"name\":\"S\u00f6rmland\",\"description\":\"\",\"potentialAction\":[{\"@type\":\"SearchAction\",\"target\":{\"@type\":\"EntryPoint\",\"urlTemplate\":\"https:\/\/www.abf.se\/sormland\/?s={search_term_string}\"},\"query-input\":{\"@type\":\"PropertyValueSpecification\",\"valueRequired\":true,\"valueName\":\"search_term_string\"}}],\"inLanguage\":\"sv-SE\"}]}<\/script>\n<!-- \/ Yoast SEO plugin. -->","yoast_head_json":{"title":"Lokaler - S\u00f6rmland","robots":{"index":"index","follow":"follow","max-snippet":"max-snippet:-1","max-image-preview":"max-image-preview:large","max-video-preview":"max-video-preview:-1"},"canonical":"https:\/\/www.abf.se\/sormland\/lokaler\/","og_locale":"sv_SE","og_type":"article","og_title":"Lokaler - S\u00f6rmland","og_url":"https:\/\/www.abf.se\/sormland\/lokaler\/","og_site_name":"S\u00f6rmland","article_modified_time":"2024-04-11T06:55:47+00:00","og_image":[{"width":2560,"height":1440,"url":"https:\/\/www.abf.se\/wp-content\/uploads\/sites\/52\/2024\/04\/Nyckeln-liggande-scaled.jpg","type":"image\/jpeg"}],"twitter_card":"summary_large_image","schema":{"@context":"https:\/\/schema.org","@graph":[{"@type":"WebPage","@id":"https:\/\/www.abf.se\/sormland\/lokaler\/","url":"https:\/\/www.abf.se\/sormland\/lokaler\/","name":"Lokaler - S\u00f6rmland","isPartOf":{"@id":"https:\/\/www.abf.se\/sormland\/#website"},"datePublished":"2024-04-02T10:25:32+00:00","dateModified":"2024-04-11T06:55:47+00:00","breadcrumb":{"@id":"https:\/\/www.abf.se\/sormland\/lokaler\/#breadcrumb"},"inLanguage":"sv-SE","potentialAction":[{"@type":"ReadAction","target":["https:\/\/www.abf.se\/sormland\/lokaler\/"]}]},{"@type":"BreadcrumbList","@id":"https:\/\/www.abf.se\/sormland\/lokaler\/#breadcrumb","itemListElement":[{"@type":"ListItem","position":1,"name":"Home","item":"https:\/\/www.abf.se\/sormland\/"},{"@type":"ListItem","position":2,"name":"Lokaler"}]},{"@type":"WebSite","@id":"https:\/\/www.abf.se\/sormland\/#website","url":"https:\/\/www.abf.se\/sormland\/","name":"S\u00f6rmland","description":"","potentialAction":[{"@type":"SearchAction","target":{"@type":"EntryPoint","urlTemplate":"https:\/\/www.abf.se\/sormland\/?s={search_term_string}"},"query-input":{"@type":"PropertyValueSpecification","valueRequired":true,"valueName":"search_term_string"}}],"inLanguage":"sv-SE"}]}},"_links":{"self":[{"href":"https:\/\/www.abf.se\/sormland\/wp-json\/wp\/v2\/pages\/310","targetHints":{"allow":["GET"]}}],"collection":[{"href":"https:\/\/www.abf.se\/sormland\/wp-json\/wp\/v2\/pages"}],"about":[{"href":"https:\/\/www.abf.se\/sormland\/wp-json\/wp\/v2\/types\/page"}],"author":[{"embeddable":true,"href":"https:\/\/www.abf.se\/sormland\/wp-json\/wp\/v2\/users\/112"}],"replies":[{"embeddable":true,"href":"https:\/\/www.abf.se\/sormland\/wp-json\/wp\/v2\/comments?post=310"}],"version-history":[{"count":18,"href":"https:\/\/www.abf.se\/sormland\/wp-json\/wp\/v2\/pages\/310\/revisions"}],"predecessor-version":[{"id":386,"href":"https:\/\/www.abf.se\/sormland\/wp-json\/wp\/v2\/pages\/310\/revisions\/386"}],"wp:attachment":[{"href":"https:\/\/www.abf.se\/sormland\/wp-json\/wp\/v2\/media?parent=310"}],"curies":[{"name":"wp","href":"https:\/\/api.w.org\/{rel}","templated":true}]}}