{"id":636,"date":"2024-10-02T15:20:50","date_gmt":"2024-10-02T13:20:50","guid":{"rendered":"https:\/\/www.abf.se\/sormland\/?page_id=636"},"modified":"2025-01-28T15:27:07","modified_gmt":"2025-01-28T14:27:07","slug":"kulturprogramskatalog","status":"publish","type":"page","link":"https:\/\/www.abf.se\/sormland\/kulturprogramskatalog\/","title":{"rendered":"Kulturprogramskatalog"},"content":{"rendered":"<div\n    class=\"acf-plain-heading-block container my-16\"\n    data-block=\"plain-heading-block\"\n>\n    <div class=\"max-w-[658px] mx-auto\">\n                <h1 class=\"hero-heading\"><span>ABF S\u00f6rmlands Kulturprogramskatalog<\/span><\/h1>\n                            <p class=\"mt-8 body-xl text-black\">\n                Genom \u00e5ren har vi p\u00e5 ABF S\u00f6rmland tr\u00e4ffat m\u00e5nga inom kulturscenen, d\u00e4rf\u00f6r har vi tagit fram en katalog d\u00e4r vi presenterar artister och f\u00f6rel\u00e4sare som kan medverka med kulturprogram p\u00e5 olika arrangemang och sammankomster.\u00a0<br \/>\r\n\n            <\/p>\n            <\/div>\n<\/div>\n<div\n    class=\"acf-article-text-block article-container my-12\"\n    data-block=\"article-text-block\"\n>\n    <div class=\"wysiwyg\">\n        <p>Vi uppdaterar v\u00e5r kulturprogramkatalog kontinuerligt. Vill du eller din grupp synas h\u00e4r? Kontakta\u00a0<a href=\"mailto:info.sormland@abf.se\">info.sormland@abf.se<\/a><\/p>\n<p>Just nu uppdateras katalogen. Ny version dyker upp h\u00e4r inom kort.<\/p>\n\n    <\/div>\n<\/div>\n<div\n    class=\"acf-article-cta-link-block article-container my-8\"\n    data-block=\"article-cta-link-block\"\n>\n<div>\n    <a class=\"inline-flex flex-row items-center gap-4 text-link underline text-red-dark\"\n        href=\"\"\n            >\n        <span class=\"\">\n        \n        <\/span>\n        <figure aria-hidden=\"true\" class=\"rounded-full bg-red-dark w-8 h-8 p-1 text-white\">\n            <svg width=\"20\" height=\"20\" viewBox=\"0 0 20 20\" fill=\"none\" class=\"SvgIconElement\">\n<path d=\"M4.16659 10L15.8333 10\" stroke=\"currentColor\"\/>\n<path d=\"M9.99992 4.1665L15.8333 9.99984L9.99992 15.8332\" stroke=\"currentColor\"\/>\n<\/svg>\n        <\/figure>\n    <\/a>\n<\/div>\n<\/div>\n","protected":false},"excerpt":{"rendered":"","protected":false},"author":112,"featured_media":0,"parent":0,"menu_order":0,"comment_status":"closed","ping_status":"closed","template":"","meta":{"_acf_changed":false,"footnotes":""},"class_list":["post-636","page","type-page","status-publish","hentry"],"acf":[],"yoast_head":"<!-- This site is optimized with the Yoast SEO plugin v27.0 - https:\/\/yoast.com\/product\/yoast-seo-wordpress\/ -->\n<title>Kulturprogramskatalog - S\u00f6rmland<\/title>\n<meta name=\"robots\" content=\"index, follow, max-snippet:-1, max-image-preview:large, max-video-preview:-1\" \/>\n<link rel=\"canonical\" href=\"https:\/\/www.abf.se\/sormland\/kulturprogramskatalog\/\" \/>\n<meta property=\"og:locale\" content=\"sv_SE\" \/>\n<meta property=\"og:type\" content=\"article\" \/>\n<meta property=\"og:title\" content=\"Kulturprogramskatalog - S\u00f6rmland\" \/>\n<meta property=\"og:url\" content=\"https:\/\/www.abf.se\/sormland\/kulturprogramskatalog\/\" \/>\n<meta property=\"og:site_name\" content=\"S\u00f6rmland\" \/>\n<meta property=\"article:modified_time\" content=\"2025-01-28T14:27:07+00:00\" \/>\n<meta property=\"og:image\" content=\"https:\/\/www.abf.se\/wp-content\/uploads\/sites\/52\/2024\/04\/Nyckeln-liggande-scaled.jpg\" \/>\n\t<meta property=\"og:image:width\" content=\"2560\" \/>\n\t<meta property=\"og:image:height\" content=\"1440\" \/>\n\t<meta property=\"og:image:type\" content=\"image\/jpeg\" \/>\n<meta name=\"twitter:card\" content=\"summary_large_image\" \/>\n<script type=\"application\/ld+json\" class=\"yoast-schema-graph\">{\"@context\":\"https:\/\/schema.org\",\"@graph\":[{\"@type\":\"WebPage\",\"@id\":\"https:\/\/www.abf.se\/sormland\/kulturprogramskatalog\/\",\"url\":\"https:\/\/www.abf.se\/sormland\/kulturprogramskatalog\/\",\"name\":\"Kulturprogramskatalog - S\u00f6rmland\",\"isPartOf\":{\"@id\":\"https:\/\/www.abf.se\/sormland\/#website\"},\"datePublished\":\"2024-10-02T13:20:50+00:00\",\"dateModified\":\"2025-01-28T14:27:07+00:00\",\"breadcrumb\":{\"@id\":\"https:\/\/www.abf.se\/sormland\/kulturprogramskatalog\/#breadcrumb\"},\"inLanguage\":\"sv-SE\",\"potentialAction\":[{\"@type\":\"ReadAction\",\"target\":[\"https:\/\/www.abf.se\/sormland\/kulturprogramskatalog\/\"]}]},{\"@type\":\"BreadcrumbList\",\"@id\":\"https:\/\/www.abf.se\/sormland\/kulturprogramskatalog\/#breadcrumb\",\"itemListElement\":[{\"@type\":\"ListItem\",\"position\":1,\"name\":\"Home\",\"item\":\"https:\/\/www.abf.se\/sormland\/\"},{\"@type\":\"ListItem\",\"position\":2,\"name\":\"Kulturprogramskatalog\"}]},{\"@type\":\"WebSite\",\"@id\":\"https:\/\/www.abf.se\/sormland\/#website\",\"url\":\"https:\/\/www.abf.se\/sormland\/\",\"name\":\"S\u00f6rmland\",\"description\":\"\",\"potentialAction\":[{\"@type\":\"SearchAction\",\"target\":{\"@type\":\"EntryPoint\",\"urlTemplate\":\"https:\/\/www.abf.se\/sormland\/?s={search_term_string}\"},\"query-input\":{\"@type\":\"PropertyValueSpecification\",\"valueRequired\":true,\"valueName\":\"search_term_string\"}}],\"inLanguage\":\"sv-SE\"}]}<\/script>\n<!-- \/ Yoast SEO plugin. -->","yoast_head_json":{"title":"Kulturprogramskatalog - S\u00f6rmland","robots":{"index":"index","follow":"follow","max-snippet":"max-snippet:-1","max-image-preview":"max-image-preview:large","max-video-preview":"max-video-preview:-1"},"canonical":"https:\/\/www.abf.se\/sormland\/kulturprogramskatalog\/","og_locale":"sv_SE","og_type":"article","og_title":"Kulturprogramskatalog - S\u00f6rmland","og_url":"https:\/\/www.abf.se\/sormland\/kulturprogramskatalog\/","og_site_name":"S\u00f6rmland","article_modified_time":"2025-01-28T14:27:07+00:00","og_image":[{"width":2560,"height":1440,"url":"https:\/\/www.abf.se\/wp-content\/uploads\/sites\/52\/2024\/04\/Nyckeln-liggande-scaled.jpg","type":"image\/jpeg"}],"twitter_card":"summary_large_image","schema":{"@context":"https:\/\/schema.org","@graph":[{"@type":"WebPage","@id":"https:\/\/www.abf.se\/sormland\/kulturprogramskatalog\/","url":"https:\/\/www.abf.se\/sormland\/kulturprogramskatalog\/","name":"Kulturprogramskatalog - S\u00f6rmland","isPartOf":{"@id":"https:\/\/www.abf.se\/sormland\/#website"},"datePublished":"2024-10-02T13:20:50+00:00","dateModified":"2025-01-28T14:27:07+00:00","breadcrumb":{"@id":"https:\/\/www.abf.se\/sormland\/kulturprogramskatalog\/#breadcrumb"},"inLanguage":"sv-SE","potentialAction":[{"@type":"ReadAction","target":["https:\/\/www.abf.se\/sormland\/kulturprogramskatalog\/"]}]},{"@type":"BreadcrumbList","@id":"https:\/\/www.abf.se\/sormland\/kulturprogramskatalog\/#breadcrumb","itemListElement":[{"@type":"ListItem","position":1,"name":"Home","item":"https:\/\/www.abf.se\/sormland\/"},{"@type":"ListItem","position":2,"name":"Kulturprogramskatalog"}]},{"@type":"WebSite","@id":"https:\/\/www.abf.se\/sormland\/#website","url":"https:\/\/www.abf.se\/sormland\/","name":"S\u00f6rmland","description":"","potentialAction":[{"@type":"SearchAction","target":{"@type":"EntryPoint","urlTemplate":"https:\/\/www.abf.se\/sormland\/?s={search_term_string}"},"query-input":{"@type":"PropertyValueSpecification","valueRequired":true,"valueName":"search_term_string"}}],"inLanguage":"sv-SE"}]}},"_links":{"self":[{"href":"https:\/\/www.abf.se\/sormland\/wp-json\/wp\/v2\/pages\/636","targetHints":{"allow":["GET"]}}],"collection":[{"href":"https:\/\/www.abf.se\/sormland\/wp-json\/wp\/v2\/pages"}],"about":[{"href":"https:\/\/www.abf.se\/sormland\/wp-json\/wp\/v2\/types\/page"}],"author":[{"embeddable":true,"href":"https:\/\/www.abf.se\/sormland\/wp-json\/wp\/v2\/users\/112"}],"replies":[{"embeddable":true,"href":"https:\/\/www.abf.se\/sormland\/wp-json\/wp\/v2\/comments?post=636"}],"version-history":[{"count":4,"href":"https:\/\/www.abf.se\/sormland\/wp-json\/wp\/v2\/pages\/636\/revisions"}],"predecessor-version":[{"id":754,"href":"https:\/\/www.abf.se\/sormland\/wp-json\/wp\/v2\/pages\/636\/revisions\/754"}],"wp:attachment":[{"href":"https:\/\/www.abf.se\/sormland\/wp-json\/wp\/v2\/media?parent=636"}],"curies":[{"name":"wp","href":"https:\/\/api.w.org\/{rel}","templated":true}]}}

<div
    class="acf-plain-heading-block container my-16"
    data-block="plain-heading-block"
>
    <div class="max-w-[658px] mx-auto">
                <h1 class="hero-heading"><span>ABF Sörmlands Kulturprogramskatalog</span></h1>
                            <p class="mt-8 body-xl text-black">
                Genom åren har vi på ABF Sörmland träffat många inom kulturscenen, därför har vi tagit fram en katalog där vi presenterar artister och föreläsare som kan medverka med kulturprogram på olika arrangemang och sammankomster. <br />

            </p>
            </div>
</div>
<div
    class="acf-article-text-block article-container my-12"
    data-block="article-text-block"
>
    <div class="wysiwyg">
        <p>Vi uppdaterar vår kulturprogramkatalog kontinuerligt. Vill du eller din grupp synas här? Kontakta <a href="mailto:info.sormland@abf.se">info.sormland@abf.se</a></p>
<p>Just nu uppdateras katalogen. Ny version dyker upp här inom kort.</p>

    </div>
</div>
<div
    class="acf-article-cta-link-block article-container my-8"
    data-block="article-cta-link-block"
>
<div>
    <a class="inline-flex flex-row items-center gap-4 text-link underline text-red-dark"
        href=""
            >
        <span class="">
        
        </span>
        <figure aria-hidden="true" class="rounded-full bg-red-dark w-8 h-8 p-1 text-white">
            <svg width="20" height="20" viewBox="0 0 20 20" fill="none" class="SvgIconElement">
<path d="M4.16659 10L15.8333 10" stroke="currentColor"/>
<path d="M9.99992 4.1665L15.8333 9.99984L9.99992 15.8332" stroke="currentColor"/>
</svg>
        </figure>
    </a>
</div>
</div>

<!-- This site is optimized with the Yoast SEO plugin v27.0 - https://yoast.com/product/yoast-seo-wordpress/ -->
<title>Kulturprogramskatalog - Sörmland</title>
<meta name="robots" content="index, follow, max-snippet:-1, max-image-preview:large, max-video-preview:-1" />
<link rel="canonical" href="https://www.abf.se/sormland/kulturprogramskatalog/" />
<meta property="og:locale" content="sv_SE" />
<meta property="og:type" content="article" />
<meta property="og:title" content="Kulturprogramskatalog - Sörmland" />
<meta property="og:url" content="https://www.abf.se/sormland/kulturprogramskatalog/" />
<meta property="og:site_name" content="Sörmland" />
<meta property="article:modified_time" content="2025-01-28T14:27:07+00:00" />
<meta property="og:image" content="https://www.abf.se/wp-content/uploads/sites/52/2024/04/Nyckeln-liggande-scaled.jpg" />
	<meta property="og:image:width" content="2560" />
	<meta property="og:image:height" content="1440" />
	<meta property="og:image:type" content="image/jpeg" />
<meta name="twitter:card" content="summary_large_image" />
<script type="application/ld+json" class="yoast-schema-graph">{"@context":"https://schema.org","@graph":[{"@type":"WebPage","@id":"https://www.abf.se/sormland/kulturprogramskatalog/","url":"https://www.abf.se/sormland/kulturprogramskatalog/","name":"Kulturprogramskatalog - Sörmland","isPartOf":{"@id":"https://www.abf.se/sormland/#website"},"datePublished":"2024-10-02T13:20:50+00:00","dateModified":"2025-01-28T14:27:07+00:00","breadcrumb":{"@id":"https://www.abf.se/sormland/kulturprogramskatalog/#breadcrumb"},"inLanguage":"sv-SE","potentialAction":[{"@type":"ReadAction","target":["https://www.abf.se/sormland/kulturprogramskatalog/"]}]},{"@type":"BreadcrumbList","@id":"https://www.abf.se/sormland/kulturprogramskatalog/#breadcrumb","itemListElement":[{"@type":"ListItem","position":1,"name":"Home","item":"https://www.abf.se/sormland/"},{"@type":"ListItem","position":2,"name":"Kulturprogramskatalog"}]},{"@type":"WebSite","@id":"https://www.abf.se/sormland/#website","url":"https://www.abf.se/sormland/","name":"Sörmland","description":"","potentialAction":[{"@type":"SearchAction","target":{"@type":"EntryPoint","urlTemplate":"https://www.abf.se/sormland/?s={search_term_string}"},"query-input":{"@type":"PropertyValueSpecification","valueRequired":true,"valueName":"search_term_string"}}],"inLanguage":"sv-SE"}]}</script>
<!-- / Yoast SEO plugin. -->

Kulturprogramskatalog - Sörmland

Sörmland
