{"id":685,"date":"2024-04-11T08:44:30","date_gmt":"2024-04-11T06:44:30","guid":{"rendered":"https:\/\/www.abf.se\/varmland\/?page_id=685"},"modified":"2025-05-26T11:39:29","modified_gmt":"2025-05-26T09:39:29","slug":"om-oss","status":"publish","type":"page","link":"https:\/\/www.abf.se\/varmland\/om-oss\/","title":{"rendered":"Om oss"},"content":{"rendered":"<div\n    class=\"acf-hero-block container-lg no-padding mb-12 js-geolocation\"\n    data-block=\"hero-block\"\n    data-index=\"0\"\n>\n    <div class=\"h-[548px]  relative rounded-[32px] overflow-hidden flex bg-gray-light\">\n        <div class=\"relative z-10 mt-auto h-auto w-full md:h-full\">\n            <div class=\"flex w-full h-full flex-col flex-wrap justify-end w-full md:w-7\/12 lg:w-1\/2 md:justify-center\">\n                <div class=\"flex flex-col gap-3 md:gap-[18px] md:transparent pt-16 pb-36 md:py-8 px-4 w-full md:max-w-[620px] mx-auto px-8\">\n\n                    <h1 class=\"hero-heading\"><span>ABF V\u00e4rmland &#8211; din m\u00f6tesplats<\/span><\/h1>\n\n                    \n                                    <\/div>\n            <\/div>\n        <\/div>\n\n        \n\n            <\/div>\n\n    <\/div>\n\n<div\n    class=\"acf-plain-heading-block container my-16\"\n    data-block=\"plain-heading-block\"\n>\n    <div class=\"max-w-[658px] mx-auto\">\n                <h1 class=\"hero-heading\"><span>Om ABF V\u00e4rmland<\/span><\/h1>\n                            <p class=\"mt-8 body-xl text-black\">\n                ABF V\u00e4rmland har verksamhet i hela V\u00e4rmland d\u00e4r vi erbjuder studiecirklar, kurser, f\u00f6rel\u00e4sningar samt olika kulturarrangemang. Hos oss m\u00f6ts m\u00e4nniskor f\u00f6r att dela erfarenheter och id\u00e9er, inspirera varandra och l\u00e4ra sig tillsammans. Vi finns h\u00e4r f\u00f6r dig om det \u00e4r s\u00e5 att du vill l\u00e4ra dig n\u00e5got nytt eller representerar en f\u00f6rening som vill utvecklas!\n            <\/p>\n            <\/div>\n<\/div>\n<div\n    class=\"acf-article-text-block article-container my-12\"\n    data-block=\"article-text-block\"\n>\n    <div class=\"wysiwyg\">\n        <p>Lokalt har vi flera samarbetande f\u00f6reningar samt grupper utan f\u00f6reningsanknytning som har folkbildande aktiviteter. L\u00e4s mer nedan och v\u00e4lkommen att vara en del av folkbildningen tillsammans med oss!<\/p>\n<h3>Det h\u00e4r kan du g\u00f6ra hos ABF V\u00e4rmland<\/h3>\n<p>Hos oss kan du delta i eller starta olika typer av folkbildande aktiviteter som studiecirklar och kurser, f\u00f6rel\u00e4sningar och andra kulturevenemang. Vi hj\u00e4lper \u00e4ven till att bilda och utveckla v\u00e5ra cirkelledare, studiegrupper och f\u00f6reningar.<\/p>\n<h3>Vid samverkan finns detta f\u00f6r dig:<\/h3>\n<ul>\n<li>St\u00f6d i styrelse- och f\u00f6reningsarbete<\/li>\n<li>Cirkelledarutbildningar och kompetensutveckling<\/li>\n<li>Pedagogiskt st\u00f6d<\/li>\n<li>Olycksfallsf\u00f6rs\u00e4kring f\u00f6r ledare och deltagare<\/li>\n<li>Studiematerial och inspiration<\/li>\n<li>Tekniskt st\u00f6d<\/li>\n<li>Verksamhetslokaler<\/li>\n<li>Studio f\u00f6r inspelning av ljud och video<\/li>\n<li>Administration<\/li>\n<li>R\u00e5d om finansiering<\/li>\n<li>Samverkan med andra f\u00f6reningar<\/li>\n<li>Kontakter och n\u00e4tverk<\/li>\n<li>Tillg\u00e4nglighet<\/li>\n<\/ul>\n\n    <\/div>\n<\/div>\n<div\n    class=\"acf-article-cta-link-block article-container my-8\"\n    data-block=\"article-cta-link-block\"\n>\n<div>\n    <a class=\"inline-flex flex-row items-center gap-4 text-link underline text-red-dark\"\n        href=\"https:\/\/www.abf.se\/varmland\/kontakt\/\"\n            >\n        <span class=\"\">\n        Kontakta oss p\u00e5 ABF V\u00e4rmland\n        <\/span>\n        <figure aria-hidden=\"true\" class=\"rounded-full bg-red-dark w-8 h-8 p-1 text-white\">\n            <svg width=\"20\" height=\"20\" viewBox=\"0 0 20 20\" fill=\"none\" class=\"SvgIconElement\">\n<path d=\"M4.16659 10L15.8333 10\" stroke=\"currentColor\"\/>\n<path d=\"M9.99992 4.1665L15.8333 9.99984L9.99992 15.8332\" stroke=\"currentColor\"\/>\n<\/svg>\n        <\/figure>\n    <\/a>\n<\/div>\n<\/div>\n<div\n    class=\"acf-article-cta-link-block article-container my-8\"\n    data-block=\"article-cta-link-block\"\n>\n<div>\n    <a class=\"inline-flex flex-row items-center gap-4 text-link underline text-red-dark\"\n        href=\"https:\/\/www.abf.se\/om-abf\/\"\n                target=\"_blank\"\n            >\n        <span class=\"\">\n        L\u00e4s mer om ABF nationellt\n        <\/span>\n        <figure aria-hidden=\"true\" class=\"rounded-full bg-red-dark w-8 h-8 p-1 text-white\">\n            <svg width=\"20\" height=\"20\" viewBox=\"0 0 20 20\" fill=\"none\" class=\"SvgIconElement\">\n<path d=\"M4.16659 10L15.8333 10\" stroke=\"currentColor\"\/>\n<path d=\"M9.99992 4.1665L15.8333 9.99984L9.99992 15.8332\" stroke=\"currentColor\"\/>\n<\/svg>\n        <\/figure>\n    <\/a>\n<\/div>\n<\/div>\n<div\n    class=\"acf-quick-link-block bg-red py-12 md:py-20\"\n    data-block=\"quick-link-block\"\n>\n    <div class=\"container\">\n                    <h2 class=\"heading-lg mb-7 text-center text-white\">\n                Mer bra information\n            <\/h2>\n        \n        <div\n            class=\"px-5 content:px-0 grid grid-cols-1 gap-8 lg:grid-cols-3\">\n            \n            <article\nclass=\"round-corners-sm p-6 relative group grid grid-rows-[subgrid] row-[span_3] gap-4 bg-white text-red\"\n>\n            <h3\n        class=\"heading-sm group-hover:underline text-red\">\n            <a href=\"https:\/\/www.abf.se\/varmland\/var-verksamhet\/\" class=\"expanded-hit-area\" target=\"\">\n                L\u00e4s om v\u00e5r verksamhet\n            <\/a>\n        <\/h3>\n            <figure\n    class=\"w-[38px] h-[38px] rounded-full p-2 group-hover:scale-110 transition-transform duration-300 self-end pointer-events-none bg-red text-white\">\n        <svg width=\"20\" height=\"20\" viewBox=\"0 0 20 20\" fill=\"none\" class=\"SvgIconElement\">\n<path d=\"M4.16659 10L15.8333 10\" stroke=\"currentColor\"\/>\n<path d=\"M9.99992 4.1665L15.8333 9.99984L9.99992 15.8332\" stroke=\"currentColor\"\/>\n<\/svg>\n    <\/figure>\n<\/article>            \n            <article\nclass=\"round-corners-sm p-6 relative group grid grid-rows-[subgrid] row-[span_3] gap-4 bg-white text-red\"\n>\n            <h3\n        class=\"heading-sm group-hover:underline text-red\">\n            <a href=\"https:\/\/www.abf.se\/varmland\/cirkelledare\/\" class=\"expanded-hit-area\" target=\"\">\n                F\u00f6r dig som \u00e4r eller vill bli cirkelledare\n            <\/a>\n        <\/h3>\n            <figure\n    class=\"w-[38px] h-[38px] rounded-full p-2 group-hover:scale-110 transition-transform duration-300 self-end pointer-events-none bg-red text-white\">\n        <svg width=\"20\" height=\"20\" viewBox=\"0 0 20 20\" fill=\"none\" class=\"SvgIconElement\">\n<path d=\"M4.16659 10L15.8333 10\" stroke=\"currentColor\"\/>\n<path d=\"M9.99992 4.1665L15.8333 9.99984L9.99992 15.8332\" stroke=\"currentColor\"\/>\n<\/svg>\n    <\/figure>\n<\/article>            \n            <article\nclass=\"round-corners-sm p-6 relative group grid grid-rows-[subgrid] row-[span_3] gap-4 bg-white text-red\"\n>\n            <h3\n        class=\"heading-sm group-hover:underline text-red\">\n            <a href=\"https:\/\/www.abf.se\/varmland\/foreningsutveckling\/\" class=\"expanded-hit-area\" target=\"\">\n                F\u00f6reningsutveckling\n            <\/a>\n        <\/h3>\n            <figure\n    class=\"w-[38px] h-[38px] rounded-full p-2 group-hover:scale-110 transition-transform duration-300 self-end pointer-events-none bg-red text-white\">\n        <svg width=\"20\" height=\"20\" viewBox=\"0 0 20 20\" fill=\"none\" class=\"SvgIconElement\">\n<path d=\"M4.16659 10L15.8333 10\" stroke=\"currentColor\"\/>\n<path d=\"M9.99992 4.1665L15.8333 9.99984L9.99992 15.8332\" stroke=\"currentColor\"\/>\n<\/svg>\n    <\/figure>\n<\/article>                    <\/div>\n    <\/div>\n<\/div>\n<div\n    class=\"acf-article-text-block article-container my-12\"\n    data-block=\"article-text-block\"\n>\n    <div class=\"wysiwyg\">\n        \n    <\/div>\n<\/div>\n","protected":false},"excerpt":{"rendered":"","protected":false},"author":63,"featured_media":0,"parent":0,"menu_order":0,"comment_status":"closed","ping_status":"closed","template":"","meta":{"_acf_changed":false,"footnotes":""},"class_list":["post-685","page","type-page","status-publish","hentry"],"acf":[],"yoast_head":"<!-- This site is optimized with the Yoast SEO plugin v27.0 - https:\/\/yoast.com\/product\/yoast-seo-wordpress\/ -->\n<title>Om oss - V\u00e4rmland<\/title>\n<meta name=\"robots\" content=\"index, follow, max-snippet:-1, max-image-preview:large, max-video-preview:-1\" \/>\n<link rel=\"canonical\" href=\"https:\/\/www.abf.se\/varmland\/om-oss\/\" \/>\n<meta property=\"og:locale\" content=\"sv_SE\" \/>\n<meta property=\"og:type\" content=\"article\" \/>\n<meta property=\"og:title\" content=\"Om oss - V\u00e4rmland\" \/>\n<meta property=\"og:url\" content=\"https:\/\/www.abf.se\/varmland\/om-oss\/\" \/>\n<meta property=\"og:site_name\" content=\"V\u00e4rmland\" \/>\n<meta property=\"article:modified_time\" content=\"2025-05-26T09:39:29+00:00\" \/>\n<meta property=\"og:image\" content=\"https:\/\/www.abf.se\/wp-content\/uploads\/sites\/54\/2024\/04\/Nyckeln-liggande-scaled.jpg\" \/>\n\t<meta property=\"og:image:width\" content=\"2560\" \/>\n\t<meta property=\"og:image:height\" content=\"1440\" \/>\n\t<meta property=\"og:image:type\" content=\"image\/jpeg\" \/>\n<meta name=\"twitter:card\" content=\"summary_large_image\" \/>\n<script type=\"application\/ld+json\" class=\"yoast-schema-graph\">{\"@context\":\"https:\/\/schema.org\",\"@graph\":[{\"@type\":\"WebPage\",\"@id\":\"https:\/\/www.abf.se\/varmland\/om-oss\/\",\"url\":\"https:\/\/www.abf.se\/varmland\/om-oss\/\",\"name\":\"Om oss - V\u00e4rmland\",\"isPartOf\":{\"@id\":\"https:\/\/www.abf.se\/varmland\/#website\"},\"datePublished\":\"2024-04-11T06:44:30+00:00\",\"dateModified\":\"2025-05-26T09:39:29+00:00\",\"breadcrumb\":{\"@id\":\"https:\/\/www.abf.se\/varmland\/om-oss\/#breadcrumb\"},\"inLanguage\":\"sv-SE\",\"potentialAction\":[{\"@type\":\"ReadAction\",\"target\":[\"https:\/\/www.abf.se\/varmland\/om-oss\/\"]}]},{\"@type\":\"BreadcrumbList\",\"@id\":\"https:\/\/www.abf.se\/varmland\/om-oss\/#breadcrumb\",\"itemListElement\":[{\"@type\":\"ListItem\",\"position\":1,\"name\":\"Home\",\"item\":\"https:\/\/www.abf.se\/varmland\/\"},{\"@type\":\"ListItem\",\"position\":2,\"name\":\"Om oss\"}]},{\"@type\":\"WebSite\",\"@id\":\"https:\/\/www.abf.se\/varmland\/#website\",\"url\":\"https:\/\/www.abf.se\/varmland\/\",\"name\":\"V\u00e4rmland\",\"description\":\"\",\"potentialAction\":[{\"@type\":\"SearchAction\",\"target\":{\"@type\":\"EntryPoint\",\"urlTemplate\":\"https:\/\/www.abf.se\/varmland\/?s={search_term_string}\"},\"query-input\":{\"@type\":\"PropertyValueSpecification\",\"valueRequired\":true,\"valueName\":\"search_term_string\"}}],\"inLanguage\":\"sv-SE\"}]}<\/script>\n<!-- \/ Yoast SEO plugin. -->","yoast_head_json":{"title":"Om oss - V\u00e4rmland","robots":{"index":"index","follow":"follow","max-snippet":"max-snippet:-1","max-image-preview":"max-image-preview:large","max-video-preview":"max-video-preview:-1"},"canonical":"https:\/\/www.abf.se\/varmland\/om-oss\/","og_locale":"sv_SE","og_type":"article","og_title":"Om oss - V\u00e4rmland","og_url":"https:\/\/www.abf.se\/varmland\/om-oss\/","og_site_name":"V\u00e4rmland","article_modified_time":"2025-05-26T09:39:29+00:00","og_image":[{"width":2560,"height":1440,"url":"https:\/\/www.abf.se\/wp-content\/uploads\/sites\/54\/2024\/04\/Nyckeln-liggande-scaled.jpg","type":"image\/jpeg"}],"twitter_card":"summary_large_image","schema":{"@context":"https:\/\/schema.org","@graph":[{"@type":"WebPage","@id":"https:\/\/www.abf.se\/varmland\/om-oss\/","url":"https:\/\/www.abf.se\/varmland\/om-oss\/","name":"Om oss - V\u00e4rmland","isPartOf":{"@id":"https:\/\/www.abf.se\/varmland\/#website"},"datePublished":"2024-04-11T06:44:30+00:00","dateModified":"2025-05-26T09:39:29+00:00","breadcrumb":{"@id":"https:\/\/www.abf.se\/varmland\/om-oss\/#breadcrumb"},"inLanguage":"sv-SE","potentialAction":[{"@type":"ReadAction","target":["https:\/\/www.abf.se\/varmland\/om-oss\/"]}]},{"@type":"BreadcrumbList","@id":"https:\/\/www.abf.se\/varmland\/om-oss\/#breadcrumb","itemListElement":[{"@type":"ListItem","position":1,"name":"Home","item":"https:\/\/www.abf.se\/varmland\/"},{"@type":"ListItem","position":2,"name":"Om oss"}]},{"@type":"WebSite","@id":"https:\/\/www.abf.se\/varmland\/#website","url":"https:\/\/www.abf.se\/varmland\/","name":"V\u00e4rmland","description":"","potentialAction":[{"@type":"SearchAction","target":{"@type":"EntryPoint","urlTemplate":"https:\/\/www.abf.se\/varmland\/?s={search_term_string}"},"query-input":{"@type":"PropertyValueSpecification","valueRequired":true,"valueName":"search_term_string"}}],"inLanguage":"sv-SE"}]}},"_links":{"self":[{"href":"https:\/\/www.abf.se\/varmland\/wp-json\/wp\/v2\/pages\/685","targetHints":{"allow":["GET"]}}],"collection":[{"href":"https:\/\/www.abf.se\/varmland\/wp-json\/wp\/v2\/pages"}],"about":[{"href":"https:\/\/www.abf.se\/varmland\/wp-json\/wp\/v2\/types\/page"}],"author":[{"embeddable":true,"href":"https:\/\/www.abf.se\/varmland\/wp-json\/wp\/v2\/users\/63"}],"replies":[{"embeddable":true,"href":"https:\/\/www.abf.se\/varmland\/wp-json\/wp\/v2\/comments?post=685"}],"version-history":[{"count":29,"href":"https:\/\/www.abf.se\/varmland\/wp-json\/wp\/v2\/pages\/685\/revisions"}],"predecessor-version":[{"id":1275,"href":"https:\/\/www.abf.se\/varmland\/wp-json\/wp\/v2\/pages\/685\/revisions\/1275"}],"wp:attachment":[{"href":"https:\/\/www.abf.se\/varmland\/wp-json\/wp\/v2\/media?parent=685"}],"curies":[{"name":"wp","href":"https:\/\/api.w.org\/{rel}","templated":true}]}}

<div
    class="acf-hero-block container-lg no-padding mb-12 js-geolocation"
    data-block="hero-block"
    data-index="0"
>
    <div class="h-[548px]  relative rounded-[32px] overflow-hidden flex bg-gray-light">
        <div class="relative z-10 mt-auto h-auto w-full md:h-full">
            <div class="flex w-full h-full flex-col flex-wrap justify-end w-full md:w-7/12 lg:w-1/2 md:justify-center">
                <div class="flex flex-col gap-3 md:gap-[18px] md:transparent pt-16 pb-36 md:py-8 px-4 w-full md:max-w-[620px] mx-auto px-8">

                    <h1 class="hero-heading"><span>ABF Värmland &#8211; din mötesplats</span></h1>

                    
                                    </div>
            </div>
        </div>

        

            </div>

    </div>

<div
    class="acf-plain-heading-block container my-16"
    data-block="plain-heading-block"
>
    <div class="max-w-[658px] mx-auto">
                <h1 class="hero-heading"><span>Om ABF Värmland</span></h1>
                            <p class="mt-8 body-xl text-black">
                ABF Värmland har verksamhet i hela Värmland där vi erbjuder studiecirklar, kurser, föreläsningar samt olika kulturarrangemang. Hos oss möts människor för att dela erfarenheter och idéer, inspirera varandra och lära sig tillsammans. Vi finns här för dig om det är så att du vill lära dig något nytt eller representerar en förening som vill utvecklas!
            </p>
            </div>
</div>
<div
    class="acf-article-text-block article-container my-12"
    data-block="article-text-block"
>
    <div class="wysiwyg">
        <p>Lokalt har vi flera samarbetande föreningar samt grupper utan föreningsanknytning som har folkbildande aktiviteter. Läs mer nedan och välkommen att vara en del av folkbildningen tillsammans med oss!</p>
<h3>Det här kan du göra hos ABF Värmland</h3>
<p>Hos oss kan du delta i eller starta olika typer av folkbildande aktiviteter som studiecirklar och kurser, föreläsningar och andra kulturevenemang. Vi hjälper även till att bilda och utveckla våra cirkelledare, studiegrupper och föreningar.</p>
<h3>Vid samverkan finns detta för dig:</h3>
<ul>
<li>Stöd i styrelse- och föreningsarbete</li>
<li>Cirkelledarutbildningar och kompetensutveckling</li>
<li>Pedagogiskt stöd</li>
<li>Olycksfallsförsäkring för ledare och deltagare</li>
<li>Studiematerial och inspiration</li>
<li>Tekniskt stöd</li>
<li>Verksamhetslokaler</li>
<li>Studio för inspelning av ljud och video</li>
<li>Administration</li>
<li>Råd om finansiering</li>
<li>Samverkan med andra föreningar</li>
<li>Kontakter och nätverk</li>
<li>Tillgänglighet</li>
</ul>

    </div>
</div>
<div
    class="acf-article-cta-link-block article-container my-8"
    data-block="article-cta-link-block"
>
<div>
    <a class="inline-flex flex-row items-center gap-4 text-link underline text-red-dark"
        href="https://www.abf.se/varmland/kontakt/"
            >
        <span class="">
        Kontakta oss på ABF Värmland
        </span>
        <figure aria-hidden="true" class="rounded-full bg-red-dark w-8 h-8 p-1 text-white">
            <svg width="20" height="20" viewBox="0 0 20 20" fill="none" class="SvgIconElement">
<path d="M4.16659 10L15.8333 10" stroke="currentColor"/>
<path d="M9.99992 4.1665L15.8333 9.99984L9.99992 15.8332" stroke="currentColor"/>
</svg>
        </figure>
    </a>
</div>
</div>
<div
    class="acf-article-cta-link-block article-container my-8"
    data-block="article-cta-link-block"
>
<div>
    <a class="inline-flex flex-row items-center gap-4 text-link underline text-red-dark"
        href="https://www.abf.se/om-abf/"
                target="_blank"
            >
        <span class="">
        Läs mer om ABF nationellt
        </span>
        <figure aria-hidden="true" class="rounded-full bg-red-dark w-8 h-8 p-1 text-white">
            <svg width="20" height="20" viewBox="0 0 20 20" fill="none" class="SvgIconElement">
<path d="M4.16659 10L15.8333 10" stroke="currentColor"/>
<path d="M9.99992 4.1665L15.8333 9.99984L9.99992 15.8332" stroke="currentColor"/>
</svg>
        </figure>
    </a>
</div>
</div>
<div
    class="acf-quick-link-block bg-red py-12 md:py-20"
    data-block="quick-link-block"
>
    <div class="container">
                    <h2 class="heading-lg mb-7 text-center text-white">
                Mer bra information
            </h2>
        
        <div
            class="px-5 content:px-0 grid grid-cols-1 gap-8 lg:grid-cols-3">
            
            <article
class="round-corners-sm p-6 relative group grid grid-rows-[subgrid] row-[span_3] gap-4 bg-white text-red"
>
            <h3
        class="heading-sm group-hover:underline text-red">
            <a href="https://www.abf.se/varmland/var-verksamhet/" class="expanded-hit-area" target="">
                Läs om vår verksamhet
            </a>
        </h3>
            <figure
    class="w-[38px] h-[38px] rounded-full p-2 group-hover:scale-110 transition-transform duration-300 self-end pointer-events-none bg-red text-white">
        <svg width="20" height="20" viewBox="0 0 20 20" fill="none" class="SvgIconElement">
<path d="M4.16659 10L15.8333 10" stroke="currentColor"/>
<path d="M9.99992 4.1665L15.8333 9.99984L9.99992 15.8332" stroke="currentColor"/>
</svg>
    </figure>
</article>            
            <article
class="round-corners-sm p-6 relative group grid grid-rows-[subgrid] row-[span_3] gap-4 bg-white text-red"
>
            <h3
        class="heading-sm group-hover:underline text-red">
            <a href="https://www.abf.se/varmland/cirkelledare/" class="expanded-hit-area" target="">
                För dig som är eller vill bli cirkelledare
            </a>
        </h3>
            <figure
    class="w-[38px] h-[38px] rounded-full p-2 group-hover:scale-110 transition-transform duration-300 self-end pointer-events-none bg-red text-white">
        <svg width="20" height="20" viewBox="0 0 20 20" fill="none" class="SvgIconElement">
<path d="M4.16659 10L15.8333 10" stroke="currentColor"/>
<path d="M9.99992 4.1665L15.8333 9.99984L9.99992 15.8332" stroke="currentColor"/>
</svg>
    </figure>
</article>            
            <article
class="round-corners-sm p-6 relative group grid grid-rows-[subgrid] row-[span_3] gap-4 bg-white text-red"
>
            <h3
        class="heading-sm group-hover:underline text-red">
            <a href="https://www.abf.se/varmland/foreningsutveckling/" class="expanded-hit-area" target="">
                Föreningsutveckling
            </a>
        </h3>
            <figure
    class="w-[38px] h-[38px] rounded-full p-2 group-hover:scale-110 transition-transform duration-300 self-end pointer-events-none bg-red text-white">
        <svg width="20" height="20" viewBox="0 0 20 20" fill="none" class="SvgIconElement">
<path d="M4.16659 10L15.8333 10" stroke="currentColor"/>
<path d="M9.99992 4.1665L15.8333 9.99984L9.99992 15.8332" stroke="currentColor"/>
</svg>
    </figure>
</article>                    </div>
    </div>
</div>
<div
    class="acf-article-text-block article-container my-12"
    data-block="article-text-block"
>
    <div class="wysiwyg">
        
    </div>
</div>

<!-- This site is optimized with the Yoast SEO plugin v27.0 - https://yoast.com/product/yoast-seo-wordpress/ -->
<title>Om oss - Värmland</title>
<meta name="robots" content="index, follow, max-snippet:-1, max-image-preview:large, max-video-preview:-1" />
<link rel="canonical" href="https://www.abf.se/varmland/om-oss/" />
<meta property="og:locale" content="sv_SE" />
<meta property="og:type" content="article" />
<meta property="og:title" content="Om oss - Värmland" />
<meta property="og:url" content="https://www.abf.se/varmland/om-oss/" />
<meta property="og:site_name" content="Värmland" />
<meta property="article:modified_time" content="2025-05-26T09:39:29+00:00" />
<meta property="og:image" content="https://www.abf.se/wp-content/uploads/sites/54/2024/04/Nyckeln-liggande-scaled.jpg" />
	<meta property="og:image:width" content="2560" />
	<meta property="og:image:height" content="1440" />
	<meta property="og:image:type" content="image/jpeg" />
<meta name="twitter:card" content="summary_large_image" />
<script type="application/ld+json" class="yoast-schema-graph">{"@context":"https://schema.org","@graph":[{"@type":"WebPage","@id":"https://www.abf.se/varmland/om-oss/","url":"https://www.abf.se/varmland/om-oss/","name":"Om oss - Värmland","isPartOf":{"@id":"https://www.abf.se/varmland/#website"},"datePublished":"2024-04-11T06:44:30+00:00","dateModified":"2025-05-26T09:39:29+00:00","breadcrumb":{"@id":"https://www.abf.se/varmland/om-oss/#breadcrumb"},"inLanguage":"sv-SE","potentialAction":[{"@type":"ReadAction","target":["https://www.abf.se/varmland/om-oss/"]}]},{"@type":"BreadcrumbList","@id":"https://www.abf.se/varmland/om-oss/#breadcrumb","itemListElement":[{"@type":"ListItem","position":1,"name":"Home","item":"https://www.abf.se/varmland/"},{"@type":"ListItem","position":2,"name":"Om oss"}]},{"@type":"WebSite","@id":"https://www.abf.se/varmland/#website","url":"https://www.abf.se/varmland/","name":"Värmland","description":"","potentialAction":[{"@type":"SearchAction","target":{"@type":"EntryPoint","urlTemplate":"https://www.abf.se/varmland/?s={search_term_string}"},"query-input":{"@type":"PropertyValueSpecification","valueRequired":true,"valueName":"search_term_string"}}],"inLanguage":"sv-SE"}]}</script>
<!-- / Yoast SEO plugin. -->

Om oss - Värmland

Värmland
