{"id":840,"date":"2024-04-15T15:13:23","date_gmt":"2024-04-15T13:13:23","guid":{"rendered":"https:\/\/www.abf.se\/varmland\/?page_id=840"},"modified":"2024-04-16T16:43:22","modified_gmt":"2024-04-16T14:43:22","slug":"starta-studiecirkel","status":"publish","type":"page","link":"https:\/\/www.abf.se\/varmland\/starta-studiecirkel\/","title":{"rendered":"Starta studiecirkel"},"content":{"rendered":"<div\n    class=\"acf-hero-block container-lg no-padding mb-12 js-geolocation\"\n    data-block=\"hero-block\"\n    data-index=\"0\"\n>\n    <div class=\"h-[548px]  relative rounded-[32px] overflow-hidden flex bg-gray-light\">\n        <div class=\"relative z-10 mt-auto h-auto w-full md:h-full\">\n            <div class=\"flex w-full h-full flex-col flex-wrap justify-end w-full md:w-7\/12 lg:w-1\/2 md:justify-center\">\n                <div class=\"flex flex-col gap-3 md:gap-[18px] md:transparent pt-16 pb-36 md:py-8 px-4 w-full md:max-w-[620px] mx-auto px-8\">\n\n                    <h1 class=\"hero-heading hero-heading--red-text\"><span>Starta en egen studiecirkel<\/span><\/h1>\n\n                    \n                                    <\/div>\n            <\/div>\n        <\/div>\n\n                    <picture class=\"as-background-image mix-blend-multiply bg-black\/40\"><img decoding=\"async\" src=\"https:\/\/www.abf.se\/varmland\/resized\/?url=https%3A%2F%2Fwww.abf.se%2Fwp-content%2Fuploads%2Fsites%2F54%2F2024%2F04%2Fkeramik.webp&#038;fit=crop&#038;w=1440&#038;s=d3b5a9051ce969e0b7a5b14a1b338669\" srcset=\"https:\/\/www.abf.se\/varmland\/resized\/?url=https%3A%2F%2Fwww.abf.se%2Fwp-content%2Fuploads%2Fsites%2F54%2F2024%2F04%2Fkeramik.webp&#038;fit=crop&#038;w=375&#038;h=540&#038;s=25d5376fb49f4804655e1ad3176a7656 375w, https:\/\/www.abf.se\/varmland\/resized\/?url=https%3A%2F%2Fwww.abf.se%2Fwp-content%2Fuploads%2Fsites%2F54%2F2024%2F04%2Fkeramik.webp&#038;fit=crop&#038;w=447&#038;h=540&#038;s=08f76c78197f0a668dbc7b6afa3d146a 447w, https:\/\/www.abf.se\/varmland\/resized\/?url=https%3A%2F%2Fwww.abf.se%2Fwp-content%2Fuploads%2Fsites%2F54%2F2024%2F04%2Fkeramik.webp&#038;fit=crop&#038;w=519&#038;h=540&#038;s=4c1ad7c0f050209ae89330266612fdbe 519w, https:\/\/www.abf.se\/varmland\/resized\/?url=https%3A%2F%2Fwww.abf.se%2Fwp-content%2Fuploads%2Fsites%2F54%2F2024%2F04%2Fkeramik.webp&#038;fit=crop&#038;w=591&#038;h=540&#038;s=2331831f77efd77278986081edeeb524 591w, https:\/\/www.abf.se\/varmland\/resized\/?url=https%3A%2F%2Fwww.abf.se%2Fwp-content%2Fuploads%2Fsites%2F54%2F2024%2F04%2Fkeramik.webp&#038;fit=crop&#038;w=663&#038;h=540&#038;s=0f803d49abe9ffaadf0bd5e252fe8110 663w, https:\/\/www.abf.se\/varmland\/resized\/?url=https%3A%2F%2Fwww.abf.se%2Fwp-content%2Fuploads%2Fsites%2F54%2F2024%2F04%2Fkeramik.webp&#038;fit=crop&#038;w=750&#038;h=540&#038;s=56890cecdd9101f9e1b211eabc42c786 750w, https:\/\/www.abf.se\/varmland\/resized\/?url=https%3A%2F%2Fwww.abf.se%2Fwp-content%2Fuploads%2Fsites%2F54%2F2024%2F04%2Fkeramik.webp&#038;fit=crop&#038;w=894&#038;h=540&#038;s=5a8f6059bd9319a9503c7593cc9725c4 894w, https:\/\/www.abf.se\/varmland\/resized\/?url=https%3A%2F%2Fwww.abf.se%2Fwp-content%2Fuploads%2Fsites%2F54%2F2024%2F04%2Fkeramik.webp&#038;fit=crop&#038;w=1038&#038;h=540&#038;s=502fde280724468ed0dd56b0beb1e141 1038w, https:\/\/www.abf.se\/varmland\/resized\/?url=https%3A%2F%2Fwww.abf.se%2Fwp-content%2Fuploads%2Fsites%2F54%2F2024%2F04%2Fkeramik.webp&#038;fit=crop&#038;w=1182&#038;h=540&#038;s=668a17030ddf7beb9caa2d2c8636ff8d 1182w, https:\/\/www.abf.se\/varmland\/resized\/?url=https%3A%2F%2Fwww.abf.se%2Fwp-content%2Fuploads%2Fsites%2F54%2F2024%2F04%2Fkeramik.webp&#038;fit=crop&#038;w=1326&#038;h=540&#038;s=4b5d1ab3dff5aa5c4bbf73214ca9311c 1326w, https:\/\/www.abf.se\/varmland\/resized\/?url=https%3A%2F%2Fwww.abf.se%2Fwp-content%2Fuploads%2Fsites%2F54%2F2024%2F04%2Fkeramik.webp&#038;fit=crop&#038;w=1440&#038;h=540&#038;s=64b2769a26c51bb26dfbfdaa67059a47 1440w\" alt=\"\" height=\"540\" width=\"1440\" sizes=\"(max-width: 1440px) calc(100vw - 32px), 1440px\" loading=\"eager\" fetchpriority=\"high\" aria-hidden=\"true\" role=\"presentation\" \/><\/picture>\n        \n\n            <\/div>\n\n    <\/div>\n\n<div\n    class=\"acf-article-text-block article-container my-12\"\n    data-block=\"article-text-block\"\n>\n    <div class=\"wysiwyg\">\n        <h2>Vad \u00e4r en studiecirkel?<\/h2>\n<p>Uppt\u00e4ck v\u00e4rlden tillsammans i en studiecirkel! Det \u00e4r en plats d\u00e4r en handfull entusiaster samlas regelbundet f\u00f6r att utforska sina intressen och l\u00e4ra sig n\u00e5got nytt. Oavsett om det handlar om att f\u00f6rdjupa sig i engelska, organisera krisberedskap lokalt eller beh\u00e4rska ackorden p\u00e5 en gitarr, \u00e4r studiecirkeln en m\u00f6jlighet att dela passioner och utveckla och uppt\u00e4cka nya kunskaper.<\/p>\n<p>Med en cirkelledare som guidar och en plan f\u00f6r att n\u00e5 m\u00e5len, \u00e4r varje m\u00f6te en resa mot insikt och f\u00f6rst\u00e5else. Studiecirkeln \u00e4r inte bara en plats f\u00f6r l\u00e4rande, det \u00e4r ocks\u00e5 en plats f\u00f6r gemenskap och delat engagemang.<\/p>\n<h2>Plats f\u00f6r studiecirkeln<\/h2>\n<p>Det kan vara ett mysigt studierum, ett virtuellt forum p\u00e5 n\u00e4tet eller en kombination av b\u00e5da. Oavsett var, \u00e4r det entusiasmen och viljan att l\u00e4ra sig som \u00e4r hj\u00e4rtat i studiecirkeln.<\/p>\n<h2>Form f\u00f6r studiecirkeln<\/h2>\n<p>Fr\u00e5n kamratcirkeln, d\u00e4r v\u00e4nner samlas f\u00f6r att dela intressen, till f\u00f6reningscirkeln, som \u00e4r en del av en st\u00f6rre gemenskap, till programcirkeln som v\u00e4lkomnar alla att delta, finns det en studiecirkel f\u00f6r alla. S\u00e5 varf\u00f6r inte ge det ett f\u00f6rs\u00f6k och utforska v\u00e4rlden tillsammans med likasinnade?<\/p>\n\n    <\/div>\n<\/div>\n<div\n    class=\"acf-quick-link-block bg-red py-12 md:py-20\"\n    data-block=\"quick-link-block\"\n>\n    <div class=\"container\">\n                    <h2 class=\"heading-lg mb-7 text-center text-white\">\n                Kontakta oss eller l\u00e4s mer f\u00f6r att starta upp\n            <\/h2>\n        \n        <div\n            class=\"px-5 content:px-0 grid grid-cols-1 gap-8 lg:grid-cols-3\">\n            \n            <article\nclass=\"round-corners-sm p-6 relative group grid grid-rows-[subgrid] row-[span_3] gap-4 bg-white text-red\"\n>\n            <h3\n        class=\"heading-sm group-hover:underline text-red\">\n            <a href=\"https:\/\/www.abf.se\/varmland\/kontakt\/\" class=\"expanded-hit-area\" target=\"\">\n                Kontakta oss\n            <\/a>\n        <\/h3>\n            <figure\n    class=\"w-[38px] h-[38px] rounded-full p-2 group-hover:scale-110 transition-transform duration-300 self-end pointer-events-none bg-red text-white\">\n        <svg width=\"20\" height=\"20\" viewBox=\"0 0 20 20\" fill=\"none\" class=\"SvgIconElement\">\n<path d=\"M4.16659 10L15.8333 10\" stroke=\"currentColor\"\/>\n<path d=\"M9.99992 4.1665L15.8333 9.99984L9.99992 15.8332\" stroke=\"currentColor\"\/>\n<\/svg>\n    <\/figure>\n<\/article>            \n            <article\nclass=\"round-corners-sm p-6 relative group grid grid-rows-[subgrid] row-[span_3] gap-4 bg-white text-red\"\n>\n            <h3\n        class=\"heading-sm group-hover:underline text-red\">\n            <a href=\"https:\/\/www.abf.se\/varmland\/cirkelledare\/\" class=\"expanded-hit-area\" target=\"\">\n                L\u00e4s mer om att vara cirkelledare\n            <\/a>\n        <\/h3>\n            <figure\n    class=\"w-[38px] h-[38px] rounded-full p-2 group-hover:scale-110 transition-transform duration-300 self-end pointer-events-none bg-red text-white\">\n        <svg width=\"20\" height=\"20\" viewBox=\"0 0 20 20\" fill=\"none\" class=\"SvgIconElement\">\n<path d=\"M4.16659 10L15.8333 10\" stroke=\"currentColor\"\/>\n<path d=\"M9.99992 4.1665L15.8333 9.99984L9.99992 15.8332\" stroke=\"currentColor\"\/>\n<\/svg>\n    <\/figure>\n<\/article>            \n            <article\nclass=\"round-corners-sm p-6 relative group grid grid-rows-[subgrid] row-[span_3] gap-4 bg-white text-red\"\n>\n            <h3\n        class=\"heading-sm group-hover:underline text-red\">\n            <a href=\"https:\/\/www.abf.se\/varmland\/om-oss\/\" class=\"expanded-hit-area\" target=\"\">\n                L\u00e4s mer om ABF V\u00e4rmland\n            <\/a>\n        <\/h3>\n            <figure\n    class=\"w-[38px] h-[38px] rounded-full p-2 group-hover:scale-110 transition-transform duration-300 self-end pointer-events-none bg-red text-white\">\n        <svg width=\"20\" height=\"20\" viewBox=\"0 0 20 20\" fill=\"none\" class=\"SvgIconElement\">\n<path d=\"M4.16659 10L15.8333 10\" stroke=\"currentColor\"\/>\n<path d=\"M9.99992 4.1665L15.8333 9.99984L9.99992 15.8332\" stroke=\"currentColor\"\/>\n<\/svg>\n    <\/figure>\n<\/article>                    <\/div>\n    <\/div>\n<\/div>\n<div\n    class=\"acf-article-text-block article-container my-12\"\n    data-block=\"article-text-block\"\n>\n    <div class=\"wysiwyg\">\n        \n    <\/div>\n<\/div>\n","protected":false},"excerpt":{"rendered":"","protected":false},"author":63,"featured_media":0,"parent":0,"menu_order":0,"comment_status":"closed","ping_status":"closed","template":"","meta":{"_acf_changed":false,"footnotes":""},"class_list":["post-840","page","type-page","status-publish","hentry"],"acf":[],"yoast_head":"<!-- This site is optimized with the Yoast SEO plugin v27.0 - https:\/\/yoast.com\/product\/yoast-seo-wordpress\/ -->\n<title>Starta studiecirkel - V\u00e4rmland<\/title>\n<meta name=\"robots\" content=\"index, follow, max-snippet:-1, max-image-preview:large, max-video-preview:-1\" \/>\n<link rel=\"canonical\" href=\"https:\/\/www.abf.se\/varmland\/starta-studiecirkel\/\" \/>\n<meta property=\"og:locale\" content=\"sv_SE\" \/>\n<meta property=\"og:type\" content=\"article\" \/>\n<meta property=\"og:title\" content=\"Starta studiecirkel - V\u00e4rmland\" \/>\n<meta property=\"og:url\" content=\"https:\/\/www.abf.se\/varmland\/starta-studiecirkel\/\" \/>\n<meta property=\"og:site_name\" content=\"V\u00e4rmland\" \/>\n<meta property=\"article:modified_time\" content=\"2024-04-16T14:43:22+00:00\" \/>\n<meta property=\"og:image\" content=\"https:\/\/www.abf.se\/wp-content\/uploads\/sites\/54\/2024\/04\/Nyckeln-liggande-scaled.jpg\" \/>\n\t<meta property=\"og:image:width\" content=\"2560\" \/>\n\t<meta property=\"og:image:height\" content=\"1440\" \/>\n\t<meta property=\"og:image:type\" content=\"image\/jpeg\" \/>\n<meta name=\"twitter:card\" content=\"summary_large_image\" \/>\n<script type=\"application\/ld+json\" class=\"yoast-schema-graph\">{\"@context\":\"https:\/\/schema.org\",\"@graph\":[{\"@type\":\"WebPage\",\"@id\":\"https:\/\/www.abf.se\/varmland\/starta-studiecirkel\/\",\"url\":\"https:\/\/www.abf.se\/varmland\/starta-studiecirkel\/\",\"name\":\"Starta studiecirkel - V\u00e4rmland\",\"isPartOf\":{\"@id\":\"https:\/\/www.abf.se\/varmland\/#website\"},\"datePublished\":\"2024-04-15T13:13:23+00:00\",\"dateModified\":\"2024-04-16T14:43:22+00:00\",\"breadcrumb\":{\"@id\":\"https:\/\/www.abf.se\/varmland\/starta-studiecirkel\/#breadcrumb\"},\"inLanguage\":\"sv-SE\",\"potentialAction\":[{\"@type\":\"ReadAction\",\"target\":[\"https:\/\/www.abf.se\/varmland\/starta-studiecirkel\/\"]}]},{\"@type\":\"BreadcrumbList\",\"@id\":\"https:\/\/www.abf.se\/varmland\/starta-studiecirkel\/#breadcrumb\",\"itemListElement\":[{\"@type\":\"ListItem\",\"position\":1,\"name\":\"Home\",\"item\":\"https:\/\/www.abf.se\/varmland\/\"},{\"@type\":\"ListItem\",\"position\":2,\"name\":\"Starta studiecirkel\"}]},{\"@type\":\"WebSite\",\"@id\":\"https:\/\/www.abf.se\/varmland\/#website\",\"url\":\"https:\/\/www.abf.se\/varmland\/\",\"name\":\"V\u00e4rmland\",\"description\":\"\",\"potentialAction\":[{\"@type\":\"SearchAction\",\"target\":{\"@type\":\"EntryPoint\",\"urlTemplate\":\"https:\/\/www.abf.se\/varmland\/?s={search_term_string}\"},\"query-input\":{\"@type\":\"PropertyValueSpecification\",\"valueRequired\":true,\"valueName\":\"search_term_string\"}}],\"inLanguage\":\"sv-SE\"}]}<\/script>\n<!-- \/ Yoast SEO plugin. -->","yoast_head_json":{"title":"Starta studiecirkel - V\u00e4rmland","robots":{"index":"index","follow":"follow","max-snippet":"max-snippet:-1","max-image-preview":"max-image-preview:large","max-video-preview":"max-video-preview:-1"},"canonical":"https:\/\/www.abf.se\/varmland\/starta-studiecirkel\/","og_locale":"sv_SE","og_type":"article","og_title":"Starta studiecirkel - V\u00e4rmland","og_url":"https:\/\/www.abf.se\/varmland\/starta-studiecirkel\/","og_site_name":"V\u00e4rmland","article_modified_time":"2024-04-16T14:43:22+00:00","og_image":[{"width":2560,"height":1440,"url":"https:\/\/www.abf.se\/wp-content\/uploads\/sites\/54\/2024\/04\/Nyckeln-liggande-scaled.jpg","type":"image\/jpeg"}],"twitter_card":"summary_large_image","schema":{"@context":"https:\/\/schema.org","@graph":[{"@type":"WebPage","@id":"https:\/\/www.abf.se\/varmland\/starta-studiecirkel\/","url":"https:\/\/www.abf.se\/varmland\/starta-studiecirkel\/","name":"Starta studiecirkel - V\u00e4rmland","isPartOf":{"@id":"https:\/\/www.abf.se\/varmland\/#website"},"datePublished":"2024-04-15T13:13:23+00:00","dateModified":"2024-04-16T14:43:22+00:00","breadcrumb":{"@id":"https:\/\/www.abf.se\/varmland\/starta-studiecirkel\/#breadcrumb"},"inLanguage":"sv-SE","potentialAction":[{"@type":"ReadAction","target":["https:\/\/www.abf.se\/varmland\/starta-studiecirkel\/"]}]},{"@type":"BreadcrumbList","@id":"https:\/\/www.abf.se\/varmland\/starta-studiecirkel\/#breadcrumb","itemListElement":[{"@type":"ListItem","position":1,"name":"Home","item":"https:\/\/www.abf.se\/varmland\/"},{"@type":"ListItem","position":2,"name":"Starta studiecirkel"}]},{"@type":"WebSite","@id":"https:\/\/www.abf.se\/varmland\/#website","url":"https:\/\/www.abf.se\/varmland\/","name":"V\u00e4rmland","description":"","potentialAction":[{"@type":"SearchAction","target":{"@type":"EntryPoint","urlTemplate":"https:\/\/www.abf.se\/varmland\/?s={search_term_string}"},"query-input":{"@type":"PropertyValueSpecification","valueRequired":true,"valueName":"search_term_string"}}],"inLanguage":"sv-SE"}]}},"_links":{"self":[{"href":"https:\/\/www.abf.se\/varmland\/wp-json\/wp\/v2\/pages\/840","targetHints":{"allow":["GET"]}}],"collection":[{"href":"https:\/\/www.abf.se\/varmland\/wp-json\/wp\/v2\/pages"}],"about":[{"href":"https:\/\/www.abf.se\/varmland\/wp-json\/wp\/v2\/types\/page"}],"author":[{"embeddable":true,"href":"https:\/\/www.abf.se\/varmland\/wp-json\/wp\/v2\/users\/63"}],"replies":[{"embeddable":true,"href":"https:\/\/www.abf.se\/varmland\/wp-json\/wp\/v2\/comments?post=840"}],"version-history":[{"count":5,"href":"https:\/\/www.abf.se\/varmland\/wp-json\/wp\/v2\/pages\/840\/revisions"}],"predecessor-version":[{"id":890,"href":"https:\/\/www.abf.se\/varmland\/wp-json\/wp\/v2\/pages\/840\/revisions\/890"}],"wp:attachment":[{"href":"https:\/\/www.abf.se\/varmland\/wp-json\/wp\/v2\/media?parent=840"}],"curies":[{"name":"wp","href":"https:\/\/api.w.org\/{rel}","templated":true}]}}